373
CDAK49 PAFG 170947
CLIMCG

CLIMATE REPORT
NATIONAL WEATHER SERVICE FAIRBANKS AK
1247 AM AKST TUE JAN 17 2017


...................................

...THE MCGRATH AK CLIMATE SUMMARY FOR JANUARY 16 2017...

CLIMATE NORMAL PERIOD 1981 TO 2010
CLIMATE RECORD PERIOD 1946 TO 2017


WEATHER ITEM   OBSERVED TIME   RECORD YEAR NORMAL DEPARTURE LAST
                VALUE   (LST)  VALUE       VALUE  FROM      YEAR
                                                  NORMAL
..................................................................
TEMPERATURE (F)
 YESTERDAY
  MAXIMUM        -24    333 PM  50    2009   1    -25       MM
  MINIMUM        -44   1050 AM -60    1947 -16    -28       MM
  AVERAGE        -34                        -7    -27       MM

PRECIPITATION (IN)
  YESTERDAY        0.00          0.54 2014   0.03  -0.03    MM
  MONTH TO DATE    0.36                      0.60  -0.24    MM
  SINCE DEC 1      1.33                      1.89  -0.56    MM
  SINCE JAN 1      0.36                      0.60  -0.24    MM

SNOWFALL (IN)
  YESTERDAY        0.0           5.4  2014   0.5   -0.5     MM
  MONTH TO DATE    4.9                       8.6   -3.7     MM
  SINCE DEC 1     18.8                      28.8  -10.0     MM
  SINCE JUL 1     27.1                      59.8  -32.7     MM
  SNOW DEPTH      13

DEGREE DAYS
 HEATING
  YESTERDAY       99                        72     27       MM
  MONTH TO DATE 1101                      1151    -50       MM
  SINCE DEC 1   3123                      3265   -142       MM
  SINCE JUL 1   6869                      7388   -519       MM

 COOLING
  YESTERDAY        0                         0      0       MM
  MONTH TO DATE    0                         0      0       MM
  SINCE DEC 1      0                         0      0       MM
  SINCE JAN 1      0                         0      0       MM
..................................................................


WIND (MPH)
  HIGHEST GUST SPEED     8   HIGHEST GUST DIRECTION     N (350)


SKY COVER
  AVERAGE SKY COVER 0.0


WEATHER CONDITIONS
 THE FOLLOWING WEATHER WAS RECORDED YESTERDAY.
  FOG
  HAZE


RELATIVE HUMIDITY (PERCENT)
 HIGHEST    77
 LOWEST     69
 AVERAGE    73

..........................................................


THE MCGRATH AK CLIMATE NORMALS FOR TODAY
                         NORMAL    RECORD    YEAR
 MAXIMUM TEMPERATURE (F)    2        49      2009
 MINIMUM TEMPERATURE (F)  -16       -63      1947


SUNRISE AND SUNSET
JANUARY 17 2017.......SUNRISE  1031 AM AKST  SUNSET   436 PM AKST
JANUARY 18 2017.......SUNRISE  1029 AM AKST  SUNSET   439 PM AKST

-  INDICATES NEGATIVE NUMBERS.
R  INDICATES RECORD WAS SET OR TIED.
MM INDICATES DATA IS MISSING.
T  INDICATES TRACE AMOUNT.

&&

SNOW DEPTH IS MEASURED AT 3AM AKST/4AM AKDT.

----------------------------
AVAILABLE DAYLIGHT

AMOUNT OF DAYLIGHT TODAY  (HOUR:MIN)........6:04
GAIN/LOSS SINCE YESTERDAY (HOUR:MIN:SEC)....+0:05:00

$$
JB JAN 17
