328
CDAK49 PAFG 010947
CLIMCG

CLIMATE REPORT
NATIONAL WEATHER SERVICE FAIRBANKS AK
147 AM AKDT SAT OCT 1 2016


...................................

...THE MCGRATH AK CLIMATE SUMMARY FOR SEPTEMBER 30 2016...

CLIMATE NORMAL PERIOD 1981 TO 2010
CLIMATE RECORD PERIOD 1946 TO 2016


WEATHER ITEM   OBSERVED TIME   RECORD YEAR NORMAL DEPARTURE LAST
                VALUE   (LST)  VALUE       VALUE  FROM      YEAR
                                                  NORMAL
..................................................................
TEMPERATURE (F)
 YESTERDAY
  MAXIMUM         52    549 PM  58    1969  44      8       MM
                                      1954
                                      1950
  MINIMUM         27    814 AM   6    1957  29     -2       MM
  AVERAGE         40                        37      3       MM

PRECIPITATION (IN)
  YESTERDAY        0.00          1.00 1993   0.07  -0.07    MM
  MONTH TO DATE    5.08                      2.49   2.59    MM
  SINCE SEP 1      5.08                      2.49   2.59    MM
  SINCE JAN 1     17.91                     13.86   4.05    MM

SNOWFALL (IN)
  YESTERDAY        0.0           3.5  1965   0.1   -0.1     MM
  MONTH TO DATE    0.0                       1.5   -1.5     MM
  SINCE SEP 1      0.0                       1.5   -1.5     MM
  SINCE JUL 1      0.0                       1.5   -1.5     MM
  SNOW DEPTH       0

DEGREE DAYS
 HEATING
  YESTERDAY       25                        28     -3       MM
  MONTH TO DATE  543                       613    -70       MM
  SINCE SEP 1    543                       612    -69       MM
  SINCE JUL 1    819                      1103   -284       MM

 COOLING
  YESTERDAY        0                         0      0       MM
  MONTH TO DATE    0                         0      0       MM
  SINCE SEP 1      0                         0      0       MM
  SINCE JAN 1     29                        20      9       MM
..................................................................


WIND (MPH)
  HIGHEST GUST SPEED     8   HIGHEST GUST DIRECTION     E (80)


SKY COVER
  AVERAGE SKY COVER 0.1


WEATHER CONDITIONS
 THE FOLLOWING WEATHER WAS RECORDED YESTERDAY.
  FOG
  FOG W/VISIBILITY <= 1/4 MILE


RELATIVE HUMIDITY (PERCENT)
 HIGHEST    92
 LOWEST     54
 AVERAGE    73

..........................................................


THE MCGRATH AK CLIMATE NORMALS FOR TODAY
                         NORMAL    RECORD    YEAR
 MAXIMUM TEMPERATURE (F)   44        62      2003
 MINIMUM TEMPERATURE (F)   29        16      2000


SUNRISE AND SUNSET
OCTOBER 01 2016.......SUNRISE   833 AM AKDT  SUNSET   750 PM AKDT
OCTOBER 02 2016.......SUNRISE   836 AM AKDT  SUNSET   747 PM AKDT

-  INDICATES NEGATIVE NUMBERS.
R  INDICATES RECORD WAS SET OR TIED.
MM INDICATES DATA IS MISSING.
T  INDICATES TRACE AMOUNT.

&&

SNOW DEPTH IS MEASURED AT 3AM AKST/4AM AKDT.

----------------------------
AVAILABLE DAYLIGHT

AMOUNT OF DAYLIGHT TODAY  (HOUR:MIN)........11:18
GAIN/LOSS SINCE YESTERDAY (HOUR:MIN:SEC)....-0:06:06

$$
LTH OCT 16
