000
CDAK49 PAFG 280040
CLIMCG

CLIMATE REPORT
NATIONAL WEATHER SERVICE FAIRBANKS AK
440 PM AKDT SAT MAY 27 2017


...................................

...THE MCGRATH AK CLIMATE SUMMARY FOR MAY 27 2017...
VALID TODAY AS OF 0400 PM LOCAL TIME.

CLIMATE NORMAL PERIOD 1981 TO 2010
CLIMATE RECORD PERIOD 1946 TO 2017


WEATHER ITEM   OBSERVED TIME   RECORD YEAR NORMAL DEPARTURE LAST
                VALUE   (LST)  VALUE       VALUE  FROM      YEAR
                                                  NORMAL
..................................................................
TEMPERATURE (F)
 TODAY
  MAXIMUM         56    246 PM  83    2011  62     -6       72
  MINIMUM         35    519 AM  30    1964  40     -5       40
                                      1955
  AVERAGE         46                        51     -5       56

PRECIPITATION (IN)
  TODAY            T             0.65 2004   0.04  -0.04     0.00
  MONTH TO DATE    1.00                      0.92   0.08     1.11
  SINCE MAR 1      1.38                      2.47  -1.09     2.53
  SINCE JAN 1      2.58                      4.50  -1.92     2.59

SNOWFALL (IN)
  TODAY            0.0           T    2007   0.0    0.0      0.0
                                      1976
  MONTH TO DATE    T                         0.9   -0.9      0.0
  SINCE MAR 1      2.6                      17.3  -14.7      0.0
  SINCE JUL 1     51.3                      97.3  -46.0      0.0
  SNOW DEPTH       0

DEGREE DAYS
 HEATING
  TODAY           19                        14      5        9
  MONTH TO DATE  439                       514    -75      419
  SINCE MAR 1   3212                      3228    -16     2665
  SINCE JUL 1  12970                     13460   -490     3633

 COOLING
  TODAY            0                         0      0        0
  MONTH TO DATE    0                         0      0        0
  SINCE MAR 1      0                         0      0        0
  SINCE JAN 1      0                         0      0        0
..................................................................


WIND (MPH)
  HIGHEST GUST SPEED    24   HIGHEST GUST DIRECTION     S (180)


SKY COVER
  AVERAGE SKY COVER 0.6


WEATHER CONDITIONS
 THE FOLLOWING WEATHER WAS RECORDED TODAY.
  LIGHT RAIN
  FOG


RELATIVE HUMIDITY (PERCENT)
 HIGHEST    92
 LOWEST     29
 AVERAGE    61

..........................................................


THE MCGRATH AK CLIMATE NORMALS FOR TOMORROW
                         NORMAL    RECORD    YEAR
 MAXIMUM TEMPERATURE (F)   62        83      2013
 MINIMUM TEMPERATURE (F)   40        31      1987
                                             1978


SUNRISE AND SUNSET
MAY 27 2017...........SUNRISE   447 AM AKDT  SUNSET  1155 PM AKDT
MAY 28 2017...........SUNRISE   445 AM AKDT  SUNSET  1158 PM AKDT

-  INDICATES NEGATIVE NUMBERS.
R  INDICATES RECORD WAS SET OR TIED.
MM INDICATES DATA IS MISSING.
T  INDICATES TRACE AMOUNT.

&&

SNOW DEPTH IS MEASURED AT 3AM AKST/4AM AKDT.

----------------------------
AVAILABLE DAYLIGHT

AMOUNT OF DAYLIGHT TODAY  (HOUR:MIN)........19:08
GAIN/LOSS SINCE YESTERDAY (HOUR:MIN:SEC)....+0:04:59

$$
HFL MAY 17
