000
CDAK49 PAMC 281200
CLIMCG

CLIMATE REPORT
NATIONAL WEATHER SERVICE MCGRATH, AK
356 AM AKST WED JAN 28 2015

...................................
...THE MCGRATH AIRPORT CLIMATE SUMMARY FOR JANUARY 27 2015...

CLIMATE NORMAL PERIOD  1981 TO  2010
CLIMATE RECORD PERIOD  1940 TO  2015

WEATHER ITEM   OBSERVED TIME    RECORD YEAR NORMAL DEPARTURE LAST
               VALUE    (LST)   VALUE       VALUE  FROM      YEAR
                                                   NORMAL
...................................................................
TEMPERATURE
YESTERDAY
 MAXIMUM           -15  0214 PM    42  1975      4     -19     40
 MINIMUM           -37  0435 AM   -75  1989    -14     -23     18
 AVERAGE           -26                          -5     -21     29

PRECIPITATION
(INCHES)
 YESTERDAY        0.00           0.44  1957   0.04   -0.04   0.00
 MONTH TO DATE    0.27                        0.96   -0.69   1.55
 SINCE DEC 1      1.67                        2.25   -0.58   3.00
 SINCE JAN 1      0.27                        0.96   -0.69   1.55

SNOWFALL
(INCHES)
 YESTERDAY         0.0            5.3  1993    0.5    -0.5    0.0
 MONTH TO DATE     5.7                        13.8    -8.1   14.4
 SINCE DEC 1      21.4                        34.0   -12.6   31.8
 SINCE JUL 1      31.1                        65.0   -33.9   44.7
 SNOW DEPTH (IN)    13                                         16

DEGREE DAYS
 HEATING
  YESTERDAY         91                          70      21     36
  MONTH TO DATE   1824                        1935    -111   1401
  SINCE DEC 1     3490                        4049    -559   3438
  SINCE JUL 1     7135                        8181   -1046   6904

 COOLING
  YESTERDAY          0                           0       0      0
  MONTH TO DATE      0                           0       0      0
  SINCE DEC 1        0                           0       0      0
  SINCE JAN 1        0                           0       0      0
...................................................................

WIND (MPH)
 HIGHEST WIND SPEED     5     HIGHEST WIND DIRECTION    280
 HIGHEST GUST SPEED     5     HIGHEST GUST DIRECTION    330
 AVERAGE WIND SPEED   0.7

WEATHER CONDITIONS
 THE FOLLOWING WEATHER WAS RECORDED YESTERDAY.
 NO SIGNIFICANT WEATHER WAS OBSERVED.

...................................................................

THE MCGRATH CLIMATE NORMALS FOR TODAY
                           NORMAL    RECORD   YEAR
 MAXIMUM TEMPERATURE (F)      4        52     1945
 MINIMUM TEMPERATURE (F)    -14       -58     1989

SUNRISE AND SUNSET
 JAN 28 2015..........SUNRISE 10:06 AM      SUNSET  5:07 PM
 JAN 29 2015..........SUNRISE 10:03 AM      SUNSET  5:10 PM

-  INDICATES NEGATIVE NUMBERS.
R  INDICATES RECORD HAS BEEN SET OR TIED.
MM INDICATES DATA IS MISSING.
T  INDICATES TRACE OF PRECIPITATION.

&&
-------------------------------------------------------------------

AMOUNT OF DAYLIGHT TODAY  (HOUR:MIN)........7 HOURS 1 MINUTES
GAIN SINCE YESTERDAY (HOUR:MIN:SEC)....+0:05:44

$$
JCD JAN 15
