000
CDAK49 PAFG 230947
CLIMCG

CLIMATE REPORT
NATIONAL WEATHER SERVICE FAIRBANKS AK
1247 AM AKST THU NOV 23 2017


...................................

...THE MCGRATH AK CLIMATE SUMMARY FOR NOVEMBER 22 2017...

CLIMATE NORMAL PERIOD 1981 TO 2010
CLIMATE RECORD PERIOD 1946 TO 2017


WEATHER ITEM   OBSERVED TIME   RECORD YEAR NORMAL DEPARTURE LAST
                VALUE   (LST)  VALUE       VALUE  FROM      YEAR
                                                  NORMAL
..................................................................
TEMPERATURE (F)
 YESTERDAY
  MAXIMUM         21    824 AM  43    1949  10     11        7
  MINIMUM          5    250 AM -38    1958  -6     11       -8
                                      1948
  AVERAGE         13                         2     11        0

PRECIPITATION (IN)
  YESTERDAY        T             1.20 2010   0.05  -0.05     0.00
  MONTH TO DATE    1.29                      1.06   0.23     0.15
  SINCE SEP 1      6.47                      4.99   1.48     5.61
  SINCE JAN 1     16.84                     16.36   0.48    18.44

SNOWFALL (IN)
  YESTERDAY        0.1           9.4  1992   0.7   -0.6      0.0
  MONTH TO DATE   19.9                      14.2    5.7      3.3
  SINCE SEP 1     26.2                      25.9    0.3      4.9
  SINCE JUL 1     26.2                      25.9    0.3      4.9
  SNOW DEPTH      13

DEGREE DAYS
 HEATING
  YESTERDAY       52                        63    -11       65
  MONTH TO DATE 1038                      1272   -234     1210
  SINCE SEP 1   2525                      3121   -596     2838
  SINCE JUL 1   2878                      3612   -734     3114

 COOLING
  YESTERDAY        0                         0      0        0
  MONTH TO DATE    0                         0      0        0
  SINCE SEP 1      0                         0      0        0
  SINCE JAN 1     37                        20     17       29
..................................................................


WIND (MPH)
  HIGHEST GUST SPEED    16   HIGHEST GUST DIRECTION    SW (220)


SKY COVER
  AVERAGE SKY COVER 0.7


WEATHER CONDITIONS
 THE FOLLOWING WEATHER WAS RECORDED YESTERDAY.
  LIGHT SNOW
  FOG
  FOG W/VISIBILITY <= 1/4 MILE
  HAZE


RELATIVE HUMIDITY (PERCENT)
 HIGHEST    88
 LOWEST     77
 AVERAGE    83

..........................................................


THE MCGRATH AK CLIMATE NORMALS FOR TODAY
                         NORMAL    RECORD    YEAR
 MAXIMUM TEMPERATURE (F)   10        46      2002
                                             1952
 MINIMUM TEMPERATURE (F)   -6       -41      1994


SUNRISE AND SUNSET
NOVEMBER 23 2017......SUNRISE  1007 AM AKST  SUNSET   412 PM AKST
NOVEMBER 24 2017......SUNRISE  1009 AM AKST  SUNSET   410 PM AKST

-  INDICATES NEGATIVE NUMBERS.
R  INDICATES RECORD WAS SET OR TIED.
MM INDICATES DATA IS MISSING.
T  INDICATES TRACE AMOUNT.

&&

SNOW DEPTH IS MEASURED AT 3AM AKST/4AM AKDT.

----------------------------
AVAILABLE DAYLIGHT

AMOUNT OF DAYLIGHT TODAY  (HOUR:MIN)........6:05
GAIN/LOSS SINCE YESTERDAY (HOUR:MIN:SEC)....-0:05:04

$$
SDB NOV 17
