622
CDAK49 PAFG 220942
CLIMCG

CLIMATE REPORT
NATIONAL WEATHER SERVICE FAIRBANKS AK
142 AM AKDT FRI SEP 22 2017


...................................

...THE MCGRATH AK CLIMATE SUMMARY FOR SEPTEMBER 21 2017...

CLIMATE NORMAL PERIOD 1981 TO 2010
CLIMATE RECORD PERIOD 1946 TO 2017


WEATHER ITEM   OBSERVED TIME   RECORD YEAR NORMAL DEPARTURE LAST
                VALUE   (LST)  VALUE       VALUE  FROM      YEAR
                                                  NORMAL
..................................................................
TEMPERATURE (F)
 YESTERDAY
  MAXIMUM         43    700 PM  67    1995  51     -8       51
  MINIMUM         36    340 AM  17    1941  34      2       44
  AVERAGE         40                        42     -2       48

PRECIPITATION (IN)
  YESTERDAY        0.10          1.73 2000   0.08   0.02     0.36
  MONTH TO DATE    1.52                      1.79  -0.27     3.90
  SINCE SEP 1      1.52                      1.79  -0.27     3.90
  SINCE JAN 1     11.89                     13.16  -1.27    16.73

SNOWFALL (IN)
  YESTERDAY        0.0           0.5  1980   0.0    0.0      0.0
  MONTH TO DATE    0.0                       0.5   -0.5      0.0
  SINCE SEP 1      0.0                       0.5   -0.5      0.0
  SINCE JUL 1      0.0                       0.5   -0.5      0.0
  SNOW DEPTH       0

DEGREE DAYS
 HEATING
  YESTERDAY       25                        23      2       17
  MONTH TO DATE  324                       382    -58      327
  SINCE SEP 1    324                       382    -58      327
  SINCE JUL 1    677                       873   -196      603

 COOLING
  YESTERDAY        0                         0      0        0
  MONTH TO DATE    0                         0      0        0
  SINCE SEP 1      0                         0      0        0
  SINCE JAN 1     37                        20     17       29
..................................................................


WIND (MPH)
  HIGHEST GUST SPEED    10   HIGHEST GUST DIRECTION     N (360)


SKY COVER
  AVERAGE SKY COVER 0.8


WEATHER CONDITIONS
 THE FOLLOWING WEATHER WAS RECORDED YESTERDAY.
  LIGHT RAIN
  FOG


RELATIVE HUMIDITY (PERCENT)
 HIGHEST    92
 LOWEST     79
 AVERAGE    86

..........................................................


THE MCGRATH AK CLIMATE NORMALS FOR TODAY
                         NORMAL    RECORD    YEAR
 MAXIMUM TEMPERATURE (F)   50        63      1942
 MINIMUM TEMPERATURE (F)   34        14      1992


SUNRISE AND SUNSET
SEPTEMBER 22 2017.....SUNRISE   808 AM AKDT  SUNSET   822 PM AKDT
SEPTEMBER 23 2017.....SUNRISE   810 AM AKDT  SUNSET   818 PM AKDT

-  INDICATES NEGATIVE NUMBERS.
R  INDICATES RECORD WAS SET OR TIED.
MM INDICATES DATA IS MISSING.
T  INDICATES TRACE AMOUNT.

&&

SNOW DEPTH IS MEASURED AT 3AM AKST/4AM AKDT.

----------------------------
AVAILABLE DAYLIGHT

AMOUNT OF DAYLIGHT TODAY  (HOUR:MIN)........12:14
GAIN/LOSS SINCE YESTERDAY (HOUR:MIN:SEC)....-0:06:05

$$
CCC SEP 17
