000
CDAK49 PAMC 241116
CLIMCG

CLIMATE REPORT
NATIONAL WEATHER SERVICE MCGRATH, AK
316 AM AKDT TUE MAY 24 2016

...................................
...THE MCGRATH AIRPORT CLIMATE SUMMARY FOR MAY 23 2016...

CLIMATE NORMAL PERIOD  1981 TO  2010
CLIMATE RECORD PERIOD  1940 TO  2016

WEATHER ITEM   OBSERVED TIME    RECORD YEAR NORMAL DEPARTURE LAST
               VALUE    (LST)   VALUE       VALUE  FROM      YEAR
                                                   NORMAL
...................................................................
TEMPERATURE
YESTERDAY
 MAXIMUM            50  0633 PM    71  2009     60     -10     59
 MINIMUM            39  0715 AM    25  1964     39       0     52
 AVERAGE            45                          50      -5     56

PRECIPITATION
(INCHES)
 YESTERDAY           T           0.64  1976   0.04   -0.04      T
 MONTH TO DATE    1.04                        0.77    0.27   0.24
 SINCE MAR 1      2.48                        2.32    0.16   0.76
 SINCE JAN 1      2.68                        4.35   -1.67   1.20

SNOWFALL
(INCHES)
 YESTERDAY         0.0            0.1  1989    0.0     0.0    0.0
 MONTH TO DATE       T                         0.8    -0.8    0.0
 SINCE MAR 1      14.9                        17.2    -2.3    8.5
 SINCE JUL 1      79.0                        97.2   -18.2   41.6
 SNOW DEPTH (IN)     0                                          0

DEGREE DAYS
 HEATING
  YESTERDAY         20                          15       5      9
  MONTH TO DATE    363                         456     -93    318
  SINCE MAR 1     2610                        3172    -562   2652
  SINCE JUL 1    12054                       13410   -1356  11737

 COOLING
  YESTERDAY          0                           0       0      0
  MONTH TO DATE      0                           0       0      0
  SINCE MAR 1        0                           0       0      0
  SINCE JAN 1        0                           0       0      0
...................................................................

WIND (MPH)
 HIGHEST WIND SPEED    17     HIGHEST WIND DIRECTION    210
 HIGHEST GUST SPEED    21     HIGHEST GUST DIRECTION    210
 AVERAGE WIND SPEED   8.3

WEATHER CONDITIONS
 THE FOLLOWING WEATHER WAS RECORDED YESTERDAY...RAIN
...................................................................

THE MCGRATH CLIMATE NORMALS FOR TODAY
                           NORMAL    RECORD   YEAR
 MAXIMUM TEMPERATURE (F)     61        79     2002
 MINIMUM TEMPERATURE (F)     39        30     1989

SUNRISE AND SUNSET
 MAY 24 2016..........SUNRISE  4:54 AM      SUNSET 11:48 PM
 MAY 25 2016..........SUNRISE  4:51 AM      SUNSET 11:51 PM

-  INDICATES NEGATIVE NUMBERS.
R  INDICATES RECORD HAS BEEN SET OR TIED.
MM INDICATES DATA IS MISSING.
T  INDICATES TRACE OF PRECIPITATION.

&&
-------------------------------------------------------------------

AMOUNT OF DAYLIGHT TODAY  (HOUR:MIN)........18 HOURS 54 MINUTES
GAIN SINCE YESTERDAY (HOUR:MIN:SEC)....+0:05:15

$$
JMM MAY 16
