000
CDAK49 PAMC 251021
CLIMCG

CLIMATE REPORT
NATIONAL WEATHER SERVICE MCGRATH, AK
221 AM AKDT MON JUL 25 2016

...................................
...THE MCGRATH AIRPORT CLIMATE SUMMARY FOR JULY 24 2016...

CLIMATE NORMAL PERIOD  1981 TO  2010
CLIMATE RECORD PERIOD  1940 TO  2016

WEATHER ITEM   OBSERVED TIME    RECORD YEAR NORMAL DEPARTURE LAST
               VALUE    (LST)   VALUE       VALUE  FROM      YEAR
                                                   NORMAL
...................................................................
TEMPERATURE
YESTERDAY
 MAXIMUM            65  0731 PM    86  1968     68      -3     66
 MINIMUM            50  0523 AM    38  1954     50       0     55
 AVERAGE            58                          59      -1     61

PRECIPITATION
(INCHES)
 YESTERDAY        0.12           0.93  1998   0.08    0.04      T
 MONTH TO DATE    3.10                        1.77    1.33   2.83
 SINCE JUN 1      5.51                        3.29    2.22   3.91
 SINCE JAN 1      8.32                        7.96    0.36   5.25

SNOWFALL
(INCHES)
 YESTERDAY         0.0            0.0  2016    0.0     0.0    0.0
 MONTH TO DATE     0.0                         0.0     0.0    0.0
 SINCE JUN 1       0.0                         0.0     0.0    0.0
 SINCE JUL 1       0.0                         0.0     0.0    0.0
 SNOW DEPTH (IN)     0                                          0

DEGREE DAYS
 HEATING
  YESTERDAY          7                           6       1      4
  MONTH TO DATE     99                         125     -26     MM
  SINCE JUN 1      289                         359     -70    932
  SINCE JUL 1       99                         125     -26     MM

 COOLING
  YESTERDAY          0                           0       0      0
  MONTH TO DATE     22                          11      11     MM
  SINCE JUN 1       28                          16      12     26
  SINCE JAN 1       28                          16      12     MM
...................................................................

WIND (MPH)
 HIGHEST WIND SPEED    13     HIGHEST WIND DIRECTION     30
 HIGHEST GUST SPEED    16     HIGHEST GUST DIRECTION     30
 AVERAGE WIND SPEED   3.1

WEATHER CONDITIONS
 THE FOLLOWING WEATHER WAS RECORDED YESTERDAY.
 FOG
 RAIN

...................................................................

THE MCGRATH CLIMATE NORMALS FOR TODAY
                           NORMAL    RECORD   YEAR
 MAXIMUM TEMPERATURE (F)     68        87     1968
 MINIMUM TEMPERATURE (F)     50        39     1965

SUNRISE AND SUNSET
 JUL 25 2016..........SUNRISE  5:23 AM      SUNSET 11:34 PM
 JUL 26 2016..........SUNRISE  5:26 AM      SUNSET 11:31 PM

-  INDICATES NEGATIVE NUMBERS.
R  INDICATES RECORD HAS BEEN SET OR TIED.
MM INDICATES DATA IS MISSING.
T  INDICATES TRACE OF PRECIPITATION.

&&
-------------------------------------------------------------------

AMOUNT OF DAYLIGHT TODAY  (HOUR:MIN)........18 HOURS 11 MINUTES
LOSS SINCE YESTERDAY (HOUR:MIN:SEC)....-0:05:40

$$
SBY JUL 16
