000
CDAK49 PAFG 290940
CLIMCG

CLIMATE REPORT
NATIONAL WEATHER SERVICE FAIRBANKS AK
140 AM AKDT SAT JUL 29 2017


...................................

...THE MCGRATH AK CLIMATE SUMMARY FOR JULY 28 2017...

CLIMATE NORMAL PERIOD 1981 TO 2010
CLIMATE RECORD PERIOD 1946 TO 2017


WEATHER ITEM   OBSERVED TIME   RECORD YEAR NORMAL DEPARTURE LAST
                VALUE   (LST)  VALUE       VALUE  FROM      YEAR
                                                  NORMAL
..................................................................
TEMPERATURE (F)
 YESTERDAY
  MAXIMUM         66    126 PM  85    2013  67     -1       69
  MINIMUM         57   1159 PM  37    1941  50      7       49
  AVERAGE         62                        58      4       59

PRECIPITATION (IN)
  YESTERDAY        0.01          0.70 2015   0.08  -0.07     0.23
  MONTH TO DATE    1.76                      2.11  -0.35     3.36
  SINCE JUN 1      2.99                      3.63  -0.64     5.76
  SINCE JAN 1      5.98                      8.30  -2.32     8.41

SNOWFALL (IN)
  YESTERDAY        0.0           0.0    MM   0.0    0.0     MM
  MONTH TO DATE    0.0                       0.0    0.0      0.0
  SINCE JUN 1      T                         0.0    0.0      0.0
  SINCE JUL 1      0.0                       0.0    0.0      0.0
  SNOW DEPTH       0

DEGREE DAYS
 HEATING
  YESTERDAY        3                         7     -4        6
  MONTH TO DATE   58                       151    -93       88
  SINCE JUN 1    217                       385   -168      278
  SINCE JUL 1     58                       151    -93       88

 COOLING
  YESTERDAY        0                         0      0        0
  MONTH TO DATE   31                        11     20       23
  SINCE JUN 1     32                        17     15       29
  SINCE JAN 1     32                        17     15       29
..................................................................


WIND (MPH)
  HIGHEST GUST SPEED    24   HIGHEST GUST DIRECTION    SW (220)


SKY COVER
  AVERAGE SKY COVER 0.9


WEATHER CONDITIONS
 THE FOLLOWING WEATHER WAS RECORDED YESTERDAY.
  LIGHT RAIN


RELATIVE HUMIDITY (PERCENT)
 HIGHEST    90
 LOWEST     60
 AVERAGE    75

..........................................................


THE MCGRATH AK CLIMATE NORMALS FOR TODAY
                         NORMAL    RECORD    YEAR
 MAXIMUM TEMPERATURE (F)   67        82      1953
 MINIMUM TEMPERATURE (F)   50        36      1971


SUNRISE AND SUNSET
JULY 29 2017..........SUNRISE   534 AM AKDT  SUNSET  1123 PM AKDT
JULY 30 2017..........SUNRISE   537 AM AKDT  SUNSET  1120 PM AKDT

-  INDICATES NEGATIVE NUMBERS.
R  INDICATES RECORD WAS SET OR TIED.
MM INDICATES DATA IS MISSING.
T  INDICATES TRACE AMOUNT.

&&

SNOW DEPTH IS MEASURED AT 3AM AKST/4AM AKDT.

----------------------------
AVAILABLE DAYLIGHT

AMOUNT OF DAYLIGHT TODAY  (HOUR:MIN)........17:49
GAIN/LOSS SINCE YESTERDAY (HOUR:MIN:SEC)....-0:05:49

$$
SDB JUL 17
