000
CDAK49 PAFG 201027
CLIMCG

CLIMATE REPORT
NATIONAL WEATHER SERVICE FAIRBANKS AK
127 AM AKST TUE FEB 20 2018


...................................

...THE MCGRATH AK CLIMATE SUMMARY FOR FEBRUARY 19 2018...

CLIMATE NORMAL PERIOD 1981 TO 2010
CLIMATE RECORD PERIOD 1946 TO 2018


WEATHER ITEM   OBSERVED TIME   RECORD YEAR NORMAL DEPARTURE LAST
                VALUE   (LST)  VALUE       VALUE  FROM      YEAR
                                                  NORMAL
..................................................................
TEMPERATURE (F)
 YESTERDAY
  MAXIMUM         30    424 AM  46    2010  15     15       -4
  MINIMUM         22   1130 AM -50    1985  -8     30      -32
  AVERAGE         26                         3     23      -18

PRECIPITATION (IN)
  YESTERDAY        0.01          0.27 2009   0.04  -0.03     0.00
                                      1940
  MONTH TO DATE    0.89                      0.64   0.25     0.29
  SINCE DEC 1      2.12                      3.02  -0.90     1.80
  SINCE JAN 1      0.99                      1.73  -0.74     0.83

SNOWFALL (IN)
  YESTERDAY        0.4           4.3  2009   0.4    0.0      0.0
  MONTH TO DATE   13.3                       8.8    4.5      6.7
  SINCE DEC 1     23.7                      44.7  -21.0     35.3
  SINCE JUL 1     50.5                      75.7  -25.2     43.6
  SNOW DEPTH      22

DEGREE DAYS
 HEATING
  YESTERDAY       39                        62    -23       83
  MONTH TO DATE 1101                      1238   -137     1291
  SINCE DEC 1   4643                      5568   -925     5531
  SINCE JUL 1   8068                      9691  -1623     9277

 COOLING
  YESTERDAY        0                         0      0        0
  MONTH TO DATE    0                         0      0        0
  SINCE DEC 1      0                         0      0        0
  SINCE JAN 1      0                         0      0        0
..................................................................


WIND (MPH)
  HIGHEST GUST SPEED    12   HIGHEST GUST DIRECTION     E (90)


SKY COVER
  AVERAGE SKY COVER 0.7


WEATHER CONDITIONS
 THE FOLLOWING WEATHER WAS RECORDED YESTERDAY.
  LIGHT SNOW
  FOG
  FOG W/VISIBILITY <= 1/4 MILE


RELATIVE HUMIDITY (PERCENT)
 HIGHEST    92
 LOWEST     75
 AVERAGE    84

..........................................................


THE MCGRATH AK CLIMATE NORMALS FOR TODAY
                         NORMAL    RECORD    YEAR
 MAXIMUM TEMPERATURE (F)   15        44      2010
 MINIMUM TEMPERATURE (F)   -8       -51      1984


SUNRISE AND SUNSET
FEBRUARY 20 2018......SUNRISE   856 AM AKST  SUNSET   618 PM AKST
FEBRUARY 21 2018......SUNRISE   853 AM AKST  SUNSET   621 PM AKST

-  INDICATES NEGATIVE NUMBERS.
R  INDICATES RECORD WAS SET OR TIED.
MM INDICATES DATA IS MISSING.
T  INDICATES TRACE AMOUNT.

&&

SNOW DEPTH IS MEASURED AT 3AM AKST/4AM AKDT.

----------------------------
AVAILABLE DAYLIGHT

AMOUNT OF DAYLIGHT TODAY  (HOUR:MIN)........9:23
GAIN/LOSS SINCE YESTERDAY (HOUR:MIN:SEC)....+0:06:11

$$
FEB 18
