000
CDAK49 PAMC 300903
CLIMCG

CLIMATE REPORT
NATIONAL WEATHER SERVICE MCGRATH, AK
103 AM AKDT SAT MAY 30 2015

...................................
...THE MCGRATH AIRPORT CLIMATE SUMMARY FOR MAY 29 2015...

CLIMATE NORMAL PERIOD  1981 TO  2015
CLIMATE RECORD PERIOD  1939 TO  2015

WEATHER ITEM   OBSERVED TIME    RECORD YEAR NORMAL DEPARTURE LAST
               VALUE    (LST)   VALUE       VALUE  FROM      YEAR
                                                   NORMAL
...................................................................
TEMPERATURE
YESTERDAY
 MAXIMUM            73  0734 PM    86  2013     63      10     53
 MINIMUM            37  0602 AM    31  1987     41      -4     49
 AVERAGE            55                          52       3     51

PRECIPITATION
(INCHES)
 YESTERDAY        0.00           0.44  2014   0.04   -0.04   0.44
 MONTH TO DATE    0.38                        1.00   -0.62   0.88
 SINCE MAR 1      0.90                        2.55   -1.65   1.00
 SINCE JAN 1      1.34                        4.58   -3.24   2.69

SNOWFALL
(INCHES)
 YESTERDAY         0.0            0.0  2015    0.0     0.0    0.0
 MONTH TO DATE     0.0                         0.9    -0.9      T
 SINCE MAR 1       8.5                        17.3    -8.8    1.1
 SINCE JUL 1      41.6                        97.3   -55.7   47.1
 SNOW DEPTH (IN)     0                                          0

DEGREE DAYS
 HEATING
  YESTERDAY         10                          13      -3     14
  MONTH TO DATE    387                         541    -154    459
  SINCE MAR 1     2721                        3257    -536   3040
  SINCE JUL 1    11787                       13495   -1708  11867

 COOLING
  YESTERDAY          0                           0       0      0
  MONTH TO DATE      0                           0       0      0
  SINCE MAR 1        0                           0       0      0
  SINCE JAN 1        0                           0       0      0
...................................................................

WIND (MPH)
 HIGHEST WIND SPEED     7     HIGHEST WIND DIRECTION     70
 HIGHEST GUST SPEED    11     HIGHEST GUST DIRECTION    110
 AVERAGE WIND SPEED   1.9

WEATHER CONDITIONS
 THE FOLLOWING WEATHER WAS RECORDED YESTERDAY.
  NO SIGNIFICANT WEATHER WAS OBSERVED.

...................................................................

THE MCGRATH CLIMATE NORMALS FOR TODAY
                           NORMAL    RECORD   YEAR
 MAXIMUM TEMPERATURE (F)     63        85     2013
 MINIMUM TEMPERATURE (F)     41        30     1964

SUNRISE AND SUNSET
 MAY 30 2015..........SUNRISE  4:41 AM      SUNSET 12:02 AM
 MAY 31 2015..........SUNRISE  4:39 AM      SUNSET 12:04 AM

-  INDICATES NEGATIVE NUMBERS.
R  INDICATES RECORD HAS BEEN SET OR TIED.
MM INDICATES DATA IS MISSING.
T  INDICATES TRACE OF PRECIPITATION.

&&
-------------------------------------------------------------------

AMOUNT OF DAYLIGHT TODAY  (HOUR:MIN)........19 HOURS 21 MINUTES
GAIN/LOSS SINCE YESTERDAY (HOUR:MIN:SEC)....+0:03:30

$$
TR MAY 15
