000
CDAK49 PAMC 012232
CLIMCG

CLIMATE REPORT
NATIONAL WEATHER SERVICE MCGRATH, AK
232 PM AKDT FRI AUG 1 2014

...................................
...THE MCGRATH AIRPORT CLIMATE SUMMARY FOR AUGUST 1 2014...
VALID TODAY AS OF 2:00 PM LOCAL TIME

CLIMATE NORMAL PERIOD  1981 TO  2010
CLIMATE RECORD PERIOD  1940 TO  2014

WEATHER ITEM   OBSERVED TIME    RECORD YEAR NORMAL DEPARTURE LAST
               VALUE    (LST)   VALUE       VALUE  FROM      YEAR
                                                   NORMAL
...................................................................
TEMPERATURE
TODAY
 MAXIMUM            60  1259 PM    82  1962     66      -6     81
 MINIMUM            56  0443 AM    37  2005     49       7     54
 AVERAGE            58                          58       0     68

PRECIPITATION
(INCHES)
 TODAY            0.24           0.74  1953   0.09    0.15   0.00
 MONTH TO DATE    0.24                        0.09    0.15   0.00
 SINCE JUN 1      4.34                        3.99    0.35   2.78
 SINCE JAN 1      7.07                        8.66   -1.59   6.64

SNOWFALL
(INCHES)
 TODAY             0.0            0.0  2014    0.0     0.0    0.0
 MONTH TO DATE     0.0                         0.0     0.0    0.0
 SINCE JUN 1       0.0                         0.0     0.0    0.0
 SINCE JUL 1       0.0                         0.0     0.0    0.0
 SNOW DEPTH (IN)     0                                          0

DEGREE DAYS
 HEATING
  TODAY              7                           7       0      0
  MONTH TO DATE      7                           7       0      0
  SINCE JUN 1      499                         413      86    300
  SINCE JUL 1      194                         179      15    165

 COOLING
  TODAY              0                           0       0      3
  MONTH TO DATE      0                           0       0      3
  SINCE JUN 1       11                          16      -5     69
  SINCE JAN 1       11                          16      -5     78
...................................................................

WIND (MPH)
 HIGHEST WIND SPEED    12     HIGHEST WIND DIRECTION    200
 HIGHEST GUST SPEED    16     HIGHEST GUST DIRECTION    220

WEATHER CONDITIONS
 THE FOLLOWING WEATHER WAS RECORDED TODAY.
 FOG
 RAIN
...................................................................

THE MCGRATH CLIMATE NORMALS FOR TOMORROW
                        NORMAL    RECORD   YEAR
 MAXIMUM TEMPERATURE      66        85     2002
 MINIMUM TEMPERATURE      49        36     1973

SUNRISE AND SUNSET
 AUG 1 2014..........SUNRISE  5:42 AM      SUNSET 11:15 PM
 AUG 2 2014..........SUNRISE  5:44 AM      SUNSET 11:12 PM

-  INDICATES NEGATIVE NUMBERS.
R  INDICATES RECORD HAS BEEN SET OR TIED.
MM INDICATES DATA IS MISSING.
T  INDICATES TRACE OF PRECIPITATION.

&&
-------------------------------------------------------------------

AMOUNT OF DAYLIGHT TODAY  (HOUR:MIN)........17 HOURS 33 MINUTES
LOSS SINCE YESTERDAY (HOUR:MIN:SEC)....-0:05:55

$$
ADJ AUG 14
