000
CDAK49 PAMC 271500
CLIMCG

CLIMATE REPORT
NATIONAL WEATHER SERVICE MCGRATH, AK
700 AM AKDT FRI MAR 27 2015

...................................
...THE MCGRATH AIRPORT CLIMATE SUMMARY FOR MARCH 26 2015...

CLIMATE NORMAL PERIOD  1981 TO  2010
CLIMATE RECORD PERIOD  1940 TO  2015

WEATHER ITEM   OBSERVED TIME    RECORD YEAR NORMAL DEPARTURE LAST
               VALUE    (LST)   VALUE       VALUE  FROM      YEAR
                                                   NORMAL
...................................................................
TEMPERATURE
YESTERDAY
 MAXIMUM            47R 0547 PM    46  1990     29      18     39
 MINIMUM            16  0752 AM   -30  2013      3      13      5
 AVERAGE            32                          16      16     22

PRECIPITATION
(INCHES)
 YESTERDAY        0.00           0.54  1991   0.02   -0.02   0.00
 MONTH TO DATE    0.12                        0.70   -0.58   0.04
 SINCE MAR 1      0.12                        0.70   -0.58   0.04
 SINCE JAN 1      0.56                        2.73   -2.17   1.73

SNOWFALL
(INCHES)
 YESTERDAY         0.0            6.6  1991    0.3    -0.3    0.0
 MONTH TO DATE     5.2                        10.0    -4.8    0.4
 SINCE MAR 1       5.2                        10.0    -4.8    0.4
 SINCE JUL 1      38.3                        90.0   -51.7   46.4
 SNOW DEPTH (IN)    11                                         13

DEGREE DAYS
 HEATING
  YESTERDAY         33                          49     -16     43
  MONTH TO DATE   1312                        1418    -106   1378
  SINCE MAR 1     1309                        1418    -109   1376
  SINCE JUL 1    10375                       11656   -1281  10203

 COOLING
  YESTERDAY          0                           0       0      0
  MONTH TO DATE      0                           0       0      0
  SINCE MAR 1        0                           0       0      0
  SINCE JAN 1        0                           0       0      0
...................................................................

WIND (MPH)
 HIGHEST WIND SPEED    10     HIGHEST WIND DIRECTION    360
 HIGHEST GUST SPEED    13     HIGHEST GUST DIRECTION     20
 AVERAGE WIND SPEED   2.6

WEATHER CONDITIONS
 THE FOLLOWING WEATHER WAS RECORDED YESTERDAY.
 NO SIGNIFICANT WEATHER WAS OBSERVED.
...................................................................

THE MCGRATH CLIMATE NORMALS FOR TODAY
                           NORMAL    RECORD   YEAR
 MAXIMUM TEMPERATURE (F)     29        51     1954
 MINIMUM TEMPERATURE (F)      3       -37     1977

SUNRISE AND SUNSET
 MAR 27 2015..........SUNRISE  8:00 AM      SUNSET  8:58 PM
 MAR 28 2015..........SUNRISE  7:57 AM      SUNSET  9:01 PM

-  INDICATES NEGATIVE NUMBERS.
R  INDICATES RECORD HAS BEEN SET OR TIED.
MM INDICATES DATA IS MISSING.
T  INDICATES TRACE OF PRECIPITATION.

&&
-------------------------------------------------------------------

AMOUNT OF DAYLIGHT TODAY  (HOUR:MIN)........12 HOURS 58 MINUTES
GAIN SINCE YESTERDAY (HOUR:MIN:SEC)....+0:06:12

$$
ADJ MAR 15
