000
CDUS43 KEAX 170632
CLIMCI

CLIMATE REPORT
NATIONAL WEATHER SERVICE KANSAS CITY/PLEASANT HILL MO
1232 AM CST SUN DEC 17 2017


...................................

...THE KANSAS CITY INTERNATIONAL MO CLIMATE SUMMARY FOR DECEMBER 16 2017...

CLIMATE NORMAL PERIOD 1981 TO 2010
CLIMATE RECORD PERIOD 1888 TO 2017


WEATHER ITEM   OBSERVED TIME   RECORD YEAR NORMAL DEPARTURE LAST
                VALUE   (LST)  VALUE       VALUE  FROM      YEAR
                                                  NORMAL
..................................................................
TEMPERATURE (F)
 YESTERDAY
  MAXIMUM         59    247 PM  67    2006  40     19       31
                                      1933
  MINIMUM         35    743 AM -14    1989  22     13       24
  AVERAGE         47                        31     16       28

PRECIPITATION (IN)
  YESTERDAY        0.00          0.55 1928   0.05  -0.05     0.02
  MONTH TO DATE    T                         0.90  -0.90     0.72
  SINCE DEC 1      T                         0.90  -0.90     0.72
  SINCE JAN 1     45.83                     38.23   7.60    48.18

SNOWFALL (IN)
  YESTERDAY        0.0           4.2  1981   0.2   -0.2      0.0
  MONTH TO DATE    T                         2.3   -2.3      0.3
  SINCE DEC 1      T                         2.3   -2.3      0.3
  SINCE JUL 1      T                         3.7   -3.7      0.3
  SNOW DEPTH       0

DEGREE DAYS
 HEATING
  YESTERDAY       18                        34    -16       37
  MONTH TO DATE  410                       509    -99      576
  SINCE DEC 1    410                       509    -99      576
  SINCE JUL 1   1290                      1511   -221     1160

 COOLING
  YESTERDAY        0                         0      0        0
  MONTH TO DATE    0                         0      0        0
  SINCE DEC 1      0                         0      0        0
  SINCE JAN 1   1325                      1360    -35     1585
..................................................................


WIND (MPH)
  HIGHEST WIND SPEED    21   HIGHEST WIND DIRECTION    SW (210)
  HIGHEST GUST SPEED    26   HIGHEST GUST DIRECTION    SW (210)
  AVERAGE WIND SPEED    13.1


SKY COVER
  POSSIBLE SUNSHINE  MM
  AVERAGE SKY COVER 0.2


WEATHER CONDITIONS
 THE FOLLOWING WEATHER WAS RECORDED YESTERDAY.
  HAZE


RELATIVE HUMIDITY (PERCENT)
 HIGHEST    64           500 AM
 LOWEST     30           300 PM
 AVERAGE    47

..........................................................


THE KANSAS CITY INTERNATIONAL MO CLIMATE NORMALS FOR TODAY
                         NORMAL    RECORD    YEAR
 MAXIMUM TEMPERATURE (F)   40        72      1939
 MINIMUM TEMPERATURE (F)   22        -6      1981


SUNRISE AND SUNSET
DECEMBER 17 2017......SUNRISE   733 AM CST   SUNSET   457 PM CST
DECEMBER 18 2017......SUNRISE   734 AM CST   SUNSET   458 PM CST


-  INDICATES NEGATIVE NUMBERS.
R  INDICATES RECORD WAS SET OR TIED.
MM INDICATES DATA IS MISSING.
T  INDICATES TRACE AMOUNT.


&&

...MISCELLANEOUS CLIMATE DATA FROM YESTERDAY...

LOCATION                HIGH    LOW      PRECIP
ST. JOSEPH               57      31       0.00
DOWNTOWN KANSAS CITY     62      38       0.00
OLATHE NEW CENTURY       59      35       0.00
OLATHE JO CO EXEC        58      32       0.00
LEES SUMMIT              60      38       0.00
KIRKSVILLE               55      32       0.00
CHILLICOTHE              58      33       0.00
SEDALIA                  62      40       0.00
NWS PLEASANT HILL MO     60      33       0.00


THIS PRODUCT...ALONG WITH OTHER WEATHER...HYDROLOGICAL AND CLIMATE
INFORMATION...IS AVAILABLE ON THE WEB AT HTTP://WWW.WEATHER.GOV/EAX
OR AT HTTP://WEATHER.GOV

$$

JW
