000
CDUS43 KGLD 290106
CLIMCK

CLIMATE REPORT
NATIONAL WEATHER SERVICE GOODLAND
657 PM MDT SUN AUG 28 2016

...................................

...THE MCCOOK NE CLIMATE SUMMARY FOR AUGUST 28 2016...
VALID TODAY AS OF 0600 PM LOCAL TIME.

CLIMATE NORMAL PERIOD 1981 TO 2010
CLIMATE RECORD PERIOD 1896 TO 2016

WEATHER ITEM   OBSERVED TIME   RECORD YEAR NORMAL DEPARTURE LAST
                VALUE   (LST)  VALUE       VALUE  FROM      YEAR
                                                  NORMAL
..................................................................
TEMPERATURE (F)
 TODAY
  MAXIMUM         84    323 PM 104    1970  86     -2       88
  MINIMUM         63    657 AM  39    1911  57      6       63
  AVERAGE         74                        72      2       76

PRECIPITATION (IN)
  TODAY            0.00                      0.07  -0.07     0.00
  MONTH TO DATE    2.13                      2.92  -0.79     2.48
  SINCE JUN 1      7.36                      9.55  -2.19     8.92
  SINCE JAN 1     17.56                     17.49   0.07    15.08

..................................................................

THE MCCOOK NE CLIMATE NORMALS FOR TOMORROW
                         NORMAL    RECORD    YEAR
 MAXIMUM TEMPERATURE (F)   86       105      2013
 MINIMUM TEMPERATURE (F)   57        40      1909

-  INDICATES NEGATIVE NUMBERS.
R  INDICATES RECORD WAS SET OR TIED.
MM INDICATES DATA IS MISSING.
T  INDICATES TRACE AMOUNT.

$$
