000
CDUS43 KGLD 190739 RRB
CLIMCK

CLIMATE REPORT
NATIONAL WEATHER SERVICE GOODLAND
136 AM MDT FRI SEP 19 2014

...................................

...THE MCCOOK NE CLIMATE SUMMARY FOR SEPTEMBER 18 2014...

CLIMATE NORMAL PERIOD 1981 TO 2010
CLIMATE RECORD PERIOD 1896 TO 2014

WEATHER ITEM   OBSERVED TIME   RECORD YEAR NORMAL DEPARTURE LAST
                VALUE   (LST)  VALUE       VALUE  FROM      YEAR
                                                  NORMAL
..................................................................
TEMPERATURE (F)
 YESTERDAY
  MAXIMUM         71    552 PM 101    2004  79     -8       95
  MINIMUM         57   1159 PM  32    1912  48      9       64
  AVERAGE         64                        63      1       80

PRECIPITATION (IN)
  YESTERDAY        0.00                      0.04  -0.04     0.00
  MONTH TO DATE    1.11                      0.87   0.24     1.04
  SINCE SEP 1      1.11                      0.87   0.24     1.04
  SINCE JAN 1     22.06                     18.58   3.48    10.21

..................................................................

THE MCCOOK NE CLIMATE NORMALS FOR TODAY
                         NORMAL    RECORD    YEAR
 MAXIMUM TEMPERATURE (F)   78        99      1972
 MINIMUM TEMPERATURE (F)   48        31      2003
                                             1971


-  INDICATES NEGATIVE NUMBERS.
R  INDICATES RECORD WAS SET OR TIED.
MM INDICATES DATA IS MISSING.
T  INDICATES TRACE AMOUNT.

$$
