000
CDUS43 KGLD 220047 RRA
CLIMCK

CLIMATE REPORT
NATIONAL WEATHER SERVICE GOODLAND
642 PM MDT THU AUG 21 2014

...................................

...THE MCCOOK NE CLIMATE SUMMARY FOR AUGUST 21 2014...
VALID TODAY AS OF 0600 PM LOCAL TIME.

CLIMATE NORMAL PERIOD 1981 TO 2010
CLIMATE RECORD PERIOD 1896 TO 2014

WEATHER ITEM   OBSERVED TIME   RECORD YEAR NORMAL DEPARTURE LAST
                VALUE   (LST)  VALUE       VALUE  FROM      YEAR
                                                  NORMAL
..................................................................
TEMPERATURE (F)
 TODAY
  MAXIMUM         97    436 PM 104    1929  87     10      101
  MINIMUM         66    415 AM  48    1950  59      7       65
  AVERAGE         82                        73      9       83

PRECIPITATION (IN)
  TODAY            0.00                      0.09  -0.09     0.00
  MONTH TO DATE    1.69                      2.36  -0.67     1.04
  SINCE JUN 1     11.86                      8.99   2.87     3.83
  SINCE JAN 1     16.82                     16.93  -0.11     8.72

..................................................................

THE MCCOOK NE CLIMATE NORMALS FOR TOMORROW
                         NORMAL    RECORD    YEAR
 MAXIMUM TEMPERATURE (F)   87       104      1938
 MINIMUM TEMPERATURE (F)   59        44      1923

-  INDICATES NEGATIVE NUMBERS.
R  INDICATES RECORD WAS SET OR TIED.
MM INDICATES DATA IS MISSING.
T  INDICATES TRACE AMOUNT.

$$
