000
CDUS43 KGLD 240058 RRC
CLIMCK

CLIMATE REPORT
NATIONAL WEATHER SERVICE GOODLAND
656 PM MDT THU MAR 23 2017

...................................

...THE MCCOOK NE CLIMATE SUMMARY FOR MARCH 23 2017...
VALID TODAY AS OF 0600 PM LOCAL TIME.

CLIMATE NORMAL PERIOD 1981 TO 2010
CLIMATE RECORD PERIOD 1896 TO 2017


WEATHER ITEM   OBSERVED TIME   RECORD YEAR NORMAL DEPARTURE LAST
                VALUE   (LST)  VALUE       VALUE  FROM      YEAR
                                                  NORMAL
..................................................................
TEMPERATURE (F)
 TODAY
  MAXIMUM         87    412 PM  90    1928  57     30       50
  MINIMUM         42    116 AM   3    2014  26     16       29
                                      1965
  AVERAGE         65                        42     23       40

PRECIPITATION (IN)
  TODAY            0.00                      0.05  -0.05     0.47
  MONTH TO DATE    0.03                      0.96  -0.93     0.48
  SINCE MAR 1      0.03                      0.96  -0.93     0.48
  SINCE JAN 1      0.73                      2.09  -1.36     1.49

..................................................................


THE MCCOOK NE CLIMATE NORMALS FOR TOMORROW
                         NORMAL    RECORD    YEAR
 MAXIMUM TEMPERATURE (F)   57        85      1967
 MINIMUM TEMPERATURE (F)   27         4      1965


-  INDICATES NEGATIVE NUMBERS.
R  INDICATES RECORD WAS SET OR TIED.
MM INDICATES DATA IS MISSING.
T  INDICATES TRACE AMOUNT.


$$
