271
CDUS42 KFFC 220821
CLIMCN


CLIMATE REPORT
NATIONAL WEATHER SERVICE PEACHTREE CITY GA
421 AM EDT FRI MAY 22 2015


...................................

...THE MACON CLIMATE SUMMARY FOR MAY 21 2015...

CLIMATE NORMAL PERIOD 1981 TO 2010
CLIMATE RECORD PERIOD 1899 TO 2015


WEATHER ITEM   OBSERVED TIME   RECORD YEAR NORMAL DEPARTURE LAST
                VALUE   (LST)  VALUE       VALUE  FROM      YEAR
                                                  NORMAL
..................................................................
TEMPERATURE (F)
 YESTERDAY
  MAXIMUM         89    319 PM  97    1962  86      3       89
                                      1898
  MINIMUM         64   1159 PM  44    2002  61      3       63
  AVERAGE         77                        73      4       76

PRECIPITATION (IN)
  YESTERDAY        0.00          1.74 1942   0.09  -0.09     0.00
  MONTH TO DATE    0.80                      1.69  -0.89     1.93
  SINCE MAR 1      9.35                      9.20   0.15    13.32
  SINCE JAN 1     16.15                     17.80  -1.65    21.15

DEGREE DAYS
 HEATING
  YESTERDAY        0                         0      0        0
  MONTH TO DATE    6                        11     -5       18
  SINCE MAR 1    258                       393   -135      493
  SINCE JUL 1   2471                      2318    153     2626

 COOLING
  YESTERDAY       12                         9      3       11
  MONTH TO DATE  159                       128     31      108
  SINCE MAR 1    283                       209     74      160
  SINCE JAN 1    283                       212     71      161
..................................................................


WIND (MPH)
  RESULTANT WIND SPEED  10   RESULTANT WIND DIRECTION  NW (300)
  HIGHEST WIND SPEED    20   HIGHEST WIND DIRECTION    NW (320)
  HIGHEST GUST SPEED    26   HIGHEST GUST DIRECTION    NW (300)
  AVERAGE WIND SPEED    10.4


SKY COVER
  AVERAGE SKY COVER 0.0


WEATHER CONDITIONS
 THE FOLLOWING WEATHER WAS RECORDED YESTERDAY.
  NO SIGNIFICANT WEATHER WAS OBSERVED.


RELATIVE HUMIDITY (PERCENT)
 HIGHEST    93           600 AM
 LOWEST     43           200 PM
 AVERAGE    68

..........................................................


THE MACON CLIMATE NORMALS FOR TODAY
                         NORMAL    RECORD    YEAR
 MAXIMUM TEMPERATURE (F)   86        97      1962
                                             1898
 MINIMUM TEMPERATURE (F)   61        43      1993


SUNRISE AND SUNSET
MAY 22 2015...........SUNRISE   632 AM EDT   SUNSET   831 PM EDT
MAY 23 2015...........SUNRISE   631 AM EDT   SUNSET   832 PM EDT


-  INDICATES NEGATIVE NUMBERS.
R  INDICATES RECORD WAS SET OR TIED.
MM INDICATES DATA IS MISSING.
T  INDICATES TRACE AMOUNT.




$$
