000
CDUS42 KFFC 280816
CLIMCN


CLIMATE REPORT
NATIONAL WEATHER SERVICE PEACHTREE CITY GA
416 AM EDT WED SEP 28 2016


...................................

...THE MACON CLIMATE SUMMARY FOR SEPTEMBER 27 2016...

CLIMATE NORMAL PERIOD 1981 TO 2010
CLIMATE RECORD PERIOD 1899 TO 2016


WEATHER ITEM   OBSERVED TIME   RECORD YEAR NORMAL DEPARTURE LAST
                VALUE   (LST)  VALUE       VALUE  FROM      YEAR
                                                  NORMAL
..................................................................
TEMPERATURE (F)
 YESTERDAY
  MAXIMUM         91    441 PM  94    1986  83      8       73
                                      1970
                                      1958
  MINIMUM         65    653 AM  45    1899  60      5       68
  AVERAGE         78                        71      7       71

PRECIPITATION (IN)
  YESTERDAY        0.00          5.30 2004   0.11  -0.11     0.00
  MONTH TO DATE    2.18                      3.26  -1.08     1.64
  SINCE SEP 1      2.18                      3.26  -1.08     1.64
  SINCE JAN 1     26.40                     35.20  -8.80    28.55

DEGREE DAYS
 HEATING
  YESTERDAY        0                         1     -1        0
  MONTH TO DATE    0                         1     -1        0
  SINCE SEP 1      0                         1     -1        0
  SINCE JUL 1      0                         1     -1        0

 COOLING
  YESTERDAY       13                         7      6        6
  MONTH TO DATE  390                       286    104      260
  SINCE SEP 1    390                       286    104      260
  SINCE JAN 1   2417                      2030    387     2206
..................................................................


WIND (MPH)
  RESULTANT WIND SPEED   1   RESULTANT WIND DIRECTION   S (200)
  HIGHEST WIND SPEED     9   HIGHEST WIND DIRECTION     S (190)
  HIGHEST GUST SPEED    13   HIGHEST GUST DIRECTION     W (250)
  AVERAGE WIND SPEED     1.7


SKY COVER
  AVERAGE SKY COVER 0.1


WEATHER CONDITIONS
 THE FOLLOWING WEATHER WAS RECORDED YESTERDAY.
  FOG


RELATIVE HUMIDITY (PERCENT)
 HIGHEST   100           700 AM
 LOWEST     41           500 PM
 AVERAGE    71

..........................................................


THE MACON CLIMATE NORMALS FOR TODAY
                         NORMAL    RECORD    YEAR
 MAXIMUM TEMPERATURE (F)   83        96      1986
 MINIMUM TEMPERATURE (F)   59        45      1985


SUNRISE AND SUNSET
SEPTEMBER 28 2016.....SUNRISE   727 AM EDT   SUNSET   723 PM EDT
SEPTEMBER 29 2016.....SUNRISE   728 AM EDT   SUNSET   721 PM EDT


-  INDICATES NEGATIVE NUMBERS.
R  INDICATES RECORD WAS SET OR TIED.
MM INDICATES DATA IS MISSING.
T  INDICATES TRACE AMOUNT.




$$
