000
CDUS42 KFFC 260923
CLIMCN


CLIMATE REPORT
NATIONAL WEATHER SERVICE PEACHTREE CITY GA
423 AM EST FRI DEC 26 2014


...................................

...THE MACON CLIMATE SUMMARY FOR DECEMBER 25 2014...

CLIMATE NORMAL PERIOD 1981 TO 2010
CLIMATE RECORD PERIOD 1899 TO 2014


WEATHER ITEM   OBSERVED TIME   RECORD YEAR NORMAL DEPARTURE LAST
                VALUE   (LST)  VALUE       VALUE  FROM      YEAR
                                                  NORMAL
..................................................................
TEMPERATURE (F)
 YESTERDAY
  MAXIMUM         58    345 PM  78    1982  58      0       46
  MINIMUM         34   1141 PM   7    1983  35     -1       28
  AVERAGE         46                        46      0       37

PRECIPITATION (IN)
  YESTERDAY        0.00          2.68 1964   0.14  -0.14     0.00
  MONTH TO DATE    4.74                      3.27   1.47     6.50
  SINCE DEC 1      4.74                      3.27   1.47     6.50
  SINCE JAN 1     47.34                     44.91   2.43    70.37

SNOWFALL (IN)
  YESTERDAY        0.0           0.1  2010   0.1   -0.1      0.0
  MONTH TO DATE    0.0                       0.1   -0.1      0.0
  SINCE DEC 1      0.0                       0.1   -0.1      0.0
  SINCE JUL 1      0.0                       0.1   -0.1      0.0
  SNOW DEPTH       0

DEGREE DAYS
 HEATING
  YESTERDAY       19                        19      0       28
  MONTH TO DATE  347                       417    -70      332
  SINCE DEC 1    347                       417    -70      332
  SINCE JUL 1    907                       812     95      781

 COOLING
  YESTERDAY        0                         0      0        0
  MONTH TO DATE    0                         0      0       10
  SINCE DEC 1      0                         0      0       10
  SINCE JAN 1   2048                      2163   -115     1859
..................................................................


WIND (MPH)
  RESULTANT WIND SPEED   6   RESULTANT WIND DIRECTION  NW (300)
  HIGHEST WIND SPEED    18   HIGHEST WIND DIRECTION     W (290)
  HIGHEST GUST SPEED    23   HIGHEST GUST DIRECTION    NW (300)
  AVERAGE WIND SPEED     5.9


SKY COVER
  AVERAGE SKY COVER 0.0


WEATHER CONDITIONS
 THE FOLLOWING WEATHER WAS RECORDED YESTERDAY.
  FOG


RELATIVE HUMIDITY (PERCENT)
 HIGHEST   100           900 PM
 LOWEST     43           300 PM
 AVERAGE    72

..........................................................


THE MACON CLIMATE NORMALS FOR TODAY
                         NORMAL    RECORD    YEAR
 MAXIMUM TEMPERATURE (F)   58        77      1987
                                             1982
 MINIMUM TEMPERATURE (F)   35         9      1983


SUNRISE AND SUNSET
DECEMBER 26 2014......SUNRISE   735 AM EST   SUNSET   535 PM EST
DECEMBER 27 2014......SUNRISE   735 AM EST   SUNSET   536 PM EST


-  INDICATES NEGATIVE NUMBERS.
R  INDICATES RECORD WAS SET OR TIED.
MM INDICATES DATA IS MISSING.
T  INDICATES TRACE AMOUNT.




$$
