000
CDUS42 KFFC 280818
CLIMCN


CLIMATE REPORT
NATIONAL WEATHER SERVICE PEACHTREE CITY GA
418 AM EDT SAT MAY 28 2016


...................................

...THE MACON CLIMATE SUMMARY FOR MAY 27 2016...

CLIMATE NORMAL PERIOD 1981 TO 2010
CLIMATE RECORD PERIOD 1899 TO 2016


WEATHER ITEM   OBSERVED TIME   RECORD YEAR NORMAL DEPARTURE LAST
                VALUE   (LST)  VALUE       VALUE  FROM      YEAR
                                                  NORMAL
..................................................................
TEMPERATURE (F)
 YESTERDAY
  MAXIMUM         89    421 PM  99    1953  87      2       88
  MINIMUM         64    548 AM  45    1961  63      1       64
  AVERAGE         77                        75      2       76

PRECIPITATION (IN)
  YESTERDAY        0.00          1.44 1912   0.10  -0.10     0.00
  MONTH TO DATE    1.96                      2.27  -0.31     1.15
  SINCE MAR 1     12.23                      9.78   2.45     9.70
  SINCE JAN 1     17.96                     18.38  -0.42    16.50

DEGREE DAYS
 HEATING
  YESTERDAY        0                         0      0        0
  MONTH TO DATE   11                        11      0        6
  SINCE MAR 1    268                       393   -125      258
  SINCE JUL 1   1798                      2318   -520     2471

 COOLING
  YESTERDAY       12                        10      2       11
  MONTH TO DATE  186                       185      1      212
  SINCE MAR 1    305                       266     39      336
  SINCE JAN 1    306                       269     37      336
..................................................................


WIND (MPH)
  RESULTANT WIND SPEED   6   RESULTANT WIND DIRECTION  SE (120)
  HIGHEST WIND SPEED    22   HIGHEST WIND DIRECTION     E (90)
  HIGHEST GUST SPEED    29   HIGHEST GUST DIRECTION     E (90)
  AVERAGE WIND SPEED     6.3


SKY COVER
  AVERAGE SKY COVER 0.2


WEATHER CONDITIONS
 THE FOLLOWING WEATHER WAS RECORDED YESTERDAY.
  NO SIGNIFICANT WEATHER WAS OBSERVED.


RELATIVE HUMIDITY (PERCENT)
 HIGHEST    87           500 AM
 LOWEST     36           200 PM
 AVERAGE    62

..........................................................


THE MACON CLIMATE NORMALS FOR TODAY
                         NORMAL    RECORD    YEAR
 MAXIMUM TEMPERATURE (F)   88        99      1967
 MINIMUM TEMPERATURE (F)   63        46      1961


SUNRISE AND SUNSET
MAY 28 2016...........SUNRISE   629 AM EDT   SUNSET   835 PM EDT
MAY 29 2016...........SUNRISE   628 AM EDT   SUNSET   836 PM EDT


-  INDICATES NEGATIVE NUMBERS.
R  INDICATES RECORD WAS SET OR TIED.
MM INDICATES DATA IS MISSING.
T  INDICATES TRACE AMOUNT.




$$
