000
CDUS42 KFFC 160022
CLIMCN


CLIMATE REPORT
NATIONAL WEATHER SERVICE PEACHTREE CITY GA
822 PM EDT MON SEP 15 2014


...................................

...THE MACON CLIMATE SUMMARY FOR SEPTEMBER 15 2014...
VALID AS OF 0800 PM LOCAL TIME.

CLIMATE NORMAL PERIOD 1981 TO 2010
CLIMATE RECORD PERIOD 1899 TO 2014


WEATHER ITEM   OBSERVED TIME   RECORD YEAR NORMAL DEPARTURE LAST
                VALUE   (LST)  VALUE       VALUE  FROM      YEAR
                                                  NORMAL
..................................................................
TEMPERATURE (F)
 TODAY
  MAXIMUM         87    417 PM 101    1980  86      1       89
  MINIMUM         69    724 AM  47    1967  64      5       62
  AVERAGE         78                        75      3       76

PRECIPITATION (IN)
  TODAY            0.00          1.71 1903   0.13  -0.13     0.00
  MONTH TO DATE    2.03                      1.95   0.08     0.13
  SINCE SEP 1      2.03                      1.95   0.08     0.13
  SINCE JAN 1     35.96                     33.89   2.07    58.26

DEGREE DAYS
 HEATING
  TODAY            0                         0      0        0
  MONTH TO DATE    0                         0      0        0
  SINCE SEP 1      0                         0      0        0
  SINCE JUL 1      0                         0      0        0

 COOLING
  TODAY           13                        10      3       11
  MONTH TO DATE  233                       184     49      205
  SINCE SEP 1    233                       184     49      205
  SINCE JAN 1   1831                      1928    -97     1680
..................................................................


WIND (MPH)
  HIGHEST WIND SPEED     9   HIGHEST WIND DIRECTION    NE (30)
  HIGHEST GUST SPEED    12   HIGHEST GUST DIRECTION    NE (30)
  AVERAGE WIND SPEED     4.1


SKY COVER
  AVERAGE SKY COVER 0.8


WEATHER CONDITIONS
 THE FOLLOWING WEATHER WAS RECORDED TODAY.
  FOG


RELATIVE HUMIDITY (PERCENT)
 HIGHEST   100           300 AM
 LOWEST     65           300 PM

..........................................................


THE MACON CLIMATE NORMALS FOR TOMORROW
                         NORMAL    RECORD
 MAXIMUM TEMPERATURE (F)   86       102
 MINIMUM TEMPERATURE (F)   64        48


SUNRISE AND SUNSET
SEPTEMBER 15 2014.....SUNRISE   718 AM EDT   SUNSET   741 PM EDT
SEPTEMBER 16 2014.....SUNRISE   719 AM EDT   SUNSET   739 PM EDT


-  INDICATES NEGATIVE NUMBERS.
R  INDICATES RECORD WAS SET OR TIED.
MM INDICATES DATA IS MISSING.
T  INDICATES TRACE AMOUNT.




$$
