000
CDUS42 KFFC 280818
CLIMCN


CLIMATE REPORT
NATIONAL WEATHER SERVICE PEACHTREE CITY GA
417 AM EDT SUN AUG 28 2016


...................................

...THE MACON CLIMATE SUMMARY FOR AUGUST 27 2016...

CLIMATE NORMAL PERIOD 1981 TO 2010
CLIMATE RECORD PERIOD 1899 TO 2016


WEATHER ITEM   OBSERVED TIME   RECORD YEAR NORMAL DEPARTURE LAST
                VALUE   (LST)  VALUE       VALUE  FROM      YEAR
                                                  NORMAL
..................................................................
TEMPERATURE (F)
 YESTERDAY
  MAXIMUM         98    420 PM 103    1954  90      8       89
  MINIMUM         69    638 AM  57    1952  69      0       63
  AVERAGE         84                        80      4       76

PRECIPITATION (IN)
  YESTERDAY        0.00          2.03 1904   0.13  -0.13     0.00
  MONTH TO DATE    2.03                      3.58  -1.55     4.02
  SINCE JUN 1      6.26                     12.59  -6.33     9.36
  SINCE JAN 1     24.22                     31.42  -7.20    25.86

DEGREE DAYS
 HEATING
  YESTERDAY        0                         0      0        0
  MONTH TO DATE    0                         0      0        0
  SINCE JUN 1      0                         0      0        0
  SINCE JUL 1      0                         0      0        0

 COOLING
  YESTERDAY       19                        15      4       11
  MONTH TO DATE  498                       435     63      440
  SINCE JUN 1   1604                      1375    229     1512
  SINCE JAN 1   1956                      1688    268     1897
..................................................................


WIND (MPH)
  RESULTANT WIND SPEED   6   RESULTANT WIND DIRECTION   E (90)
  HIGHEST WIND SPEED    17   HIGHEST WIND DIRECTION     E (100)
  HIGHEST GUST SPEED    26   HIGHEST GUST DIRECTION     E (80)
  AVERAGE WIND SPEED     6.4


SKY COVER
  AVERAGE SKY COVER 0.0


WEATHER CONDITIONS
 THE FOLLOWING WEATHER WAS RECORDED YESTERDAY.
  FOG


RELATIVE HUMIDITY (PERCENT)
 HIGHEST    97           500 AM
 LOWEST     20           500 PM
 AVERAGE    59

..........................................................


THE MACON CLIMATE NORMALS FOR TODAY
                         NORMAL    RECORD    YEAR
 MAXIMUM TEMPERATURE (F)   90       102      1954
 MINIMUM TEMPERATURE (F)   69        55      1952


SUNRISE AND SUNSET
AUGUST 28 2016........SUNRISE   707 AM EDT   SUNSET   804 PM EDT
AUGUST 29 2016........SUNRISE   708 AM EDT   SUNSET   802 PM EDT


-  INDICATES NEGATIVE NUMBERS.
R  INDICATES RECORD WAS SET OR TIED.
MM INDICATES DATA IS MISSING.
T  INDICATES TRACE AMOUNT.




$$
