000
CDUS42 KFFC 180921
CLIMCN


CLIMATE REPORT
NATIONAL WEATHER SERVICE PEACHTREE CITY GA
420 AM EST SAT NOV 18 2017


...................................

...THE MACON CLIMATE SUMMARY FOR NOVEMBER 17 2017...

CLIMATE NORMAL PERIOD 1981 TO 2010
CLIMATE RECORD PERIOD 1899 TO 2017


WEATHER ITEM   OBSERVED TIME   RECORD YEAR NORMAL DEPARTURE LAST
                VALUE   (LST)  VALUE       VALUE  FROM      YEAR
                                                  NORMAL
..................................................................
TEMPERATURE (F)
 YESTERDAY
  MAXIMUM         69    339 PM  85    1964  69      0       80
                                      1958
  MINIMUM         33    703 AM  22    1901  43    -10       36
  AVERAGE         51                        56     -5       58

PRECIPITATION (IN)
  YESTERDAY        0.00          2.28 1987   0.12  -0.12     0.00
  MONTH TO DATE    0.96                      1.73  -0.77     0.00
  SINCE SEP 1      7.77                      8.11  -0.34     2.38
  SINCE JAN 1     45.30                     40.05   5.25    26.60

SNOWFALL (IN)
  YESTERDAY        0.0           0.0  2001   0.0    0.0      0.0
  MONTH TO DATE    0.0                       0.0    0.0      0.0
  SINCE SEP 1      0.0                       0.0    0.0      0.0
  SINCE JUL 1      0.0                       0.0    0.0      0.0
  SNOW DEPTH       0

DEGREE DAYS
 HEATING
  YESTERDAY       14                        10      4        7
  MONTH TO DATE  122                       136    -14      108
  SINCE SEP 1    217                       239    -22      133
  SINCE JUL 1    217                       239    -22      133

 COOLING
  YESTERDAY        0                         0      0        0
  MONTH TO DATE   28                        16     12       20
  SINCE SEP 1    508                       416     92      586
  SINCE JAN 1   2370                      2160    210     2613
..................................................................


WIND (MPH)
  RESULTANT WIND SPEED   1   RESULTANT WIND DIRECTION  SE (140)
  HIGHEST WIND SPEED    12   HIGHEST WIND DIRECTION    SE (120)
  HIGHEST GUST SPEED    15   HIGHEST GUST DIRECTION    SE (120)
  AVERAGE WIND SPEED     3.0


SKY COVER
  AVERAGE SKY COVER 0.0


WEATHER CONDITIONS
 THE FOLLOWING WEATHER WAS RECORDED YESTERDAY.
  FOG


RELATIVE HUMIDITY (PERCENT)
 HIGHEST   100           100 AM
 LOWEST     39           300 PM
 AVERAGE    70

..........................................................


THE MACON CLIMATE NORMALS FOR TODAY
                         NORMAL    RECORD    YEAR
 MAXIMUM TEMPERATURE (F)   68        85      2013
 MINIMUM TEMPERATURE (F)   42        23      2014
                                             1997


SUNRISE AND SUNSET
NOVEMBER 18 2017......SUNRISE   708 AM EST   SUNSET   532 PM EST
NOVEMBER 19 2017......SUNRISE   708 AM EST   SUNSET   531 PM EST


-  INDICATES NEGATIVE NUMBERS.
R  INDICATES RECORD WAS SET OR TIED.
MM INDICATES DATA IS MISSING.
T  INDICATES TRACE AMOUNT.




$$
