000
CDUS42 KFFC 010030
CLIMCN


CLIMATE REPORT
NATIONAL WEATHER SERVICE PEACHTREE CITY GA
830 PM EDT TUE JUN 30 2015


...................................

...THE MACON CLIMATE SUMMARY FOR JUNE 30 2015...
VALID AS OF 0800 PM LOCAL TIME.

CLIMATE NORMAL PERIOD 1981 TO 2010
CLIMATE RECORD PERIOD 1899 TO 2015


WEATHER ITEM   OBSERVED TIME   RECORD YEAR NORMAL DEPARTURE LAST
                VALUE   (LST)  VALUE       VALUE  FROM      YEAR
                                                  NORMAL
..................................................................
TEMPERATURE (F)
 TODAY
  MAXIMUM         89   1241 PM 108    2012  92     -3       90
  MINIMUM         71    608 AM  58    1970  70      1       68
                                      1923
  AVERAGE         80                        81     -1       79

PRECIPITATION (IN)
  TODAY            0.01          2.15 2010   0.15  -0.14     1.72
  MONTH TO DATE    3.78                      4.06  -0.28     5.65
  SINCE JUN 1      3.78                      4.06  -0.28     5.65
  SINCE JAN 1     20.28                     22.89  -2.61    27.84

DEGREE DAYS
 COOLING
  TODAY           15                        16     -1       14
  MONTH TO DATE  481                       419     62      415
  SINCE JUN 1    481                       419     62      415
  SINCE JAN 1    866                       732    134      693
..................................................................


WIND (MPH)
  HIGHEST WIND SPEED    21   HIGHEST WIND DIRECTION     W (280)
  HIGHEST GUST SPEED    28   HIGHEST GUST DIRECTION     W (280)
  AVERAGE WIND SPEED     6.5


SKY COVER
  AVERAGE SKY COVER 0.1


WEATHER CONDITIONS
 THE FOLLOWING WEATHER WAS RECORDED TODAY.
  THUNDERSTORM
  FOG


RELATIVE HUMIDITY (PERCENT)
 HIGHEST    93           600 AM
 LOWEST     55          1200 PM

..........................................................


THE MACON CLIMATE NORMALS FOR TOMORROW
                         NORMAL    RECORD
 MAXIMUM TEMPERATURE (F)   92       108
 MINIMUM TEMPERATURE (F)   70        59


SUNRISE AND SUNSET
JUNE 30 2015..........SUNRISE   630 AM EDT   SUNSET   846 PM EDT
JULY  1 2015..........SUNRISE   630 AM EDT   SUNSET   846 PM EDT


-  INDICATES NEGATIVE NUMBERS.
R  INDICATES RECORD WAS SET OR TIED.
MM INDICATES DATA IS MISSING.
T  INDICATES TRACE AMOUNT.




$$
