000
CDUS42 KFFC 280816
CLIMCN


CLIMATE REPORT
NATIONAL WEATHER SERVICE PEACHTREE CITY GA
416 AM EDT TUE MAR 28 2017


...................................

...THE MACON CLIMATE SUMMARY FOR MARCH 27 2017...

CLIMATE NORMAL PERIOD 1981 TO 2010
CLIMATE RECORD PERIOD 1899 TO 2017


WEATHER ITEM   OBSERVED TIME   RECORD YEAR NORMAL DEPARTURE LAST
                VALUE   (LST)  VALUE       VALUE  FROM      YEAR
                                                  NORMAL
..................................................................
TEMPERATURE (F)
 YESTERDAY
  MAXIMUM         82    433 PM  88    1994  72     10       68
                                      1949
  MINIMUM         57    625 AM  20    1955  46     11       58
  AVERAGE         70                        59     11       63

PRECIPITATION (IN)
  YESTERDAY        0.00          3.46 2005   0.14  -0.14     0.38
  MONTH TO DATE    1.27                      3.99  -2.72     2.59
  SINCE MAR 1      1.27                      3.99  -2.72     2.59
  SINCE JAN 1     14.47                     12.59   1.88     8.32

SNOWFALL (IN)
  YESTERDAY        0.0           0.0  2002   0.0    0.0      0.0
                                      2001
                                      2000
  MONTH TO DATE    0.0                       0.2   -0.2      0.0
  SINCE MAR 1      0.0                       0.2   -0.2      0.0
  SINCE JUL 1      0.0                       0.7   -0.7       T
  SNOW DEPTH      MM

DEGREE DAYS
 HEATING
  YESTERDAY        0                         7     -7        2
  MONTH TO DATE  237                       248    -11      150
  SINCE MAR 1    237                       248    -11      150
  SINCE JUL 1   1424                      2173   -749     1680

 COOLING
  YESTERDAY        5                         1      4        0
  MONTH TO DATE   29                        16     13       44
  SINCE MAR 1     29                        16     13       44
  SINCE JAN 1     40                        19     21       45
..................................................................


WIND (MPH)
  RESULTANT WIND SPEED   6   RESULTANT WIND DIRECTION   S (200)
  HIGHEST WIND SPEED    16   HIGHEST WIND DIRECTION    SW (240)
  HIGHEST GUST SPEED    20   HIGHEST GUST DIRECTION    SW (240)
  AVERAGE WIND SPEED     6.3


SKY COVER
  AVERAGE SKY COVER 0.3


WEATHER CONDITIONS
 THE FOLLOWING WEATHER WAS RECORDED YESTERDAY.
  NO SIGNIFICANT WEATHER WAS OBSERVED.


RELATIVE HUMIDITY (PERCENT)
 HIGHEST    90           400 AM
 LOWEST     39           500 PM
 AVERAGE    65

..........................................................


THE MACON CLIMATE NORMALS FOR TODAY
                         NORMAL    RECORD    YEAR
 MAXIMUM TEMPERATURE (F)   73        89      1907
 MINIMUM TEMPERATURE (F)   46        30      2013
                                             2001


SUNRISE AND SUNSET
MARCH 28 2017.........SUNRISE   728 AM EDT   SUNSET   752 PM EDT
MARCH 29 2017.........SUNRISE   726 AM EDT   SUNSET   753 PM EDT


-  INDICATES NEGATIVE NUMBERS.
R  INDICATES RECORD WAS SET OR TIED.
MM INDICATES DATA IS MISSING.
T  INDICATES TRACE AMOUNT.




$$
