405
CDUS42 KMLB 280631
CLIMCO


CLIMATE REPORT
NATIONAL WEATHER SERVICE MELBOURNE FL
231 AM EDT WED JUN 28 2017


...................................

...THE ORLANDO  CLIMATE SUMMARY FOR JUNE 27 2017...

CLIMATE NORMAL PERIOD 1981 TO 2010
CLIMATE RECORD PERIOD 1892 TO 2017


WEATHER ITEM   OBSERVED TIME   RECORD YEAR NORMAL DEPARTURE LAST
                VALUE   (LST)  VALUE       VALUE  FROM      YEAR
                                                  NORMAL
..................................................................
TEMPERATURE (F)
 YESTERDAY
  MAXIMUM         89    239 PM  97    1962  91     -2       95
                                      1954
                                      1915
  MINIMUM         70   1024 PM  64    1936  73     -3       72
  AVERAGE         80                        82     -2       84

PRECIPITATION (IN)
  YESTERDAY        0.21          1.96 1946   0.24  -0.03     0.00
  MONTH TO DATE    5.44                      6.83  -1.39     6.14
  SINCE JUN 1      5.44                      6.83  -1.39     6.14
  SINCE JAN 1     11.83                     21.46  -9.63    26.23

SNOWFALL (IN)
  YESTERDAY        0.0
  MONTH TO DATE    0.0
  SINCE JUN 1      0.0
  SINCE JUL 1      0.0

DEGREE DAYS
 HEATING
  YESTERDAY        0                         0      0        0
  MONTH TO DATE    0                         0      0        0
  SINCE JUN 1      0                         0      0        0
  SINCE JUL 1    209                       571   -362      370

 COOLING
  YESTERDAY       15                        17     -2       19
  MONTH TO DATE  402                       439    -37      485
  SINCE JUN 1    402                       439    -37      485
  SINCE JAN 1   1438                      1240    198     1400
..................................................................


WIND (MPH)
  HIGHEST WIND SPEED    23   HIGHEST WIND DIRECTION    NE (60)
  HIGHEST GUST SPEED    27   HIGHEST GUST DIRECTION    NE (60)
  AVERAGE WIND SPEED     4.4


SKY COVER
  AVERAGE SKY COVER 0.8


WEATHER CONDITIONS
 THE FOLLOWING WEATHER WAS RECORDED YESTERDAY.
  THUNDERSTORM
  RAIN
  LIGHT RAIN
  FOG


RELATIVE HUMIDITY (PERCENT)
 HIGHEST   100          1200 AM
 LOWEST     59           100 PM
 AVERAGE    80

..........................................................


THE ORLANDO  CLIMATE NORMALS FOR TODAY
                         NORMAL    RECORD    YEAR
 MAXIMUM TEMPERATURE (F)   91        98      1906
 MINIMUM TEMPERATURE (F)   73        64      2012


SUNRISE AND SUNSET
JUNE 28 2017..........SUNRISE   631 AM EDT   SUNSET   827 PM EDT
JUNE 29 2017..........SUNRISE   631 AM EDT   SUNSET   827 PM EDT


-  INDICATES NEGATIVE NUMBERS.
R  INDICATES RECORD WAS SET OR TIED.
MM INDICATES DATA IS MISSING.
T  INDICATES TRACE AMOUNT.




$$
