000
CDUS42 KMLB 292014
CLIMCO


CLIMATE REPORT
NATIONAL WEATHER SERVICE MELBOURNE FL
413 PM EDT SAT APR 29 2017


...................................

...THE ORLANDO  CLIMATE SUMMARY FOR APRIL 29 2017...
VALID TODAY AS OF 0400 PM LOCAL TIME.

CLIMATE NORMAL PERIOD 1981 TO 2010
CLIMATE RECORD PERIOD 1892 TO 2017


WEATHER ITEM   OBSERVED TIME   RECORD YEAR NORMAL DEPARTURE LAST
                VALUE   (LST)  VALUE       VALUE  FROM      YEAR
                                                  NORMAL
..................................................................
TEMPERATURE (F)
 TODAY
  MAXIMUM         90        MM  96    1906  85      5       90
  MINIMUM         71        MM  42    1928  62      9       68
  AVERAGE         81                        74      7       79

PRECIPITATION (IN)
  TODAY            0.00          1.01 1982   0.07  -0.07      T
  MONTH TO DATE    T                         2.61  -2.61     1.27
  SINCE MAR 1      0.10                      6.38  -6.28     6.58
  SINCE JAN 1      3.03                     11.11  -8.08    13.92

SNOWFALL (IN)
  TODAY            0.0
  MONTH TO DATE    0.0
  SINCE MAR 1      0.0
  SINCE JUL 1      0.0

DEGREE DAYS
 HEATING
  TODAY            0                         0      0        0
  MONTH TO DATE    3                        11     -8        0
  SINCE MAR 1     40                        70    -30       16
  SINCE JUL 1    209                       569   -360      370

 COOLING
  TODAY           16                         9      7       14
  MONTH TO DATE  275                       191     84      228
  SINCE MAR 1    438                       309    129      445
  SINCE JAN 1    639                       413    226      507
..................................................................


WIND (MPH)
  HIGHEST WIND SPEED    20   HIGHEST WIND DIRECTION     E (100)
  HIGHEST GUST SPEED    28   HIGHEST GUST DIRECTION     E (100)
  AVERAGE WIND SPEED    11.2


SKY COVER
  AVERAGE SKY COVER 0.6


WEATHER CONDITIONS
 THE FOLLOWING WEATHER WAS RECORDED TODAY.
  NO SIGNIFICANT WEATHER WAS OBSERVED.


RELATIVE HUMIDITY (PERCENT)
 HIGHEST   100           100 AM
 LOWEST     41           200 PM
 AVERAGE    71

..........................................................


THE ORLANDO  CLIMATE NORMALS FOR TOMORROW
                         NORMAL    RECORD    YEAR
 MAXIMUM TEMPERATURE (F)   85        95      1971
                                             1917
 MINIMUM TEMPERATURE (F)   63        48      1928


SUNRISE AND SUNSET
APRIL 29 2017.........SUNRISE   646 AM EDT   SUNSET   759 PM EDT
APRIL 30 2017.........SUNRISE   645 AM EDT   SUNSET   800 PM EDT


-  INDICATES NEGATIVE NUMBERS.
R  INDICATES RECORD WAS SET OR TIED.
MM INDICATES DATA IS MISSING.
T  INDICATES TRACE AMOUNT.




$$
