000
CDUS42 KMLB 280626
CLIMCO


CLIMATE REPORT
NATIONAL WEATHER SERVICE MELBOURNE FL
126 AM EST TUE FEB 28 2017


...................................

...THE ORLANDO  CLIMATE SUMMARY FOR FEBRUARY 27 2017...

CLIMATE NORMAL PERIOD 1981 TO 2010
CLIMATE RECORD PERIOD 1892 TO 2017


WEATHER ITEM   OBSERVED TIME   RECORD YEAR NORMAL DEPARTURE LAST
                VALUE   (LST)  VALUE       VALUE  FROM      YEAR
                                                  NORMAL
..................................................................
TEMPERATURE (F)
 YESTERDAY
  MAXIMUM         87    325 PM  89    1962  76     11       68
                                      1929
  MINIMUM         55    512 AM  33    1980  54      1       43
                                      1920
  AVERAGE         71                        65      6       56

PRECIPITATION (IN)
  YESTERDAY        0.00          3.54 1924   0.09  -0.09     0.00
  MONTH TO DATE    0.95                      2.29  -1.34     1.69
  SINCE DEC 1      5.45                      7.22  -1.77     8.06
  SINCE JAN 1      2.93                      4.64  -1.71     7.34

SNOWFALL (IN)
  YESTERDAY        0.0
  MONTH TO DATE    0.0
  SINCE DEC 1      0.0
  SINCE JUL 1      0.0

DEGREE DAYS
 HEATING
  YESTERDAY        0                         3     -3        9
  MONTH TO DATE   16                       112    -96      138
  SINCE DEC 1    146                       449   -303      338
  SINCE JUL 1    169                       496   -327      347

 COOLING
  YESTERDAY        6                         3      3        0
  MONTH TO DATE   99                        58     41       47
  SINCE DEC 1    350                       173    177      285
  SINCE JAN 1    191                       103     88       62
..................................................................


WIND (MPH)
  HIGHEST WIND SPEED    18   HIGHEST WIND DIRECTION     E (100)
  HIGHEST GUST SPEED    23   HIGHEST GUST DIRECTION     E (110)
  AVERAGE WIND SPEED     8.4


SKY COVER
  AVERAGE SKY COVER 0.3


WEATHER CONDITIONS
 THE FOLLOWING WEATHER WAS RECORDED YESTERDAY.
  NO SIGNIFICANT WEATHER WAS OBSERVED.


RELATIVE HUMIDITY (PERCENT)
 HIGHEST    90          1100 PM
 LOWEST     44           300 PM
 AVERAGE    67

..........................................................


THE ORLANDO  CLIMATE NORMALS FOR TODAY
                         NORMAL    RECORD    YEAR
 MAXIMUM TEMPERATURE (F)   76        89      1929
                                             1903
 MINIMUM TEMPERATURE (F)   54        29      1935


SUNRISE AND SUNSET
FEBRUARY 28 2017......SUNRISE   651 AM EST   SUNSET   625 PM EST
MARCH  1 2017.........SUNRISE   650 AM EST   SUNSET   626 PM EST


-  INDICATES NEGATIVE NUMBERS.
R  INDICATES RECORD WAS SET OR TIED.
MM INDICATES DATA IS MISSING.
T  INDICATES TRACE AMOUNT.




$$
