000
CDUS42 KMLB 042022
CLIMCO


CLIMATE REPORT
NATIONAL WEATHER SERVICE MELBOURNE FL
421 PM EDT TUE AUG 4 2015


...................................

...THE ORLANDO  CLIMATE SUMMARY FOR AUGUST 4 2015...
VALID TODAY AS OF 0400 PM LOCAL TIME.

CLIMATE NORMAL PERIOD 1981 TO 2010
CLIMATE RECORD PERIOD 1892 TO 2015


WEATHER ITEM   OBSERVED TIME   RECORD YEAR NORMAL DEPARTURE LAST
                VALUE   (LST)  VALUE       VALUE  FROM      YEAR
                                                  NORMAL
..................................................................
TEMPERATURE (F)
 TODAY
  MAXIMUM         91    211 PM  98    1935  92     -1       90
  MINIMUM         73    609 AM  66    1938  74     -1       74
  AVERAGE         82                        83     -1       82

PRECIPITATION (IN)
  TODAY            0.03          2.39 1900   0.24  -0.21     0.13
  MONTH TO DATE    2.91                      0.96   1.95     2.41
  SINCE JUN 1     17.12                     15.81   1.31    15.84
  SINCE JAN 1     31.11                     30.44   0.67    33.19

SNOWFALL (IN)
  TODAY            0.0
  MONTH TO DATE    0.0
  SINCE JUN 1      0.0
  SINCE JUL 1      0.0

DEGREE DAYS
 HEATING
  TODAY            0                         0      0        0
  MONTH TO DATE    0                         0      0        0
  SINCE JUN 1      0                         0      0        0
  SINCE JUL 1      0                         0      0        0

 COOLING
  TODAY           17                        18     -1       17
  MONTH TO DATE   61                        72    -11       76
  SINCE JUN 1   1190                      1111     79     1149
  SINCE JAN 1   2370                      1912    458     2083
..................................................................


WIND (MPH)
  HIGHEST WIND SPEED    33   HIGHEST WIND DIRECTION     W (270)
  HIGHEST GUST SPEED    40   HIGHEST GUST DIRECTION     W (270)
  AVERAGE WIND SPEED     8.5


SKY COVER
  AVERAGE SKY COVER 0.8


WEATHER CONDITIONS
 THE FOLLOWING WEATHER WAS RECORDED TODAY.
  THUNDERSTORM
  HEAVY RAIN
  RAIN
  LIGHT RAIN
  FOG


RELATIVE HUMIDITY (PERCENT)
 HIGHEST    94          1200 AM
 LOWEST     59           200 PM
 AVERAGE    77

..........................................................


THE ORLANDO  CLIMATE NORMALS FOR TOMORROW
                         NORMAL    RECORD    YEAR
 MAXIMUM TEMPERATURE (F)   92        97      1956
                                             1935
                                             1919
 MINIMUM TEMPERATURE (F)   74        66      1893


SUNRISE AND SUNSET
AUGUST  4 2015........SUNRISE   649 AM EDT   SUNSET   814 PM EDT
AUGUST  5 2015........SUNRISE   649 AM EDT   SUNSET   813 PM EDT


-  INDICATES NEGATIVE NUMBERS.
R  INDICATES RECORD WAS SET OR TIED.
MM INDICATES DATA IS MISSING.
T  INDICATES TRACE AMOUNT.




$$
