000
CDUS42 KMLB 222036
CLIMCO


CLIMATE REPORT
NATIONAL WEATHER SERVICE MELBOURNE FL
435 PM EDT TUE JUL 22 2014


...................................

...THE ORLANDO  CLIMATE SUMMARY FOR JULY 22 2014...
VALID TODAY AS OF 0400 PM LOCAL TIME.

CLIMATE NORMAL PERIOD 1981 TO 2010
CLIMATE RECORD PERIOD 1892 TO 2014


WEATHER ITEM   OBSERVED TIME   RECORD YEAR NORMAL DEPARTURE LAST
                VALUE   (LST)  VALUE       VALUE  FROM      YEAR
                                                  NORMAL
..................................................................
TEMPERATURE (F)
 TODAY
  MAXIMUM         93    252 PM  97    1908  92      1       93
                                      1907
                                      1903
  MINIMUM         74    623 AM  66    1938  74      0       74
  AVERAGE         84                        83      1       84

PRECIPITATION (IN)
  TODAY            0.00          1.88 2011   0.24  -0.24     0.20
  MONTH TO DATE    7.81                      5.10   2.71     5.52
  SINCE JUN 1     12.45                     12.68  -0.23    15.62
  SINCE JAN 1     29.80                     27.31   2.49    26.49

SNOWFALL (IN)
  TODAY            0.0
  MONTH TO DATE    0.0
  SINCE JUN 1      0.0
  SINCE JUL 1      0.0

DEGREE DAYS
 HEATING
  TODAY            0                         0      0        0
  MONTH TO DATE    0                         0      0        0
  SINCE JUN 1      0                         0      0        0
  SINCE JUL 1      0                         0      0        0

 COOLING
  TODAY           19                        18      1       19
  MONTH TO DATE  397                       388      9      372
  SINCE JUN 1    900                       878     22      881
  SINCE JAN 1   1834                      1679    155     1753
..................................................................


WIND (MPH)
  HIGHEST WIND SPEED    12   HIGHEST WIND DIRECTION    NE (60)
  HIGHEST GUST SPEED    14   HIGHEST GUST DIRECTION    NE (60)
  AVERAGE WIND SPEED     4.0


SKY COVER
  AVERAGE SKY COVER 0.4


WEATHER CONDITIONS
 THE FOLLOWING WEATHER WAS RECORDED TODAY.
  NO SIGNIFICANT WEATHER WAS OBSERVED.


RELATIVE HUMIDITY (PERCENT)
 HIGHEST   100           400 AM
 LOWEST     52           300 PM
 AVERAGE    76

..........................................................


THE ORLANDO  CLIMATE NORMALS FOR TOMORROW
                         NORMAL    RECORD    YEAR
 MAXIMUM TEMPERATURE (F)   92        98      1962
 MINIMUM TEMPERATURE (F)   74        65      1909


SUNRISE AND SUNSET
JULY 22 2014..........SUNRISE   642 AM EDT   SUNSET   822 PM EDT
JULY 23 2014..........SUNRISE   642 AM EDT   SUNSET   821 PM EDT


-  INDICATES NEGATIVE NUMBERS.
R  INDICATES RECORD WAS SET OR TIED.
MM INDICATES DATA IS MISSING.
T  INDICATES TRACE AMOUNT.




$$
