000
CDUS42 KMLB 260635
CLIMCO


CLIMATE REPORT
NATIONAL WEATHER SERVICE MELBOURNE FL
135 AM EST FRI DEC 26 2014


...................................

...THE ORLANDO  CLIMATE SUMMARY FOR DECEMBER 25 2014...

CLIMATE NORMAL PERIOD 1981 TO 2010
CLIMATE RECORD PERIOD 1892 TO 2014


WEATHER ITEM   OBSERVED TIME   RECORD YEAR NORMAL DEPARTURE LAST
                VALUE   (LST)  VALUE       VALUE  FROM      YEAR
                                                  NORMAL
..................................................................
TEMPERATURE (F)
 YESTERDAY
  MAXIMUM         65    242 AM  85    1924  72     -7       76
                                      1903
  MINIMUM         53   1159 PM  21    1983  51      2       48
  AVERAGE         59                        61     -2       62

PRECIPITATION (IN)
  YESTERDAY        0.00          3.53 1949   0.08  -0.08     0.00
  MONTH TO DATE    1.50                      2.12  -0.62     0.19
  SINCE DEC 1      1.50                      2.12  -0.62     0.19
  SINCE JAN 1     55.26                     50.27   4.99    42.63

SNOWFALL (IN)
  YESTERDAY        0.0
  MONTH TO DATE    0.0
  SINCE DEC 1      0.0
  SINCE JUL 1      0.0

DEGREE DAYS
 HEATING
  YESTERDAY        6                         6      0        3
  MONTH TO DATE   90                       109    -19       33
  SINCE DEC 1     90                       109    -19       33
  SINCE JUL 1    172                       156     16       56

 COOLING
  YESTERDAY        0                         2     -2        0
  MONTH TO DATE   73                        59     14      113
  SINCE DEC 1     73                        59     14      113
  SINCE JAN 1   3564                      3413    151     3674
..................................................................


WIND (MPH)
  HIGHEST WIND SPEED    15   HIGHEST WIND DIRECTION    NW (300)
  HIGHEST GUST SPEED    19   HIGHEST GUST DIRECTION     W (290)
  AVERAGE WIND SPEED     7.7


SKY COVER
  AVERAGE SKY COVER 0.6


WEATHER CONDITIONS
 THE FOLLOWING WEATHER WAS RECORDED YESTERDAY.
  NO SIGNIFICANT WEATHER WAS OBSERVED.


RELATIVE HUMIDITY (PERCENT)
 HIGHEST   100           100 AM
 LOWEST     52           100 PM
 AVERAGE    76

..........................................................


THE ORLANDO  CLIMATE NORMALS FOR TODAY
                         NORMAL    RECORD    YEAR
 MAXIMUM TEMPERATURE (F)   71        85      1921
 MINIMUM TEMPERATURE (F)   50        20      1983


SUNRISE AND SUNSET
DECEMBER 26 2014......SUNRISE   716 AM EST   SUNSET   536 PM EST
DECEMBER 27 2014......SUNRISE   716 AM EST   SUNSET   537 PM EST


-  INDICATES NEGATIVE NUMBERS.
R  INDICATES RECORD WAS SET OR TIED.
MM INDICATES DATA IS MISSING.
T  INDICATES TRACE AMOUNT.




$$
