000
CDUS42 KMLB 182118
CLIMCO


CLIMATE REPORT
NATIONAL WEATHER SERVICE MELBOURNE FL
418 PM EST MON DEC 18 2017


...................................

...THE ORLANDO  CLIMATE SUMMARY FOR DECEMBER 18 2017...
VALID TODAY AS OF 0400 PM LOCAL TIME.

CLIMATE NORMAL PERIOD 1981 TO 2010
CLIMATE RECORD PERIOD 1892 TO 2017


WEATHER ITEM   OBSERVED TIME   RECORD YEAR NORMAL DEPARTURE LAST
                VALUE   (LST)  VALUE       VALUE  FROM      YEAR
                                                  NORMAL
..................................................................
TEMPERATURE (F)
 TODAY
  MAXIMUM         83    254 PM  90    1961  72     11       88
  MINIMUM         58    337 AM  32    1973  52      6       67
                                      1901
  AVERAGE         71                        62      9       78

PRECIPITATION (IN)
  TODAY            0.00          1.26 1999   0.10  -0.10     0.19
  MONTH TO DATE    0.35                      1.50  -1.15     0.97
  SINCE DEC 1      0.35                      1.50  -1.15     0.97
  SINCE JAN 1     46.62                     49.65  -3.03    52.75

SNOWFALL (IN)
  TODAY            0.0
  MONTH TO DATE    0.0
  SINCE DEC 1      0.0
  SINCE JUL 1      0.0

DEGREE DAYS
 HEATING
  TODAY            0                         5     -5        0
  MONTH TO DATE   71                        70      1       10
  SINCE DEC 1     71                        70      1       10
  SINCE JUL 1     95                       117    -22       33

 COOLING
  TODAY            6                         2      4       13
  MONTH TO DATE   54                        45      9       91
  SINCE DEC 1     54                        45      9       91
  SINCE JAN 1   3657                      3399    258     3795
..................................................................


WIND (MPH)
  HIGHEST WIND SPEED     8   HIGHEST WIND DIRECTION     N (350)
  HIGHEST GUST SPEED    11   HIGHEST GUST DIRECTION     W (250)
  AVERAGE WIND SPEED     2.8


SKY COVER
  AVERAGE SKY COVER 0.6


WEATHER CONDITIONS
 THE FOLLOWING WEATHER WAS RECORDED TODAY.
  FOG
  FOG W/VISIBILITY <= 1/4 MILE


RELATIVE HUMIDITY (PERCENT)
 HIGHEST   100          1200 AM
 LOWEST     55           300 PM
 AVERAGE    78

..........................................................


THE ORLANDO  CLIMATE NORMALS FOR TOMORROW
                         NORMAL    RECORD    YEAR
 MAXIMUM TEMPERATURE (F)   72        88      1922
 MINIMUM TEMPERATURE (F)   52        30      1981


SUNRISE AND SUNSET
DECEMBER 18 2017......SUNRISE   712 AM EST   SUNSET   532 PM EST
DECEMBER 19 2017......SUNRISE   712 AM EST   SUNSET   533 PM EST


-  INDICATES NEGATIVE NUMBERS.
R  INDICATES RECORD WAS SET OR TIED.
MM INDICATES DATA IS MISSING.
T  INDICATES TRACE AMOUNT.




$$
