000
CDUS42 KMLB 270630
CLIMCO


CLIMATE REPORT
NATIONAL WEATHER SERVICE MELBOURNE FL
230 AM EDT THU AUG 27 2015


...................................

...THE ORLANDO  CLIMATE SUMMARY FOR AUGUST 26 2015...

CLIMATE NORMAL PERIOD 1981 TO 2010
CLIMATE RECORD PERIOD 1892 TO 2015


WEATHER ITEM   OBSERVED TIME   RECORD YEAR NORMAL DEPARTURE LAST
                VALUE   (LST)  VALUE       VALUE  FROM      YEAR
                                                  NORMAL
..................................................................
TEMPERATURE (F)
 YESTERDAY
  MAXIMUM         94    239 PM  98    1916  91      3       92
                                      1915
                                      1903
  MINIMUM         73    706 PM  66    1893  74     -1       75
  AVERAGE         84                        83      1       84

PRECIPITATION (IN)
  YESTERDAY        0.10          2.57 1961   0.22  -0.12      T
  MONTH TO DATE    9.77                      6.03   3.74     6.63
  SINCE JUN 1     23.98                     20.88   3.10    20.06
  SINCE JAN 1     37.97                     35.51   2.46    37.41

SNOWFALL (IN)
  YESTERDAY        0.0
  MONTH TO DATE    0.0
  SINCE JUN 1      0.0
  SINCE JUL 1      0.0

DEGREE DAYS
 HEATING
  YESTERDAY        0                         0      0        0
  MONTH TO DATE    0                         0      0        0
  SINCE JUN 1      0                         0      0        0
  SINCE JUL 1      0                         0      0        0

 COOLING
  YESTERDAY       19                        18      1       19
  MONTH TO DATE  480                       468     12      497
  SINCE JUN 1   1609                      1507    102     1570
  SINCE JAN 1   2789                      2308    481     2504
..................................................................


WIND (MPH)
  HIGHEST WIND SPEED    28   HIGHEST WIND DIRECTION     E (110)
  HIGHEST GUST SPEED    33   HIGHEST GUST DIRECTION    SE (120)
  AVERAGE WIND SPEED     4.6


SKY COVER
  AVERAGE SKY COVER 0.6


WEATHER CONDITIONS
 THE FOLLOWING WEATHER WAS RECORDED YESTERDAY.
  THUNDERSTORM
  LIGHT RAIN
  FOG


RELATIVE HUMIDITY (PERCENT)
 HIGHEST    94           500 PM
 LOWEST     52           200 PM
 AVERAGE    73

..........................................................


THE ORLANDO  CLIMATE NORMALS FOR TODAY
                         NORMAL    RECORD    YEAR
 MAXIMUM TEMPERATURE (F)   91        97      1943
                                             1920
                                             1914
 MINIMUM TEMPERATURE (F)   74        64      1930
                                             1893


SUNRISE AND SUNSET
AUGUST 27 2015........SUNRISE   701 AM EDT   SUNSET   752 PM EDT
AUGUST 28 2015........SUNRISE   701 AM EDT   SUNSET   751 PM EDT


-  INDICATES NEGATIVE NUMBERS.
R  INDICATES RECORD WAS SET OR TIED.
MM INDICATES DATA IS MISSING.
T  INDICATES TRACE AMOUNT.




$$
