000
CDUS43 KDMX 300630 RRA
CLIMCW

CLIMATE REPORT
NATIONAL WEATHER SERVICE DES MOINES IA
129 AM CDT SAT MAY 30 2015


...................................

...THE MASON CITY IA CLIMATE SUMMARY FOR MAY 29 2015...

CLIMATE NORMAL PERIOD 1981 TO 2010
CLIMATE RECORD PERIOD 1893 TO 2015


WEATHER ITEM   OBSERVED TIME   RECORD YEAR NORMAL DEPARTURE LAST
                VALUE   (LST)  VALUE       VALUE  FROM      YEAR
                                                  NORMAL
..................................................................
TEMPERATURE (F)
 YESTERDAY
  MAXIMUM         74    218 PM  98    1934  74      0       86
  MINIMUM         57   1159 PM  31    1947  51      6       54
  AVERAGE         66                        63      3       70

PRECIPITATION (IN)
  YESTERDAY        0.24          3.68 1980   0.16   0.08     0.00
  MONTH TO DATE    3.33                      4.36  -1.03     2.17
  SINCE MAR 1      8.93                     10.34  -1.41    10.86
  SINCE JAN 1     11.00                     12.16  -1.16    13.88

SNOWFALL (IN)
  YESTERDAY        0.0           0.5  1947   0.0    0.0      0.0
  MONTH TO DATE    0.0                       0.1   -0.1      0.0
  SINCE MAR 1      4.2                       8.8   -4.6     11.9
  SINCE JUL 1     40.0                      41.3   -1.3     58.0
  SNOW DEPTH       0

DEGREE DAYS
 HEATING
  YESTERDAY        0                         4     -4        0
  MONTH TO DATE  182                       227    -45      247
  SINCE MAR 1   1597                      1776   -179     2065
  SINCE JUL 1   7660                      7627     33     8611

 COOLING
  YESTERDAY        1                         2     -1        5
  MONTH TO DATE   30                        25      5       31
  SINCE MAR 1     30                        30      0       31
  SINCE JAN 1     30                        30      0       31
..................................................................


WIND (MPH)
  HIGHEST WIND SPEED    26   HIGHEST WIND DIRECTION    NW (330)
  HIGHEST GUST SPEED    32   HIGHEST GUST DIRECTION    NW (330)
  AVERAGE WIND SPEED     8.9


SKY COVER
  POSSIBLE SUNSHINE  MM
  AVERAGE SKY COVER 0.8


WEATHER CONDITIONS
 THE FOLLOWING WEATHER WAS RECORDED YESTERDAY.
  THUNDERSTORM
  HEAVY RAIN
  RAIN
  LIGHT RAIN
  FOG
  HAZE


RELATIVE HUMIDITY (PERCENT)
 HIGHEST   100           900 PM
 LOWEST     78           800 AM
 AVERAGE    89

..........................................................


THE MASON CITY IA CLIMATE NORMALS FOR TODAY
                         NORMAL    RECORD    YEAR
 MAXIMUM TEMPERATURE (F)   75        98      1934
 MINIMUM TEMPERATURE (F)   52        31      1930


SUNRISE AND SUNSET
MAY 30 2015...........SUNRISE   538 AM CDT   SUNSET   845 PM CDT
MAY 31 2015...........SUNRISE   537 AM CDT   SUNSET   845 PM CDT


-  INDICATES NEGATIVE NUMBERS.
R  INDICATES RECORD WAS SET OR TIED.
MM INDICATES DATA IS MISSING.
T  INDICATES TRACE AMOUNT.




$$
