000
CDUS43 KDMX 120631
CLIMCW

CLIMATE REPORT
NATIONAL WEATHER SERVICE DES MOINES IA
1227 AM CST FRI FEB 12 2016

...................................

...THE MASON CITY IA CLIMATE SUMMARY FOR FEBRUARY 11 2016...

CLIMATE NORMAL PERIOD 1981 TO 2010
CLIMATE RECORD PERIOD 1893 TO 2016


WEATHER ITEM   OBSERVED TIME   RECORD YEAR NORMAL DEPARTURE LAST
                VALUE   (LST)  VALUE       VALUE  FROM      YEAR
                                                  NORMAL
..................................................................
TEMPERATURE (F)
 YESTERDAY
  MAXIMUM         12   1159 PM  58    1977  28    -16       34
  MINIMUM         -6    646 AM -32    1899  10    -16        2
  AVERAGE          3                        19    -16       18

PRECIPITATION (IN)
  YESTERDAY        0.00          0.40 1965   0.03  -0.03      T
  MONTH TO DATE    0.36                      0.35   0.01     0.75
  SINCE DEC 1      4.55                      2.41   2.14     2.78
  SINCE JAN 1      0.92                      1.17  -0.25     1.68

SNOWFALL (IN)
  YESTERDAY        0.0           6.8  1965   0.3   -0.3       T
  MONTH TO DATE   11.2                       3.5    7.7      7.6
  SINCE DEC 1     29.9                      23.6    6.3     23.0
  SINCE JUL 1     39.9                      28.3   11.6     31.0
  SNOW DEPTH      10

DEGREE DAYS
 HEATING
  YESTERDAY       62                        46     16       47
  MONTH TO DATE  521                       518      3      544
  SINCE DEC 1   3091                      3449   -358     3184
  SINCE JUL 1   4446                      5129   -683     5083

 COOLING
  YESTERDAY        0                         0      0        0
  MONTH TO DATE    0                         0      0        0
  SINCE DEC 1      0                         0      0        0
  SINCE JAN 1      0                         0      0        0
..................................................................


WIND (MPH)
  HIGHEST WIND SPEED    12   HIGHEST WIND DIRECTION     S (170)
  HIGHEST GUST SPEED    12   HIGHEST GUST DIRECTION     S (170)
  AVERAGE WIND SPEED     5.5


SKY COVER
  POSSIBLE SUNSHINE  MM
  AVERAGE SKY COVER 0.3


WEATHER CONDITIONS
 THE FOLLOWING WEATHER WAS RECORDED YESTERDAY.
  NO SIGNIFICANT WEATHER WAS OBSERVED.


RELATIVE HUMIDITY (PERCENT)
 HIGHEST    86          1200 AM
 LOWEST     63          1100 AM
 AVERAGE    75

..........................................................


THE MASON CITY IA CLIMATE NORMALS FOR TODAY
                         NORMAL    RECORD    YEAR
 MAXIMUM TEMPERATURE (F)   28        61      1976
 MINIMUM TEMPERATURE (F)   11       -27      1899


SUNRISE AND SUNSET
FEBRUARY 12 2016......SUNRISE   716 AM CST   SUNSET   540 PM CST
FEBRUARY 13 2016......SUNRISE   714 AM CST   SUNSET   541 PM CST


-  INDICATES NEGATIVE NUMBERS.
R  INDICATES RECORD WAS SET OR TIED.
MM INDICATES DATA IS MISSING.
T  INDICATES TRACE AMOUNT.

$$

REV
