000
CDUS41 KCTP 070612
CLIMDT


CLIMATE REPORT
NATIONAL WEATHER SERVICE STATE COLLEGE PA
210 AM EDT TUE JUL 7 2015


...................................

...THE HARRISBURG PA CLIMATE SUMMARY FOR JULY 6 2015...

CLIMATE NORMAL PERIOD 1981 TO 2010
CLIMATE RECORD PERIOD 1888 TO 2015


WEATHER ITEM   OBSERVED TIME   RECORD YEAR NORMAL DEPARTURE LAST
                VALUE   (LST)  VALUE       VALUE  FROM      YEAR
                                                  NORMAL
..................................................................
TEMPERATURE (F)
 YESTERDAY
  MAXIMUM         84    446 PM 102    1999  86     -2       86
  MINIMUM         70    603 AM  51    1979  66      4       62
  AVERAGE         77                        76      1       74

PRECIPITATION (IN)
  YESTERDAY        0.02          1.37 1896   0.14  -0.12     0.00
  MONTH TO DATE    0.29                      0.85  -0.56     0.18
  SINCE JUN 1      7.13                      4.45   2.68     3.96
  SINCE JAN 1     19.87                     19.98  -0.11    25.60

DEGREE DAYS
 HEATING
  YESTERDAY        0                         0      0        0
  MONTH TO DATE    0                         0      0        0
  SINCE JUN 1     13                        18     -5        1
  SINCE JUL 1      0                         0      0        0

 COOLING
  YESTERDAY       12                        11      1        9
  MONTH TO DATE   43                        64    -21       80
  SINCE JUN 1    304                       277     27      327
  SINCE JAN 1    478                       342    136      387
..................................................................


WIND (MPH)
  HIGHEST WIND SPEED    14   HIGHEST WIND DIRECTION     S (180)
  HIGHEST GUST SPEED    18   HIGHEST GUST DIRECTION     S (170)
  AVERAGE WIND SPEED     4.3


SKY COVER
  POSSIBLE SUNSHINE  MM
  AVERAGE SKY COVER 0.9


WEATHER CONDITIONS
 THE FOLLOWING WEATHER WAS RECORDED YESTERDAY.
  LIGHT RAIN
  FOG
  HAZE


RELATIVE HUMIDITY (PERCENT)
 HIGHEST    90          1200 AM
 LOWEST     65          1200 PM
 AVERAGE    78

..........................................................


THE HARRISBURG PA CLIMATE NORMALS FOR TODAY
                         NORMAL    RECORD    YEAR
 MAXIMUM TEMPERATURE (F)   86       101      2012
                                             1988
 MINIMUM TEMPERATURE (F)   66        52      1983
                                             1980
                                             1979


SUNRISE AND SUNSET
JULY  7 2015..........SUNRISE   545 AM EDT   SUNSET   839 PM EDT
JULY  8 2015..........SUNRISE   545 AM EDT   SUNSET   839 PM EDT


-  INDICATES NEGATIVE NUMBERS.
R  INDICATES RECORD WAS SET OR TIED.
MM INDICATES DATA IS MISSING.
T  INDICATES TRACE AMOUNT.




$$
