000
CDUS41 KCTP 190625
CLIMDT


CLIMATE REPORT
NATIONAL WEATHER SERVICE STATE COLLEGE PA
224 AM EDT TUE SEP 19 2017


...................................

...THE HARRISBURG PA CLIMATE SUMMARY FOR SEPTEMBER 18 2017...

CLIMATE NORMAL PERIOD 1981 TO 2010
CLIMATE RECORD PERIOD 1888 TO 2017


WEATHER ITEM   OBSERVED TIME   RECORD YEAR NORMAL DEPARTURE LAST
                VALUE   (LST)  VALUE       VALUE  FROM      YEAR
                                                  NORMAL
..................................................................
TEMPERATURE (F)
 YESTERDAY
  MAXIMUM         76    421 PM  92    1965  75      1       84
  MINIMUM         63   1130 PM  40    1990  55      8       69
                                      1959
  AVERAGE         70                        65      5       77

PRECIPITATION (IN)
  YESTERDAY        0.00          3.38 2004   0.14  -0.14     0.04
  MONTH TO DATE    2.55                      2.35   0.20     1.09
  SINCE SEP 1      2.55                      2.35   0.20     1.09
  SINCE JAN 1     36.76                     29.29   7.47    31.86

DEGREE DAYS
 HEATING
  YESTERDAY        0                         2     -2        0
  MONTH TO DATE   28                        18     10        0
  SINCE SEP 1     28                        18     10        0
  SINCE JUL 1     30                        20     10        0

 COOLING
  YESTERDAY        5                         2      3       12
  MONTH TO DATE   50                        79    -29      177
  SINCE SEP 1     50                        79    -29      177
  SINCE JAN 1   1048                       975     73     1441
..................................................................


WIND (MPH)
  HIGHEST WIND SPEED    10   HIGHEST WIND DIRECTION     E (80)
  HIGHEST GUST SPEED    14   HIGHEST GUST DIRECTION    NE (40)
  AVERAGE WIND SPEED     3.0


SKY COVER
  POSSIBLE SUNSHINE  MM
  AVERAGE SKY COVER 0.7


WEATHER CONDITIONS
 THE FOLLOWING WEATHER WAS RECORDED YESTERDAY.
  FOG
  HAZE


RELATIVE HUMIDITY (PERCENT)
 HIGHEST   100           300 AM
 LOWEST     69           200 PM
 AVERAGE    85

..........................................................


THE HARRISBURG PA CLIMATE NORMALS FOR TODAY
                         NORMAL    RECORD    YEAR
 MAXIMUM TEMPERATURE (F)   74        92      1983
                                             1965
 MINIMUM TEMPERATURE (F)   55        37      1943


SUNRISE AND SUNSET
SEPTEMBER 19 2017.....SUNRISE   652 AM EDT   SUNSET   709 PM EDT
SEPTEMBER 20 2017.....SUNRISE   653 AM EDT   SUNSET   707 PM EDT


-  INDICATES NEGATIVE NUMBERS.
R  INDICATES RECORD WAS SET OR TIED.
MM INDICATES DATA IS MISSING.
T  INDICATES TRACE AMOUNT.




$$
