000
CDUS41 KCTP 252116
CLIMDT


CLIMATE REPORT
NATIONAL WEATHER SERVICE STATE COLLEGE PA
516 PM EDT THU MAY 25 2017


...................................

...THE HARRISBURG PA CLIMATE SUMMARY FOR MAY 25 2017...
VALID TODAY AS OF 0500 PM LOCAL TIME.

CLIMATE NORMAL PERIOD 1981 TO 2010
CLIMATE RECORD PERIOD 1888 TO 2017


WEATHER ITEM   OBSERVED TIME   RECORD YEAR NORMAL DEPARTURE LAST
                VALUE   (LST)  VALUE       VALUE  FROM      YEAR
                                                  NORMAL
..................................................................
TEMPERATURE (F)
 TODAY
  MAXIMUM         65    342 PM  92    1991  75    -10       86
  MINIMUM         56    844 AM  35    1956  55      1       53
  AVERAGE         61                        65     -4       70

PRECIPITATION (IN)
  TODAY            0.43          2.44 1997   0.12   0.31     0.00
  MONTH TO DATE    3.35                      3.03   0.32     3.08
  SINCE MAR 1     11.49                      9.50   1.99     6.89
  SINCE JAN 1     15.87                     14.77   1.10    16.81

SNOWFALL (IN)
  TODAY            0.0           0.0  2002   0.0    0.0      0.0
                                      2001
  MONTH TO DATE    0.0                       0.0    0.0      0.0
  SINCE MAR 1     18.4                       5.6   12.8      1.4
  SINCE JUL 1     23.9                      30.6   -6.7     39.1
  SNOW DEPTH       0

DEGREE DAYS
 HEATING
  TODAY            4                         3      1        0
  MONTH TO DATE  141                       133      8      173
  SINCE MAR 1   1119                      1248   -129     1084
  SINCE JUL 1   4357                      5236   -879     4456

 COOLING
  TODAY            0                         3     -3        5
  MONTH TO DATE   40                        40      0       12
  SINCE MAR 1     67                        47     20       24
  SINCE JAN 1     67                        47     20       24
..................................................................


WIND (MPH)
  HIGHEST WIND SPEED    23   HIGHEST WIND DIRECTION     E (110)
  HIGHEST GUST SPEED    28   HIGHEST GUST DIRECTION     E (100)
  AVERAGE WIND SPEED     8.5


SKY COVER
  POSSIBLE SUNSHINE  MM
  AVERAGE SKY COVER 1.0


WEATHER CONDITIONS
 THE FOLLOWING WEATHER WAS RECORDED TODAY.
  HEAVY RAIN
  RAIN
  LIGHT RAIN
  FOG


RELATIVE HUMIDITY (PERCENT)
 HIGHEST   100           600 AM
 LOWEST     72          1200 AM
 AVERAGE    86

..........................................................


THE HARRISBURG PA CLIMATE NORMALS FOR TOMORROW
                         NORMAL    RECORD    YEAR
 MAXIMUM TEMPERATURE (F)   75        93      1991
 MINIMUM TEMPERATURE (F)   56        41      1972
                                             1907


SUNRISE AND SUNSET
MAY 25 2017...........SUNRISE   543 AM EDT   SUNSET   825 PM EDT
MAY 26 2017...........SUNRISE   543 AM EDT   SUNSET   826 PM EDT


-  INDICATES NEGATIVE NUMBERS.
R  INDICATES RECORD WAS SET OR TIED.
MM INDICATES DATA IS MISSING.
T  INDICATES TRACE AMOUNT.




$$
