000
CDUS41 KCTP 160616
CLIMDT


CLIMATE REPORT
NATIONAL WEATHER SERVICE STATE COLLEGE PA
216 AM EDT TUE SEP 16 2014


...................................

...THE HARRISBURG PA CLIMATE SUMMARY FOR SEPTEMBER 15 2014...

CLIMATE NORMAL PERIOD 1981 TO 2010
CLIMATE RECORD PERIOD 1888 TO 2014


WEATHER ITEM   OBSERVED TIME   RECORD YEAR NORMAL DEPARTURE LAST
                VALUE   (LST)  VALUE       VALUE  FROM      YEAR
                                                  NORMAL
..................................................................
TEMPERATURE (F)
 YESTERDAY
  MAXIMUM         73    427 PM  94    1942  76     -3       75
  MINIMUM         49   1219 AM  41    1963  57     -8       46
  AVERAGE         61                        66     -5       61

PRECIPITATION (IN)
  YESTERDAY        0.00          3.63 1916   0.16  -0.16     0.00
  MONTH TO DATE    0.33                      1.91  -1.58     0.25
  SINCE SEP 1      0.33                      1.91  -1.58     0.25
  SINCE JAN 1     34.00                     28.85   5.15    24.52

DEGREE DAYS
 HEATING
  YESTERDAY        4                         2      2        4
  MONTH TO DATE   16                        12      4       17
  SINCE SEP 1     16                        12      4       17
  SINCE JUL 1     16                        14      2       17

 COOLING
  YESTERDAY        0                         3     -3        0
  MONTH TO DATE  115                        71     44      103
  SINCE SEP 1    115                        71     44      103
  SINCE JAN 1   1016                       967     49     1055
..................................................................


WIND (MPH)
  HIGHEST WIND SPEED     9   HIGHEST WIND DIRECTION     S (180)
  HIGHEST GUST SPEED    12   HIGHEST GUST DIRECTION     S (190)
  AVERAGE WIND SPEED     2.7


SKY COVER
  POSSIBLE SUNSHINE  MM
  AVERAGE SKY COVER 0.6


WEATHER CONDITIONS
 THE FOLLOWING WEATHER WAS RECORDED YESTERDAY.
  NO SIGNIFICANT WEATHER WAS OBSERVED.


RELATIVE HUMIDITY (PERCENT)
 HIGHEST    89          1200 AM
 LOWEST     38           100 PM
 AVERAGE    64

..........................................................


THE HARRISBURG PA CLIMATE NORMALS FOR TODAY
                         NORMAL    RECORD    YEAR
 MAXIMUM TEMPERATURE (F)   76        96      1970
 MINIMUM TEMPERATURE (F)   56        42      1988


SUNRISE AND SUNSET
SEPTEMBER 16 2014.....SUNRISE   649 AM EDT   SUNSET   714 PM EDT
SEPTEMBER 17 2014.....SUNRISE   650 AM EDT   SUNSET   713 PM EDT


-  INDICATES NEGATIVE NUMBERS.
R  INDICATES RECORD WAS SET OR TIED.
MM INDICATES DATA IS MISSING.
T  INDICATES TRACE AMOUNT.




$$
