000
CDUS41 KCTP 032120
CLIMDT


CLIMATE REPORT
NATIONAL WEATHER SERVICE STATE COLLEGE PA
520 PM EDT WED JUN 3 2015


...................................

...THE HARRISBURG PA CLIMATE SUMMARY FOR JUNE 3 2015...
VALID TODAY AS OF 0500 PM LOCAL TIME.

CLIMATE NORMAL PERIOD 1981 TO 2010
CLIMATE RECORD PERIOD 1888 TO 2015


WEATHER ITEM   OBSERVED TIME   RECORD YEAR NORMAL DEPARTURE LAST
                VALUE   (LST)  VALUE       VALUE  FROM      YEAR
                                                  NORMAL
..................................................................
TEMPERATURE (F)
 TODAY
  MAXIMUM         67   1133 AM  96    1919  77    -10       85
                                      1895
  MINIMUM         57    617 AM  44    1929  58     -1       65
  AVERAGE         62                        68     -6       75

PRECIPITATION (IN)
  TODAY            0.03          1.25 1910   0.11  -0.08     0.24
  MONTH TO DATE    1.00                      0.34   0.66     0.24
  SINCE JUN 1      1.00                      0.34   0.66     0.24
  SINCE JAN 1     13.74                     15.87  -2.13    21.88

DEGREE DAYS
 HEATING
  TODAY            3                         2      1        0
  MONTH TO DATE   10                         6      4        0
  SINCE JUN 1     10                         6      4        0
  SINCE JUL 1   5597                      5257    340     5725

 COOLING
  TODAY            0                         4     -4       10
  MONTH TO DATE    5                        12     -7       18
  SINCE JUN 1      5                        12     -7       18
  SINCE JAN 1    179                        77    102       78
..................................................................


WIND (MPH)
  HIGHEST WIND SPEED    16   HIGHEST WIND DIRECTION     E (110)
  HIGHEST GUST SPEED    24   HIGHEST GUST DIRECTION     E (70)
  AVERAGE WIND SPEED     7.3


SKY COVER
  POSSIBLE SUNSHINE  MM
  AVERAGE SKY COVER 1.0


WEATHER CONDITIONS
 THE FOLLOWING WEATHER WAS RECORDED TODAY.
  LIGHT RAIN
  FOG


RELATIVE HUMIDITY (PERCENT)
 HIGHEST    93           100 AM
 LOWEST     63          1100 AM
 AVERAGE    78

..........................................................


THE HARRISBURG PA CLIMATE NORMALS FOR TOMORROW
                         NORMAL    RECORD    YEAR
 MAXIMUM TEMPERATURE (F)   78        98      1925
 MINIMUM TEMPERATURE (F)   59        46      1977
                                             1965


SUNRISE AND SUNSET
JUNE  3 2015..........SUNRISE   539 AM EDT   SUNSET   832 PM EDT
JUNE  4 2015..........SUNRISE   539 AM EDT   SUNSET   832 PM EDT


-  INDICATES NEGATIVE NUMBERS.
R  INDICATES RECORD WAS SET OR TIED.
MM INDICATES DATA IS MISSING.
T  INDICATES TRACE AMOUNT.




$$
