842
CDUS41 KCTP 230611
CLIMDT


CLIMATE REPORT
NATIONAL WEATHER SERVICE STATE COLLEGE PA
210 AM EDT SAT JUL 23 2016


...................................

...THE HARRISBURG PA CLIMATE SUMMARY FOR JULY 22 2016...

CLIMATE NORMAL PERIOD 1981 TO 2010
CLIMATE RECORD PERIOD 1888 TO 2016


WEATHER ITEM   OBSERVED TIME   RECORD YEAR NORMAL DEPARTURE LAST
                VALUE   (LST)  VALUE       VALUE  FROM      YEAR
                                                  NORMAL
..................................................................
TEMPERATURE (F)
 YESTERDAY
  MAXIMUM         91    509 PM 103    2011  86      5       83
  MINIMUM         71    500 AM  50    1890  67      4       66
  AVERAGE         81                        76      5       75

PRECIPITATION (IN)
  YESTERDAY        0.00          2.34 2013   0.15  -0.15     0.00
  MONTH TO DATE    3.42                      3.33   0.09     2.20
  SINCE JUN 1      7.88                      6.93   0.95     9.04
  SINCE JAN 1     25.07                     22.46   2.61    21.78

DEGREE DAYS
 HEATING
  YESTERDAY        0                         0      0        0
  MONTH TO DATE    0                         0      0        0
  SINCE JUN 1      5                        18    -13       13
  SINCE JUL 1      0                         0      0        0

 COOLING
  YESTERDAY       16                        11      5       10
  MONTH TO DATE  302                       240     62      231
  SINCE JUN 1    568                       453    115      492
  SINCE JAN 1    665                       518    147      666
..................................................................


WIND (MPH)
  HIGHEST WIND SPEED    15   HIGHEST WIND DIRECTION     W (290)
  HIGHEST GUST SPEED    20   HIGHEST GUST DIRECTION    SW (240)
  AVERAGE WIND SPEED     5.7


SKY COVER
  POSSIBLE SUNSHINE  MM
  AVERAGE SKY COVER 0.6


WEATHER CONDITIONS
 THE FOLLOWING WEATHER WAS RECORDED YESTERDAY.
  NO SIGNIFICANT WEATHER WAS OBSERVED.


RELATIVE HUMIDITY (PERCENT)
 HIGHEST    90           500 AM
 LOWEST     47           400 PM
 AVERAGE    69

..........................................................


THE HARRISBURG PA CLIMATE NORMALS FOR TODAY
                         NORMAL    RECORD    YEAR
 MAXIMUM TEMPERATURE (F)   86       103      1991
 MINIMUM TEMPERATURE (F)   67        54      1983
                                             1947


SUNRISE AND SUNSET
JULY 23 2016..........SUNRISE   557 AM EDT   SUNSET   829 PM EDT
JULY 24 2016..........SUNRISE   558 AM EDT   SUNSET   828 PM EDT


-  INDICATES NEGATIVE NUMBERS.
R  INDICATES RECORD WAS SET OR TIED.
MM INDICATES DATA IS MISSING.
T  INDICATES TRACE AMOUNT.




$$
