000
CDUS41 KCTP 262116
CLIMDT


CLIMATE REPORT
NATIONAL WEATHER SERVICE STATE COLLEGE PA
516 PM EDT SUN MAR 26 2017


...................................

...THE HARRISBURG PA CLIMATE SUMMARY FOR MARCH 26 2017...
VALID TODAY AS OF 0500 PM LOCAL TIME.

CLIMATE NORMAL PERIOD 1981 TO 2010
CLIMATE RECORD PERIOD 1888 TO 2017


WEATHER ITEM   OBSERVED TIME   RECORD YEAR NORMAL DEPARTURE LAST
                VALUE   (LST)  VALUE       VALUE  FROM      YEAR
                                                  NORMAL
..................................................................
TEMPERATURE (F)
 TODAY
  MAXIMUM         50   1208 AM  80    1921  54     -4       56
  MINIMUM         44    352 PM  22    1955  36      8       33
  AVERAGE         47                        45      2       45

PRECIPITATION (IN)
  TODAY            0.00          1.76 1978   0.12  -0.12     0.00
  MONTH TO DATE    3.26                      2.79   0.47     0.83
  SINCE MAR 1      3.26                      2.79   0.47     0.83
  SINCE JAN 1      7.64                      8.06  -0.42    10.75

SNOWFALL (IN)
  TODAY            0.0           1.0  1900   0.1   -0.1      0.0
  MONTH TO DATE   18.4                       4.8   13.6      0.2
  SINCE MAR 1     18.4                       4.8   13.6      0.2
  SINCE JUL 1     23.9                      29.8   -5.9     37.9
  SNOW DEPTH       0

DEGREE DAYS
 HEATING
  TODAY           18                        20     -2       20
  MONTH TO DATE  678                       628     50      450
  SINCE MAR 1    678                       628     50      450
  SINCE JUL 1   3916                      4616   -700     3822

 COOLING
  TODAY            0                         0      0        0
  MONTH TO DATE    0                         0      0        1
  SINCE MAR 1      0                         0      0        1
  SINCE JAN 1      0                         0      0        1
..................................................................


WIND (MPH)
  HIGHEST WIND SPEED    18   HIGHEST WIND DIRECTION    SE (130)
  HIGHEST GUST SPEED    23   HIGHEST GUST DIRECTION    SE (120)
  AVERAGE WIND SPEED    12.7


SKY COVER
  POSSIBLE SUNSHINE  MM
  AVERAGE SKY COVER 1.0


WEATHER CONDITIONS
 THE FOLLOWING WEATHER WAS RECORDED TODAY.
  FOG


RELATIVE HUMIDITY (PERCENT)
 HIGHEST    92           400 PM
 LOWEST     74          1200 AM
 AVERAGE    83

..........................................................


THE HARRISBURG PA CLIMATE NORMALS FOR TOMORROW
                         NORMAL    RECORD    YEAR
 MAXIMUM TEMPERATURE (F)   55        85      1998
 MINIMUM TEMPERATURE (F)   36        19      1894


SUNRISE AND SUNSET
MARCH 26 2017.........SUNRISE   700 AM EDT   SUNSET   726 PM EDT
MARCH 27 2017.........SUNRISE   659 AM EDT   SUNSET   727 PM EDT


-  INDICATES NEGATIVE NUMBERS.
R  INDICATES RECORD WAS SET OR TIED.
MM INDICATES DATA IS MISSING.
T  INDICATES TRACE AMOUNT.




$$
