000
CDUS43 KLOT 300644
CLIMDW


CLIMATE REPORT
NATIONAL WEATHER SERVICE CHICAGO IL
142 AM CDT SAT JUL 30 2016


...................................

...THE CHICAGO-MIDWAY CLIMATE SUMMARY FOR JULY 29 2016...

CLIMATE NORMAL PERIOD 1981 TO 2010
CLIMATE RECORD PERIOD 1928 TO 2016


WEATHER ITEM   OBSERVED TIME   RECORD YEAR NORMAL DEPARTURE LAST
                VALUE   (LST)  VALUE       VALUE  FROM      YEAR
                                                  NORMAL
..................................................................
TEMPERATURE (F)
 YESTERDAY
  MAXIMUM         82   1111 AM 101    1941  84     -2       90
  MINIMUM         70    459 AM  50    1981  68      2       74
                                      1928
  AVERAGE         76                        76      0       82

PRECIPITATION (IN)
  YESTERDAY        0.33          1.47 1953   0.14   0.19     0.07
  MONTH TO DATE    4.95                      3.72   1.23     2.25
  SINCE JUN 1      6.51                      7.78  -1.27     5.21
  SINCE JAN 1     18.23                     22.27  -4.04    14.10

DEGREE DAYS
 HEATING
  YESTERDAY        0                         0      0        0
  MONTH TO DATE    0                         0      0        4
  SINCE JUN 1      6                        31    -25       24
  SINCE JUL 1      0                         0      0        4

 COOLING
  YESTERDAY       11                        11      0       17
  MONTH TO DATE  368                       317     51      299
  SINCE JUN 1    656                       527    129      481
  SINCE JAN 1    763                       601    162      587
..................................................................


WIND (MPH)
  RESULTANT WIND SPEED   5   RESULTANT WIND DIRECTION  NE (40)
  HIGHEST WIND SPEED    16   HIGHEST WIND DIRECTION    NE (50)
  HIGHEST GUST SPEED    22   HIGHEST GUST DIRECTION     E (80)
  AVERAGE WIND SPEED     7.5



WEATHER CONDITIONS
 THE FOLLOWING WEATHER WAS RECORDED YESTERDAY.
  THUNDERSTORM
  LIGHT RAIN
  FOG
  HAZE


..........................................................


THE CHICAGO-MIDWAY CLIMATE NORMALS FOR TODAY
                         NORMAL    RECORD    YEAR
 MAXIMUM TEMPERATURE (F)   84       104      1999
 MINIMUM TEMPERATURE (F)   68        51      1936


SUNRISE AND SUNSET
JULY 30 2016..........SUNRISE   544 AM CDT   SUNSET   811 PM CDT
JULY 31 2016..........SUNRISE   545 AM CDT   SUNSET   810 PM CDT


-  INDICATES NEGATIVE NUMBERS.
R  INDICATES RECORD WAS SET OR TIED.
MM INDICATES DATA IS MISSING.
T  INDICATES TRACE AMOUNT.




$$
