000
CDUS43 KLOT 280636
CLIMDW


CLIMATE REPORT
NATIONAL WEATHER SERVICE CHICAGO IL
135 AM CDT THU AUG 28 2014


...................................

...THE CHICAGO-MIDWAY CLIMATE SUMMARY FOR AUGUST 27 2014...

CLIMATE NORMAL PERIOD 1981 TO 2010
CLIMATE RECORD PERIOD 1928 TO 2014


WEATHER ITEM   OBSERVED TIME   RECORD YEAR NORMAL DEPARTURE LAST
                VALUE   (LST)  VALUE       VALUE  FROM      YEAR
                                                  NORMAL
..................................................................
TEMPERATURE (F)
 YESTERDAY
  MAXIMUM         81   1256 PM  97    1973  81      0       96
                                      1953
                                      1948
  MINIMUM         70   1159 PM  46    1982  65      5       77
                                      1935
  AVERAGE         76                        73      3       87

PRECIPITATION (IN)
  YESTERDAY        0.00          1.57 2004   0.13  -0.13     0.00
  MONTH TO DATE    9.29                      3.50   5.79     1.51
  SINCE JUN 1     22.19                     11.57  10.62     5.92
  SINCE JAN 1     33.48                     26.06   7.42    23.51

DEGREE DAYS
 HEATING
  YESTERDAY        0                         0      0        0
  MONTH TO DATE    0                         0      0        0
  SINCE JUN 1      3                        32    -29       40
  SINCE JUL 1      1                         1      0        4

 COOLING
  YESTERDAY       11                         8      3       22
  MONTH TO DATE  278                       256     22      246
  SINCE JUN 1    768                       804    -36      738
  SINCE JAN 1    879                       878      1      844
..................................................................


WIND (MPH)
  RESULTANT WIND SPEED   7   RESULTANT WIND DIRECTION  NE (60)
  HIGHEST WIND SPEED    15   HIGHEST WIND DIRECTION     E (80)
  HIGHEST GUST SPEED    18   HIGHEST GUST DIRECTION     E (70)
  AVERAGE WIND SPEED     7.1



WEATHER CONDITIONS
 THE FOLLOWING WEATHER WAS RECORDED YESTERDAY.
  NO SIGNIFICANT WEATHER WAS OBSERVED.


..........................................................


THE CHICAGO-MIDWAY CLIMATE NORMALS FOR TODAY
                         NORMAL    RECORD    YEAR
 MAXIMUM TEMPERATURE (F)   81        97      1955
                                             1953
 MINIMUM TEMPERATURE (F)   65        46      1982
                                             1935


SUNRISE AND SUNSET
AUGUST 28 2014........SUNRISE   613 AM CDT   SUNSET   731 PM CDT
AUGUST 29 2014........SUNRISE   614 AM CDT   SUNSET   729 PM CDT


-  INDICATES NEGATIVE NUMBERS.
R  INDICATES RECORD WAS SET OR TIED.
MM INDICATES DATA IS MISSING.
T  INDICATES TRACE AMOUNT.




$$
