000
CDUS43 KLOT 290634
CLIMDW


CLIMATE REPORT
NATIONAL WEATHER SERVICE CHICAGO IL
133 AM CDT FRI MAY 29 2015


...................................

...THE CHICAGO-MIDWAY CLIMATE SUMMARY FOR MAY 28 2015...

CLIMATE NORMAL PERIOD 1981 TO 2010
CLIMATE RECORD PERIOD 1928 TO 2015


WEATHER ITEM   OBSERVED TIME   RECORD YEAR NORMAL DEPARTURE LAST
                VALUE   (LST)  VALUE       VALUE  FROM      YEAR
                                                  NORMAL
..................................................................
TEMPERATURE (F)
 YESTERDAY
  MAXIMUM         84    228 PM  94    2012  74     10       73
                                      2006
  MINIMUM         60    509 AM  40    1930  55      5       58
  AVERAGE         72                        65      7       66

PRECIPITATION (IN)
  YESTERDAY        0.00          2.20 2013   0.15  -0.15     0.68
  MONTH TO DATE    3.11                      3.70  -0.59     4.46
  SINCE MAR 1      6.53                     10.06  -3.53     8.80
  SINCE JAN 1      7.87                     14.06  -6.19    11.29

DEGREE DAYS
 HEATING
  YESTERDAY        0                         3     -3        0
  MONTH TO DATE  125                       179    -54      161
  SINCE MAR 1   1321                      1439   -118     1605
  SINCE JUL 1   6043                      5950     93     6807

 COOLING
  YESTERDAY        7                         3      4        1
  MONTH TO DATE   93                        51     42       91
  SINCE MAR 1     93                        64     29       96
  SINCE JAN 1     93                        64     29       96
..................................................................


WIND (MPH)
  RESULTANT WIND SPEED   6   RESULTANT WIND DIRECTION   E (110)
  HIGHEST WIND SPEED    16   HIGHEST WIND DIRECTION     E (90)
  HIGHEST GUST SPEED    21   HIGHEST GUST DIRECTION     E (90)
  AVERAGE WIND SPEED     7.1



WEATHER CONDITIONS
 THE FOLLOWING WEATHER WAS RECORDED YESTERDAY.
  NO SIGNIFICANT WEATHER WAS OBSERVED.


..........................................................


THE CHICAGO-MIDWAY CLIMATE NORMALS FOR TODAY
                         NORMAL    RECORD    YEAR
 MAXIMUM TEMPERATURE (F)   74        95      1942
 MINIMUM TEMPERATURE (F)   56        36      1930


SUNRISE AND SUNSET
MAY 29 2015...........SUNRISE   520 AM CDT   SUNSET   817 PM CDT
MAY 30 2015...........SUNRISE   520 AM CDT   SUNSET   818 PM CDT


-  INDICATES NEGATIVE NUMBERS.
R  INDICATES RECORD WAS SET OR TIED.
MM INDICATES DATA IS MISSING.
T  INDICATES TRACE AMOUNT.




$$
