000
CDUS44 KMEG 210733
CLIMEG


CLIMATE REPORT
NATIONAL WEATHER SERVICE MEMPHIS TN
132 AM CST WED FEB 21 2018


...................................

...THE MEMPHIS/GERMANTOWN WFO CLIMATE SUMMARY FOR FEBRUARY 20 2018...

CLIMATE NORMAL PERIOD 1981 TO 2010
CLIMATE RECORD PERIOD 1988 TO 2018


WEATHER ITEM   OBSERVED TIME   RECORD YEAR NORMAL DEPARTURE LAST
                VALUE   (LST)  VALUE       VALUE  FROM      YEAR
                                                  NORMAL
..................................................................
TEMPERATURE (F)
 YESTERDAY
  MAXIMUM         77    407 PM  80    2017  55     22       80
  MINIMUM         65    729 AM  19    1993  34     31       53
  AVERAGE         71                        44     27       67

PRECIPITATION (IN)
  YESTERDAY        0.00          1.71 1996   0.17  -0.17     0.00
  MONTH TO DATE    5.71                      3.30   2.41     1.14
  SINCE DEC 1     16.96                     13.20   3.76    12.11
  SINCE JAN 1     10.00                      7.26   2.74     4.80

SNOWFALL (IN)
  YESTERDAY        0.0           T    2015                   0.0
                                      2013
  MONTH TO DATE    0.0                                       0.0
  SINCE DEC 1      3.8                                       1.0
  SINCE JUL 1      3.8                                       1.0
  SNOW DEPTH       0

DEGREE DAYS
 HEATING
  YESTERDAY        0                        21    -21        0
  MONTH TO DATE  388                       461    -73      256
  SINCE DEC 1   1981                      1991    -10     1463
  SINCE JUL 1   2486                      2590   -104     1785

 COOLING
  YESTERDAY        6                         0      6        2
  MONTH TO DATE   13                         0     13        9
  SINCE DEC 1     13                         1     12       14
  SINCE JAN 1     13                         0     13        9
..................................................................







THE MEMPHIS/GERMANTOWN WFO CLIMATE NORMALS FOR TODAY
                         NORMAL    RECORD    YEAR
 MAXIMUM TEMPERATURE (F)   55        75      1997
 MINIMUM TEMPERATURE (F)   34        21      2006


SUNRISE AND SUNSET
FEBRUARY 21 2018......SUNRISE   639 AM CST   SUNSET   548 PM CST
FEBRUARY 22 2018......SUNRISE   637 AM CST   SUNSET   548 PM CST


-  INDICATES NEGATIVE NUMBERS.
R  INDICATES RECORD WAS SET OR TIED.
MM INDICATES DATA IS MISSING.
T  INDICATES TRACE AMOUNT.




$$
