040
CDUS44 KMEG 220643
CLIMEG


CLIMATE REPORT
NATIONAL WEATHER SERVICE MEMPHIS TN
139 AM CDT WED MAR 22 2017


...................................

...THE MEMPHIS/GERMANTOWN WFO CLIMATE SUMMARY FOR MARCH 21 2017...

CLIMATE NORMAL PERIOD 1981 TO 2010
CLIMATE RECORD PERIOD 1988 TO 2017


WEATHER ITEM   OBSERVED TIME   RECORD YEAR NORMAL DEPARTURE LAST
                VALUE   (LST)  VALUE       VALUE  FROM      YEAR
                                                  NORMAL
..................................................................
TEMPERATURE (F)
 YESTERDAY
  MAXIMUM         80R  1232 PM  80    2007  64     16       59
  MINIMUM         56   1154 PM  28    2013  41     15       31
                                      1990
  AVERAGE         68                        53     15       45

PRECIPITATION (IN)
  YESTERDAY        0.00          1.19 2010   0.16  -0.16     0.00
  MONTH TO DATE    3.12                      3.28  -0.16    13.36
  SINCE MAR 1      3.12                      3.28  -0.16    13.36
  SINCE JAN 1      8.33                     11.91  -3.58    22.31

SNOWFALL (IN)
  YESTERDAY        0.0           T    2013                   0.0
  MONTH TO DATE    0.4                                        T
  SINCE MAR 1      0.4                                        T
  SINCE JUL 1      1.4                                       0.9
  SNOW DEPTH       0

DEGREE DAYS
 HEATING
  YESTERDAY        0                        13    -13       20
  MONTH TO DATE  290                       324    -34      188
  SINCE MAR 1    290                       324    -34      188
  SINCE JUL 1   2131                      3070   -939     2275

 COOLING
  YESTERDAY        3                         0      3        0
  MONTH TO DATE    9                         0      9        9
  SINCE MAR 1      9                         0      9        9
  SINCE JAN 1     23                         1     22        9
..................................................................







THE MEMPHIS/GERMANTOWN WFO CLIMATE NORMALS FOR TODAY
                         NORMAL    RECORD    YEAR
 MAXIMUM TEMPERATURE (F)   65        83      2007
 MINIMUM TEMPERATURE (F)   42        24      2002


SUNRISE AND SUNSET
MARCH 22 2017.........SUNRISE   700 AM CDT   SUNSET   713 PM CDT
MARCH 23 2017.........SUNRISE   658 AM CDT   SUNSET   714 PM CDT


-  INDICATES NEGATIVE NUMBERS.
R  INDICATES RECORD WAS SET OR TIED.
MM INDICATES DATA IS MISSING.
T  INDICATES TRACE AMOUNT.




$$
