000
CDUS44 KMEG 240622
CLIMEG


CLIMATE REPORT
NATIONAL WEATHER SERVICE MEMPHIS TN
121 AM CDT FRI OCT 24 2014


...................................

...THE MEMPHIS/GERMANTOWN WFO CLIMATE SUMMARY FOR OCTOBER 23 2014...

CLIMATE NORMAL PERIOD 1981 TO 2010
CLIMATE RECORD PERIOD 1988 TO 2014


WEATHER ITEM   OBSERVED TIME   RECORD YEAR NORMAL DEPARTURE LAST
                VALUE   (LST)  VALUE       VALUE  FROM      YEAR
                                                  NORMAL
..................................................................
TEMPERATURE (F)
 YESTERDAY
  MAXIMUM         64    300 PM  87    2000  72     -8       59
  MINIMUM         42    600 AM  33    2006  47     -5       43
  AVERAGE         53                        60     -7       51

PRECIPITATION (IN)
  YESTERDAY        0.00          1.89 2008   0.15  -0.15     0.00
  MONTH TO DATE    3.73                      3.18   0.55     2.05
  SINCE SEP 1      8.82                      6.46   2.36     5.75
  SINCE JAN 1     51.78                     42.47   9.31    54.11

SNOWFALL (IN)
  YESTERDAY        0.0          MM      MM   0.0    0.0      0.0
  MONTH TO DATE    0.0                       0.0    0.0      0.0
  SINCE SEP 1      0.0                       0.0    0.0      0.0
  SINCE JUL 1      0.0                       0.0    0.0      0.0
  SNOW DEPTH       0

DEGREE DAYS
 HEATING
  YESTERDAY       12                         7      5       14
  MONTH TO DATE   71                       102    -31       84
  SINCE SEP 1     76                       120    -44       84
  SINCE JUL 1     76                       120    -44       84

 COOLING
  YESTERDAY        0                         1     -1        0
  MONTH TO DATE   79                        55     24       88
  SINCE SEP 1    366                       312     54      411
  SINCE JAN 1   1947                      1907     40     1959
..................................................................







THE MEMPHIS/GERMANTOWN WFO CLIMATE NORMALS FOR TODAY
                         NORMAL    RECORD    YEAR
 MAXIMUM TEMPERATURE (F)   71        87      2003
 MINIMUM TEMPERATURE (F)   47        31      1999


SUNRISE AND SUNSET
OCTOBER 24 2014.......SUNRISE   713 AM CDT   SUNSET   613 PM CDT
OCTOBER 25 2014.......SUNRISE   714 AM CDT   SUNSET   612 PM CDT


-  INDICATES NEGATIVE NUMBERS.
R  INDICATES RECORD WAS SET OR TIED.
MM INDICATES DATA IS MISSING.
T  INDICATES TRACE AMOUNT.




$$
