000
CDUS44 KMEG 260734
CLIMEG


CLIMATE REPORT
NATIONAL WEATHER SERVICE MEMPHIS TN
133 AM CST SUN FEB 26 2017


...................................

...THE MEMPHIS/GERMANTOWN WFO CLIMATE SUMMARY FOR FEBRUARY 25 2017...

CLIMATE NORMAL PERIOD 1981 TO 2010
CLIMATE RECORD PERIOD 1988 TO 2017


WEATHER ITEM   OBSERVED TIME   RECORD YEAR NORMAL DEPARTURE LAST
                VALUE   (LST)  VALUE       VALUE  FROM      YEAR
                                                  NORMAL
..................................................................
TEMPERATURE (F)
 YESTERDAY
  MAXIMUM         52        MM  75    2000  56     -4       48
  MINIMUM         31        MM  16    1989  35     -4       32
  AVERAGE         42                        46     -4       40

PRECIPITATION (IN)
  YESTERDAY        0.00          0.65 2015   0.17  -0.17     0.00
  MONTH TO DATE    1.27                      4.15  -2.88     6.21
  SINCE DEC 1     12.24                     14.05  -1.81    14.50
  SINCE JAN 1      4.93                      8.11  -3.18     8.95

SNOWFALL (IN)
  YESTERDAY        0.0           1.5  2003                   0.0
  MONTH TO DATE    0.0                                        T
  SINCE DEC 1      1.0                                       0.9
  SINCE JUL 1      1.0                                       0.9
  SNOW DEPTH       0

DEGREE DAYS
 HEATING
  YESTERDAY       23                        19      4       25
  MONTH TO DATE  286                       561   -275      477
  SINCE DEC 1   1493                      2091   -598     1650
  SINCE JUL 1   1815                      2690   -875     2031

 COOLING
  YESTERDAY        0                         0      0        0
  MONTH TO DATE   13                         0     13        0
  SINCE DEC 1     18                         1     17       13
  SINCE JAN 1     13                         0     13        0
..................................................................







THE MEMPHIS/GERMANTOWN WFO CLIMATE NORMALS FOR TODAY
                         NORMAL    RECORD    YEAR
 MAXIMUM TEMPERATURE (F)   57        74      1996
 MINIMUM TEMPERATURE (F)   35        20      2014
                                             1994


SUNRISE AND SUNSET
FEBRUARY 26 2017......SUNRISE   632 AM CST   SUNSET   552 PM CST
FEBRUARY 27 2017......SUNRISE   631 AM CST   SUNSET   553 PM CST


-  INDICATES NEGATIVE NUMBERS.
R  INDICATES RECORD WAS SET OR TIED.
MM INDICATES DATA IS MISSING.
T  INDICATES TRACE AMOUNT.




$$
