000
CDUS44 KMEG 240733
CLIMEG


CLIMATE REPORT
NATIONAL WEATHER SERVICE MEMPHIS TN
132 AM CST FRI NOV 24 2017


...................................

...THE MEMPHIS/GERMANTOWN WFO CLIMATE SUMMARY FOR NOVEMBER 23 2017...

CLIMATE NORMAL PERIOD 1981 TO 2010
CLIMATE RECORD PERIOD 1988 TO 2017


WEATHER ITEM   OBSERVED TIME   RECORD YEAR NORMAL DEPARTURE LAST
                VALUE   (LST)  VALUE       VALUE  FROM      YEAR
                                                  NORMAL
..................................................................
TEMPERATURE (F)
 YESTERDAY
  MAXIMUM         57    508 PM  72    2003  59     -2       63
  MINIMUM         25R   740 AM  27    2015  38    -13       51
  AVERAGE         41                        49     -8       57

PRECIPITATION (IN)
  YESTERDAY        0.00          1.26 2010   0.19  -0.19     0.49
  MONTH TO DATE    1.91                      3.94  -2.03     1.52
  SINCE SEP 1      6.89                     11.52  -4.63     3.72
  SINCE JAN 1     46.08                     47.53  -1.45    54.96

SNOWFALL (IN)
  YESTERDAY        0.0          MM      MM                   0.0
  MONTH TO DATE    0.0                                       0.0
  SINCE SEP 1      0.0                                       0.0
  SINCE JUL 1      0.0                                       0.0
  SNOW DEPTH       0

DEGREE DAYS
 HEATING
  YESTERDAY       24                        16      8        8
  MONTH TO DATE  269                       289    -20      186
  SINCE SEP 1    423                       473    -50      215
  SINCE JUL 1    423                       473    -50      215

 COOLING
  YESTERDAY        0                         0      0        0
  MONTH TO DATE   18                         7     11       26
  SINCE SEP 1    432                       329    103      587
  SINCE JAN 1   2124                      1924    200     2423
..................................................................







THE MEMPHIS/GERMANTOWN WFO CLIMATE NORMALS FOR TODAY
                         NORMAL    RECORD    YEAR
 MAXIMUM TEMPERATURE (F)   59        76      2010
 MINIMUM TEMPERATURE (F)   38        22      2013


SUNRISE AND SUNSET
NOVEMBER 24 2017......SUNRISE   643 AM CST   SUNSET   449 PM CST
NOVEMBER 25 2017......SUNRISE   644 AM CST   SUNSET   449 PM CST


-  INDICATES NEGATIVE NUMBERS.
R  INDICATES RECORD WAS SET OR TIED.
MM INDICATES DATA IS MISSING.
T  INDICATES TRACE AMOUNT.




$$
