000
CDUS44 KMEG 020641
CLIMEG


CLIMATE REPORT
NATIONAL WEATHER SERVICE MEMPHIS TN
140 AM CDT SUN AUG 2 2015


...................................

...THE MEMPHIS/GERMANTOWN WFO CLIMATE SUMMARY FOR AUGUST 1 2015...

CLIMATE NORMAL PERIOD 1981 TO 2010
CLIMATE RECORD PERIOD 1988 TO 2015


WEATHER ITEM   OBSERVED TIME   RECORD YEAR NORMAL DEPARTURE LAST
                VALUE   (LST)  VALUE       VALUE  FROM      YEAR
                                                  NORMAL
..................................................................
TEMPERATURE (F)
 YESTERDAY
  MAXIMUM         95    350 PM 100    2006  91      4       86
  MINIMUM         67    450 AM  62    1991  71     -4       70
  AVERAGE         81                        81      0       78

PRECIPITATION (IN)
  YESTERDAY        0.00          0.56 2000   0.14  -0.14      T
  MONTH TO DATE    0.00                      0.14  -0.14      T
  SINCE JUN 1      7.77                      8.36  -0.59    16.04
  SINCE JAN 1     29.45                     32.85  -3.40    41.62

SNOWFALL (IN)
  YESTERDAY        0.0          MM      MM   0.0    0.0      0.0
  MONTH TO DATE    0.0                       0.0    0.0      0.0
  SINCE JUN 1      0.0                       0.0    0.0      0.0
  SINCE JUL 1      0.0                       0.0    0.0      0.0
  SNOW DEPTH       0

DEGREE DAYS
 HEATING
  YESTERDAY        0                         0      0        0
  MONTH TO DATE    0                         0      0        0
  SINCE JUN 1      0                         2     -2        0
  SINCE JUL 1      0                         0      0        0

 COOLING
  YESTERDAY       16                        16      0       13
  MONTH TO DATE   16                        16      0       13
  SINCE JUN 1   1034                       893    141      787
  SINCE JAN 1   1334                      1144    190     1086
..................................................................







THE MEMPHIS/GERMANTOWN WFO CLIMATE NORMALS FOR TODAY
                         NORMAL    RECORD    YEAR
 MAXIMUM TEMPERATURE (F)   91       101      2011
 MINIMUM TEMPERATURE (F)   71        63      1997


SUNRISE AND SUNSET
AUGUST  2 2015........SUNRISE   609 AM CDT   SUNSET   802 PM CDT
AUGUST  3 2015........SUNRISE   610 AM CDT   SUNSET   801 PM CDT


-  INDICATES NEGATIVE NUMBERS.
R  INDICATES RECORD WAS SET OR TIED.
MM INDICATES DATA IS MISSING.
T  INDICATES TRACE AMOUNT.




$$
