000
CDUS44 KMEG 302202
CLIMEG


CLIMATE REPORT
NATIONAL WEATHER SERVICE MEMPHIS TN
500 PM CDT SAT JUL 30 2016


...................................

...THE MEMPHIS/GERMANTOWN WFO CLIMATE SUMMARY FOR JULY 30 2016...
VALID TODAY AS OF 0500 PM LOCAL TIME.

CLIMATE NORMAL PERIOD 1981 TO 2010
CLIMATE RECORD PERIOD 1988 TO 2016


WEATHER ITEM   OBSERVED TIME   RECORD YEAR NORMAL DEPARTURE LAST
                VALUE   (LST)  VALUE       VALUE  FROM      YEAR
                                                  NORMAL
..................................................................
TEMPERATURE (F)
 TODAY
  MAXIMUM         91        MM 100    2012  91     -1       88
  MINIMUM         71        MM  58    2014  71      0       75
  AVERAGE         81                        81      0       82

PRECIPITATION (IN)
  TODAY            0.43          2.19 2009   0.14   0.29     0.00
  MONTH TO DATE    5.98                      4.42   1.56     4.83
  SINCE JUN 1     10.09                      8.10   1.99     7.77
  SINCE JAN 1     46.54                     32.59  13.95    29.45

SNOWFALL (IN)
  TODAY            0.0

DEGREE DAYS
 HEATING
  TODAY            0                         0      0        0
  MONTH TO DATE    0                         0      0        0
  SINCE JUN 1      0                         2     -2        0
  SINCE JUL 1      0                         0      0        0

 COOLING
  TODAY           16                        16      0       17
  MONTH TO DATE  556                       478     78      552
  SINCE JUN 1   1031                       859    172     1004
  SINCE JAN 1   1276                      1110    166     1304
..................................................................







THE MEMPHIS/GERMANTOWN WFO CLIMATE NORMALS FOR TOMORROW
                         NORMAL    RECORD    YEAR
 MAXIMUM TEMPERATURE (F)   91       100      2006
 MINIMUM TEMPERATURE (F)   71        62      1994


SUNRISE AND SUNSET
JULY 30 2016..........SUNRISE   607 AM CDT   SUNSET   804 PM CDT
JULY 31 2016..........SUNRISE   608 AM CDT   SUNSET   803 PM CDT


-  INDICATES NEGATIVE NUMBERS.
R  INDICATES RECORD WAS SET OR TIED.
MM INDICATES DATA IS MISSING.
T  INDICATES TRACE AMOUNT.




$$
