000
CDUS44 KMEG 270633
CLIMEG


CLIMATE REPORT
NATIONAL WEATHER SERVICE MEMPHIS TN
133 AM CDT THU AUG 27 2015


...................................

...THE MEMPHIS/GERMANTOWN WFO CLIMATE SUMMARY FOR AUGUST 26 2015...

CLIMATE NORMAL PERIOD 1981 TO 2010
CLIMATE RECORD PERIOD 1988 TO 2015


WEATHER ITEM   OBSERVED TIME   RECORD YEAR NORMAL DEPARTURE LAST
                VALUE   (LST)  VALUE       VALUE  FROM      YEAR
                                                  NORMAL
..................................................................
TEMPERATURE (F)
 YESTERDAY
  MAXIMUM         82        MM 100    2000  90     -8       94
  MINIMUM         57R       MM  62    1997  68    -11       74
  AVERAGE         70                        79     -9       84

PRECIPITATION (IN)
  YESTERDAY        0.00          2.10 1989   0.09  -0.09      T
  MONTH TO DATE    4.20                      2.82   1.38     0.45
  SINCE JUN 1     11.97                     11.04   0.93    16.49
  SINCE JAN 1     33.65                     35.53  -1.88    42.07

SNOWFALL (IN)
  YESTERDAY        0.0          MM      MM   0.0    0.0      0.0
  MONTH TO DATE    0.0                       0.0    0.0      0.0
  SINCE JUN 1      0.0                       0.0    0.0      0.0
  SINCE JUL 1      0.0                       0.0    0.0      0.0
  SNOW DEPTH       0

DEGREE DAYS
 HEATING
  YESTERDAY        0                         0      0        0
  MONTH TO DATE    0                         0      0        0
  SINCE JUN 1      0                         2     -2        0
  SINCE JUL 1      0                         0      0        0

 COOLING
  YESTERDAY        5                        14     -9       19
  MONTH TO DATE  360                       400    -40      427
  SINCE JUN 1   1378                      1277    101     1201
  SINCE JAN 1   1678                      1528    150     1500
..................................................................







THE MEMPHIS/GERMANTOWN WFO CLIMATE NORMALS FOR TODAY
                         NORMAL    RECORD    YEAR
 MAXIMUM TEMPERATURE (F)   90       101      2007
 MINIMUM TEMPERATURE (F)   68        64      2010


SUNRISE AND SUNSET
AUGUST 27 2015........SUNRISE   628 AM CDT   SUNSET   733 PM CDT
AUGUST 28 2015........SUNRISE   629 AM CDT   SUNSET   732 PM CDT


-  INDICATES NEGATIVE NUMBERS.
R  INDICATES RECORD WAS SET OR TIED.
MM INDICATES DATA IS MISSING.
T  INDICATES TRACE AMOUNT.




$$
