362
CDUS44 KMEG 200739
CLIMEG


CLIMATE REPORT
NATIONAL WEATHER SERVICE MEMPHIS TN
139 AM CST FRI JAN 20 2017


...................................

...THE MEMPHIS/GERMANTOWN WFO CLIMATE SUMMARY FOR JANUARY 19 2017...

CLIMATE NORMAL PERIOD 1981 TO 2010
CLIMATE RECORD PERIOD 1988 TO 2017


WEATHER ITEM   OBSERVED TIME   RECORD YEAR NORMAL DEPARTURE LAST
                VALUE   (LST)  VALUE       VALUE  FROM      YEAR
                                                  NORMAL
..................................................................
TEMPERATURE (F)
 YESTERDAY
  MAXIMUM         64    117 PM  65    1996  48     16       35
  MINIMUM         52   1210 AM   7    1994  29     23       18
  AVERAGE         58                        39     19       27

PRECIPITATION (IN)
  YESTERDAY        0.64          2.04 1995   0.13   0.51      T
  MONTH TO DATE    3.27                      2.44   0.83     1.78
  SINCE DEC 1     10.58                      8.38   2.20     7.33
  SINCE JAN 1      3.27                      2.44   0.83     1.78

SNOWFALL (IN)
  YESTERDAY        0.0           0.1  2001                   0.0
  MONTH TO DATE    1.0                                        T
  SINCE DEC 1      1.0                                        T
  SINCE JUL 1      1.0                                        T
  SNOW DEPTH       0

DEGREE DAYS
 HEATING
  YESTERDAY        7                        26    -19       38
  MONTH TO DATE  360                       494   -134      506
  SINCE DEC 1   1035                      1219   -184      903
  SINCE JUL 1   1357                      1818   -461     1284

 COOLING
  YESTERDAY        0                         0      0        0
  MONTH TO DATE    0                         0      0        0
  SINCE DEC 1      5                         1      4       13
  SINCE JAN 1      0                         0      0        0
..................................................................







THE MEMPHIS/GERMANTOWN WFO CLIMATE NORMALS FOR TODAY
                         NORMAL    RECORD    YEAR
 MAXIMUM TEMPERATURE (F)   49        67      1999
 MINIMUM TEMPERATURE (F)   30         7      1994


SUNRISE AND SUNSET
JANUARY 20 2017.......SUNRISE   705 AM CST   SUNSET   516 PM CST
JANUARY 21 2017.......SUNRISE   705 AM CST   SUNSET   517 PM CST


-  INDICATES NEGATIVE NUMBERS.
R  INDICATES RECORD WAS SET OR TIED.
MM INDICATES DATA IS MISSING.
T  INDICATES TRACE AMOUNT.




$$
