000
CDUS44 KMEG 160643
CLIMEG


CLIMATE REPORT
NATIONAL WEATHER SERVICE MEMPHIS TN
143 AM CDT WED APR 16 2014


...................................

...THE MEMPHIS/GERMANTOWN WFO CLIMATE SUMMARY FOR APRIL 15 2014...

CLIMATE NORMAL PERIOD 1981 TO 2010
CLIMATE RECORD PERIOD 1988 TO 2014


WEATHER ITEM   OBSERVED TIME   RECORD YEAR NORMAL DEPARTURE LAST
                VALUE   (LST)  VALUE       VALUE  FROM      YEAR
                                                  NORMAL
..................................................................
TEMPERATURE (F)
 YESTERDAY
  MAXIMUM         51        MM  86    2010  72    -21       83
                                      2002
  MINIMUM         34        MM  31    2008  49    -15       56
                                      1997
  AVERAGE         43                        60    -17       70

PRECIPITATION (IN)
  YESTERDAY        0.00          1.57 1991   0.18  -0.18     0.00
  MONTH TO DATE    2.89                      2.54   0.35     3.18
  SINCE MAR 1      8.93                      7.49   1.44     6.42
  SINCE JAN 1     17.55                     16.12   1.43    21.11

SNOWFALL (IN)
  YESTERDAY        0.0          MM      MM   0.0    0.0      0.0
  MONTH TO DATE    0.0                       0.0    0.0      0.0
  SINCE MAR 1      0.3                       0.8   -0.5      0.1
  SINCE JUL 1      0.8                       2.4   -1.6      0.8
  SNOW DEPTH      MM

DEGREE DAYS
 HEATING
  YESTERDAY       22                         6     16        0
  MONTH TO DATE  111                       123    -12      114
  SINCE MAR 1    633                       559     74      670
  SINCE JUL 1   3637                      3305    332     3090

 COOLING
  YESTERDAY        0                         2     -2        5
  MONTH TO DATE   34                        20     14       33
  SINCE MAR 1     36                        31      5       34
  SINCE JAN 1     36                        32      4       40
..................................................................







THE MEMPHIS/GERMANTOWN WFO CLIMATE NORMALS FOR TODAY
                         NORMAL    RECORD    YEAR
 MAXIMUM TEMPERATURE (F)   72        86      2013
 MINIMUM TEMPERATURE (F)   49        37      1996


SUNRISE AND SUNSET
APRIL 16 2014.........SUNRISE   626 AM CDT   SUNSET   733 PM CDT
APRIL 17 2014.........SUNRISE   625 AM CDT   SUNSET   733 PM CDT


-  INDICATES NEGATIVE NUMBERS.
R  INDICATES RECORD WAS SET OR TIED.
MM INDICATES DATA IS MISSING.
T  INDICATES TRACE AMOUNT.




$$
