000
CDUS44 KMEG 250750
CLIMEG


CLIMATE REPORT
NATIONAL WEATHER SERVICE MEMPHIS TN
150 AM CST SUN JAN 25 2015


...................................

...THE MEMPHIS/GERMANTOWN WFO CLIMATE SUMMARY FOR JANUARY 24 2015...

CLIMATE NORMAL PERIOD 1981 TO 2010
CLIMATE RECORD PERIOD 1988 TO 2015


WEATHER ITEM   OBSERVED TIME   RECORD YEAR NORMAL DEPARTURE LAST
                VALUE   (LST)  VALUE       VALUE  FROM      YEAR
                                                  NORMAL
..................................................................
TEMPERATURE (F)
 YESTERDAY
  MAXIMUM         56        MM  70    1993  49      7       32
  MINIMUM         26        MM   7    2014  30     -4        7
                                      2003
  AVERAGE         41                        39      2       20

PRECIPITATION (IN)
  YESTERDAY        0.00          0.89 1993   0.13  -0.13     0.00
  MONTH TO DATE    1.11                      3.08  -1.97     3.23
  SINCE DEC 1      3.68                      9.02  -5.34     8.79
  SINCE JAN 1      1.11                      3.08  -1.97     3.23

SNOWFALL (IN)
  YESTERDAY        0.0          MM      MM   0.0    0.0      0.0
  MONTH TO DATE    T                         0.1   -0.1       T
  SINCE DEC 1      T                         0.2   -0.2       T
  SINCE JUL 1      0.3                       0.2    0.1       T
  SNOW DEPTH       0

DEGREE DAYS
 HEATING
  YESTERDAY       24                        26     -2       45
  MONTH TO DATE  643                       624     19      713
  SINCE DEC 1   1254                      1349    -95     1434
  SINCE JUL 1   1933                      1948    -15     2094

 COOLING
  YESTERDAY        0                         0      0        0
  MONTH TO DATE    0                         0      0        0
  SINCE DEC 1      0                         1     -1        1
  SINCE JAN 1      0                         0      0        0
..................................................................







THE MEMPHIS/GERMANTOWN WFO CLIMATE NORMALS FOR TODAY
                         NORMAL    RECORD    YEAR
 MAXIMUM TEMPERATURE (F)   49        66      2004
 MINIMUM TEMPERATURE (F)   30        16      2003


SUNRISE AND SUNSET
JANUARY 25 2015.......SUNRISE   703 AM CST   SUNSET   520 PM CST
JANUARY 26 2015.......SUNRISE   702 AM CST   SUNSET   521 PM CST


-  INDICATES NEGATIVE NUMBERS.
R  INDICATES RECORD WAS SET OR TIED.
MM INDICATES DATA IS MISSING.
T  INDICATES TRACE AMOUNT.




$$
