000
CDUS44 KMEG 210737
CLIMEG


CLIMATE REPORT
NATIONAL WEATHER SERVICE MEMPHIS TN
136 AM CST SUN DEC 21 2014


...................................

...THE MEMPHIS/GERMANTOWN WFO CLIMATE SUMMARY FOR DECEMBER 20 2014...

CLIMATE NORMAL PERIOD 1981 TO 2010
CLIMATE RECORD PERIOD 1988 TO 2014


WEATHER ITEM   OBSERVED TIME   RECORD YEAR NORMAL DEPARTURE LAST
                VALUE   (LST)  VALUE       VALUE  FROM      YEAR
                                                  NORMAL
..................................................................
TEMPERATURE (F)
 YESTERDAY
  MAXIMUM         50        MM  68    2013  50      0       68
  MINIMUM         32        MM  13    2000  31      1       59
  AVERAGE         41                        40      1       64

PRECIPITATION (IN)
  YESTERDAY        0.00          0.93 2007   0.18  -0.18     0.53
  MONTH TO DATE    1.78                      3.99  -2.21     3.71
  SINCE DEC 1      1.78                      3.99  -2.21     3.71
  SINCE JAN 1     56.93                     52.94   3.99    62.28

SNOWFALL (IN)
  YESTERDAY        0.0          MM      MM   0.0    0.0      0.0
  MONTH TO DATE    T                         0.0    0.0       T
  SINCE DEC 1      T                         0.0    0.0       T
  SINCE JUL 1      0.3                       0.0    0.3       T
  SNOW DEPTH       0

DEGREE DAYS
 HEATING
  YESTERDAY       24                        25     -1        1
  MONTH TO DATE  379                       445    -66      442
  SINCE DEC 1    379                       445    -66      442
  SINCE JUL 1   1058                      1044     14     1102

 COOLING
  YESTERDAY        0                         0      0        0
  MONTH TO DATE    0                         0      0        1
  SINCE DEC 1      0                         0      0        1
  SINCE JAN 1   1967                      1926     41     1965
..................................................................







THE MEMPHIS/GERMANTOWN WFO CLIMATE NORMALS FOR TODAY
                         NORMAL    RECORD    YEAR
 MAXIMUM TEMPERATURE (F)   50        75      2013
 MINIMUM TEMPERATURE (F)   31        12      1989


SUNRISE AND SUNSET
DECEMBER 21 2014......SUNRISE   704 AM CST   SUNSET   451 PM CST
DECEMBER 22 2014......SUNRISE   704 AM CST   SUNSET   452 PM CST


-  INDICATES NEGATIVE NUMBERS.
R  INDICATES RECORD WAS SET OR TIED.
MM INDICATES DATA IS MISSING.
T  INDICATES TRACE AMOUNT.




$$
