624
CDUS44 KMEG 230624
CLIMEG


CLIMATE REPORT
NATIONAL WEATHER SERVICE MEMPHIS TN
123 AM CDT SUN APR 23 2017


...................................

...THE MEMPHIS/GERMANTOWN WFO CLIMATE SUMMARY FOR APRIL 22 2017...

CLIMATE NORMAL PERIOD 1981 TO 2010
CLIMATE RECORD PERIOD 1988 TO 2017


WEATHER ITEM   OBSERVED TIME   RECORD YEAR NORMAL DEPARTURE LAST
                VALUE   (LST)  VALUE       VALUE  FROM      YEAR
                                                  NORMAL
..................................................................
TEMPERATURE (F)
 YESTERDAY
  MAXIMUM         61    848 AM  85    1994  74    -13       75
  MINIMUM         51   1158 PM  35    1993  51      0       55
  AVERAGE         56                        62     -6       65

PRECIPITATION (IN)
  YESTERDAY        1.23R         0.18 1990   0.20   1.03     0.00
                                      1990
                                      2008
  MONTH TO DATE    2.91                      3.83  -0.92     4.09
  SINCE MAR 1      7.64                      8.78  -1.14    20.78
  SINCE JAN 1     12.85                     17.41  -4.56    29.73

SNOWFALL (IN)
  YESTERDAY        0.0          MM      MM                   0.0
  MONTH TO DATE    0.0                                       0.0
  SINCE MAR 1      0.4                                        T
  SINCE JUL 1      1.4                                       0.9
  SNOW DEPTH       0

DEGREE DAYS
 HEATING
  YESTERDAY        9                         5      4        0
  MONTH TO DATE   43                       161   -118      104
  SINCE MAR 1    350                       597   -247      358
  SINCE JUL 1   2191                      3343  -1152     2445

 COOLING
  YESTERDAY        0                         2     -2        0
  MONTH TO DATE   82                        34     48       14
  SINCE MAR 1    115                        45     70       27
  SINCE JAN 1    129                        46     83       27
..................................................................







THE MEMPHIS/GERMANTOWN WFO CLIMATE NORMALS FOR TODAY
                         NORMAL    RECORD    YEAR
 MAXIMUM TEMPERATURE (F)   74        89      2008
 MINIMUM TEMPERATURE (F)   51        35      1993


SUNRISE AND SUNSET
APRIL 23 2017.........SUNRISE   617 AM CDT   SUNSET   739 PM CDT
APRIL 24 2017.........SUNRISE   616 AM CDT   SUNSET   739 PM CDT


-  INDICATES NEGATIVE NUMBERS.
R  INDICATES RECORD WAS SET OR TIED.
MM INDICATES DATA IS MISSING.
T  INDICATES TRACE AMOUNT.




$$
