416
CDUS44 KMEG 052257
CLIMEG


CLIMATE REPORT
NATIONAL WEATHER SERVICE MEMPHIS TN
454 PM CST MON DEC 5 2016


...................................

...THE MEMPHIS/GERMANTOWN WFO CLIMATE SUMMARY FOR DECEMBER 5 2016...
VALID TODAY AS OF 0400 PM LOCAL TIME.

CLIMATE NORMAL PERIOD 1981 TO 2010
CLIMATE RECORD PERIOD 1988 TO 2016


WEATHER ITEM   OBSERVED TIME   RECORD YEAR NORMAL DEPARTURE LAST
                VALUE   (LST)  VALUE       VALUE  FROM      YEAR
                                                  NORMAL
..................................................................
TEMPERATURE (F)
 TODAY
  MAXIMUM         46    300 PM  78    1998  54     -8       62
  MINIMUM         41    600 AM  21    2009  34      7       29
  AVERAGE         44                        44      0       46

PRECIPITATION (IN)
  TODAY            0.00          3.18 2011   0.19  -0.19     0.00
  MONTH TO DATE    0.51                      1.00  -0.49     0.10
  SINCE DEC 1      0.51                      1.00  -0.49     0.10
  SINCE JAN 1     57.07                     49.95   7.12    48.49

SNOWFALL (IN)
  TODAY            0.0

DEGREE DAYS
 HEATING
  TODAY           21                        21      0       19
  MONTH TO DATE   99                       100     -1      104
  SINCE DEC 1     99                       100     -1      104
  SINCE JUL 1    421                       699   -278      485

 COOLING
  TODAY            0                         0      0        0
  MONTH TO DATE    0                         0      0        0
  SINCE DEC 1      0                         0      0        0
  SINCE JAN 1   2423                      1926    497     2138
..................................................................







THE MEMPHIS/GERMANTOWN WFO CLIMATE NORMALS FOR TOMORROW
                         NORMAL    RECORD    YEAR
 MAXIMUM TEMPERATURE (F)   54        76      1998
 MINIMUM TEMPERATURE (F)   34        20      2010


SUNRISE AND SUNSET
DECEMBER  5 2016......SUNRISE   653 AM CST   SUNSET   447 PM CST
DECEMBER  6 2016......SUNRISE   654 AM CST   SUNSET   447 PM CST


-  INDICATES NEGATIVE NUMBERS.
R  INDICATES RECORD WAS SET OR TIED.
MM INDICATES DATA IS MISSING.
T  INDICATES TRACE AMOUNT.




$$
