000
CDUS44 KJAN 131320 CCA
CLIMEI

CLIMATE REPORT...CORRECTED RAINFALL TOTAL
NATIONAL WEATHER SERVICE JACKSON MS
820 AM CDT SUN JUL 13 2014


...................................

...THE MERIDIAN CLIMATE SUMMARY FOR JULY 12 2014...

CLIMATE NORMAL PERIOD 1981 TO 2010
CLIMATE RECORD PERIOD 1889 TO 2014


WEATHER ITEM   OBSERVED TIME   RECORD YEAR NORMAL DEPARTURE LAST
                VALUE   (LST)  VALUE       VALUE  FROM      YEAR
                                                  NORMAL
..................................................................
TEMPERATURE (F)
 YESTERDAY
  MAXIMUM         96    247 PM 104    1930  92      4       90
                                      1901
  MINIMUM         68    454 AM  61    1947  69     -1       71
                                      1899
  AVERAGE         82                        81      1       81

PRECIPITATION (IN)
  YESTERDAY        0.01          2.44 1972   0.17  -0.16     0.00
  MONTH TO DATE    0.05                      1.99  -1.94     1.65
  SINCE JUN 1      2.59                      6.39  -3.80     8.24
  SINCE JAN 1     34.31                     31.82   2.49    42.87

SNOWFALL (IN)
  YESTERDAY        0.0           0.0    MM   0.0    0.0      0.0
  MONTH TO DATE    0.0                       0.0    0.0      0.0
  SINCE JUN 1      0.0                       0.0    0.0      0.0
  SINCE JUL 1      0.0                       0.0    0.0      0.0

DEGREE DAYS
 HEATING
  YESTERDAY        0                         0      0        0
  MONTH TO DATE    0                         0      0        0
  SINCE JUN 1      0                         0      0        0
  SINCE JUL 1      0                         0      0        0

 COOLING
  YESTERDAY       17                        16      1       16
  MONTH TO DATE  172                       183    -11      154
  SINCE JUN 1    582                       563     19      574
  SINCE JAN 1    852                       846      6      834
..................................................................


WIND (MPH)
  HIGHEST WIND SPEED    16   HIGHEST WIND DIRECTION    SE (140)
  HIGHEST GUST SPEED    20   HIGHEST GUST DIRECTION    SE (130)
  AVERAGE WIND SPEED     4.8


SKY COVER
  POSSIBLE SUNSHINE  MM
  AVERAGE SKY COVER 0.3


WEATHER CONDITIONS
 THE FOLLOWING WEATHER WAS RECORDED YESTERDAY.
  THUNDERSTORM
  LIGHT RAIN
  FOG


RELATIVE HUMIDITY (PERCENT)
 HIGHEST    97           400 AM
 LOWEST     36          1200 PM
 AVERAGE    67

..........................................................


THE MERIDIAN CLIMATE NORMALS FOR TODAY
                         NORMAL    RECORD    YEAR
 MAXIMUM TEMPERATURE (F)   92       105      1930
 MINIMUM TEMPERATURE (F)   70        58      1897


SUNRISE AND SUNSET
JULY 13 2014..........SUNRISE   558 AM CDT   SUNSET   804 PM CDT
JULY 14 2014..........SUNRISE   558 AM CDT   SUNSET   803 PM CDT


-  INDICATES NEGATIVE NUMBERS.
R  INDICATES RECORD WAS SET OR TIED.
MM INDICATES DATA IS MISSING.
T  INDICATES TRACE AMOUNT.




$$
