375
CDUS44 KJAN 240644
CLIMEI


CLIMATE REPORT
NATIONAL WEATHER SERVICE JACKSON MS
1243 AM CST TUE JAN 24 2017


...................................

...THE MERIDIAN CLIMATE SUMMARY FOR JANUARY 23 2017...

CLIMATE NORMAL PERIOD 1981 TO 2010
CLIMATE RECORD PERIOD 1889 TO 2017


WEATHER ITEM   OBSERVED TIME   RECORD YEAR NORMAL DEPARTURE LAST
                VALUE   (LST)  VALUE       VALUE  FROM      YEAR
                                                  NORMAL
..................................................................
TEMPERATURE (F)
 YESTERDAY
  MAXIMUM         64    307 PM  82    1943  57      7       41
  MINIMUM         42   1159 PM   8    1963  33      9       26
  AVERAGE         53                        45      8       34

PRECIPITATION (IN)
  YESTERDAY        0.02          1.78 1915   0.18  -0.16     0.00
  MONTH TO DATE    7.09                      3.63   3.46     1.71
  SINCE DEC 1     10.99                      8.69   2.30     7.79
  SINCE JAN 1      7.09                      3.63   3.46     1.71

SNOWFALL (IN)
  YESTERDAY        0.0           4.8  1948   0.0    0.0      0.0
  MONTH TO DATE    0.8                       0.1    0.7       T
  SINCE DEC 1      0.8                       0.2    0.6       T
  SINCE JUL 1      0.8                       0.2    0.6       T

DEGREE DAYS
 HEATING
  YESTERDAY       12                        20     -8       31
  MONTH TO DATE  210                       471   -261      491
  SINCE DEC 1    614                      1029   -415      779
  SINCE JUL 1    823                      1479   -656     1030

 COOLING
  YESTERDAY        0                         0      0        0
  MONTH TO DATE   24                         0     24        0
  SINCE DEC 1     42                         6     36       43
  SINCE JAN 1     24                         0     24        0
..................................................................


WIND (MPH)
  HIGHEST WIND SPEED    21   HIGHEST WIND DIRECTION    NW (310)
  HIGHEST GUST SPEED    31   HIGHEST GUST DIRECTION    NW (300)
  AVERAGE WIND SPEED    10.6


SKY COVER
  POSSIBLE SUNSHINE  MM
  AVERAGE SKY COVER 0.3


WEATHER CONDITIONS
 THE FOLLOWING WEATHER WAS RECORDED YESTERDAY.
  LIGHT RAIN
  FOG


RELATIVE HUMIDITY (PERCENT)
 HIGHEST    93           200 AM
 LOWEST     52           300 PM
 AVERAGE    73

..........................................................


THE MERIDIAN CLIMATE NORMALS FOR TODAY
                         NORMAL    RECORD    YEAR
 MAXIMUM TEMPERATURE (F)   57        80      1972
                                             1950
 MINIMUM TEMPERATURE (F)   33         4      1963


SUNRISE AND SUNSET
JANUARY 24 2017.......SUNRISE   653 AM CST   SUNSET   521 PM CST
JANUARY 25 2017.......SUNRISE   653 AM CST   SUNSET   522 PM CST


-  INDICATES NEGATIVE NUMBERS.
R  INDICATES RECORD WAS SET OR TIED.
MM INDICATES DATA IS MISSING.
T  INDICATES TRACE AMOUNT.




$$
