000
CDUS44 KJAN 280819
CLIMEI


CLIMATE REPORT
NATIONAL WEATHER SERVICE JACKSON MS
314 AM CDT MON JUL 28 2014


...................................

...THE MERIDIAN CLIMATE SUMMARY FOR JULY 27 2014...

CLIMATE NORMAL PERIOD 1981 TO 2010
CLIMATE RECORD PERIOD 1889 TO 2014


WEATHER ITEM   OBSERVED TIME   RECORD YEAR NORMAL DEPARTURE LAST
                VALUE   (LST)  VALUE       VALUE  FROM      YEAR
                                                  NORMAL
..................................................................
TEMPERATURE (F)
 YESTERDAY
  MAXIMUM         94    301 PM 102    1952  92      2       83
  MINIMUM         73    534 AM  59    1911  70      3       72
  AVERAGE         84                        81      3       78

PRECIPITATION (IN)
  YESTERDAY        0.00          2.78 1989   0.16  -0.16     0.18
  MONTH TO DATE    1.89                      4.50  -2.61     4.61
  SINCE JUN 1      4.43                      8.90  -4.47    11.20
  SINCE JAN 1     36.15                     34.33   1.82    45.83

SNOWFALL (IN)
  YESTERDAY        0.0           0.0    MM   0.0    0.0      0.0
  MONTH TO DATE    0.0                       0.0    0.0      0.0
  SINCE JUN 1      0.0                       0.0    0.0      0.0
  SINCE JUL 1      0.0                       0.0    0.0      0.0

DEGREE DAYS
 HEATING
  YESTERDAY        0                         0      0        0
  MONTH TO DATE    0                         0      0        0
  SINCE JUN 1      0                         0      0        0
  SINCE JUL 1      0                         0      0        0

 COOLING
  YESTERDAY       19                        16      3       13
  MONTH TO DATE  380                       423    -43      376
  SINCE JUN 1    790                       803    -13      796
  SINCE JAN 1   1060                      1086    -26     1056
..................................................................


WIND (MPH)
  HIGHEST WIND SPEED    14   HIGHEST WIND DIRECTION     W (250)
  HIGHEST GUST SPEED    18   HIGHEST GUST DIRECTION    SW (240)
  AVERAGE WIND SPEED     5.1


SKY COVER
  POSSIBLE SUNSHINE  MM
  AVERAGE SKY COVER 0.1


WEATHER CONDITIONS
 THE FOLLOWING WEATHER WAS RECORDED YESTERDAY.
  FOG


RELATIVE HUMIDITY (PERCENT)
 HIGHEST    94          1200 AM
 LOWEST     49          1200 PM
 AVERAGE    72

..........................................................


THE MERIDIAN CLIMATE NORMALS FOR TODAY
                         NORMAL    RECORD    YEAR
 MAXIMUM TEMPERATURE (F)   92       103      1952
 MINIMUM TEMPERATURE (F)   70        61      1911


SUNRISE AND SUNSET
JULY 28 2014..........SUNRISE   607 AM CDT   SUNSET   756 PM CDT
JULY 29 2014..........SUNRISE   608 AM CDT   SUNSET   755 PM CDT


-  INDICATES NEGATIVE NUMBERS.
R  INDICATES RECORD WAS SET OR TIED.
MM INDICATES DATA IS MISSING.
T  INDICATES TRACE AMOUNT.




$$
