000
CDUS44 KJAN 012204
CLIMEI


CLIMATE REPORT
NATIONAL WEATHER SERVICE JACKSON MS
503 PM CDT MON JUN 1 2015


...................................

...THE MERIDIAN CLIMATE SUMMARY FOR JUNE 1 2015...
VALID AS OF 0500 PM LOCAL TIME.

CLIMATE NORMAL PERIOD 1981 TO 2010
CLIMATE RECORD PERIOD 1889 TO 2015


WEATHER ITEM   OBSERVED TIME   RECORD YEAR NORMAL DEPARTURE LAST
                VALUE   (LST)  VALUE       VALUE  FROM      YEAR
                                                  NORMAL
..................................................................
TEMPERATURE (F)
 TODAY
  MAXIMUM         84    359 PM  98    1998  87     -3       87
                                      1951
  MINIMUM         62    427 AM  42    1984  63     -1       68
  AVERAGE         73

PRECIPITATION (IN)
  TODAY            0.00          1.72 1974   0.15  -0.15      T
  MONTH TO DATE    0.00                      0.15  -0.15      T
  SINCE JUN 1      0.00                      0.15  -0.15      T
  SINCE JAN 1     23.06                     25.58  -2.52    31.72

SNOWFALL (IN)
  TODAY            0.0

..................................................................










-  INDICATES NEGATIVE NUMBERS.
R  INDICATES RECORD WAS SET OR TIED.
MM INDICATES DATA IS MISSING.
T  INDICATES TRACE AMOUNT.




$$
