000
CDUS44 KJAN 020848
CLIMEI


CLIMATE REPORT
NATIONAL WEATHER SERVICE JACKSON MS
341 AM CDT THU OCT 2 2014


...................................

...THE MERIDIAN CLIMATE SUMMARY FOR OCTOBER 1 2014...

CLIMATE NORMAL PERIOD 1981 TO 2010
CLIMATE RECORD PERIOD 1889 TO 2014


WEATHER ITEM   OBSERVED TIME   RECORD YEAR NORMAL DEPARTURE LAST
                VALUE   (LST)  VALUE       VALUE  FROM      YEAR
                                                  NORMAL
..................................................................
TEMPERATURE (F)
 YESTERDAY
  MAXIMUM         89    145 PM  95    2006  82      7       85
                                      1954
  MINIMUM         60    559 AM  40    1967  57      3       61
                                      1924
  AVERAGE         75                        70      5       73

PRECIPITATION (IN)
  YESTERDAY        0.00          1.07 1988   0.11  -0.11     0.00
  MONTH TO DATE    0.00                      0.11  -0.11     0.00
  SINCE SEP 1      1.69                      3.54  -1.85     2.73
  SINCE JAN 1     40.05                     42.50  -2.45    52.25

SNOWFALL (IN)
  YESTERDAY        0.0           0.0  2002   0.0    0.0      0.0
                                      2001
  MONTH TO DATE    0.0                       0.0    0.0      0.0
  SINCE SEP 1      0.0                       0.0    0.0      0.0
  SINCE JUL 1      0.0                       0.0    0.0      0.0

DEGREE DAYS
 HEATING
  YESTERDAY        0                         1     -1        0
  MONTH TO DATE    0                         1     -1        0
  SINCE SEP 1      0                         8     -8        0
  SINCE JUL 1      0                         8     -8        0

 COOLING
  YESTERDAY       10                         6      4        8
  MONTH TO DATE   10                         6      4        8
  SINCE SEP 1    379                       309     70      348
  SINCE JAN 1   1972                      1929     43     1928
..................................................................


WIND (MPH)
  HIGHEST WIND SPEED    10   HIGHEST WIND DIRECTION    SE (120)
  HIGHEST GUST SPEED    14   HIGHEST GUST DIRECTION    SE (140)
  AVERAGE WIND SPEED     3.5


SKY COVER
  POSSIBLE SUNSHINE  MM
  AVERAGE SKY COVER 0.1


WEATHER CONDITIONS
 THE FOLLOWING WEATHER WAS RECORDED YESTERDAY.
  FOG


RELATIVE HUMIDITY (PERCENT)
 HIGHEST    97           500 AM
 LOWEST     39           400 PM
 AVERAGE    68

..........................................................


THE MERIDIAN CLIMATE NORMALS FOR TODAY
                         NORMAL    RECORD    YEAR
 MAXIMUM TEMPERATURE (F)   82        96      1990
 MINIMUM TEMPERATURE (F)   57        36      1984


SUNRISE AND SUNSET
OCTOBER  2 2014.......SUNRISE   650 AM CDT   SUNSET   638 PM CDT
OCTOBER  3 2014.......SUNRISE   650 AM CDT   SUNSET   637 PM CDT


-  INDICATES NEGATIVE NUMBERS.
R  INDICATES RECORD WAS SET OR TIED.
MM INDICATES DATA IS MISSING.
T  INDICATES TRACE AMOUNT.




$$
