000
CDUS44 KJAN 060643
CLIMEI


CLIMATE REPORT
NATIONAL WEATHER SERVICE JACKSON MS
1240 AM CST FRI MAR 6 2015


...................................

...THE MERIDIAN CLIMATE SUMMARY FOR MARCH 5 2015...

CLIMATE NORMAL PERIOD 1981 TO 2010
CLIMATE RECORD PERIOD 1889 TO 2015


WEATHER ITEM   OBSERVED TIME   RECORD YEAR NORMAL DEPARTURE LAST
                VALUE   (LST)  VALUE       VALUE  FROM      YEAR
                                                  NORMAL
..................................................................
TEMPERATURE (F)
 YESTERDAY
  MAXIMUM         48   1210 AM  85    1974  66    -18       62
  MINIMUM         26   1159 PM  18    1978  40    -14       33
  AVERAGE         37                        53    -16       48

PRECIPITATION (IN)
  YESTERDAY        0.52          3.76 1935   0.19   0.33      T
  MONTH TO DATE    1.24                      0.93   0.31     0.42
  SINCE MAR 1      1.24                      0.93   0.31     0.42
  SINCE JAN 1     12.08                     11.66   0.42     9.77

SNOWFALL (IN)
  YESTERDAY       MM             0.0  2002   0.0   MM        0.0
                                      2001
  MONTH TO DATE    0.0                       0.0    0.0      0.0
  SINCE MAR 1      0.0                       0.0    0.0      0.0
  SINCE JUL 1      T                         0.3   -0.3      2.5

DEGREE DAYS
 HEATING
  YESTERDAY       28                        12     16       17
  MONTH TO DATE   49                        63    -14       72
  SINCE MAR 1     49                        63    -14       72
  SINCE JUL 1   2290                      2160    130     2448

 COOLING
  YESTERDAY        0                         0      0        0
  MONTH TO DATE    0                         0      0        2
  SINCE MAR 1      0                         0      0        2
  SINCE JAN 1      0                         7     -7        9
..................................................................


WIND (MPH)
  HIGHEST WIND SPEED    23   HIGHEST WIND DIRECTION     N (350)
  HIGHEST GUST SPEED    29   HIGHEST GUST DIRECTION     N (350)
  AVERAGE WIND SPEED    14.9


SKY COVER
  POSSIBLE SUNSHINE  MM
  AVERAGE SKY COVER 0.7


WEATHER CONDITIONS
 THE FOLLOWING WEATHER WAS RECORDED YESTERDAY.
  HEAVY RAIN
  RAIN
  LIGHT RAIN
  LIGHT SNOW
  FOG


RELATIVE HUMIDITY (PERCENT)
 HIGHEST   100           200 AM
 LOWEST     69           700 PM
 AVERAGE    85

..........................................................


THE MERIDIAN CLIMATE NORMALS FOR TODAY
                         NORMAL    RECORD    YEAR
 MAXIMUM TEMPERATURE (F)   66        86      1974
 MINIMUM TEMPERATURE (F)   41        23      2002
                                             1960


SUNRISE AND SUNSET
MARCH  6 2015.........SUNRISE   617 AM CST   SUNSET   556 PM CST
MARCH  7 2015.........SUNRISE   616 AM CST   SUNSET   557 PM CST


-  INDICATES NEGATIVE NUMBERS.
R  INDICATES RECORD WAS SET OR TIED.
MM INDICATES DATA IS MISSING.
T  INDICATES TRACE AMOUNT.




$$
