443
CDUS44 KJAN 280938
CLIMEI


CLIMATE REPORT
NATIONAL WEATHER SERVICE JACKSON MS
323 AM CDT FRI APR 28 2017


...................................

...THE MERIDIAN CLIMATE SUMMARY FOR APRIL 27 2017...

CLIMATE NORMAL PERIOD 1981 TO 2010
CLIMATE RECORD PERIOD 1889 TO 2017


WEATHER ITEM   OBSERVED TIME   RECORD YEAR NORMAL DEPARTURE LAST
                VALUE   (LST)  VALUE       VALUE  FROM      YEAR
                                                  NORMAL
..................................................................
TEMPERATURE (F)
 YESTERDAY
  MAXIMUM         80    518 PM  92    1987  79      1       79
  MINIMUM         60   1159 PM  39    1992  53      7       63
                                      1976
  AVERAGE         70                        66      4       71

PRECIPITATION (IN)
  YESTERDAY        0.05          2.73 1997   0.15  -0.10      T
  MONTH TO DATE    7.28                      4.35   2.93     3.85
  SINCE MAR 1     13.05                      9.77   3.28    16.23
  SINCE JAN 1     22.62                     20.50   2.12    23.72

SNOWFALL (IN)
  YESTERDAY        0.0           0.0         0.0    0.0      0.0
  MONTH TO DATE    0.0                       0.1   -0.1      0.0
  SINCE MAR 1      0.0                       0.3   -0.3      0.0
  SINCE JUL 1      0.8                       0.6    0.2       T

DEGREE DAYS
 HEATING
  YESTERDAY        0                         2     -2        0
  MONTH TO DATE   31                       124    -93       63
  SINCE MAR 1    221                       431   -210      245
  SINCE JUL 1   1349                      2528  -1179     1807

 COOLING
  YESTERDAY        5                         3      2        6
  MONTH TO DATE  112                        49     63       39
  SINCE MAR 1    186                        66    120       71
  SINCE JAN 1    232                        73    159       76
..................................................................


WIND (MPH)
  HIGHEST WIND SPEED    12   HIGHEST WIND DIRECTION     W (280)
  HIGHEST GUST SPEED    17   HIGHEST GUST DIRECTION     W (280)
  AVERAGE WIND SPEED     3.3


SKY COVER
  POSSIBLE SUNSHINE  MM
  AVERAGE SKY COVER 0.4


WEATHER CONDITIONS
 THE FOLLOWING WEATHER WAS RECORDED YESTERDAY.
  THUNDERSTORM
  RAIN
  LIGHT RAIN
  FOG


RELATIVE HUMIDITY (PERCENT)
 HIGHEST    97          1100 PM
 LOWEST     48           500 PM
 AVERAGE    73

..........................................................


THE MERIDIAN CLIMATE NORMALS FOR TODAY
                         NORMAL    RECORD    YEAR
 MAXIMUM TEMPERATURE (F)   79        90      2002
                                             1970
                                             1899
 MINIMUM TEMPERATURE (F)   53        39      2010
                                             1978


SUNRISE AND SUNSET
APRIL 28 2017.........SUNRISE   611 AM CDT   SUNSET   734 PM CDT
APRIL 29 2017.........SUNRISE   610 AM CDT   SUNSET   735 PM CDT


-  INDICATES NEGATIVE NUMBERS.
R  INDICATES RECORD WAS SET OR TIED.
MM INDICATES DATA IS MISSING.
T  INDICATES TRACE AMOUNT.




$$
