000
CDUS44 KJAN 280721
CLIMEI


CLIMATE REPORT
NATIONAL WEATHER SERVICE JACKSON MS
219 AM CDT WED JUN 28 2017


...................................

...THE MERIDIAN CLIMATE SUMMARY FOR JUNE 27 2017...

CLIMATE NORMAL PERIOD 1981 TO 2010
CLIMATE RECORD PERIOD 1889 TO 2017


WEATHER ITEM   OBSERVED TIME   RECORD YEAR NORMAL DEPARTURE LAST
                VALUE   (LST)  VALUE       VALUE  FROM      YEAR
                                                  NORMAL
..................................................................
TEMPERATURE (F)
 YESTERDAY
  MAXIMUM         89    221 PM 104    1988  91     -2       99
  MINIMUM         66    510 AM  55    1974  68     -2       75
  AVERAGE         78                        80     -2       87

PRECIPITATION (IN)
  YESTERDAY        0.00          2.45 1983   0.16  -0.16     1.40
  MONTH TO DATE    9.96                      3.92   6.04     4.91
  SINCE JUN 1      9.96                      3.92   6.04     4.91
  SINCE JAN 1     38.60                     29.35   9.25    29.90

SNOWFALL (IN)
  YESTERDAY        0.0           0.0    MM   0.0    0.0      0.0
  MONTH TO DATE    0.0                       0.0    0.0      0.0
  SINCE JUN 1      0.0                       0.0    0.0      0.0
  SINCE JUL 1      0.8                       0.6    0.2       T

DEGREE DAYS
 HEATING
  YESTERDAY        0                         0      0        0
  MONTH TO DATE    0                         0      0        0
  SINCE JUN 1      0                         0      0        0
  SINCE JUL 1   1362                      2553  -1191     1815

 COOLING
  YESTERDAY       13                        15     -2       22
  MONTH TO DATE  359                       336     23      489
  SINCE JUN 1    359                       336     23      489
  SINCE JAN 1    852                       619    233      801
..................................................................


WIND (MPH)
  HIGHEST WIND SPEED    13   HIGHEST WIND DIRECTION     E (80)
  HIGHEST GUST SPEED    18   HIGHEST GUST DIRECTION    NE (50)
  AVERAGE WIND SPEED     3.7


SKY COVER
  POSSIBLE SUNSHINE  MM
  AVERAGE SKY COVER 0.1


WEATHER CONDITIONS
 THE FOLLOWING WEATHER WAS RECORDED YESTERDAY.
  NO SIGNIFICANT WEATHER WAS OBSERVED.


RELATIVE HUMIDITY (PERCENT)
 HIGHEST   100           100 AM
 LOWEST     43           200 PM
 AVERAGE    72

..........................................................


THE MERIDIAN CLIMATE NORMALS FOR TODAY
                         NORMAL    RECORD    YEAR
 MAXIMUM TEMPERATURE (F)   91       102      2009
                                             1988
                                             1954
 MINIMUM TEMPERATURE (F)   68        53      1968


SUNRISE AND SUNSET
JUNE 28 2017..........SUNRISE   551 AM CDT   SUNSET   806 PM CDT
JUNE 29 2017..........SUNRISE   551 AM CDT   SUNSET   806 PM CDT


-  INDICATES NEGATIVE NUMBERS.
R  INDICATES RECORD WAS SET OR TIED.
MM INDICATES DATA IS MISSING.
T  INDICATES TRACE AMOUNT.




$$
