000
CDUS44 KMEG 230634
CLIMEM


CLIMATE REPORT
NATIONAL WEATHER SERVICE MEMPHIS TN
133 AM CDT TUE SEP 23 2014


...................................

...THE MEMPHIS CLIMATE SUMMARY FOR SEPTEMBER 22 2014...

CLIMATE NORMAL PERIOD 1981 TO 2010
CLIMATE RECORD PERIOD 1872 TO 2014


WEATHER ITEM   OBSERVED TIME   RECORD YEAR NORMAL DEPARTURE LAST
                VALUE   (LST)  VALUE       VALUE  FROM      YEAR
                                                  NORMAL
..................................................................
TEMPERATURE (F)
 YESTERDAY
  MAXIMUM         78    237 PM  96    2010  83     -5       76
  MINIMUM         61    626 AM  42    1983  63     -2       59
  AVERAGE         70                        73     -3       68

PRECIPITATION (IN)
  YESTERDAY        0.00          2.49 1992   0.11  -0.11     0.00
  MONTH TO DATE    4.75                      2.15   2.60     2.03
  SINCE SEP 1      4.75                      2.15   2.60     2.03
  SINCE JAN 1     48.47                     37.53  10.94    47.98

SNOWFALL (IN)
  YESTERDAY        0.0           0.0  2002   0.0    0.0      0.0
                                      2001
  MONTH TO DATE    0.0                       0.0    0.0      0.0
  SINCE SEP 1      0.0                       0.0    0.0      0.0
  SINCE JUL 1      0.0                       0.0    0.0      0.0
  SNOW DEPTH       0

DEGREE DAYS
 HEATING
  YESTERDAY        0                         1     -1        0
  MONTH TO DATE    1                         2     -1        0
  SINCE SEP 1      1                         2     -1        0
  SINCE JUL 1      1                         2     -1        0

 COOLING
  YESTERDAY        5                         8     -3        3
  MONTH TO DATE  268                       259      9      324
  SINCE SEP 1    268                       259      9      324
  SINCE JAN 1   1974                      2094   -120     2050
..................................................................


WIND (MPH)
  HIGHEST WIND SPEED    17   HIGHEST WIND DIRECTION     N (10)
  HIGHEST GUST SPEED    21   HIGHEST GUST DIRECTION     N (20)
  AVERAGE WIND SPEED     9.2


SKY COVER
  POSSIBLE SUNSHINE  MM
  AVERAGE SKY COVER 0.1


WEATHER CONDITIONS
 THE FOLLOWING WEATHER WAS RECORDED YESTERDAY.
  NO SIGNIFICANT WEATHER WAS OBSERVED.


RELATIVE HUMIDITY (PERCENT)
 HIGHEST    72           600 AM
 LOWEST     36           300 PM
 AVERAGE    54

..........................................................


THE MEMPHIS CLIMATE NORMALS FOR TODAY
                         NORMAL    RECORD    YEAR
 MAXIMUM TEMPERATURE (F)   83        96      2010
 MINIMUM TEMPERATURE (F)   62        45      1947


SUNRISE AND SUNSET
SEPTEMBER 23 2014.....SUNRISE   649 AM CDT   SUNSET   655 PM CDT
SEPTEMBER 24 2014.....SUNRISE   649 AM CDT   SUNSET   654 PM CDT


-  INDICATES NEGATIVE NUMBERS.
R  INDICATES RECORD WAS SET OR TIED.
MM INDICATES DATA IS MISSING.
T  INDICATES TRACE AMOUNT.




$$
