000
CDUS44 KMEG 212149
CLIMEM


CLIMATE REPORT
NATIONAL WEATHER SERVICE MEMPHIS TN
447 PM CDT FRI JUL 21 2017


...................................

...THE MEMPHIS CLIMATE SUMMARY FOR JULY 21 2017...
VALID TODAY AS OF 0400 PM LOCAL TIME.

CLIMATE NORMAL PERIOD 1981 TO 2010
CLIMATE RECORD PERIOD 1872 TO 2017


WEATHER ITEM   OBSERVED TIME   RECORD YEAR NORMAL DEPARTURE LAST
                VALUE   (LST)  VALUE       VALUE  FROM      YEAR
                                                  NORMAL
..................................................................
TEMPERATURE (F)
 TODAY
  MAXIMUM         99    253 PM 101    2006  92      7       97
  MINIMUM         79    516 AM  61    1944  74      5       76
  AVERAGE         89                        83      6       87

PRECIPITATION (IN)
  TODAY            0.00          3.30 1953   0.16  -0.16     0.02
  MONTH TO DATE    1.46                      3.08  -1.62     3.95
  SINCE JUN 1      6.07                      6.71  -0.64     5.12
  SINCE JAN 1     24.92                     30.99  -6.07    40.21

SNOWFALL (IN)
  TODAY            0.0

DEGREE DAYS
 HEATING
  TODAY            0                         0      0        0
  MONTH TO DATE    0                         0      0        0
  SINCE JUN 1      0                         0      0        0
  SINCE JUL 1      0                         0      0        0

 COOLING
  TODAY           24                        18      6       22
  MONTH TO DATE  385                       374     11      430
  SINCE JUN 1    795                       812    -17      982
  SINCE JAN 1   1175                      1133     42     1287
..................................................................


WIND (MPH)
  HIGHEST WIND SPEED    13   HIGHEST WIND DIRECTION     W (290)
  HIGHEST GUST SPEED    17   HIGHEST GUST DIRECTION    NW (310)
  AVERAGE WIND SPEED     3.6


SKY COVER
  POSSIBLE SUNSHINE  MM
  AVERAGE SKY COVER 0.3


WEATHER CONDITIONS
 THE FOLLOWING WEATHER WAS RECORDED TODAY.
  NO SIGNIFICANT WEATHER WAS OBSERVED.


RELATIVE HUMIDITY (PERCENT)
 HIGHEST    91           200 AM
 LOWEST     45           300 PM
 AVERAGE    68

..........................................................


THE MEMPHIS CLIMATE NORMALS FOR TOMORROW
                         NORMAL    RECORD    YEAR
 MAXIMUM TEMPERATURE (F)   92       103      1943
 MINIMUM TEMPERATURE (F)   74        53      1944


SUNRISE AND SUNSET
JULY 21 2017..........SUNRISE   601 AM CDT   SUNSET   811 PM CDT
JULY 22 2017..........SUNRISE   602 AM CDT   SUNSET   810 PM CDT


-  INDICATES NEGATIVE NUMBERS.
R  INDICATES RECORD WAS SET OR TIED.
MM INDICATES DATA IS MISSING.
T  INDICATES TRACE AMOUNT.




$$
