342
CDUS44 KMEG 292152
CLIMEM


CLIMATE REPORT
NATIONAL WEATHER SERVICE MEMPHIS TN
451 PM CDT MON MAY 29 2017


...................................

...THE MEMPHIS CLIMATE SUMMARY FOR MAY 29 2017...
VALID TODAY AS OF 0400 PM LOCAL TIME.

CLIMATE NORMAL PERIOD 1981 TO 2010
CLIMATE RECORD PERIOD 1872 TO 2017


WEATHER ITEM   OBSERVED TIME   RECORD YEAR NORMAL DEPARTURE LAST
                VALUE   (LST)  VALUE       VALUE  FROM      YEAR
                                                  NORMAL
..................................................................
TEMPERATURE (F)
 TODAY
  MAXIMUM         86    208 PM  96    1977  85      1       90
                                      1879
  MINIMUM         69    532 AM  50    1964  66      3       67
  AVERAGE         78                        75      3       79

PRECIPITATION (IN)
  TODAY            0.01          1.10 1992   0.16  -0.15     0.00
  MONTH TO DATE    3.02                      4.95  -1.93     4.85
  SINCE MAR 1     11.99                     15.61  -3.62    27.02
  SINCE JAN 1     17.65                     23.98  -6.33    34.87

SNOWFALL (IN)
  TODAY            0.0

DEGREE DAYS
 HEATING
  TODAY            0                         0      0        0
  MONTH TO DATE   23                        17      6       22
  SINCE MAR 1    360                       512   -152      315
  SINCE JUL 1   2059                      2962   -903     2186

 COOLING
  TODAY           13                        10      3       14
  MONTH TO DATE  180                       204    -24      169
  SINCE MAR 1    332                       296     36      273
  SINCE JAN 1    354                       299     55      276
..................................................................


WIND (MPH)
  HIGHEST WIND SPEED    12   HIGHEST WIND DIRECTION    SW (240)
  HIGHEST GUST SPEED    23   HIGHEST GUST DIRECTION     W (270)
  AVERAGE WIND SPEED     3.1


SKY COVER
  POSSIBLE SUNSHINE  MM
  AVERAGE SKY COVER 0.6


WEATHER CONDITIONS
 THE FOLLOWING WEATHER WAS RECORDED TODAY.
  THUNDERSTORM
  LIGHT RAIN


RELATIVE HUMIDITY (PERCENT)
 HIGHEST   100           400 AM
 LOWEST     44           200 PM
 AVERAGE    72

..........................................................


THE MEMPHIS CLIMATE NORMALS FOR TOMORROW
                         NORMAL    RECORD    YEAR
 MAXIMUM TEMPERATURE (F)   85        99      1977
 MINIMUM TEMPERATURE (F)   66        48      1889


SUNRISE AND SUNSET
MAY 29 2017...........SUNRISE   548 AM CDT   SUNSET   807 PM CDT
MAY 30 2017...........SUNRISE   548 AM CDT   SUNSET   808 PM CDT


-  INDICATES NEGATIVE NUMBERS.
R  INDICATES RECORD WAS SET OR TIED.
MM INDICATES DATA IS MISSING.
T  INDICATES TRACE AMOUNT.




$$
