000
CDUS44 KMEG 220738
CLIMEM


CLIMATE REPORT
NATIONAL WEATHER SERVICE MEMPHIS TN
138 AM CST WED NOV 22 2017


...................................

...THE MEMPHIS CLIMATE SUMMARY FOR NOVEMBER 21 2017...

CLIMATE NORMAL PERIOD 1981 TO 2010
CLIMATE RECORD PERIOD 1872 TO 2017


WEATHER ITEM   OBSERVED TIME   RECORD YEAR NORMAL DEPARTURE LAST
                VALUE   (LST)  VALUE       VALUE  FROM      YEAR
                                                  NORMAL
..................................................................
TEMPERATURE (F)
 YESTERDAY
  MAXIMUM         62    312 PM  77    1943  60      2       61
                                      1913
                                      1883
  MINIMUM         37    646 AM  18    1937  42     -5       34
  AVERAGE         50                        51     -1       48

PRECIPITATION (IN)
  YESTERDAY        0.00         10.32 1934   0.20  -0.20     0.00
  MONTH TO DATE    1.79                      3.65  -1.86     0.67
  SINCE SEP 1      7.44                     10.72  -3.28     2.56
  SINCE JAN 1     44.10                     46.10  -2.00    52.37

SNOWFALL (IN)
  YESTERDAY        0.0           T    1926   0.0    0.0      0.0
  MONTH TO DATE    0.0                       0.0    0.0      0.0
  SINCE SEP 1      0.0                       0.0    0.0      0.0
  SINCE JUL 1      0.0                       0.0    0.0      0.0
  SNOW DEPTH       0

DEGREE DAYS
 HEATING
  YESTERDAY       15                        14      1       17
  MONTH TO DATE  195                       224    -29      137
  SINCE SEP 1    326                       355    -29      155
  SINCE JUL 1    326                       355    -29      155

 COOLING
  YESTERDAY        0                         0      0        0
  MONTH TO DATE   22                        11     11       30
  SINCE SEP 1    486                       419     67      703
  SINCE JAN 1   2302                      2254     48     2804
..................................................................


WIND (MPH)
  HIGHEST WIND SPEED    16   HIGHEST WIND DIRECTION     N (20)
  HIGHEST GUST SPEED    21   HIGHEST GUST DIRECTION     N (20)
  AVERAGE WIND SPEED     5.8


SKY COVER
  POSSIBLE SUNSHINE  MM
  AVERAGE SKY COVER 0.6


WEATHER CONDITIONS
 THE FOLLOWING WEATHER WAS RECORDED YESTERDAY.
  NO SIGNIFICANT WEATHER WAS OBSERVED.


RELATIVE HUMIDITY (PERCENT)
 HIGHEST    82           700 AM
 LOWEST     36           100 PM
 AVERAGE    59

..........................................................


THE MEMPHIS CLIMATE NORMALS FOR TODAY
                         NORMAL    RECORD    YEAR
 MAXIMUM TEMPERATURE (F)   60        78      1931
                                             1913
 MINIMUM TEMPERATURE (F)   41        18      1964
                                             1880


SUNRISE AND SUNSET
NOVEMBER 22 2017......SUNRISE   642 AM CST   SUNSET   451 PM CST
NOVEMBER 23 2017......SUNRISE   642 AM CST   SUNSET   450 PM CST


-  INDICATES NEGATIVE NUMBERS.
R  INDICATES RECORD WAS SET OR TIED.
MM INDICATES DATA IS MISSING.
T  INDICATES TRACE AMOUNT.




$$
