000
CDUS44 KMEG 290632
CLIMEM


CLIMATE REPORT
NATIONAL WEATHER SERVICE MEMPHIS TN
132 AM CDT FRI JUL 29 2016


...................................

...THE MEMPHIS CLIMATE SUMMARY FOR JULY 28 2016...

CLIMATE NORMAL PERIOD 1981 TO 2010
CLIMATE RECORD PERIOD 1872 TO 2016


WEATHER ITEM   OBSERVED TIME   RECORD YEAR NORMAL DEPARTURE LAST
                VALUE   (LST)  VALUE       VALUE  FROM      YEAR
                                                  NORMAL
..................................................................
TEMPERATURE (F)
 YESTERDAY
  MAXIMUM         89    149 PM 106    1952  92     -3       98
                                      1930
  MINIMUM         75    355 AM  65    2004  74      1       81
                                      1920
                                      1891
  AVERAGE         82                        83     -1       90

PRECIPITATION (IN)
  YESTERDAY        1.70          1.94 1998   0.14   1.56     0.00
  MONTH TO DATE    7.37                      4.18   3.19     5.17
  SINCE JUN 1      8.54                      7.81   0.73     9.64
  SINCE JAN 1     43.63                     32.09  11.54    29.86

SNOWFALL (IN)
  YESTERDAY        0.0          MM      MM   0.0    0.0      0.0
  MONTH TO DATE    0.0                       0.0    0.0      0.0
  SINCE JUN 1      0.0                       0.0    0.0      0.0
  SINCE JUL 1      0.0                       0.0    0.0      0.0
  SNOW DEPTH       0

DEGREE DAYS
 HEATING
  YESTERDAY        0                         0      0        0
  MONTH TO DATE    0                         0      0        0
  SINCE JUN 1      0                         0      0        0
  SINCE JUL 1      0                         0      0        0

 COOLING
  YESTERDAY       17                        18     -1       25
  MONTH TO DATE  577                       500     77      549
  SINCE JUN 1   1129                       938    191     1026
  SINCE JAN 1   1434                      1259    175     1380
..................................................................


WIND (MPH)
  HIGHEST WIND SPEED    17   HIGHEST WIND DIRECTION     S (180)
  HIGHEST GUST SPEED    28   HIGHEST GUST DIRECTION     W (270)
  AVERAGE WIND SPEED     7.6


SKY COVER
  POSSIBLE SUNSHINE  MM
  AVERAGE SKY COVER 0.9


WEATHER CONDITIONS
 THE FOLLOWING WEATHER WAS RECORDED YESTERDAY.
  THUNDERSTORM
  HEAVY RAIN
  RAIN
  LIGHT RAIN
  FOG


RELATIVE HUMIDITY (PERCENT)
 HIGHEST    94           300 AM
 LOWEST     68           300 PM
 AVERAGE    81

..........................................................


THE MEMPHIS CLIMATE NORMALS FOR TODAY
                         NORMAL    RECORD    YEAR
 MAXIMUM TEMPERATURE (F)   92       104      1986
                                             1952
 MINIMUM TEMPERATURE (F)   74        64      2014


SUNRISE AND SUNSET
JULY 29 2016..........SUNRISE   607 AM CDT   SUNSET   805 PM CDT
JULY 30 2016..........SUNRISE   608 AM CDT   SUNSET   804 PM CDT


-  INDICATES NEGATIVE NUMBERS.
R  INDICATES RECORD WAS SET OR TIED.
MM INDICATES DATA IS MISSING.
T  INDICATES TRACE AMOUNT.




$$
