000
CDUS44 KMEG 060740
CLIMEM


CLIMATE REPORT
NATIONAL WEATHER SERVICE MEMPHIS TN
139 AM CST FRI MAR 6 2015


...................................

...THE MEMPHIS CLIMATE SUMMARY FOR MARCH 5 2015...

CLIMATE NORMAL PERIOD 1981 TO 2010
CLIMATE RECORD PERIOD 1872 TO 2015


WEATHER ITEM   OBSERVED TIME   RECORD YEAR NORMAL DEPARTURE LAST
                VALUE   (LST)  VALUE       VALUE  FROM      YEAR
                                                  NORMAL
..................................................................
TEMPERATURE (F)
 YESTERDAY
  MAXIMUM         30    512 PM  80    1918  60    -30       40
  MINIMUM         19   1159 PM  15    1960  41    -22       30
  AVERAGE         25                        51    -26       35

PRECIPITATION (IN)
  YESTERDAY        0.38          3.78 1882   0.16   0.22     0.00
  MONTH TO DATE    2.32                      0.78   1.54     2.40
  SINCE MAR 1      2.32                      0.78   1.54     2.40
  SINCE JAN 1      7.97                      9.15  -1.18    10.52

SNOWFALL (IN)
  YESTERDAY        3.1 R         1.3  1965   0.0    3.1      0.0
  MONTH TO DATE    3.6                       0.1    3.5      0.5
  SINCE MAR 1      3.6                       0.1    3.5      0.5
  SINCE JUL 1      6.1                       3.5    2.6      0.8
  SNOW DEPTH       4

DEGREE DAYS
 HEATING
  YESTERDAY       40                        15     25       30
  MONTH TO DATE  122                        76     46      133
  SINCE MAR 1    122                        76     46      133
  SINCE JUL 1   2845                      2526    319     2959

 COOLING
  YESTERDAY        0                         0      0        0
  MONTH TO DATE    0                         0      0        0
  SINCE MAR 1      0                         0      0        0
  SINCE JAN 1      0                         3     -3        0
..................................................................


WIND (MPH)
  HIGHEST WIND SPEED    24   HIGHEST WIND DIRECTION     N (20)
  HIGHEST GUST SPEED    32   HIGHEST GUST DIRECTION     N (20)
  AVERAGE WIND SPEED    11.8


SKY COVER
  POSSIBLE SUNSHINE  MM
  AVERAGE SKY COVER 0.6


WEATHER CONDITIONS
 THE FOLLOWING WEATHER WAS RECORDED YESTERDAY.
  SNOW
  LIGHT SNOW
  SLEET
  FOG


RELATIVE HUMIDITY (PERCENT)
 HIGHEST    88           200 AM
 LOWEST     43           400 PM
 AVERAGE    66

..........................................................


THE MEMPHIS CLIMATE NORMALS FOR TODAY
                         NORMAL    RECORD    YEAR
 MAXIMUM TEMPERATURE (F)   61        80      1956
 MINIMUM TEMPERATURE (F)   41        20      1920
                                             1899


SUNRISE AND SUNSET
MARCH  6 2015.........SUNRISE   623 AM CST   SUNSET   600 PM CST
MARCH  7 2015.........SUNRISE   622 AM CST   SUNSET   601 PM CST


-  INDICATES NEGATIVE NUMBERS.
R  INDICATES RECORD WAS SET OR TIED.
MM INDICATES DATA IS MISSING.
T  INDICATES TRACE AMOUNT.




$$
