000
CDUS44 KMEG 192146
CLIMEM


CLIMATE REPORT
NATIONAL WEATHER SERVICE MEMPHIS TN
445 PM CDT TUE SEP 19 2017


...................................

...THE MEMPHIS CLIMATE SUMMARY FOR SEPTEMBER 19 2017...
VALID TODAY AS OF 0400 PM LOCAL TIME.

CLIMATE NORMAL PERIOD 1981 TO 2010
CLIMATE RECORD PERIOD 1872 TO 2017


WEATHER ITEM   OBSERVED TIME   RECORD YEAR NORMAL DEPARTURE LAST
                VALUE   (LST)  VALUE       VALUE  FROM      YEAR
                                                  NORMAL
..................................................................
TEMPERATURE (F)
 TODAY
  MAXIMUM         91    237 PM  98    2010  84      7       91
  MINIMUM         70    555 AM  46    1901  64      6       69
  AVERAGE         81                        74      7       80

PRECIPITATION (IN)
  TODAY            0.00          3.82 2002   0.10  -0.10     0.00
  MONTH TO DATE    1.60                      1.84  -0.24     0.67
  SINCE SEP 1      1.60                      1.84  -0.24     0.67
  SINCE JAN 1     38.26                     37.22   1.04    50.48

SNOWFALL (IN)
  TODAY            0.0

DEGREE DAYS
 HEATING
  TODAY            0                         0      0        0
  MONTH TO DATE    3                         0      3        0
  SINCE SEP 1      3                         0      3        0
  SINCE JUL 1      3                         0      3        0

 COOLING
  TODAY           16                         9      7       15
  MONTH TO DATE  164                       233    -69      336
  SINCE SEP 1    164                       233    -69      336
  SINCE JAN 1   1980                      2068    -88     2437
..................................................................


WIND (MPH)
  HIGHEST WIND SPEED    14   HIGHEST WIND DIRECTION     S (200)
  HIGHEST GUST SPEED    18   HIGHEST GUST DIRECTION    SW (210)
  AVERAGE WIND SPEED     3.5


SKY COVER
  POSSIBLE SUNSHINE  MM
  AVERAGE SKY COVER 0.2


WEATHER CONDITIONS
 THE FOLLOWING WEATHER WAS RECORDED TODAY.
  NO SIGNIFICANT WEATHER WAS OBSERVED.


RELATIVE HUMIDITY (PERCENT)
 HIGHEST   100           500 AM
 LOWEST     52           200 PM
 AVERAGE    76

..........................................................


THE MEMPHIS CLIMATE NORMALS FOR TOMORROW
                         NORMAL    RECORD    YEAR
 MAXIMUM TEMPERATURE (F)   84       100      2010
 MINIMUM TEMPERATURE (F)   64        47      1991
                                             1875


SUNRISE AND SUNSET
SEPTEMBER 19 2017.....SUNRISE   646 AM CDT   SUNSET   701 PM CDT
SEPTEMBER 20 2017.....SUNRISE   647 AM CDT   SUNSET   659 PM CDT


-  INDICATES NEGATIVE NUMBERS.
R  INDICATES RECORD WAS SET OR TIED.
MM INDICATES DATA IS MISSING.
T  INDICATES TRACE AMOUNT.




$$
