000
CDUS44 KMEG 240638
CLIMEM


CLIMATE REPORT
NATIONAL WEATHER SERVICE MEMPHIS TN
138 AM CDT THU APR 24 2014


...................................

...THE MEMPHIS CLIMATE SUMMARY FOR APRIL 23 2014...

CLIMATE NORMAL PERIOD 1981 TO 2010
CLIMATE RECORD PERIOD 1872 TO 2014


WEATHER ITEM   OBSERVED TIME   RECORD YEAR NORMAL DEPARTURE LAST
                VALUE   (LST)  VALUE       VALUE  FROM      YEAR
                                                  NORMAL
..................................................................
TEMPERATURE (F)
 YESTERDAY
  MAXIMUM         78    411 PM  89    1965  75      3       77
  MINIMUM         51    454 AM  37    1959  55     -4       60
  AVERAGE         65                        65      0       69

PRECIPITATION (IN)
  YESTERDAY        0.00          4.25 1985   0.19  -0.19     0.62
  MONTH TO DATE    2.56                      4.20  -1.64     6.00
  SINCE MAR 1      9.94                      9.36   0.58     9.38
  SINCE JAN 1     18.06                     17.73   0.33    22.95

SNOWFALL (IN)
  YESTERDAY        0.0           T    1955   0.0    0.0      0.0
  MONTH TO DATE    0.0                       0.0    0.0      0.0
  SINCE MAR 1      0.5                       0.4    0.1       T
  SINCE JUL 1      0.8                       3.8   -3.0      0.9
  SNOW DEPTH       0

DEGREE DAYS
 HEATING
  YESTERDAY        0                         3     -3        0
  MONTH TO DATE  120                       121     -1      142
  SINCE MAR 1    595                       479    116      648
  SINCE JUL 1   3421                      2929    492     2846

 COOLING
  YESTERDAY        0                         3     -3        4
  MONTH TO DATE   40                        51    -11       59
  SINCE MAR 1     42                        68    -26       61
  SINCE JAN 1     42                        71    -29       70
..................................................................


WIND (MPH)
  HIGHEST WIND SPEED    13   HIGHEST WIND DIRECTION     E (80)
  HIGHEST GUST SPEED    20   HIGHEST GUST DIRECTION    NE (30)
  AVERAGE WIND SPEED     6.3


SKY COVER
  POSSIBLE SUNSHINE  MM
  AVERAGE SKY COVER 0.1


WEATHER CONDITIONS
 THE FOLLOWING WEATHER WAS RECORDED YESTERDAY.
  NO SIGNIFICANT WEATHER WAS OBSERVED.


RELATIVE HUMIDITY (PERCENT)
 HIGHEST    68           500 AM
 LOWEST     19           300 PM
 AVERAGE    44

..........................................................


THE MEMPHIS CLIMATE NORMALS FOR TODAY
                         NORMAL    RECORD    YEAR
 MAXIMUM TEMPERATURE (F)   75        88      1990
                                             1989
                                             1965
 MINIMUM TEMPERATURE (F)   56        32      1910


SUNRISE AND SUNSET
APRIL 24 2014.........SUNRISE   617 AM CDT   SUNSET   740 PM CDT
APRIL 25 2014.........SUNRISE   616 AM CDT   SUNSET   741 PM CDT


-  INDICATES NEGATIVE NUMBERS.
R  INDICATES RECORD WAS SET OR TIED.
MM INDICATES DATA IS MISSING.
T  INDICATES TRACE AMOUNT.




$$
