000
CDUS41 KCLE 040545
CLIMFD


CLIMATE REPORT
NATIONAL WEATHER SERVICE CLEVELAND OH
145 AM EDT SAT JUL 4 2015


...................................

...THE MANSFIELD OH CLIMATE SUMMARY FOR JULY 3 2015...

CLIMATE NORMAL PERIOD 1981 TO 2010
CLIMATE RECORD PERIOD 1916 TO 2015


WEATHER ITEM   OBSERVED TIME   RECORD YEAR NORMAL DEPARTURE LAST
                VALUE   (LST)  VALUE       VALUE  FROM      YEAR
                                                  NORMAL
..................................................................
TEMPERATURE (F)
 YESTERDAY
  MAXIMUM         79    301 PM  93    1966  82     -3       74
                                      1949
                                      1934
  MINIMUM         54    522 AM  44    1945  61     -7       56
                                      1940
  AVERAGE         67                        71     -4       65

PRECIPITATION (IN)
  YESTERDAY        0.00                      0.15  -0.15     0.04
  MONTH TO DATE    0.00                      0.44  -0.44     0.98
  SINCE JUN 1      7.44                      5.19   2.25     7.46
  SINCE JAN 1     25.23                     22.52   2.71    23.79

SNOWFALL (IN)
  YESTERDAY        0.0                       0.0    0.0      0.0
  MONTH TO DATE    0.0                       0.0    0.0      0.0
  SINCE JUN 1      0.0                       0.0    0.0      0.0
  SINCE JUL 1      0.0                       0.0    0.0      0.0
  SNOW DEPTH       0

DEGREE DAYS
 HEATING
  YESTERDAY        0                         0      0        0
  MONTH TO DATE    0                         0      0        0
  SINCE JUN 1     33                        53    -20       24
  SINCE JUL 1      0                         0      0        0

 COOLING
  YESTERDAY        2                         7     -5        0
  MONTH TO DATE    6                        21    -15       23
  SINCE JUN 1    162                       155      7      192
  SINCE JAN 1    280                       201     79      255
..................................................................


WIND (MPH)
  HIGHEST WIND SPEED    13   HIGHEST WIND DIRECTION     N (360)
  HIGHEST GUST SPEED    16   HIGHEST GUST DIRECTION     N (360)
  AVERAGE WIND SPEED     5.4


SKY COVER
  POSSIBLE SUNSHINE  MM
  AVERAGE SKY COVER 0.1


WEATHER CONDITIONS
 THE FOLLOWING WEATHER WAS RECORDED YESTERDAY.
  NO SIGNIFICANT WEATHER WAS OBSERVED.


RELATIVE HUMIDITY (PERCENT)
 HIGHEST    93           400 AM
 LOWEST     48           300 PM
 AVERAGE    71

..........................................................


THE MANSFIELD OH CLIMATE NORMALS FOR TODAY
                         NORMAL    RECORD    YEAR
 MAXIMUM TEMPERATURE (F)   82        96      2012
 MINIMUM TEMPERATURE (F)   61        42      1940


SUNRISE AND SUNSET
JULY  4 2015..........SUNRISE   604 AM EDT   SUNSET   905 PM EDT
JULY  5 2015..........SUNRISE   604 AM EDT   SUNSET   905 PM EDT


-  INDICATES NEGATIVE NUMBERS.
R  INDICATES RECORD WAS SET OR TIED.
MM INDICATES DATA IS MISSING.
T  INDICATES TRACE AMOUNT.




$$
