000
CDUS41 KCLE 280534
CLIMFD


CLIMATE REPORT
NATIONAL WEATHER SERVICE CLEVELAND OH
1233 AM EST TUE FEB 28 2017


...................................

...THE MANSFIELD OH CLIMATE SUMMARY FOR FEBRUARY 27 2017...

CLIMATE NORMAL PERIOD 1981 TO 2010
CLIMATE RECORD PERIOD 1916 TO 2017


WEATHER ITEM   OBSERVED TIME   RECORD YEAR NORMAL DEPARTURE LAST
                VALUE   (LST)  VALUE       VALUE  FROM      YEAR
                                                  NORMAL
..................................................................
TEMPERATURE (F)
 YESTERDAY
  MAXIMUM         47    150 PM  67    1996  40      7       44
  MINIMUM         32    321 AM  -8    1934  23      9       27
  AVERAGE         40                        31      9       36

PRECIPITATION (IN)
  YESTERDAY        0.00                      0.09  -0.09      T
  MONTH TO DATE    1.95                      2.30  -0.35     3.23
  SINCE DEC 1     11.00                      8.46   2.54     8.93
  SINCE JAN 1      7.86                      5.17   2.69     4.77

SNOWFALL (IN)
  YESTERDAY        0.0                       0.4   -0.4       T
  MONTH TO DATE    3.8                      11.0   -7.2     11.5
  SINCE DEC 1     21.4                      34.8  -13.4     20.4
  SINCE JUL 1     21.6                      37.5  -15.9     20.4
  SNOW DEPTH       0

DEGREE DAYS
 HEATING
  YESTERDAY       25                        34     -9       29
  MONTH TO DATE  675                       993   -318      925
  SINCE DEC 1   2777                      3312   -535     2797
  SINCE JUL 1   3654                      4593   -939     3737

 COOLING
  YESTERDAY        0                         0      0        0
  MONTH TO DATE    0                         0      0        0
  SINCE DEC 1      0                         0      0        0
  SINCE JAN 1      0                         0      0        0
..................................................................


WIND (MPH)
  HIGHEST WIND SPEED    17   HIGHEST WIND DIRECTION     S (170)
  HIGHEST GUST SPEED    21   HIGHEST GUST DIRECTION     S (170)
  AVERAGE WIND SPEED     8.6


SKY COVER
  POSSIBLE SUNSHINE  MM
  AVERAGE SKY COVER 0.8


WEATHER CONDITIONS
 THE FOLLOWING WEATHER WAS RECORDED YESTERDAY.
  NO SIGNIFICANT WEATHER WAS OBSERVED.


RELATIVE HUMIDITY (PERCENT)
 HIGHEST    92          1000 PM
 LOWEST     49          1100 AM
 AVERAGE    71

..........................................................


THE MANSFIELD OH CLIMATE NORMALS FOR TODAY
                         NORMAL    RECORD    YEAR
 MAXIMUM TEMPERATURE (F)   40        63      1939
 MINIMUM TEMPERATURE (F)   23        -5      2015


SUNRISE AND SUNSET
FEBRUARY 28 2017......SUNRISE   705 AM EST   SUNSET   620 PM EST
MARCH  1 2017.........SUNRISE   704 AM EST   SUNSET   622 PM EST


-  INDICATES NEGATIVE NUMBERS.
R  INDICATES RECORD WAS SET OR TIED.
MM INDICATES DATA IS MISSING.
T  INDICATES TRACE AMOUNT.




$$
