000
CDUS41 KCLE 310526
CLIMFD


CLIMATE REPORT
NATIONAL WEATHER SERVICE CLEVELAND OH
125 AM EDT MON AUG 31 2015


...................................

...THE MANSFIELD OH CLIMATE SUMMARY FOR AUGUST 30 2015...

CLIMATE NORMAL PERIOD 1981 TO 2010
CLIMATE RECORD PERIOD 1916 TO 2015


WEATHER ITEM   OBSERVED TIME   RECORD YEAR NORMAL DEPARTURE LAST
                VALUE   (LST)  VALUE       VALUE  FROM      YEAR
                                                  NORMAL
..................................................................
TEMPERATURE (F)
 YESTERDAY
  MAXIMUM         85    407 PM  94    1953  79      6       89
                                      1932
  MINIMUM         67    638 AM  32    1946  58      9       67
  AVERAGE         76                        68      8       78

PRECIPITATION (IN)
  YESTERDAY        0.14                      0.14   0.00     0.00
  MONTH TO DATE    1.27                      4.23  -2.96     3.56
  SINCE JUN 1     10.20                     13.36  -3.16    12.78
  SINCE JAN 1     27.99                     30.69  -2.70    29.11

SNOWFALL (IN)
  YESTERDAY        0.0                       0.0    0.0      0.0
  MONTH TO DATE    0.0                       0.0    0.0      0.0
  SINCE JUN 1      0.0                       0.0    0.0      0.0
  SINCE JUL 1      0.0                       0.0    0.0      0.0
  SNOW DEPTH       0

DEGREE DAYS
 HEATING
  YESTERDAY        0                         1     -1        0
  MONTH TO DATE   14                        11      3       10
  SINCE JUN 1     50                        72    -22       51
  SINCE JUL 1     17                        19     -2       27

 COOLING
  YESTERDAY       11                         4      7       13
  MONTH TO DATE  157                       166     -9      174
  SINCE JUN 1    502                       510     -8      480
  SINCE JAN 1    620                       556     64      543
..................................................................


WIND (MPH)
  HIGHEST WIND SPEED    15   HIGHEST WIND DIRECTION    SW (220)
  HIGHEST GUST SPEED    19   HIGHEST GUST DIRECTION     S (200)
  AVERAGE WIND SPEED     6.3


SKY COVER
  POSSIBLE SUNSHINE  MM
  AVERAGE SKY COVER 0.5


WEATHER CONDITIONS
 THE FOLLOWING WEATHER WAS RECORDED YESTERDAY.
  THUNDERSTORM
  HEAVY RAIN
  LIGHT RAIN
  FOG


RELATIVE HUMIDITY (PERCENT)
 HIGHEST   100           300 AM
 LOWEST     51           300 PM
 AVERAGE    76

..........................................................


THE MANSFIELD OH CLIMATE NORMALS FOR TODAY
                         NORMAL    RECORD    YEAR
 MAXIMUM TEMPERATURE (F)   78        97      1932
 MINIMUM TEMPERATURE (F)   58        36      1946


SUNRISE AND SUNSET
AUGUST 31 2015........SUNRISE   656 AM EDT   SUNSET   804 PM EDT
SEPTEMBER  1 2015.....SUNRISE   657 AM EDT   SUNSET   803 PM EDT


-  INDICATES NEGATIVE NUMBERS.
R  INDICATES RECORD WAS SET OR TIED.
MM INDICATES DATA IS MISSING.
T  INDICATES TRACE AMOUNT.




$$
