000
CDUS44 KBRO 020636
CLIMFE


CLIMATE REPORT
NATIONAL WEATHER SERVICE BROWNSVILLE TX
136 AM CDT SUN AUG 2 2015


...................................

...THE MCALLEN CLIMATE SUMMARY FOR AUGUST 1 2015...

CLIMATE NORMAL PERIOD 1981 TO 2010
CLIMATE RECORD PERIOD 1941 TO 2015


WEATHER ITEM   OBSERVED TIME   RECORD YEAR NORMAL DEPARTURE LAST
                VALUE   (LST)  VALUE       VALUE  FROM      YEAR
                                                  NORMAL
..................................................................
TEMPERATURE (F)
 YESTERDAY
  MAXIMUM        102    330 PM 106    2009  98      4      102
  MINIMUM         79   1159 PM  68    1979  77      2       80
                                      1985
  AVERAGE         91                        88      3

PRECIPITATION (IN)
  YESTERDAY        T             1.36 1981   0.05  -0.05     0.00
  MONTH TO DATE    T                         0.05  -0.05     0.00
  SINCE JUN 1      5.64                      4.63   1.01     0.90
  SINCE JAN 1     17.11                     11.41   5.70     3.78

SNOWFALL (IN)
  YESTERDAY        0.0
  MONTH TO DATE    0.0
  SINCE JUN 1      0.0
  SINCE JUL 1      0.0

DEGREE DAYS
 HEATING
  YESTERDAY        0                         0      0        0
  MONTH TO DATE    0                         0      0        0
  SINCE JUN 1      0                         0      0        0
  SINCE JUL 1      0                         0      0        0

 COOLING
  YESTERDAY       26                        22      4       26
  MONTH TO DATE   26                        22      4       26
  SINCE JUN 1   1420                      1324     96     1408
  SINCE JAN 1   2665                      2579     86     2464
..................................................................


WIND (MPH)
  HIGHEST WIND SPEED    18   HIGHEST WIND DIRECTION     E (110)
  HIGHEST GUST SPEED    23   HIGHEST GUST DIRECTION     E (110)
  AVERAGE WIND SPEED     5.9



WEATHER CONDITIONS
 THE FOLLOWING WEATHER WAS RECORDED YESTERDAY.
  LIGHT RAIN
  HAZE


RELATIVE HUMIDITY (PERCENT)
 HIGHEST    85
 LOWEST     35
 AVERAGE    60

..........................................................


THE MCALLEN CLIMATE NORMALS FOR TODAY
                         NORMAL    RECORD    YEAR
 MAXIMUM TEMPERATURE (F)   98       104      2012
                                             2009
 MINIMUM TEMPERATURE (F)   77        69      1979


SUNRISE AND SUNSET
AUGUST  2 2015........SUNRISE   659 AM CDT   SUNSET   819 PM CDT
AUGUST  3 2015........SUNRISE   700 AM CDT   SUNSET   818 PM CDT


-  INDICATES NEGATIVE NUMBERS.
R  INDICATES RECORD WAS SET OR TIED.
MM INDICATES DATA IS MISSING.
T  INDICATES TRACE AMOUNT.




$$
