000
CDUS44 KBRO 072145
CLIMFE


CLIMATE REPORT
NATIONAL WEATHER SERVICE BROWNSVILLE TX
445 PM CDT TUE JUL 7 2015


...................................

...THE MCALLEN CLIMATE SUMMARY FOR JULY 7 2015...
VALID TODAY AS OF 0400 PM LOCAL TIME.

CLIMATE NORMAL PERIOD 1981 TO 2010
CLIMATE RECORD PERIOD 1941 TO 2015


WEATHER ITEM   OBSERVED TIME   RECORD YEAR NORMAL DEPARTURE LAST
                VALUE   (LST)  VALUE       VALUE  FROM      YEAR
                                                  NORMAL
..................................................................
TEMPERATURE (F)
 TODAY
  MAXIMUM         96    259 PM 109    2009  97     -1       97
  MINIMUM         81    649 AM  68    1976  76      5       74
  AVERAGE         89                        86      3       86

PRECIPITATION (IN)
  TODAY            0.00          1.57 2008   0.08  -0.08     0.00
  MONTH TO DATE    0.25                      0.53  -0.28     0.32
  SINCE JUN 1      5.64                      3.11   2.53     0.62
  SINCE JAN 1     17.11                      9.89   7.22     3.50

SNOWFALL (IN)
  TODAY            0.0
  MONTH TO DATE    0.0
  SINCE JUN 1      0.0
  SINCE JUL 1      0.0
  SNOW DEPTH       0

DEGREE DAYS
 HEATING
  TODAY            0                         0      0        0
  MONTH TO DATE    0                         0      0        0
  SINCE JUN 1      0                         0      0        0
  SINCE JUL 1      0                         0      0        0

 COOLING
  TODAY           24                        21      3       21
  MONTH TO DATE  145                       147     -2      148
  SINCE JUN 1    786                       775     11      818
  SINCE JAN 1   2031                      2030      1     1874
..................................................................


WIND (MPH)
  HIGHEST WIND SPEED    28   HIGHEST WIND DIRECTION    SE (150)
  HIGHEST GUST SPEED    35   HIGHEST GUST DIRECTION    SE (140)
  AVERAGE WIND SPEED    17.8



WEATHER CONDITIONS
 THE FOLLOWING WEATHER WAS RECORDED TODAY.
  HAZE


..........................................................


THE MCALLEN CLIMATE NORMALS FOR TOMORROW
                         NORMAL    RECORD    YEAR
 MAXIMUM TEMPERATURE (F)   97       105      2009
 MINIMUM TEMPERATURE (F)   76        69      1976


SUNRISE AND SUNSET
JULY  7 2015..........SUNRISE   646 AM CDT   SUNSET   829 PM CDT
JULY  8 2015..........SUNRISE   647 AM CDT   SUNSET   829 PM CDT


-  INDICATES NEGATIVE NUMBERS.
R  INDICATES RECORD WAS SET OR TIED.
MM INDICATES DATA IS MISSING.
T  INDICATES TRACE AMOUNT.




$$
