000
CDUS44 KBRO 250626
CLIMFE


CLIMATE REPORT
NATIONAL WEATHER SERVICE BROWNSVILLE TX
125 AM CDT THU MAY 25 2017


...................................

...THE MCALLEN CLIMATE SUMMARY FOR MAY 24 2017...

CLIMATE NORMAL PERIOD 1981 TO 2010
CLIMATE RECORD PERIOD 1961 TO 2017


WEATHER ITEM   OBSERVED TIME   RECORD YEAR NORMAL DEPARTURE LAST
                VALUE   (LST)  VALUE       VALUE  FROM      YEAR
                                                  NORMAL
..................................................................
TEMPERATURE (F)
 YESTERDAY
  MAXIMUM         93    355 PM  99    2011  93      0       94
                                      2008
  MINIMUM         67    522 AM  60    1967  74     -7       80
  AVERAGE         80                        83     -3

PRECIPITATION (IN)
  YESTERDAY        0.00          3.01 1982   0.07  -0.07     0.00
  MONTH TO DATE    0.31                      1.71  -1.40     4.39
  SINCE MAR 1      3.56                      4.08  -0.52     5.01
  SINCE JAN 1      5.19                      6.24  -1.05     5.41

SNOWFALL (IN)
  YESTERDAY        0.0
  MONTH TO DATE    0.0
  SINCE MAR 1      0.0
  SINCE JUL 1      0.0

DEGREE DAYS
 HEATING
  YESTERDAY        0                         0      0        0
  MONTH TO DATE    0                         0      0        0
  SINCE MAR 1      1                        46    -45        7
  SINCE JUL 1    189                       579   -390      318

 COOLING
  YESTERDAY       15                        18     -3       22
  MONTH TO DATE  458                       390     68      441
  SINCE MAR 1   1306                       962    344     1263
  SINCE JAN 1   1787                      1121    666     1468
..................................................................


WIND (MPH)
  HIGHEST WIND SPEED    22   HIGHEST WIND DIRECTION     N (10)
  HIGHEST GUST SPEED    30   HIGHEST GUST DIRECTION     N (360)
  AVERAGE WIND SPEED    10.0



WEATHER CONDITIONS
 THE FOLLOWING WEATHER WAS RECORDED YESTERDAY.
  THUNDERSTORM
  HAZE


RELATIVE HUMIDITY (PERCENT)
 HIGHEST    79
 LOWEST     17
 AVERAGE    48

..........................................................


THE MCALLEN CLIMATE NORMALS FOR TODAY
                         NORMAL    RECORD    YEAR
 MAXIMUM TEMPERATURE (F)   94       103      1989
 MINIMUM TEMPERATURE (F)   74        62      1967


SUNRISE AND SUNSET
MAY 25 2017...........SUNRISE   642 AM CDT   SUNSET   818 PM CDT
MAY 26 2017...........SUNRISE   642 AM CDT   SUNSET   818 PM CDT


-  INDICATES NEGATIVE NUMBERS.
R  INDICATES RECORD WAS SET OR TIED.
MM INDICATES DATA IS MISSING.
T  INDICATES TRACE AMOUNT.




$$
