000
CDUS44 KBRO 280633
CLIMFE


CLIMATE REPORT
NATIONAL WEATHER SERVICE BROWNSVILLE TX
131 AM CDT WED SEP 28 2016


...................................

...THE MCALLEN CLIMATE SUMMARY FOR SEPTEMBER 27 2016...

CLIMATE NORMAL PERIOD 1981 TO 2010
CLIMATE RECORD PERIOD 1961 TO 2016


WEATHER ITEM   OBSERVED TIME   RECORD YEAR NORMAL DEPARTURE LAST
                VALUE   (LST)  VALUE       VALUE  FROM      YEAR
                                                  NORMAL
..................................................................
TEMPERATURE (F)
 YESTERDAY
  MAXIMUM         80    518 PM 102    1966  91    -11       92
  MINIMUM         73   1159 PM  55    1970  71      2       68
  AVERAGE         77                        81     -4

PRECIPITATION (IN)
  YESTERDAY        0.00          2.27 2014   0.11  -0.11     0.00
  MONTH TO DATE    0.68                      4.12  -3.44     5.44
  SINCE SEP 1      0.68                      4.12  -3.44     5.44
  SINCE JAN 1      9.98                     17.69  -7.71    25.20

SNOWFALL (IN)
  YESTERDAY        0.0
  MONTH TO DATE    0.0
  SINCE SEP 1      0.0
  SINCE JUL 1      0.0

DEGREE DAYS
 HEATING
  YESTERDAY        0                         0      0        0
  MONTH TO DATE    0                         0      0        0
  SINCE SEP 1      0                         0      0        0
  SINCE JUL 1      0                         0      0        0

 COOLING
  YESTERDAY       12                        16     -4       15
  MONTH TO DATE  662                       502    160      562
  SINCE SEP 1    662                       502    160      562
  SINCE JAN 1   4564                      3753    811     3989
..................................................................


WIND (MPH)
  HIGHEST WIND SPEED    18   HIGHEST WIND DIRECTION     N (360)
  HIGHEST GUST SPEED    24   HIGHEST GUST DIRECTION     N (360)
  AVERAGE WIND SPEED    11.6



WEATHER CONDITIONS
 THE FOLLOWING WEATHER WAS RECORDED YESTERDAY.
  HAZE


RELATIVE HUMIDITY (PERCENT)
 HIGHEST    87
 LOWEST     67
 AVERAGE    77

..........................................................


THE MCALLEN CLIMATE NORMALS FOR TODAY
                         NORMAL    RECORD    YEAR
 MAXIMUM TEMPERATURE (F)   91       104      2005
 MINIMUM TEMPERATURE (F)   71        55      1970


SUNRISE AND SUNSET
SEPTEMBER 28 2016.....SUNRISE   724 AM CDT   SUNSET   722 PM CDT
SEPTEMBER 29 2016.....SUNRISE   725 AM CDT   SUNSET   721 PM CDT


-  INDICATES NEGATIVE NUMBERS.
R  INDICATES RECORD WAS SET OR TIED.
MM INDICATES DATA IS MISSING.
T  INDICATES TRACE AMOUNT.




$$
