000
CDUS44 KBRO 262145
CLIMFE


CLIMATE REPORT
NATIONAL WEATHER SERVICE BROWNSVILLE TX
445 PM CDT THU MAY 26 2016


...................................

...THE MCALLEN CLIMATE SUMMARY FOR MAY 26 2016...
VALID TODAY AS OF 0400 PM LOCAL TIME.

CLIMATE NORMAL PERIOD 1981 TO 2010
CLIMATE RECORD PERIOD 1961 TO 2016


WEATHER ITEM   OBSERVED TIME   RECORD YEAR NORMAL DEPARTURE LAST
                VALUE   (LST)  VALUE       VALUE  FROM      YEAR
                                                  NORMAL
..................................................................
TEMPERATURE (F)
 TODAY
  MAXIMUM         94    220 PM  99    2000  94      0       93
  MINIMUM         77   1244 AM  66    1967  74      3       81
  AVERAGE         86                        84      2       87

PRECIPITATION (IN)
  TODAY            T             0.29 1961   0.07  -0.07     0.00
  MONTH TO DATE    4.98                      1.86   3.12     3.76
  SINCE MAR 1      5.60                      4.23   1.37     9.74
  SINCE JAN 1      6.00                      6.39  -0.39    10.33

SNOWFALL (IN)
  TODAY            0.0
  MONTH TO DATE    0.0
  SINCE MAR 1      0.0
  SINCE JUL 1      0.0
  SNOW DEPTH       0

DEGREE DAYS
 HEATING
  TODAY            0                         0      0        0
  MONTH TO DATE    0                         0      0        0
  SINCE MAR 1      7                        46    -39       66
  SINCE JUL 1    318                       579   -261      756

 COOLING
  TODAY           21                        19      2       22
  MONTH TO DATE  483                       428     55      473
  SINCE MAR 1   1305                      1000    305     1069
  SINCE JAN 1   1510                      1159    351     1154
..................................................................


WIND (MPH)
  HIGHEST WIND SPEED    25   HIGHEST WIND DIRECTION    SE (140)
  HIGHEST GUST SPEED    32   HIGHEST GUST DIRECTION    SE (140)
  AVERAGE WIND SPEED    11.9



WEATHER CONDITIONS
 THE FOLLOWING WEATHER WAS RECORDED TODAY.
  THUNDERSTORM
  LIGHT RAIN
  FOG
  HAZE


..........................................................


THE MCALLEN CLIMATE NORMALS FOR TOMORROW
                         NORMAL    RECORD    YEAR
 MAXIMUM TEMPERATURE (F)   94       107      1973
 MINIMUM TEMPERATURE (F)   74        58      1967


SUNRISE AND SUNSET
MAY 26 2016...........SUNRISE   642 AM CDT   SUNSET   818 PM CDT
MAY 27 2016...........SUNRISE   642 AM CDT   SUNSET   819 PM CDT


-  INDICATES NEGATIVE NUMBERS.
R  INDICATES RECORD WAS SET OR TIED.
MM INDICATES DATA IS MISSING.
T  INDICATES TRACE AMOUNT.




$$
