000
CDUS44 KBRO 182227
CLIMFE


CLIMATE REPORT
NATIONAL WEATHER SERVICE BROWNSVILLE TX
426 PM CST SAT NOV 18 2017


...................................

...THE MCALLEN CLIMATE SUMMARY FOR NOVEMBER 18 2017...
VALID TODAY AS OF 0400 PM LOCAL TIME.

CLIMATE NORMAL PERIOD 1981 TO 2010
CLIMATE RECORD PERIOD 1961 TO 2017


WEATHER ITEM   OBSERVED TIME   RECORD YEAR NORMAL DEPARTURE LAST
                VALUE   (LST)  VALUE       VALUE  FROM      YEAR
                                                  NORMAL
..................................................................
TEMPERATURE (F)
 TODAY
  MAXIMUM         90    356 PM  91    2016  79     11       91
                                      1988
  MINIMUM         71    731 AM  32    2014  58     13       63
  AVERAGE         81                        69     12       77

PRECIPITATION (IN)
  TODAY            0.00          1.07 1976   0.03  -0.03     0.04
  MONTH TO DATE    2.99                      0.58   2.41     1.90
  SINCE SEP 1     11.57                      7.13   4.44     3.74
  SINCE JAN 1     18.36                     20.70  -2.34    13.04

SNOWFALL (IN)
  TODAY            0.0
  MONTH TO DATE    0.0
  SINCE SEP 1      0.0
  SINCE JUL 1      0.0
  SNOW DEPTH       0

DEGREE DAYS
 HEATING
  TODAY            0                         2     -2        0
  MONTH TO DATE    9                        22    -13        0
  SINCE SEP 1     19                        27     -8        0
  SINCE JUL 1     19                        27     -8        0

 COOLING
  TODAY           16                         6     10       12
  MONTH TO DATE  230                       133     97      217
  SINCE SEP 1   1289                      1064    225     1499
  SINCE JAN 1   5555                      4315   1240     5401
..................................................................


WIND (MPH)
  HIGHEST WIND SPEED    20   HIGHEST WIND DIRECTION     S (160)
  HIGHEST GUST SPEED    25   HIGHEST GUST DIRECTION     S (160)
  AVERAGE WIND SPEED    10.0



WEATHER CONDITIONS
 THE FOLLOWING WEATHER WAS RECORDED TODAY.
  NO SIGNIFICANT WEATHER WAS OBSERVED.


..........................................................


THE MCALLEN CLIMATE NORMALS FOR TOMORROW
                         NORMAL    RECORD    YEAR
 MAXIMUM TEMPERATURE (F)   79        94      1988
 MINIMUM TEMPERATURE (F)   58        38      1980


SUNRISE AND SUNSET
NOVEMBER 18 2017......SUNRISE   654 AM CST   SUNSET   542 PM CST
NOVEMBER 19 2017......SUNRISE   655 AM CST   SUNSET   542 PM CST


-  INDICATES NEGATIVE NUMBERS.
R  INDICATES RECORD WAS SET OR TIED.
MM INDICATES DATA IS MISSING.
T  INDICATES TRACE AMOUNT.




$$
