040
CDUS44 KBRO 110745
CLIMFE


CLIMATE REPORT
NATIONAL WEATHER SERVICE BROWNSVILLE TX
145 AM CST SUN DEC 11 2016


...................................

...THE MCALLEN CLIMATE SUMMARY FOR DECEMBER 10 2016...

CLIMATE NORMAL PERIOD 1981 TO 2010
CLIMATE RECORD PERIOD 1961 TO 2016


WEATHER ITEM   OBSERVED TIME   RECORD YEAR NORMAL DEPARTURE LAST
                VALUE   (LST)  VALUE       VALUE  FROM      YEAR
                                                  NORMAL
..................................................................
TEMPERATURE (F)
 YESTERDAY
  MAXIMUM         59    129 PM  89    2015  73    -14       89
                                      1983
  MINIMUM         47    353 AM  30    1978  53     -6       58
  AVERAGE         53                        63    -10

PRECIPITATION (IN)
  YESTERDAY        T             1.66 2011   0.04  -0.04     0.00
  MONTH TO DATE    0.55                      0.34   0.21     0.00
  SINCE DEC 1      0.55                      0.34   0.21     0.00
  SINCE JAN 1     13.70                     21.35  -7.65    26.36

SNOWFALL (IN)
  YESTERDAY       MM
  MONTH TO DATE    0.0
  SINCE DEC 1      0.0
  SINCE JUL 1      0.0

DEGREE DAYS
 HEATING
  YESTERDAY       12                         5      7        0
  MONTH TO DATE   49                        45      4       21
  SINCE DEC 1     49                        45      4       21
  SINCE JUL 1     56                       105    -49       55

 COOLING
  YESTERDAY        0                         3     -3        9
  MONTH TO DATE   30                        32     -2       18
  SINCE DEC 1     30                        32     -2       18
  SINCE JAN 1   5544                      4401   1143     4818
..................................................................


WIND (MPH)
  HIGHEST WIND SPEED    15   HIGHEST WIND DIRECTION    NW (330)
  HIGHEST GUST SPEED    19   HIGHEST GUST DIRECTION    NW (320)
  AVERAGE WIND SPEED     7.7



WEATHER CONDITIONS
 THE FOLLOWING WEATHER WAS RECORDED YESTERDAY.
  NO SIGNIFICANT WEATHER WAS OBSERVED.


RELATIVE HUMIDITY (PERCENT)
 HIGHEST    65
 LOWEST     51
 AVERAGE    58

..........................................................


THE MCALLEN CLIMATE NORMALS FOR TODAY
                         NORMAL    RECORD    YEAR
 MAXIMUM TEMPERATURE (F)   73        91      1987
 MINIMUM TEMPERATURE (F)   52        35      1966


SUNRISE AND SUNSET
DECEMBER 11 2016......SUNRISE   711 AM CST   SUNSET   542 PM CST
DECEMBER 12 2016......SUNRISE   711 AM CST   SUNSET   543 PM CST


-  INDICATES NEGATIVE NUMBERS.
R  INDICATES RECORD WAS SET OR TIED.
MM INDICATES DATA IS MISSING.
T  INDICATES TRACE AMOUNT.




$$
