000
CDUS44 KBRO 250726
CLIMFE


CLIMATE REPORT
NATIONAL WEATHER SERVICE BROWNSVILLE TX
126 AM CST SUN JAN 25 2015


...................................

...THE MCALLEN CLIMATE SUMMARY FOR JANUARY 24 2015...

CLIMATE NORMAL PERIOD 1981 TO 2010
CLIMATE RECORD PERIOD 1941 TO 2015


WEATHER ITEM   OBSERVED TIME   RECORD YEAR NORMAL DEPARTURE LAST
                VALUE   (LST)  VALUE       VALUE  FROM      YEAR
                                                  NORMAL
..................................................................
TEMPERATURE (F)
 YESTERDAY
  MAXIMUM         66    434 PM  91    1943  72     -6       45
                                      1972
  MINIMUM         37    513 AM  25    1963  51    -14       40
  AVERAGE         52                        61     -9

PRECIPITATION (IN)
  YESTERDAY        0.00          1.51 1984   0.04  -0.04      T
  MONTH TO DATE    0.17                      0.81  -0.64     0.10
  SINCE DEC 1      1.02                      2.00  -0.98     3.13
  SINCE JAN 1      0.17                      0.81  -0.64     0.10

SNOWFALL (IN)
  YESTERDAY        0.0
  MONTH TO DATE    0.0
  SINCE DEC 1      0.0
  SINCE JUL 1      0.0

DEGREE DAYS
 HEATING
  YESTERDAY       13                         6      7       22
  MONTH TO DATE  291                       155    136      172
  SINCE DEC 1    396                       332     64      411
  SINCE JUL 1    525                       392    133      537

 COOLING
  YESTERDAY        0                         2     -2        0
  MONTH TO DATE    5                        48    -43       12
  SINCE DEC 1     88                       131    -43       58
  SINCE JAN 1      5                        48    -43       12
..................................................................


WIND (MPH)
  HIGHEST WIND SPEED    10   HIGHEST WIND DIRECTION     W (290)
  HIGHEST GUST SPEED    14   HIGHEST GUST DIRECTION    SW (230)
  AVERAGE WIND SPEED     4.0



WEATHER CONDITIONS
 THE FOLLOWING WEATHER WAS RECORDED YESTERDAY.
  HAZE


RELATIVE HUMIDITY (PERCENT)
 HIGHEST    92
 LOWEST     34
 AVERAGE    63

..........................................................


THE MCALLEN CLIMATE NORMALS FOR TODAY
                         NORMAL    RECORD    YEAR
 MAXIMUM TEMPERATURE (F)   72        88      1952
                                             1972
 MINIMUM TEMPERATURE (F)   51        35      1955


SUNRISE AND SUNSET
JANUARY 25 2015.......SUNRISE   720 AM CST   SUNSET   611 PM CST
JANUARY 26 2015.......SUNRISE   720 AM CST   SUNSET   611 PM CST


-  INDICATES NEGATIVE NUMBERS.
R  INDICATES RECORD WAS SET OR TIED.
MM INDICATES DATA IS MISSING.
T  INDICATES TRACE AMOUNT.




$$
