000
CDUS44 KBRO 180746
CLIMFE


CLIMATE REPORT
NATIONAL WEATHER SERVICE BROWNSVILLE TX
144 AM CST THU JAN 18 2018


...................................

...THE MCALLEN CLIMATE SUMMARY FOR JANUARY 17 2018...

CLIMATE NORMAL PERIOD 1981 TO 2010
CLIMATE RECORD PERIOD 1961 TO 2018


WEATHER ITEM   OBSERVED TIME   RECORD YEAR NORMAL DEPARTURE LAST
                VALUE   (LST)  VALUE       VALUE  FROM      YEAR
                                                  NORMAL
..................................................................
TEMPERATURE (F)
 YESTERDAY
  MAXIMUM         44    402 PM  89    2012  71    -27       87
                                      1999
  MINIMUM         34    909 AM  29    1964  51    -17       70
  AVERAGE         39                        61    -22

PRECIPITATION (IN)
  YESTERDAY        0.00          0.78 1978   0.03  -0.03     0.00
  MONTH TO DATE    0.15                      0.56  -0.41     0.16
  SINCE DEC 1      1.38                      1.75  -0.37     0.79
  SINCE JAN 1      0.15                      0.56  -0.41     0.16

SNOWFALL (IN)
  YESTERDAY        0.0
  MONTH TO DATE    T
  SINCE DEC 1      0.3
  SINCE JUL 1      0.3
  SNOW DEPTH       0

DEGREE DAYS
 HEATING
  YESTERDAY       26                         6     20        0
  MONTH TO DATE  170                       113     57       60
  SINCE DEC 1    382                       290     92      146
  SINCE JUL 1    411                       350     61      153

 COOLING
  YESTERDAY        0                         2     -2       14
  MONTH TO DATE   13                        34    -21      128
  SINCE DEC 1    101                       117    -16      311
  SINCE JAN 1     13                        34    -21      128
..................................................................


WIND (MPH)
  HIGHEST WIND SPEED    18   HIGHEST WIND DIRECTION     N (340)
  HIGHEST GUST SPEED    24   HIGHEST GUST DIRECTION     N (340)
  AVERAGE WIND SPEED     9.5



WEATHER CONDITIONS
 THE FOLLOWING WEATHER WAS RECORDED YESTERDAY.
  NO SIGNIFICANT WEATHER WAS OBSERVED.


RELATIVE HUMIDITY (PERCENT)
 HIGHEST    51
 LOWEST     29
 AVERAGE    40

..........................................................


THE MCALLEN CLIMATE NORMALS FOR TODAY
                         NORMAL    RECORD    YEAR
 MAXIMUM TEMPERATURE (F)   71        89      2011
 MINIMUM TEMPERATURE (F)   51        34      1977


SUNRISE AND SUNSET
JANUARY 18 2018.......SUNRISE   722 AM CST   SUNSET   605 PM CST
JANUARY 19 2018.......SUNRISE   721 AM CST   SUNSET   606 PM CST


-  INDICATES NEGATIVE NUMBERS.
R  INDICATES RECORD WAS SET OR TIED.
MM INDICATES DATA IS MISSING.
T  INDICATES TRACE AMOUNT.

$$
