000
CDUS46 KMFR 230839
CLIMFR


CLIMATE REPORT
NATIONAL WEATHER SERVICE MEDFORD, OR
139 AM PDT THU MAR 23 2017


...................................

...THE MEDFORD OR CLIMATE SUMMARY FOR MARCH 22 2017...

CLIMATE NORMAL PERIOD 1981 TO 2010
CLIMATE RECORD PERIOD 1911 TO 2017


WEATHER ITEM   OBSERVED TIME   RECORD YEAR NORMAL DEPARTURE LAST
                VALUE   (LST)  VALUE       VALUE  FROM      YEAR
                                                  NORMAL
..................................................................
TEMPERATURE (F)
 YESTERDAY
  MAXIMUM         57    452 PM  83    1939  60     -3       56
  MINIMUM         45   1159 PM  24    1994  38      7       40
                                      1966
  AVERAGE         51                        49      2       48

PRECIPITATION (IN)
  YESTERDAY        0.02          1.01 1938   0.05  -0.03     0.10
  MONTH TO DATE    1.16                      1.24  -0.08     2.41
  SINCE OCT 1     21.86                     13.32   8.54    17.42
  SINCE JAN 1     10.17                      5.68   4.49     7.66

SNOWFALL (IN)
  YESTERDAY       MM                         0.0   MM        0.0
  MONTH TO DATE    T                         0.4   -0.4      0.0
  SINCE JUL 1     11.8                       4.0    7.8      1.9
  SNOW DEPTH       0

DEGREE DAYS
 HEATING
  YESTERDAY       14                        16     -2       17
  MONTH TO DATE  330                       380    -50      314
  SINCE MAR 1    330                       380    -50      314
  SINCE JUL 1   3375                      3494   -119     2988

 COOLING
  YESTERDAY        0                         0      0        0
  MONTH TO DATE    0                         0      0        0
  SINCE MAR 1      0                         0      0        0
  SINCE JAN 1      0                         0      0        0
..................................................................


WIND (MPH)
  HIGHEST WIND SPEED    17   HIGHEST WIND DIRECTION     N (350)
  HIGHEST GUST SPEED    20   HIGHEST GUST DIRECTION     N (350)
  AVERAGE WIND SPEED     4.4


SKY COVER
  POSSIBLE SUNSHINE  MM
  AVERAGE SKY COVER 0.8


WEATHER CONDITIONS
 THE FOLLOWING WEATHER WAS RECORDED YESTERDAY.
  LIGHT RAIN


RELATIVE HUMIDITY (PERCENT)
 HIGHEST    93           200 AM
 LOWEST     47           400 PM
 AVERAGE    70

..........................................................


THE MEDFORD OR CLIMATE NORMALS FOR TODAY
                         NORMAL    RECORD    YEAR
 MAXIMUM TEMPERATURE (F)   60        81      1960
                                             1939
 MINIMUM TEMPERATURE (F)   38        25      2013
                                             1933


SUNRISE AND SUNSET
MARCH 23 2017.........SUNRISE   709 AM PDT   SUNSET   728 PM PDT
MARCH 24 2017.........SUNRISE   707 AM PDT   SUNSET   729 PM PDT


-  INDICATES NEGATIVE NUMBERS.
R  INDICATES RECORD WAS SET OR TIED.
MM INDICATES DATA IS MISSING.
T  INDICATES TRACE AMOUNT.




$$
