684
CDUS46 KMFR 231206
CLIMFR

CLIMATE REPORT
NATIONAL WEATHER SERVICE MEDFORD, OR
505 AM PDT SAT JUL 23 2016


...................................

...THE MEDFORD OR CLIMATE SUMMARY FOR JULY 22 2016...

CLIMATE NORMAL PERIOD 1981 TO 2010
CLIMATE RECORD PERIOD 1911 TO 2016


WEATHER ITEM   OBSERVED TIME   RECORD YEAR NORMAL DEPARTURE LAST
                VALUE   (LST)  VALUE       VALUE  FROM      YEAR
                                                  NORMAL
..................................................................
TEMPERATURE (F)
 YESTERDAY
  MAXIMUM         88    535 PM 106    2006  92     -4       87
                                      1928
  MINIMUM         56    509 AM  43    1965  58     -2       60
  AVERAGE         72                        75     -3       74

PRECIPITATION (IN)
  YESTERDAY        0.00          0.33 1987   0.01  -0.01     0.00
  MONTH TO DATE    0.45                      0.21   0.24     0.29
  SINCE OCT 1     19.77                     17.31   2.46    14.28
  SINCE JAN 1     10.01                      9.67   0.34     7.43

SNOWFALL (IN)
  YESTERDAY        0.0                       0.0    0.0      0.0
  MONTH TO DATE    0.0                       0.0    0.0      0.0
  SINCE JUL 1      0.0                       0.0    0.0      0.0
  SNOW DEPTH       0

DEGREE DAYS
 HEATING
  YESTERDAY        0                         0      0        0
  MONTH TO DATE    2                         1      1        0
  SINCE JUN 1     42                        55    -13       10
  SINCE JUL 1      2                         1      1        0

 COOLING
  YESTERDAY        7                        10     -3        9
  MONTH TO DATE  157                       189    -32      311
  SINCE JUN 1    358                       297     61      622
  SINCE JAN 1    419                       335     84      667
..................................................................


WIND (MPH)
  HIGHEST WIND SPEED    17   HIGHEST WIND DIRECTION     N (360)
  HIGHEST GUST SPEED    23   HIGHEST GUST DIRECTION     N (350)
  AVERAGE WIND SPEED     4.0


SKY COVER
  POSSIBLE SUNSHINE  MM
  AVERAGE SKY COVER 0.2


WEATHER CONDITIONS
 THE FOLLOWING WEATHER WAS RECORDED YESTERDAY.
  NO SIGNIFICANT WEATHER WAS OBSERVED.


RELATIVE HUMIDITY (PERCENT)
 HIGHEST    72           400 AM
 LOWEST     18           300 PM
 AVERAGE    45

..........................................................


THE MEDFORD OR CLIMATE NORMALS FOR TODAY
                         NORMAL    RECORD    YEAR
 MAXIMUM TEMPERATURE (F)   93       107      2006
 MINIMUM TEMPERATURE (F)   58        44      1922


SUNRISE AND SUNSET
JULY 23 2016..........SUNRISE   556 AM PDT   SUNSET   840 PM PDT
JULY 24 2016..........SUNRISE   557 AM PDT   SUNSET   839 PM PDT


-  INDICATES NEGATIVE NUMBERS.
R  INDICATES RECORD WAS SET OR TIED.
MM INDICATES DATA IS MISSING.
T  INDICATES TRACE AMOUNT.

&&

LOW TEMPERATURE THIS MORNING....56 DEGREES
24-HOUR PRECIPITATION..........NONE

$$
