000
CDUS46 KMFR 201816
CLIMFR

CLIMATE REPORT
NATIONAL WEATHER SERVICE MEDFORD, OR
1115 AM PDT FRI OCT 20 2017


...................................

...THE MEDFORD OR CLIMATE SUMMARY FOR OCTOBER 19 2017...

CLIMATE NORMAL PERIOD 1981 TO 2010
CLIMATE RECORD PERIOD 1911 TO 2017


WEATHER ITEM   OBSERVED TIME   RECORD YEAR NORMAL DEPARTURE LAST
                VALUE   (LST)  VALUE       VALUE  FROM      YEAR
                                                  NORMAL
..................................................................
TEMPERATURE (F)
 YESTERDAY
  MAXIMUM         62    128 PM  83    1999  68     -6       62
                                      1987
                                      1964
  MINIMUM         40    517 AM  20    1949  41     -1       41
  AVERAGE         51                        55     -4       52

PRECIPITATION (IN)
  YESTERDAY        0.40          0.81 1914   0.04   0.36      T
  MONTH TO DATE    0.40                      0.52  -0.12     4.21
  SINCE OCT 1      0.40                      0.52  -0.12     4.21
  SINCE JAN 1     13.92                     11.23   2.69    14.23

SNOWFALL (IN)
  YESTERDAY       MM                         0.0   MM        0.0
  MONTH TO DATE    0.0                       0.0    0.0      0.0
  SINCE JUL 1      0.0                       0.0    0.0      0.0
  SNOW DEPTH       0

DEGREE DAYS
 HEATING
  YESTERDAY       14                        10      4       13
  MONTH TO DATE  201                       135     66      140
  SINCE SEP 1    274                       194     80      179
  SINCE JUL 1    274                       204     70      181

 COOLING
  YESTERDAY        0                         0      0        0
  MONTH TO DATE    0                         8     -8        4
  SINCE SEP 1    156                       120     36      113
  SINCE JAN 1   1281                       827    454     1058
..................................................................


WIND (MPH)
  HIGHEST WIND SPEED    18   HIGHEST WIND DIRECTION    NW (330)
  HIGHEST GUST SPEED    22   HIGHEST GUST DIRECTION    NW (320)
  AVERAGE WIND SPEED     4.5


SKY COVER
  POSSIBLE SUNSHINE  MM
  AVERAGE SKY COVER 0.6


WEATHER CONDITIONS
 THE FOLLOWING WEATHER WAS RECORDED YESTERDAY.
  HEAVY RAIN
  RAIN
  LIGHT RAIN
  FOG


RELATIVE HUMIDITY (PERCENT)
 HIGHEST   100           900 PM
 LOWEST     46           100 PM
 AVERAGE    73

..........................................................


THE MEDFORD OR CLIMATE NORMALS FOR TODAY
                         NORMAL    RECORD    YEAR
 MAXIMUM TEMPERATURE (F)   68        83      1987
 MINIMUM TEMPERATURE (F)   41        23      1949


SUNRISE AND SUNSET
OCTOBER 20 2017.......SUNRISE   731 AM PDT   SUNSET   621 PM PDT
OCTOBER 21 2017.......SUNRISE   732 AM PDT   SUNSET   620 PM PDT


-  INDICATES NEGATIVE NUMBERS.
R  INDICATES RECORD WAS SET OR TIED.
MM INDICATES DATA IS MISSING.
T  INDICATES TRACE AMOUNT.

&&

THE LOW TEMPERATURE THIS MORNING...44 DEGREES.
24 HOUR PRECIPITATION...0.60 INCHES.

$$
