000
CDUS46 KMFR 310835
CLIMFR


CLIMATE REPORT
NATIONAL WEATHER SERVICE MEDFORD, OR
135 AM PDT TUE MAY 31 2016


...................................

...THE MEDFORD OR CLIMATE SUMMARY FOR MAY 30 2016...

CLIMATE NORMAL PERIOD 1981 TO 2010
CLIMATE RECORD PERIOD 1911 TO 2016


WEATHER ITEM   OBSERVED TIME   RECORD YEAR NORMAL DEPARTURE LAST
                VALUE   (LST)  VALUE       VALUE  FROM      YEAR
                                                  NORMAL
..................................................................
TEMPERATURE (F)
 YESTERDAY
  MAXIMUM         88    601 PM 103    1986  77     11       88
  MINIMUM         49    441 AM  34    1979  49      0       64
  AVERAGE         69                        63      6       76

PRECIPITATION (IN)
  YESTERDAY        0.00          0.74 1993   0.04  -0.04     0.00
  MONTH TO DATE    0.33                      1.27  -0.94     0.31
  SINCE OCT 1     18.75                     16.44   2.31    13.66
  SINCE JAN 1      8.99                      8.80   0.19     6.81

SNOWFALL (IN)
  YESTERDAY        0.0                       0.0    0.0      0.0
  MONTH TO DATE    0.0                       0.0    0.0      0.0
  SINCE JUL 1      1.9                       4.1   -2.2       T
  SNOW DEPTH       0

DEGREE DAYS
 HEATING
  YESTERDAY        0                         4     -4        0
  MONTH TO DATE   91                       193   -102      107
  SINCE MAR 1    746                      1078   -332      796
  SINCE JUL 1   3420                      4192   -772     3236

 COOLING
  YESTERDAY        4                         2      2       11
  MONTH TO DATE   35                        36     -1       36
  SINCE MAR 1     52                        39     13       36
  SINCE JAN 1     52                        39     13       36
..................................................................


WIND (MPH)
  HIGHEST WIND SPEED    10   HIGHEST WIND DIRECTION     N (350)
  HIGHEST GUST SPEED    13   HIGHEST GUST DIRECTION    NW (320)
  AVERAGE WIND SPEED     3.6


SKY COVER
  POSSIBLE SUNSHINE  MM
  AVERAGE SKY COVER 0.0


WEATHER CONDITIONS
 THE FOLLOWING WEATHER WAS RECORDED YESTERDAY.
  NO SIGNIFICANT WEATHER WAS OBSERVED.


RELATIVE HUMIDITY (PERCENT)
 HIGHEST    71           200 AM
 LOWEST     12           300 PM
 AVERAGE    42

..........................................................


THE MEDFORD OR CLIMATE NORMALS FOR TODAY
                         NORMAL    RECORD    YEAR
 MAXIMUM TEMPERATURE (F)   77       100      2001
                                             1986
 MINIMUM TEMPERATURE (F)   49        32      1920
                                             1919


SUNRISE AND SUNSET
MAY 31 2016...........SUNRISE   537 AM PDT   SUNSET   842 PM PDT
JUNE  1 2016..........SUNRISE   537 AM PDT   SUNSET   842 PM PDT


-  INDICATES NEGATIVE NUMBERS.
R  INDICATES RECORD WAS SET OR TIED.
MM INDICATES DATA IS MISSING.
T  INDICATES TRACE AMOUNT.




$$
