000
CDUS46 KMFR 280838
CLIMFR


CLIMATE REPORT
NATIONAL WEATHER SERVICE MEDFORD, OR
138 AM PDT FRI APR 28 2017


...................................

...THE MEDFORD OR CLIMATE SUMMARY FOR APRIL 27 2017...

CLIMATE NORMAL PERIOD 1981 TO 2010
CLIMATE RECORD PERIOD 1911 TO 2017


WEATHER ITEM   OBSERVED TIME   RECORD YEAR NORMAL DEPARTURE LAST
                VALUE   (LST)  VALUE       VALUE  FROM      YEAR
                                                  NORMAL
..................................................................
TEMPERATURE (F)
 YESTERDAY
  MAXIMUM         61    455 PM  95    1926  68     -7       62
  MINIMUM         38    550 AM  27    1955  43     -5       46
  AVERAGE         50                        55     -5       54

PRECIPITATION (IN)
  YESTERDAY        0.00          0.64 2010   0.04  -0.04     0.05
  MONTH TO DATE    0.95                      1.25  -0.30     0.90
  SINCE OCT 1     23.69                     15.04   8.65    18.36
  SINCE JAN 1     12.00                      7.40   4.60     8.60

SNOWFALL (IN)
  YESTERDAY        0.0                       0.0    0.0      0.0
  MONTH TO DATE    0.0                       0.1   -0.1      0.0
  SINCE JUL 1     11.8                       4.2    7.6      1.9
  SNOW DEPTH       0

DEGREE DAYS
 HEATING
  YESTERDAY       15                        10      5       11
  MONTH TO DATE  347                       337     10      186
  SINCE MAR 1    816                       855    -39      631
  SINCE JUL 1   3861                      3969   -108     3305

 COOLING
  YESTERDAY        0                         0      0        0
  MONTH TO DATE    0                         0      0       17
  SINCE MAR 1      0                         0      0       17
  SINCE JAN 1      0                         0      0       17
..................................................................


WIND (MPH)
  HIGHEST WIND SPEED    16   HIGHEST WIND DIRECTION     W (280)
  HIGHEST GUST SPEED    21   HIGHEST GUST DIRECTION     W (280)
  AVERAGE WIND SPEED     4.9


SKY COVER
  POSSIBLE SUNSHINE  MM
  AVERAGE SKY COVER 0.4


WEATHER CONDITIONS
 THE FOLLOWING WEATHER WAS RECORDED YESTERDAY.
  NO SIGNIFICANT WEATHER WAS OBSERVED.


RELATIVE HUMIDITY (PERCENT)
 HIGHEST    92           500 AM
 LOWEST     35           500 PM
 AVERAGE    64

..........................................................


THE MEDFORD OR CLIMATE NORMALS FOR TODAY
                         NORMAL    RECORD    YEAR
 MAXIMUM TEMPERATURE (F)   68        96      1926
 MINIMUM TEMPERATURE (F)   43        26      1967


SUNRISE AND SUNSET
APRIL 28 2017.........SUNRISE   610 AM PDT   SUNSET   808 PM PDT
APRIL 29 2017.........SUNRISE   609 AM PDT   SUNSET   809 PM PDT


-  INDICATES NEGATIVE NUMBERS.
R  INDICATES RECORD WAS SET OR TIED.
MM INDICATES DATA IS MISSING.
T  INDICATES TRACE AMOUNT.




$$
