000
CDUS46 KMFR 200840
CLIMFR


CLIMATE REPORT
NATIONAL WEATHER SERVICE MEDFORD, OR
140 AM PDT SUN AUG 20 2017


...................................

...THE MEDFORD OR CLIMATE SUMMARY FOR AUGUST 19 2017...

CLIMATE NORMAL PERIOD 1981 TO 2010
CLIMATE RECORD PERIOD 1911 TO 2017


WEATHER ITEM   OBSERVED TIME   RECORD YEAR NORMAL DEPARTURE LAST
                VALUE   (LST)  VALUE       VALUE  FROM      YEAR
                                                  NORMAL
..................................................................
TEMPERATURE (F)
 YESTERDAY
  MAXIMUM         87    420 PM 109    2016  90     -3      109
  MINIMUM         58    636 AM  41    1916  57      1       65
  AVERAGE         73                        73      0       87

PRECIPITATION (IN)
  YESTERDAY        0.00          0.35 1993   0.01  -0.01     0.00
  MONTH TO DATE    0.14                      0.22  -0.08     0.00
  SINCE OCT 1     24.91                     17.60   7.31    19.77
  SINCE JAN 1     13.22                      9.96   3.26    10.01

SNOWFALL (IN)
  YESTERDAY        0.0                       0.0    0.0      0.0
  MONTH TO DATE    0.0                       0.0    0.0      0.0
  SINCE JUL 1      0.0                       0.0    0.0      0.0
  SNOW DEPTH       0

DEGREE DAYS
 HEATING
  YESTERDAY        0                         0      0        0
  MONTH TO DATE    0                         0      0        0
  SINCE JUN 1     45                        60    -15       42
  SINCE JUL 1      0                         6     -6        2

 COOLING
  YESTERDAY        8                         9     -1       22
  MONTH TO DATE  296                       189    107      252
  SINCE JUN 1    921                       583    338      746
  SINCE JAN 1   1008                       621    387      807
..................................................................


WIND (MPH)
  HIGHEST WIND SPEED    13   HIGHEST WIND DIRECTION    NW (320)
  HIGHEST GUST SPEED    24   HIGHEST GUST DIRECTION     W (280)
  AVERAGE WIND SPEED     3.7


SKY COVER
  POSSIBLE SUNSHINE  MM
  AVERAGE SKY COVER 0.3


WEATHER CONDITIONS
 THE FOLLOWING WEATHER WAS RECORDED YESTERDAY.
  HAZE


RELATIVE HUMIDITY (PERCENT)
 HIGHEST    57           400 AM
 LOWEST     26           300 PM
 AVERAGE    42

..........................................................


THE MEDFORD OR CLIMATE NORMALS FOR TODAY
                         NORMAL    RECORD    YEAR
 MAXIMUM TEMPERATURE (F)   90       105      2016
 MINIMUM TEMPERATURE (F)   56        40      1918


SUNRISE AND SUNSET
AUGUST 20 2017........SUNRISE   624 AM PDT   SUNSET   804 PM PDT
AUGUST 21 2017........SUNRISE   625 AM PDT   SUNSET   803 PM PDT


-  INDICATES NEGATIVE NUMBERS.
R  INDICATES RECORD WAS SET OR TIED.
MM INDICATES DATA IS MISSING.
T  INDICATES TRACE AMOUNT.




$$
