418
CDUS46 KMFR 170848
CLIMFR


CLIMATE REPORT
NATIONAL WEATHER SERVICE MEDFORD, OR
1248 AM PST SUN DEC 17 2017


...................................

...THE MEDFORD OR CLIMATE SUMMARY FOR DECEMBER 16 2017...

CLIMATE NORMAL PERIOD 1981 TO 2010
CLIMATE RECORD PERIOD 1911 TO 2017


WEATHER ITEM   OBSERVED TIME   RECORD YEAR NORMAL DEPARTURE LAST
                VALUE   (LST)  VALUE       VALUE  FROM      YEAR
                                                  NORMAL
..................................................................
TEMPERATURE (F)
 YESTERDAY
  MAXIMUM         48    349 PM  62    1988  46      2       44
  MINIMUM         24    544 AM  10    1919  33     -9       27
  AVERAGE         36                        39     -3       36

PRECIPITATION (IN)
  YESTERDAY        0.00          2.17 1941   0.12  -0.12     0.00
  MONTH TO DATE    0.20                      1.86  -1.66     3.44
  SINCE OCT 1      3.96                      6.01  -2.05    10.57
  SINCE JAN 1     17.48                     16.72   0.76    20.59

SNOWFALL (IN)
  YESTERDAY        0.0                       0.1   -0.1      0.0
  MONTH TO DATE    0.0                       0.6   -0.6      0.4
  SINCE JUL 1      0.0                       0.8   -0.8      0.4
  SNOW DEPTH       0

DEGREE DAYS
 HEATING
  YESTERDAY       29                        26      3       29
  MONTH TO DATE  452                       404     48      403
  SINCE DEC 1    452                       404     48      403
  SINCE JUL 1   1387                      1373     14     1176

 COOLING
  YESTERDAY        0                         0      0        0
  MONTH TO DATE    0                         0      0        0
  SINCE DEC 1      0                         0      0        0
  SINCE JAN 1   1281                       829    452     1058
..................................................................


WIND (MPH)
  HIGHEST WIND SPEED     8   HIGHEST WIND DIRECTION     S (170)
  HIGHEST GUST SPEED     9   HIGHEST GUST DIRECTION     S (170)
  AVERAGE WIND SPEED     1.7


SKY COVER
  POSSIBLE SUNSHINE  MM
  AVERAGE SKY COVER 0.2


WEATHER CONDITIONS
 THE FOLLOWING WEATHER WAS RECORDED YESTERDAY.
  FOG
  FOG W/VISIBILITY <= 1/4 MILE


RELATIVE HUMIDITY (PERCENT)
 HIGHEST   100           200 AM
 LOWEST     49           400 PM
 AVERAGE    75

..........................................................


THE MEDFORD OR CLIMATE NORMALS FOR TODAY
                         NORMAL    RECORD    YEAR
 MAXIMUM TEMPERATURE (F)   46        64      1923
 MINIMUM TEMPERATURE (F)   32        13      1965


SUNRISE AND SUNSET
DECEMBER 17 2017......SUNRISE   735 AM PST   SUNSET   440 PM PST
DECEMBER 18 2017......SUNRISE   736 AM PST   SUNSET   441 PM PST


-  INDICATES NEGATIVE NUMBERS.
R  INDICATES RECORD WAS SET OR TIED.
MM INDICATES DATA IS MISSING.
T  INDICATES TRACE AMOUNT.




$$
