000
CDUS44 KBMX 290806
CLIMGM


CLIMATE REPORT
NATIONAL WEATHER SERVICE BIRMINGHAM, AL
305 AM CDT SAT AUG 29 2015


...................................

...THE MONTGOMERY CLIMATE SUMMARY FOR AUGUST 28 2015...

CLIMATE NORMAL PERIOD 1981 TO 2010
CLIMATE RECORD PERIOD 1994 TO 2015


WEATHER ITEM   OBSERVED TIME   RECORD YEAR NORMAL DEPARTURE LAST
                VALUE   (LST)  VALUE       VALUE  FROM      YEAR
                                                  NORMAL
..................................................................
TEMPERATURE (F)
 YESTERDAY
  MAXIMUM         94    259 PM 104    1954  91      3       93
  MINIMUM         71    534 AM  59    1952  70      1       66
  AVERAGE         83                        81      2       80

PRECIPITATION (IN)
  YESTERDAY        0.10          1.29 1923   0.13  -0.03     0.00
  MONTH TO DATE    1.58                      3.58  -2.00     3.29
  SINCE JUN 1     10.54                     12.89  -2.35    10.74
  SINCE JAN 1     31.04                     36.33  -5.29    39.63

DEGREE DAYS
 COOLING
  YESTERDAY       18                        16      2       15
  MONTH TO DATE  519                       466     53      498
  SINCE JUN 1   1634                      1406    228     1478
  SINCE JAN 1   2172                      1745    427     1844
..................................................................


WIND (MPH)
  HIGHEST WIND SPEED    24   HIGHEST WIND DIRECTION     E (110)
  HIGHEST GUST SPEED    31   HIGHEST GUST DIRECTION     E (110)
  AVERAGE WIND SPEED     8.4


SKY COVER
  AVERAGE SKY COVER 0.3


WEATHER CONDITIONS
 THE FOLLOWING WEATHER WAS RECORDED YESTERDAY.
  THUNDERSTORM
  RAIN
  HAZE


RELATIVE HUMIDITY (PERCENT)
 HIGHEST    84           100 AM
 LOWEST     44           300 PM
 AVERAGE    64

..........................................................


THE MONTGOMERY CLIMATE NORMALS FOR TODAY
                         NORMAL    RECORD    YEAR
 MAXIMUM TEMPERATURE (F)   91       102      1951
 MINIMUM TEMPERATURE (F)   70        56      1992


SUNRISE AND SUNSET
AUGUST 29 2015........SUNRISE   619 AM CDT   SUNSET   714 PM CDT
AUGUST 30 2015........SUNRISE   619 AM CDT   SUNSET   713 PM CDT


-  INDICATES NEGATIVE NUMBERS.
R  INDICATES RECORD WAS SET OR TIED.
MM INDICATES DATA IS MISSING.
T  INDICATES TRACE AMOUNT.




$$
