000
CDUS44 KBMX 250939
CLIMGM


CLIMATE REPORT
NATIONAL WEATHER SERVICE BIRMINGHAM, AL
438 AM CDT SAT OCT 25 2014


...................................

...THE MONTGOMERY CLIMATE SUMMARY FOR OCTOBER 24 2014...

CLIMATE NORMAL PERIOD 1981 TO 2010
CLIMATE RECORD PERIOD 1872 TO 2014


WEATHER ITEM   OBSERVED TIME   RECORD YEAR NORMAL DEPARTURE LAST
                VALUE   (LST)  VALUE       VALUE  FROM      YEAR
                                                  NORMAL
..................................................................
TEMPERATURE (F)
 YESTERDAY
  MAXIMUM         79    320 PM  88    2010  76      3       77
                                      2001
  MINIMUM         43    600 AM  32    1999  51     -8       40
  AVERAGE         61                        63     -2       59

PRECIPITATION (IN)
  YESTERDAY        0.00          1.59 1970   0.09  -0.09     0.00
  MONTH TO DATE    2.12                      2.23  -0.11     0.43
  SINCE SEP 1      2.74                      6.20  -3.46     1.91
  SINCE JAN 1     42.49                     42.91  -0.42    44.92

SNOWFALL (IN)
  YESTERDAY        0.0                       0.0    0.0      0.0
  MONTH TO DATE    0.0                       0.0    0.0      0.0
  SINCE SEP 1      0.0                       0.0    0.0      0.0
  SINCE JUL 1      0.0                       0.0    0.0      0.0
  SNOW DEPTH       0

DEGREE DAYS
 HEATING
  YESTERDAY        4                         4      0        6
  MONTH TO DATE   30                        53    -23       26
  SINCE SEP 1     30                        57    -27       26
  SINCE JUL 1     30                        57    -27       26

 COOLING
  YESTERDAY        0                         2     -2        0
  MONTH TO DATE  129                       102     27      140
  SINCE SEP 1    574                       443    131      542
  SINCE JAN 1   2473                      2232    241     2364
..................................................................


WIND (MPH)
  HIGHEST WIND SPEED    13   HIGHEST WIND DIRECTION    NW (310)
  HIGHEST GUST SPEED    18   HIGHEST GUST DIRECTION     N (10)
  AVERAGE WIND SPEED     3.4


SKY COVER
  AVERAGE SKY COVER 0.0


WEATHER CONDITIONS
 THE FOLLOWING WEATHER WAS RECORDED YESTERDAY.
  FOG


RELATIVE HUMIDITY (PERCENT)
 HIGHEST    93           400 AM
 LOWEST     23           300 PM
 AVERAGE    58

..........................................................


THE MONTGOMERY CLIMATE NORMALS FOR TODAY
                         NORMAL    RECORD    YEAR
 MAXIMUM TEMPERATURE (F)   76        88      1931
 MINIMUM TEMPERATURE (F)   50        33      1999


SUNRISE AND SUNSET
OCTOBER 25 2014.......SUNRISE   657 AM CDT   SUNSET   602 PM CDT
OCTOBER 26 2014.......SUNRISE   658 AM CDT   SUNSET   601 PM CDT


-  INDICATES NEGATIVE NUMBERS.
R  INDICATES RECORD WAS SET OR TIED.
MM INDICATES DATA IS MISSING.
T  INDICATES TRACE AMOUNT.




$$
