000
CDUS44 KBMX 281211
CLIMGM


CLIMATE REPORT
NATIONAL WEATHER SERVICE BIRMINGHAM, AL
611 AM CST SAT FEB 28 2015


...................................

...THE MONTGOMERY CLIMATE SUMMARY FOR FEBRUARY 27 2015...

CLIMATE NORMAL PERIOD 1981 TO 2010
CLIMATE RECORD PERIOD 1994 TO 2015


WEATHER ITEM   OBSERVED TIME   RECORD YEAR NORMAL DEPARTURE LAST
                VALUE   (LST)  VALUE       VALUE  FROM      YEAR
                                                  NORMAL
..................................................................
TEMPERATURE (F)
 YESTERDAY
  MAXIMUM         52    418 PM  84    1962  65    -13       54
  MINIMUM         30    323 AM  20    1963  42    -12       27
  AVERAGE         41                        54    -13       41

PRECIPITATION (IN)
  YESTERDAY        0.00          4.50 1902   0.19  -0.19     0.00
  MONTH TO DATE    4.84                      5.09  -0.25     5.15
  SINCE DEC 1     12.55                     14.60  -2.05    16.63
  SINCE JAN 1      7.66                      9.74  -2.08     7.67

SNOWFALL (IN)
  YESTERDAY        0.0                       0.0    0.0      0.0
  MONTH TO DATE    0.0                       0.0    0.0      0.0
  SINCE DEC 1      0.0                       0.1   -0.1      0.5
  SINCE JUL 1      0.0                       0.1   -0.1      0.5
  SNOW DEPTH       0

DEGREE DAYS
 HEATING
  YESTERDAY       24                        12     12       24
  MONTH TO DATE  546                       398    148      365
  SINCE DEC 1   1491                      1489      2     1569
  SINCE JUL 1   1954                      1860     94     1937
..................................................................


WIND (MPH)
  HIGHEST WIND SPEED    15   HIGHEST WIND DIRECTION     N (10)
  HIGHEST GUST SPEED    20   HIGHEST GUST DIRECTION     N (360)
  AVERAGE WIND SPEED     8.4


SKY COVER
  AVERAGE SKY COVER 0.0


WEATHER CONDITIONS
 THE FOLLOWING WEATHER WAS RECORDED YESTERDAY.
  NO SIGNIFICANT WEATHER WAS OBSERVED.


RELATIVE HUMIDITY (PERCENT)
 HIGHEST    92           300 AM
 LOWEST     38           400 PM
 AVERAGE    65

..........................................................


THE MONTGOMERY CLIMATE NORMALS FOR TODAY
                         NORMAL    RECORD    YEAR
 MAXIMUM TEMPERATURE (F)   65        83      1948
 MINIMUM TEMPERATURE (F)   42        17      2002


SUNRISE AND SUNSET
FEBRUARY 28 2015......SUNRISE   615 AM CST   SUNSET   542 PM CST
MARCH  1 2015.........SUNRISE   613 AM CST   SUNSET   543 PM CST


-  INDICATES NEGATIVE NUMBERS.
R  INDICATES RECORD WAS SET OR TIED.
MM INDICATES DATA IS MISSING.
T  INDICATES TRACE AMOUNT.




$$
