000
CDUS44 KBMX 300725
CLIMGM


CLIMATE REPORT
NATIONAL WEATHER SERVICE BIRMINGHAM, AL
224 AM CDT MON MAY 30 2016


...................................

...THE MONTGOMERY CLIMATE SUMMARY FOR MAY 29 2016...

CLIMATE NORMAL PERIOD 1981 TO 2010
CLIMATE RECORD PERIOD 1872 TO 2016


WEATHER ITEM   OBSERVED TIME   RECORD YEAR NORMAL DEPARTURE LAST
                VALUE   (LST)  VALUE       VALUE  FROM      YEAR
                                                  NORMAL
..................................................................
TEMPERATURE (F)
 YESTERDAY
  MAXIMUM         94    302 PM  96    1962  87      7       88
                                      1937
  MINIMUM         70    203 AM  51    1961  64      6       68
  AVERAGE         82                        76      6       78

PRECIPITATION (IN)
  YESTERDAY        0.00          2.39 1959   0.11  -0.11      T
  MONTH TO DATE    0.73                      3.31  -2.58     3.85
  SINCE MAR 1     11.57                     13.28  -1.71    12.35
  SINCE JAN 1     22.23                     23.21  -0.98    20.01

DEGREE DAYS
 COOLING
  YESTERDAY       17                        11      6       13
  MONTH TO DATE  241                       215     26      290
  SINCE MAR 1    414                       310    104      511
  SINCE JAN 1    427                       316    111      511
..................................................................


WIND (MPH)
  HIGHEST WIND SPEED    12   HIGHEST WIND DIRECTION     W (250)
  HIGHEST GUST SPEED    17   HIGHEST GUST DIRECTION     W (270)
  AVERAGE WIND SPEED     3.5


SKY COVER
  AVERAGE SKY COVER 0.2


WEATHER CONDITIONS
 THE FOLLOWING WEATHER WAS RECORDED YESTERDAY.
  THUNDERSTORM


RELATIVE HUMIDITY (PERCENT)
 HIGHEST    84           100 AM
 LOWEST     36           300 PM
 AVERAGE    60

..........................................................


THE MONTGOMERY CLIMATE NORMALS FOR TODAY
                         NORMAL    RECORD    YEAR
 MAXIMUM TEMPERATURE (F)   87        98      1937
                                             1914
 MINIMUM TEMPERATURE (F)   65        48      1984


SUNRISE AND SUNSET
MAY 30 2016...........SUNRISE   540 AM CDT   SUNSET   747 PM CDT
MAY 31 2016...........SUNRISE   540 AM CDT   SUNSET   747 PM CDT


-  INDICATES NEGATIVE NUMBERS.
R  INDICATES RECORD WAS SET OR TIED.
MM INDICATES DATA IS MISSING.
T  INDICATES TRACE AMOUNT.




$$
