000
CDUS44 KBMX 272141
CLIMGM


CLIMATE REPORT
NATIONAL WEATHER SERVICE BIRMINGHAM, AL
440 PM CDT SAT MAY 27 2017


...................................

...THE MONTGOMERY CLIMATE SUMMARY FOR MAY 27 2017...
VALID TODAY AS OF 0400 PM LOCAL TIME.

CLIMATE NORMAL PERIOD 1981 TO 2010
CLIMATE RECORD PERIOD 1872 TO 2017


WEATHER ITEM   OBSERVED TIME   RECORD YEAR NORMAL DEPARTURE LAST
                VALUE   (LST)  VALUE       VALUE  FROM      YEAR
                                                  NORMAL
..................................................................
TEMPERATURE (F)
 TODAY
  MAXIMUM         88    259 PM  99    1916  87      1       91
  MINIMUM         62    404 AM  44    1961  64     -2       67
  AVERAGE         75                        75      0       79

PRECIPITATION (IN)
  TODAY            0.00          2.39 1885   0.10  -0.10     0.00
  MONTH TO DATE   12.28                      3.09   9.19     0.73
  SINCE MAR 1     18.76                     13.06   5.70    11.57
  SINCE JAN 1     33.46                     22.99  10.47    22.23

DEGREE DAYS
 COOLING
  TODAY           10                        10      0       14
  MONTH TO DATE  212                       193     19      210
  SINCE MAR 1    481                       288    193      383
  SINCE JAN 1    527                       294    233      396
..................................................................


WIND (MPH)
  HIGHEST WIND SPEED    13   HIGHEST WIND DIRECTION    SW (210)
  HIGHEST GUST SPEED    18   HIGHEST GUST DIRECTION    SW (220)
  AVERAGE WIND SPEED     4.9


SKY COVER
  AVERAGE SKY COVER 0.3


WEATHER CONDITIONS
 THE FOLLOWING WEATHER WAS RECORDED TODAY.
  NO SIGNIFICANT WEATHER WAS OBSERVED.


RELATIVE HUMIDITY (PERCENT)
 HIGHEST    84           400 AM
 LOWEST     53           300 PM
 AVERAGE    69

..........................................................


THE MONTGOMERY CLIMATE NORMALS FOR TOMORROW
                         NORMAL    RECORD    YEAR
 MAXIMUM TEMPERATURE (F)   87        97      1916
 MINIMUM TEMPERATURE (F)   64        43      1961


SUNRISE AND SUNSET
MAY 27 2017...........SUNRISE   541 AM CDT   SUNSET   745 PM CDT
MAY 28 2017...........SUNRISE   541 AM CDT   SUNSET   745 PM CDT


-  INDICATES NEGATIVE NUMBERS.
R  INDICATES RECORD WAS SET OR TIED.
MM INDICATES DATA IS MISSING.
T  INDICATES TRACE AMOUNT.




$$
