000
CDUS44 KBMX 110857
CLIMGM


CLIMATE REPORT
NATIONAL WEATHER SERVICE BIRMINGHAM, AL
256 AM CST SUN DEC 11 2016


...................................

...THE MONTGOMERY CLIMATE SUMMARY FOR DECEMBER 10 2016...

CLIMATE NORMAL PERIOD 1981 TO 2010
CLIMATE RECORD PERIOD 1872 TO 2016


WEATHER ITEM   OBSERVED TIME   RECORD YEAR NORMAL DEPARTURE LAST
                VALUE   (LST)  VALUE       VALUE  FROM      YEAR
                                                  NORMAL
..................................................................
TEMPERATURE (F)
 YESTERDAY
  MAXIMUM         54    334 PM  82    2007  61     -7       75
  MINIMUM         27    652 AM  19    1995  38    -11       46
  AVERAGE         41                        49     -8       61

PRECIPITATION (IN)
  YESTERDAY        0.00          1.97 1961   0.16  -0.16     0.00
  MONTH TO DATE    1.90                      1.65   0.25     0.21
  SINCE DEC 1      1.90                      1.65   0.25     0.21
  SINCE JAN 1     39.29                     49.86 -10.57    42.76

SNOWFALL (IN)
  YESTERDAY        0.0                       0.0    0.0      0.0
  MONTH TO DATE    0.0                       0.0    0.0      0.0
  SINCE DEC 1      0.0                       0.0    0.0      0.0
  SINCE JUL 1      0.0                       0.0    0.0      0.0
  SNOW DEPTH       0

DEGREE DAYS
 HEATING
  YESTERDAY       24                        16      8        4
  MONTH TO DATE  139                       148     -9       94
  SINCE DEC 1    139                       148     -9       94
  SINCE JUL 1    314                       519   -205      281
..................................................................


WIND (MPH)
  HIGHEST WIND SPEED    13   HIGHEST WIND DIRECTION    NE (30)
  HIGHEST GUST SPEED    15   HIGHEST GUST DIRECTION    NE (30)
  AVERAGE WIND SPEED     3.4


SKY COVER
  AVERAGE SKY COVER 0.0


WEATHER CONDITIONS
 THE FOLLOWING WEATHER WAS RECORDED YESTERDAY.
  NO SIGNIFICANT WEATHER WAS OBSERVED.


RELATIVE HUMIDITY (PERCENT)
 HIGHEST    69           500 AM
 LOWEST     16           200 PM
 AVERAGE    43

..........................................................


THE MONTGOMERY CLIMATE NORMALS FOR TODAY
                         NORMAL    RECORD    YEAR
 MAXIMUM TEMPERATURE (F)   60        82      2007
 MINIMUM TEMPERATURE (F)   38        22      1962
                                             1957


SUNRISE AND SUNSET
DECEMBER 11 2016......SUNRISE   637 AM CST   SUNSET   441 PM CST
DECEMBER 12 2016......SUNRISE   638 AM CST   SUNSET   441 PM CST


-  INDICATES NEGATIVE NUMBERS.
R  INDICATES RECORD WAS SET OR TIED.
MM INDICATES DATA IS MISSING.
T  INDICATES TRACE AMOUNT.




$$
