000
CDUS44 KBMX 280739
CLIMGM


CLIMATE REPORT
NATIONAL WEATHER SERVICE BIRMINGHAM, AL
239 AM CDT TUE MAR 28 2017


...................................

...THE MONTGOMERY CLIMATE SUMMARY FOR MARCH 27 2017...

CLIMATE NORMAL PERIOD 1981 TO 2010
CLIMATE RECORD PERIOD 1872 TO 2017


WEATHER ITEM   OBSERVED TIME   RECORD YEAR NORMAL DEPARTURE LAST
                VALUE   (LST)  VALUE       VALUE  FROM      YEAR
                                                  NORMAL
..................................................................
TEMPERATURE (F)
 YESTERDAY
  MAXIMUM         85    219 PM  89    1910  73     12       73
  MINIMUM         63    257 AM  21    1955  47     16       63
  AVERAGE         74                        60     14       68

PRECIPITATION (IN)
  YESTERDAY        0.00          4.46 1888   0.19  -0.19     0.10
  MONTH TO DATE    3.46                      5.22  -1.76     3.31
  SINCE MAR 1      3.46                      5.22  -1.76     3.31
  SINCE JAN 1     18.16                     15.15   3.01    13.97

SNOWFALL (IN)
  YESTERDAY        0.0                       0.0    0.0      0.0
  MONTH TO DATE    0.0                       0.3   -0.3      0.0
  SINCE MAR 1      0.0                       0.3   -0.3      0.0
  SINCE JUL 1      0.0                       0.4   -0.4       T
  SNOW DEPTH       0

DEGREE DAYS
 HEATING
  YESTERDAY        0                         6     -6        0
  MONTH TO DATE  169                       232    -63      117
  SINCE MAR 1    169                       232    -63      117
  SINCE JUL 1   1166                      2104   -938     1442

 COOLING
  YESTERDAY        9                         1      8        3
  MONTH TO DATE   50                        22     28       68
  SINCE MAR 1     50                        22     28       68
  SINCE JAN 1     96                        28     68       81
..................................................................


WIND (MPH)
  HIGHEST WIND SPEED    20   HIGHEST WIND DIRECTION     S (170)
  HIGHEST GUST SPEED    26   HIGHEST GUST DIRECTION     S (170)
  AVERAGE WIND SPEED     6.8


SKY COVER
  AVERAGE SKY COVER 0.4


WEATHER CONDITIONS
 THE FOLLOWING WEATHER WAS RECORDED YESTERDAY.
  FOG
  HAZE


RELATIVE HUMIDITY (PERCENT)
 HIGHEST    90           300 AM
 LOWEST     37           400 PM
 AVERAGE    64

..........................................................


THE MONTGOMERY CLIMATE NORMALS FOR TODAY
                         NORMAL    RECORD    YEAR
 MAXIMUM TEMPERATURE (F)   73        87      1989
 MINIMUM TEMPERATURE (F)   47        30      1894


SUNRISE AND SUNSET
MARCH 28 2017.........SUNRISE   639 AM CDT   SUNSET   703 PM CDT
MARCH 29 2017.........SUNRISE   637 AM CDT   SUNSET   704 PM CDT


-  INDICATES NEGATIVE NUMBERS.
R  INDICATES RECORD WAS SET OR TIED.
MM INDICATES DATA IS MISSING.
T  INDICATES TRACE AMOUNT.




$$
