000
CDUS44 KBMX 200736
CLIMGM


CLIMATE REPORT
NATIONAL WEATHER SERVICE BIRMINGHAM, AL
236 AM CDT WED SEP 20 2017


...................................

...THE MONTGOMERY CLIMATE SUMMARY FOR SEPTEMBER 19 2017...

CLIMATE NORMAL PERIOD 1981 TO 2010
CLIMATE RECORD PERIOD 1872 TO 2017


WEATHER ITEM   OBSERVED TIME   RECORD YEAR NORMAL DEPARTURE LAST
                VALUE   (LST)  VALUE       VALUE  FROM      YEAR
                                                  NORMAL
..................................................................
TEMPERATURE (F)
 YESTERDAY
  MAXIMUM         94    249 PM 102    1925  87      7       94
  MINIMUM         71   1159 PM  49    1903  64      7       74
  AVERAGE         83                        75      8       84

PRECIPITATION (IN)
  YESTERDAY        0.07          1.64 1892   0.13  -0.06     0.00
  MONTH TO DATE    2.22                      2.60  -0.38     2.24
  SINCE SEP 1      2.22                      2.60  -0.38     2.24
  SINCE JAN 1     60.82                     39.31  21.51    35.28

DEGREE DAYS
 HEATING
  YESTERDAY        0                         0      0        0
  MONTH TO DATE    1                         0      1        0
  SINCE SEP 1      1                         0      1        0
  SINCE JUL 1      1                         0      1        0

 COOLING
  YESTERDAY       18                        11      7       19
  MONTH TO DATE  214                       247    -33      347
  SINCE SEP 1    214                       247    -33      347
  SINCE JAN 1   2382                      2036    346     2576
..................................................................


WIND (MPH)
  HIGHEST WIND SPEED    26   HIGHEST WIND DIRECTION     N (10)
  HIGHEST GUST SPEED    34   HIGHEST GUST DIRECTION     N (360)
  AVERAGE WIND SPEED     4.3


SKY COVER
  AVERAGE SKY COVER 0.2


WEATHER CONDITIONS
 THE FOLLOWING WEATHER WAS RECORDED YESTERDAY.
  THUNDERSTORM
  FOG
  HAZE


RELATIVE HUMIDITY (PERCENT)
 HIGHEST    90           500 AM
 LOWEST     46           200 PM
 AVERAGE    68

..........................................................


THE MONTGOMERY CLIMATE NORMALS FOR TODAY
                         NORMAL    RECORD    YEAR
 MAXIMUM TEMPERATURE (F)   86       101      1925
 MINIMUM TEMPERATURE (F)   64        50      1889


SUNRISE AND SUNSET
SEPTEMBER 20 2017.....SUNRISE   633 AM CDT   SUNSET   645 PM CDT
SEPTEMBER 21 2017.....SUNRISE   633 AM CDT   SUNSET   643 PM CDT


-  INDICATES NEGATIVE NUMBERS.
R  INDICATES RECORD WAS SET OR TIED.
MM INDICATES DATA IS MISSING.
T  INDICATES TRACE AMOUNT.




$$
