000
CDUS44 KBMX 282216
CLIMGM


CLIMATE REPORT
NATIONAL WEATHER SERVICE BIRMINGHAM, AL
416 PM CST FRI NOV 28 2014


...................................

...THE MONTGOMERY CLIMATE SUMMARY FOR NOVEMBER 28 2014...
VALID AS OF 0400 PM LOCAL TIME.

CLIMATE NORMAL PERIOD 1981 TO 2010
CLIMATE RECORD PERIOD 1872 TO 2014


WEATHER ITEM   OBSERVED TIME   RECORD YEAR NORMAL DEPARTURE LAST
                VALUE   (LST)  VALUE       VALUE  FROM      YEAR
                                                  NORMAL
..................................................................
TEMPERATURE (F)
 TODAY
  MAXIMUM         55    259 PM  82    1908  65    -10       52
  MINIMUM         28    430 AM  22    2013  41    -13       22
  AVERAGE         42                        53    -11       37

PRECIPITATION (IN)
  TODAY            0.00          2.55 1948   0.17  -0.17     0.00
  MONTH TO DATE    1.21                      4.25  -3.04     2.32
  SINCE SEP 1      3.96                     11.14  -7.18     4.25
  SINCE JAN 1     43.71                     47.85  -4.14    47.26

SNOWFALL (IN)
  TODAY            0.0                       0.0    0.0      0.0
  MONTH TO DATE    0.0                       0.0    0.0      0.0
  SINCE SEP 1      0.0                       0.0    0.0      0.0
  SINCE JUL 1      0.0                       0.0    0.0      0.0
  SNOW DEPTH       0

..................................................................


WIND (MPH)
  HIGHEST WIND SPEED     9   HIGHEST WIND DIRECTION    NE (30)
  HIGHEST GUST SPEED    13   HIGHEST GUST DIRECTION     N (360)
  AVERAGE WIND SPEED     3.9


SKY COVER
  AVERAGE SKY COVER 0.0


WEATHER CONDITIONS
 THE FOLLOWING WEATHER WAS RECORDED TODAY.
  NO SIGNIFICANT WEATHER WAS OBSERVED.


RELATIVE HUMIDITY (PERCENT)
 HIGHEST    85           500 AM
 LOWEST     16           100 PM
 AVERAGE    51

..........................................................


THE MONTGOMERY CLIMATE NORMALS FOR TOMORROW
                         NORMAL    RECORD    YEAR
 MAXIMUM TEMPERATURE (F)   64        80      1991
                                             1949
 MINIMUM TEMPERATURE (F)   40        22      1955


SUNRISE AND SUNSET
NOVEMBER 28 2014......SUNRISE   626 AM CST   SUNSET   441 PM CST
NOVEMBER 29 2014......SUNRISE   627 AM CST   SUNSET   440 PM CST


-  INDICATES NEGATIVE NUMBERS.
R  INDICATES RECORD WAS SET OR TIED.
MM INDICATES DATA IS MISSING.
T  INDICATES TRACE AMOUNT.




$$
