000
CDUS44 KBMX 130942
CLIMGM


CLIMATE REPORT
NATIONAL WEATHER SERVICE BIRMINGHAM, AL
442 AM CDT SUN JUL 13 2014


...................................

...THE MONTGOMERY CLIMATE SUMMARY FOR JULY 12 2014...

CLIMATE NORMAL PERIOD 1981 TO 2010
CLIMATE RECORD PERIOD 1872 TO 2014


WEATHER ITEM   OBSERVED TIME   RECORD YEAR NORMAL DEPARTURE LAST
                VALUE   (LST)  VALUE       VALUE  FROM      YEAR
                                                  NORMAL
..................................................................
TEMPERATURE (F)
 YESTERDAY
  MAXIMUM         96    226 PM 105    1901  92      4       90
  MINIMUM         74    521 AM  63    1953  72      2       72
                                      1898
  AVERAGE         85                        82      3       81

PRECIPITATION (IN)
  YESTERDAY        0.00          2.53 1882   0.18  -0.18     0.02
  MONTH TO DATE    0.01                      2.14  -2.13     2.68
  SINCE JUN 1      5.18                      6.21  -1.03     6.53
  SINCE JAN 1     34.07                     29.65   4.42    32.24

DEGREE DAYS
 COOLING
  YESTERDAY       20                        17      3       16
  MONTH TO DATE  204                       198      6      167
  SINCE JUN 1    676                       617     59      658
  SINCE JAN 1   1042                       956     86     1017
..................................................................


WIND (MPH)
  HIGHEST WIND SPEED    13   HIGHEST WIND DIRECTION     E (110)
  HIGHEST GUST SPEED    16   HIGHEST GUST DIRECTION     E (80)
  AVERAGE WIND SPEED     4.8


SKY COVER
  AVERAGE SKY COVER 0.1


WEATHER CONDITIONS
 THE FOLLOWING WEATHER WAS RECORDED YESTERDAY.
  NO SIGNIFICANT WEATHER WAS OBSERVED.


RELATIVE HUMIDITY (PERCENT)
 HIGHEST    93           300 AM
 LOWEST     44           200 PM
 AVERAGE    69

..........................................................


THE MONTGOMERY CLIMATE NORMALS FOR TODAY
                         NORMAL    RECORD    YEAR
 MAXIMUM TEMPERATURE (F)   92       105      1930
 MINIMUM TEMPERATURE (F)   72        61      1898


SUNRISE AND SUNSET
JULY 13 2014..........SUNRISE   548 AM CDT   SUNSET   754 PM CDT
JULY 14 2014..........SUNRISE   549 AM CDT   SUNSET   754 PM CDT


-  INDICATES NEGATIVE NUMBERS.
R  INDICATES RECORD WAS SET OR TIED.
MM INDICATES DATA IS MISSING.
T  INDICATES TRACE AMOUNT.




$$
