000
CDUS41 KPBZ 252120
CLIMGW


CLIMATE REPORT
NATIONAL WEATHER SERVICE PITTSBURGH PA
519 PM EDT SUN JUN 25 2017


...................................

...THE MORGANTOWN WV CLIMATE SUMMARY FOR JUNE 25 2017...
VALID TODAY AS OF 0500 PM LOCAL TIME.

CLIMATE NORMAL PERIOD 1981 TO 2010
CLIMATE RECORD PERIOD 1872 TO 2017


WEATHER ITEM   OBSERVED TIME   RECORD YEAR NORMAL DEPARTURE LAST
                VALUE   (LST)  VALUE       VALUE  FROM      YEAR
                                                  NORMAL
..................................................................
TEMPERATURE (F)
 TODAY
  MAXIMUM         76    334 PM  94    1988  82     -6       84
                                      1952
                                      1921
  MINIMUM         59    556 AM  44    1979  61     -2       64
  AVERAGE         68                        72     -4       74

PRECIPITATION (IN)
  TODAY            0.00          1.94 1987   0.14  -0.14     0.00
  MONTH TO DATE    3.81                      3.39   0.42     4.35
  SINCE JUN 1      3.81                      3.39   0.42     4.35
  SINCE JAN 1     26.90                     20.58   6.32    20.39

DEGREE DAYS
 HEATING
  TODAY            0                         0      0        0
  MONTH TO DATE   12                        29    -17       10
  SINCE JUN 1     12                        29    -17       10
  SINCE JUL 1   4031                      5182  -1151     4046

 COOLING
  TODAY            3                         7     -4        9
  MONTH TO DATE  160                       124     36      183
  SINCE JUN 1    160                       124     36      183
  SINCE JAN 1    267                       191     76      257
..................................................................


WIND (MPH)
  RESULTANT WIND SPEED   5   RESULTANT WIND DIRECTION  SW (230)
  HIGHEST WIND SPEED    14   HIGHEST WIND DIRECTION     W (280)
  HIGHEST GUST SPEED    21   HIGHEST GUST DIRECTION     W (280)
  AVERAGE WIND SPEED     6.2


SKY COVER
  POSSIBLE SUNSHINE  MM
  AVERAGE SKY COVER 0.4


WEATHER CONDITIONS
 THE FOLLOWING WEATHER WAS RECORDED TODAY.
  NO SIGNIFICANT WEATHER WAS OBSERVED.


RELATIVE HUMIDITY (PERCENT)
 HIGHEST    90          1200 AM
 LOWEST     33           300 PM
 AVERAGE    62

..........................................................


THE MORGANTOWN WV CLIMATE NORMALS FOR TOMORROW
                         NORMAL    RECORD    YEAR
 MAXIMUM TEMPERATURE (F)   83        96      1952
 MINIMUM TEMPERATURE (F)   61        47      1986


SUNRISE AND SUNSET
JUNE 25 2017..........SUNRISE   553 AM EDT   SUNSET   851 PM EDT
JUNE 26 2017..........SUNRISE   554 AM EDT   SUNSET   851 PM EDT


-  INDICATES NEGATIVE NUMBERS.
R  INDICATES RECORD WAS SET OR TIED.
MM INDICATES DATA IS MISSING.
T  INDICATES TRACE AMOUNT.




$$
