000
CDUS41 KPBZ 302113
CLIMGW


CLIMATE REPORT
NATIONAL WEATHER SERVICE PITTSBURGH PA
513 PM EDT SAT JUL 30 2016


...................................

...THE MORGANTOWN WV CLIMATE SUMMARY FOR JULY 30 2016...
VALID TODAY AS OF 0500 PM LOCAL TIME.

CLIMATE NORMAL PERIOD 1981 TO 2010
CLIMATE RECORD PERIOD 1948 TO 2016


WEATHER ITEM   OBSERVED TIME   RECORD YEAR NORMAL DEPARTURE LAST
                VALUE   (LST)  VALUE       VALUE  FROM      YEAR
                                                  NORMAL
..................................................................
TEMPERATURE (F)
 TODAY
  MAXIMUM         82   1201 PM  95    1995  83     -1       89
  MINIMUM         68    453 AM  50    1965  63      5       67
  AVERAGE         75                        73      2       78

PRECIPITATION (IN)
  TODAY            0.45         MM      MM   0.13   0.32     0.21
  MONTH TO DATE    5.61                      4.49   1.12     3.60
  SINCE JUN 1     10.09                      8.60   1.49     9.75
  SINCE JAN 1     26.13                     25.79   0.34    27.00

DEGREE DAYS
 HEATING
  TODAY            0                         0      0        0
  MONTH TO DATE    0                         0      0        0
  SINCE JUN 1     10                        31    -21       13
  SINCE JUL 1      0                         0      0        0

 COOLING
  TODAY           10                         8      2       13
  MONTH TO DATE  332                       240     92      322
  SINCE JUN 1    554                       402    152      544
  SINCE JAN 1    628                       469    159      728
..................................................................


WIND (MPH)
  RESULTANT WIND SPEED   3   RESULTANT WIND DIRECTION   S (190)
  HIGHEST WIND SPEED    15   HIGHEST WIND DIRECTION     N (10)
  HIGHEST GUST SPEED    19   HIGHEST GUST DIRECTION     N (10)
  AVERAGE WIND SPEED     3.5


SKY COVER
  POSSIBLE SUNSHINE  MM
  AVERAGE SKY COVER 0.5


WEATHER CONDITIONS
 THE FOLLOWING WEATHER WAS RECORDED TODAY.
  THUNDERSTORM
  RAIN
  LIGHT RAIN
  FOG
  HAZE


RELATIVE HUMIDITY (PERCENT)
 HIGHEST    93           500 AM
 LOWEST     62          1100 AM
 AVERAGE    78

..........................................................


THE MORGANTOWN WV CLIMATE NORMALS FOR TOMORROW
                         NORMAL    RECORD    YEAR
 MAXIMUM TEMPERATURE (F)   83        97      1999
 MINIMUM TEMPERATURE (F)   63        51      1965


SUNRISE AND SUNSET
JULY 30 2016..........SUNRISE   618 AM EDT   SUNSET   834 PM EDT
JULY 31 2016..........SUNRISE   618 AM EDT   SUNSET   833 PM EDT


-  INDICATES NEGATIVE NUMBERS.
R  INDICATES RECORD WAS SET OR TIED.
MM INDICATES DATA IS MISSING.
T  INDICATES TRACE AMOUNT.




$$
