000
CDUS41 KPBZ 170703
CLIMGW


CLIMATE REPORT
NATIONAL WEATHER SERVICE PITTSBURGH PA
303 AM EDT WED SEP 17 2014


...................................

...THE MORGANTOWN WV CLIMATE SUMMARY FOR SEPTEMBER 16 2014...

CLIMATE NORMAL PERIOD 1981 TO 2010
CLIMATE RECORD PERIOD 1948 TO 2014


WEATHER ITEM   OBSERVED TIME   RECORD YEAR NORMAL DEPARTURE LAST
                VALUE   (LST)  VALUE       VALUE  FROM      YEAR
                                                  NORMAL
..................................................................
TEMPERATURE (F)
 YESTERDAY
  MAXIMUM         71    237 PM  91    1991  76     -5       69
  MINIMUM         52   1159 PM  35    1966  55     -3       54
  AVERAGE         62                        65     -3       62

PRECIPITATION (IN)
  YESTERDAY        0.02         MM      MM   0.11  -0.09     0.16
  MONTH TO DATE    1.44                      1.69  -0.25     0.73
  SINCE JUN 1     16.42                     13.97   2.45    17.28
  SINCE JAN 1     31.91                     31.16   0.75    29.92

DEGREE DAYS
 HEATING
  YESTERDAY        3                         3      0        3
  MONTH TO DATE   27                        23      4       26
  SINCE SEP 1     27                        23      4       26
  SINCE JUL 1     33                        34     -1       35

 COOLING
  YESTERDAY        0                         3     -3        0
  MONTH TO DATE  108                        66     42       75
  SINCE SEP 1    108                        66     42       75
  SINCE JAN 1    941                       775    166      861
..................................................................


WIND (MPH)
  HIGHEST WIND SPEED    12   HIGHEST WIND DIRECTION     N (350)
  HIGHEST GUST SPEED    14   HIGHEST GUST DIRECTION     N (350)
  AVERAGE WIND SPEED     2.3


SKY COVER
  POSSIBLE SUNSHINE  MM
  AVERAGE SKY COVER 0.7


WEATHER CONDITIONS
 THE FOLLOWING WEATHER WAS RECORDED YESTERDAY.
  RAIN
  LIGHT RAIN


RELATIVE HUMIDITY (PERCENT)
 HIGHEST    83           900 PM
 LOWEST     44           300 PM
 AVERAGE    64

..........................................................


THE MORGANTOWN WV CLIMATE NORMALS FOR TODAY
                         NORMAL    RECORD    YEAR
 MAXIMUM TEMPERATURE (F)   75        93      1955
 MINIMUM TEMPERATURE (F)   54        37      1984


SUNRISE AND SUNSET
SEPTEMBER 17 2014.....SUNRISE   703 AM EDT   SUNSET   725 PM EDT
SEPTEMBER 18 2014.....SUNRISE   703 AM EDT   SUNSET   723 PM EDT


-  INDICATES NEGATIVE NUMBERS.
R  INDICATES RECORD WAS SET OR TIED.
MM INDICATES DATA IS MISSING.
T  INDICATES TRACE AMOUNT.




$$
