000
CDUS41 KPBZ 300702
CLIMGW


CLIMATE REPORT
NATIONAL WEATHER SERVICE PITTSBURGH PA
301 AM EDT FRI SEP 30 2016


...................................

...THE MORGANTOWN WV CLIMATE SUMMARY FOR SEPTEMBER 29 2016...

CLIMATE NORMAL PERIOD 1981 TO 2010
CLIMATE RECORD PERIOD 1948 TO 2016


WEATHER ITEM   OBSERVED TIME   RECORD YEAR NORMAL DEPARTURE LAST
                VALUE   (LST)  VALUE       VALUE  FROM      YEAR
                                                  NORMAL
..................................................................
TEMPERATURE (F)
 YESTERDAY
  MAXIMUM         78    250 PM  91    1953  71      7       74
  MINIMUM         59    235 AM  33    1951  49     10       68
  AVERAGE         69                        60      9       71

PRECIPITATION (IN)
  YESTERDAY        1.34         MM      MM   0.10   1.24     0.96
  MONTH TO DATE    2.59                      3.10  -0.51     3.13
  SINCE JUN 1     17.99                     15.38   2.61    14.97
  SINCE JAN 1     34.03                     32.57   1.46    32.22

DEGREE DAYS
 HEATING
  YESTERDAY        0                         6     -6        0
  MONTH TO DATE    4                        81    -77       13
  SINCE SEP 1      4                        81    -77       13
  SINCE JUL 1      4                        92    -88       14

 COOLING
  YESTERDAY        4                         1      3        6
  MONTH TO DATE  222                        90    132      198
  SINCE SEP 1    222                        90    132      198
  SINCE JAN 1   1233                       799    434     1202
..................................................................


WIND (MPH)
  HIGHEST WIND SPEED    20   HIGHEST WIND DIRECTION     E (100)
  HIGHEST GUST SPEED    30   HIGHEST GUST DIRECTION     E (90)
  AVERAGE WIND SPEED     7.9


SKY COVER
  POSSIBLE SUNSHINE  MM
  AVERAGE SKY COVER 0.8


WEATHER CONDITIONS
 THE FOLLOWING WEATHER WAS RECORDED YESTERDAY.
  HEAVY RAIN
  RAIN
  LIGHT RAIN
  FOG
  HAZE


RELATIVE HUMIDITY (PERCENT)
 HIGHEST    93          1100 PM
 LOWEST     56           200 PM
 AVERAGE    75

..........................................................


THE MORGANTOWN WV CLIMATE NORMALS FOR TODAY
                         NORMAL    RECORD    YEAR
 MAXIMUM TEMPERATURE (F)   70        91      1953
 MINIMUM TEMPERATURE (F)   49        33      1992


SUNRISE AND SUNSET
SEPTEMBER 30 2016.....SUNRISE   715 AM EDT   SUNSET   703 PM EDT
OCTOBER  1 2016.......SUNRISE   716 AM EDT   SUNSET   701 PM EDT


-  INDICATES NEGATIVE NUMBERS.
R  INDICATES RECORD WAS SET OR TIED.
MM INDICATES DATA IS MISSING.
T  INDICATES TRACE AMOUNT.




$$
