000
CDUS41 KPBZ 281239
CLIMGW


CLIMATE REPORT
NATIONAL WEATHER SERVICE PITTSBURGH PA
838 AM EDT SAT MAR 28 2015


...................................

...THE MORGANTOWN WV CLIMATE SUMMARY FOR MARCH 28 2015...
VALID AS OF 0800 AM LOCAL TIME.

CLIMATE NORMAL PERIOD 1981 TO 2010
CLIMATE RECORD PERIOD 1948 TO 2015


WEATHER ITEM   OBSERVED TIME   RECORD YEAR NORMAL DEPARTURE LAST
                VALUE   (LST)  VALUE       VALUE  FROM      YEAR
                                                  NORMAL
..................................................................
TEMPERATURE (F)
 TODAY
  MINIMUM         16    659 AM  10    1982  36    -20       45

PRECIPITATION (IN)
  TODAY            T            MM      MM   0.12  -0.12     0.03
  MONTH TO DATE    6.16                      3.27   2.89     1.46
  SINCE JUN 1     36.68                     33.32   3.36    35.06
  SINCE JAN 1     10.45                      8.68   1.77     6.63

DEGREE DAYS
 HEATING
  TODAY           45

 COOLING
  TODAY            0
..................................................................





WEATHER CONDITIONS
 THE FOLLOWING WEATHER WAS RECORDED TODAY.
  LIGHT SNOW


RELATIVE HUMIDITY (PERCENT)
 HIGHEST    59           600 AM

..........................................................


THE MORGANTOWN WV CLIMATE NORMALS FOR TOMORROW
                         NORMAL    RECORD    YEAR
 MAXIMUM TEMPERATURE (F)   57        83      1977
 MINIMUM TEMPERATURE (F)   36        20      1966


SUNRISE AND SUNSET
MARCH 28 2015.........SUNRISE   711 AM EDT   SUNSET   740 PM EDT
MARCH 29 2015.........SUNRISE   709 AM EDT   SUNSET   741 PM EDT


-  INDICATES NEGATIVE NUMBERS.
R  INDICATES RECORD WAS SET OR TIED.
MM INDICATES DATA IS MISSING.
T  INDICATES TRACE AMOUNT.




$$
