858
CDUS41 KPBZ 162115
CLIMGW


CLIMATE REPORT
NATIONAL WEATHER SERVICE PITTSBURGH PA
515 PM EDT MON OCT 16 2017


...................................

...THE MORGANTOWN WV CLIMATE SUMMARY FOR OCTOBER 16 2017...
VALID TODAY AS OF 0500 PM LOCAL TIME.

CLIMATE NORMAL PERIOD 1981 TO 2010
CLIMATE RECORD PERIOD 1872 TO 2017


WEATHER ITEM   OBSERVED TIME   RECORD YEAR NORMAL DEPARTURE LAST
                VALUE   (LST)  VALUE       VALUE  FROM      YEAR
                                                  NORMAL
..................................................................
TEMPERATURE (F)
 TODAY
  MAXIMUM         59    340 PM  94    1897  65     -6       79
  MINIMUM         49    746 AM  25    1876  44      5       54
  AVERAGE         54                        54      0       67

PRECIPITATION (IN)
  TODAY            0.03          1.01 1974   0.08  -0.05     0.00
  MONTH TO DATE    1.26                      1.47  -0.21     2.04
  SINCE JUN 1     18.63                     16.96   1.67    20.63
  SINCE JAN 1     41.72                     34.15   7.57    36.67

DEGREE DAYS
 HEATING
  TODAY           11                        11      0        0
  MONTH TO DATE   27                       145   -118       70
  SINCE SEP 1     92                       231   -139       74
  SINCE JUL 1     94                       242   -148       74

 COOLING
  TODAY            0                         0      0        2
  MONTH TO DATE   54                        10     44        7
  SINCE SEP 1    166                       102     64      229
  SINCE JAN 1    919                       811    108     1240
..................................................................


WIND (MPH)
  RESULTANT WIND SPEED   4   RESULTANT WIND DIRECTION   N (340)
  HIGHEST WIND SPEED    16   HIGHEST WIND DIRECTION     N (360)
  HIGHEST GUST SPEED    19   HIGHEST GUST DIRECTION     N (350)
  AVERAGE WIND SPEED     6.4


SKY COVER
  POSSIBLE SUNSHINE  MM
  AVERAGE SKY COVER 0.9


WEATHER CONDITIONS
 THE FOLLOWING WEATHER WAS RECORDED TODAY.
  HAZE


RELATIVE HUMIDITY (PERCENT)
 HIGHEST    77          1200 AM
 LOWEST     47           300 PM
 AVERAGE    62

..........................................................


THE MORGANTOWN WV CLIMATE NORMALS FOR TOMORROW
                         NORMAL    RECORD    YEAR
 MAXIMUM TEMPERATURE (F)   64        86      1928
 MINIMUM TEMPERATURE (F)   43        27      1982


SUNRISE AND SUNSET
OCTOBER 16 2017.......SUNRISE   731 AM EDT   SUNSET   639 PM EDT
OCTOBER 17 2017.......SUNRISE   732 AM EDT   SUNSET   637 PM EDT


-  INDICATES NEGATIVE NUMBERS.
R  INDICATES RECORD WAS SET OR TIED.
MM INDICATES DATA IS MISSING.
T  INDICATES TRACE AMOUNT.




$$
