000
CDUS41 KPBZ 280703
CLIMGW


CLIMATE REPORT
NATIONAL WEATHER SERVICE PITTSBURGH PA
302 AM EDT SAT MAY 28 2016


...................................

...THE MORGANTOWN WV CLIMATE SUMMARY FOR MAY 27 2016...

CLIMATE NORMAL PERIOD 1981 TO 2010
CLIMATE RECORD PERIOD 1948 TO 2016


WEATHER ITEM   OBSERVED TIME   RECORD YEAR NORMAL DEPARTURE LAST
                VALUE   (LST)  VALUE       VALUE  FROM      YEAR
                                                  NORMAL
..................................................................
TEMPERATURE (F)
 YESTERDAY
  MAXIMUM         87    501 PM  91    2012  75     12       83
  MINIMUM         66    518 AM  36    1969  53     13       66
  AVERAGE         77                        64     13       75

PRECIPITATION (IN)
  YESTERDAY        0.00         MM      MM   0.15  -0.15     0.11
  MONTH TO DATE    5.20                      3.99   1.21     1.11
  SINCE JUN 1     39.57                     41.21  -1.64    43.37
  SINCE JAN 1     16.03                     16.57  -0.54    17.14

DEGREE DAYS
 HEATING
  YESTERDAY        0                         4     -4        0
  MONTH TO DATE  171                       158     13       84
  SINCE MAR 1    942                      1252   -310     1158
  SINCE JUL 1   4036                      5141  -1105     5282

 COOLING
  YESTERDAY       12                         2     10       10
  MONTH TO DATE   33                        40     -7      133
  SINCE MAR 1     39                        56    -17      141
  SINCE JAN 1     39                        56    -17      141
..................................................................


WIND (MPH)
  HIGHEST WIND SPEED    10   HIGHEST WIND DIRECTION    SW (230)
  HIGHEST GUST SPEED    17   HIGHEST GUST DIRECTION    SW (210)
  AVERAGE WIND SPEED     4.2


SKY COVER
  POSSIBLE SUNSHINE  MM
  AVERAGE SKY COVER 0.2


WEATHER CONDITIONS
 THE FOLLOWING WEATHER WAS RECORDED YESTERDAY.
  NO SIGNIFICANT WEATHER WAS OBSERVED.


RELATIVE HUMIDITY (PERCENT)
 HIGHEST    81           300 AM
 LOWEST     36           500 PM
 AVERAGE    59

..........................................................


THE MORGANTOWN WV CLIMATE NORMALS FOR TODAY
                         NORMAL    RECORD    YEAR
 MAXIMUM TEMPERATURE (F)   75        90      2012
                                             1955
 MINIMUM TEMPERATURE (F)   54        36      1971


SUNRISE AND SUNSET
MAY 28 2016...........SUNRISE   556 AM EDT   SUNSET   839 PM EDT
MAY 29 2016...........SUNRISE   555 AM EDT   SUNSET   840 PM EDT


-  INDICATES NEGATIVE NUMBERS.
R  INDICATES RECORD WAS SET OR TIED.
MM INDICATES DATA IS MISSING.
T  INDICATES TRACE AMOUNT.




$$
