897
CDUS41 KPBZ 140801
CLIMGW


CLIMATE REPORT
NATIONAL WEATHER SERVICE PITTSBURGH PA
301 AM EST THU DEC 14 2017


...................................

...THE MORGANTOWN WV CLIMATE SUMMARY FOR DECEMBER 13 2017...

CLIMATE NORMAL PERIOD 1981 TO 2010
CLIMATE RECORD PERIOD 1872 TO 2017


WEATHER ITEM   OBSERVED TIME   RECORD YEAR NORMAL DEPARTURE LAST
                VALUE   (LST)  VALUE       VALUE  FROM      YEAR
                                                  NORMAL
..................................................................
TEMPERATURE (F)
 YESTERDAY
  MAXIMUM         36   1159 PM  69    2015  43     -7       38
                                      1923
                                      1901
  MINIMUM         16    254 AM  -3    1962  28    -12       29
  AVERAGE         26                        35     -9       34

PRECIPITATION (IN)
  YESTERDAY        T             2.50 1919   0.10  -0.10     0.14
  MONTH TO DATE    0.55                      1.32  -0.77     1.53
  SINCE JUN 1     25.34                     23.05   2.29    26.89
  SINCE JAN 1     48.43                     40.24   8.19    42.93

DEGREE DAYS
 HEATING
  YESTERDAY       39                        30      9       31
  MONTH TO DATE  380                       363     17      380
  SINCE DEC 1    380                       363     17      380
  SINCE JUL 1   1275                      1411   -136     1066

 COOLING
  YESTERDAY        0                         0      0        0
  MONTH TO DATE    0                         0      0        0
  SINCE DEC 1      0                         0      0        0
  SINCE JAN 1    919                       814    105     1283
..................................................................


WIND (MPH)
  HIGHEST WIND SPEED    15   HIGHEST WIND DIRECTION     W (290)
  HIGHEST GUST SPEED    26   HIGHEST GUST DIRECTION     W (290)
  AVERAGE WIND SPEED     7.0


SKY COVER
  POSSIBLE SUNSHINE  MM
  AVERAGE SKY COVER 0.9


WEATHER CONDITIONS
 THE FOLLOWING WEATHER WAS RECORDED YESTERDAY.
  SNOW
  LIGHT SNOW
  HAZE


RELATIVE HUMIDITY (PERCENT)
 HIGHEST    75          1000 PM
 LOWEST     46           200 PM
 AVERAGE    61

..........................................................


THE MORGANTOWN WV CLIMATE NORMALS FOR TODAY
                         NORMAL    RECORD    YEAR
 MAXIMUM TEMPERATURE (F)   43        71      2015
                                             2001
 MINIMUM TEMPERATURE (F)   27        -4      1898


SUNRISE AND SUNSET
DECEMBER 14 2017......SUNRISE   733 AM EST   SUNSET   456 PM EST
DECEMBER 15 2017......SUNRISE   733 AM EST   SUNSET   456 PM EST


-  INDICATES NEGATIVE NUMBERS.
R  INDICATES RECORD WAS SET OR TIED.
MM INDICATES DATA IS MISSING.
T  INDICATES TRACE AMOUNT.




$$
