716
CDUS43 KFSD 312220
CLIMHE


CLIMATE REPORT
NATIONAL WEATHER SERVICE SIOUX FALLS SD
520 PM CDT WED AUG 31 2016


...................................

...THE MITCHELL SD CLIMATE SUMMARY FOR AUGUST 31 2016...
VALID TODAY AS OF 0500 PM LOCAL TIME.

CLIMATE NORMAL PERIOD 1981 TO 2010
CLIMATE RECORD PERIOD 1893 TO 2016


WEATHER ITEM   OBSERVED TIME   RECORD YEAR NORMAL DEPARTURE LAST
                VALUE   (LST)  VALUE       VALUE  FROM      YEAR
                                                  NORMAL
..................................................................
TEMPERATURE (F)
 TODAY
  MAXIMUM         85    358 PM  99    1948  81      4       91
                                      1922
                                      1898
  MINIMUM         62    641 AM  40    1974  57      5       65
  AVERAGE         74                        69      5       78

PRECIPITATION (IN)
  TODAY            0.00          0.83 2004   0.07  -0.07     0.00
  MONTH TO DATE    3.31                      2.38   0.93     3.66
  SINCE JUN 1      6.89                      9.62  -2.73     9.84
  SINCE JAN 1     19.41                     16.35   3.06    16.93

SNOWFALL (IN)
  TODAY            0.0           0.0    MM  MM     MM        0.0
  MONTH TO DATE    0.0                      MM     MM        0.0
  SINCE JUN 1      0.0                      MM     MM        0.0
  SINCE JUL 1      0.0                      MM     MM        0.0
  SNOW DEPTH       0

DEGREE DAYS
 HEATING
  TODAY            0                         1     -1        0
  MONTH TO DATE    5                         6     -1       26
  SINCE JUN 1     12                        52    -40       31
  SINCE JUL 1      8                        17     -9       28

 COOLING
  TODAY            9                         5      4       13
  MONTH TO DATE  273                       227     46      203
  SINCE JUN 1    888                       705    183      693
  SINCE JAN 1    932                       745    187      724
..................................................................


WIND (MPH)
  HIGHEST WIND SPEED     9   HIGHEST WIND DIRECTION    SE (130)
  HIGHEST GUST SPEED    14   HIGHEST GUST DIRECTION    SE (150)
  AVERAGE WIND SPEED     4.5


SKY COVER
  POSSIBLE SUNSHINE  MM
  AVERAGE SKY COVER 0.1


WEATHER CONDITIONS
 THE FOLLOWING WEATHER WAS RECORDED TODAY.
  NO SIGNIFICANT WEATHER WAS OBSERVED.


RELATIVE HUMIDITY (PERCENT)
 HIGHEST    93          1200 AM
 LOWEST     40           300 PM
 AVERAGE    67

..........................................................


THE MITCHELL SD CLIMATE NORMALS FOR TOMORROW
                         NORMAL    RECORD    YEAR
 MAXIMUM TEMPERATURE (F)   81       100      1913
 MINIMUM TEMPERATURE (F)   57        39      1946


SUNRISE AND SUNSET
AUGUST 31 2016........SUNRISE   655 AM CDT   SUNSET   809 PM CDT
SEPTEMBER  1 2016.....SUNRISE   656 AM CDT   SUNSET   807 PM CDT


-  INDICATES NEGATIVE NUMBERS.
R  INDICATES RECORD WAS SET OR TIED.
MM INDICATES DATA IS MISSING.
T  INDICATES TRACE AMOUNT.




$$
