000
CDUS43 KFSD 240624
CLIMHE


CLIMATE REPORT
NATIONAL WEATHER SERVICE SIOUX FALLS SD
123 AM CDT FRI MAR 24 2017


...................................

...THE MITCHELL SD CLIMATE SUMMARY FOR MARCH 23 2017...

CLIMATE NORMAL PERIOD 1981 TO 2010
CLIMATE RECORD PERIOD 1893 TO 2017


WEATHER ITEM   OBSERVED TIME   RECORD YEAR NORMAL DEPARTURE LAST
                VALUE   (LST)  VALUE       VALUE  FROM      YEAR
                                                  NORMAL
..................................................................
TEMPERATURE (F)
 YESTERDAY
  MAXIMUM         52    401 PM  88    1910  48      4       43
  MINIMUM         41    705 AM -16    1899  26     15       31
  AVERAGE         47                        37     10       37

PRECIPITATION (IN)
  YESTERDAY        T             1.85 1987   0.03  -0.03     0.37
  MONTH TO DATE    0.34                      0.68  -0.34     0.48
  SINCE MAR 1      0.34                      0.68  -0.34     0.48
  SINCE JAN 1      1.50                      1.24   0.26     1.71

SNOWFALL (IN)
  YESTERDAY        0.0           3.7  1906  MM     MM        2.4
  MONTH TO DATE    3.6                      MM     MM        3.7
  SINCE MAR 1      3.6                      MM     MM        3.7
  SINCE JUL 1     29.0                      MM     MM       46.1
  SNOW DEPTH       0

DEGREE DAYS
 HEATING
  YESTERDAY       18                        28    -10       28
  MONTH TO DATE  709                       747    -38      518
  SINCE MAR 1    709                       747    -38      518
  SINCE JUL 1   5443                      6269   -826     5307

 COOLING
  YESTERDAY        0                         0      0        0
  MONTH TO DATE    0                         0      0        0
  SINCE MAR 1      0                         0      0        0
  SINCE JAN 1      0                         0      0        0
..................................................................


WIND (MPH)
  HIGHEST WIND SPEED    25   HIGHEST WIND DIRECTION    SE (150)
  HIGHEST GUST SPEED    31   HIGHEST GUST DIRECTION    SE (150)
  AVERAGE WIND SPEED    14.2


SKY COVER
  POSSIBLE SUNSHINE  MM
  AVERAGE SKY COVER 0.8


WEATHER CONDITIONS
 THE FOLLOWING WEATHER WAS RECORDED YESTERDAY.
  LIGHT RAIN
  FOG
  HAZE


RELATIVE HUMIDITY (PERCENT)
 HIGHEST   100           800 PM
 LOWEST     57          1200 AM
 AVERAGE    79

..........................................................


THE MITCHELL SD CLIMATE NORMALS FOR TODAY
                         NORMAL    RECORD    YEAR
 MAXIMUM TEMPERATURE (F)   48        82      1939
                                             1907
 MINIMUM TEMPERATURE (F)   26        -2      1974


SUNRISE AND SUNSET
MARCH 24 2017.........SUNRISE   728 AM CDT   SUNSET   750 PM CDT
MARCH 25 2017.........SUNRISE   726 AM CDT   SUNSET   751 PM CDT


-  INDICATES NEGATIVE NUMBERS.
R  INDICATES RECORD WAS SET OR TIED.
MM INDICATES DATA IS MISSING.
T  INDICATES TRACE AMOUNT.




$$
