000
CDUS43 KFSD 222221
CLIMHE


CLIMATE REPORT
NATIONAL WEATHER SERVICE SIOUX FALLS SD
519 PM CDT SUN OCT 22 2017


...................................

...THE MITCHELL SD CLIMATE SUMMARY FOR OCTOBER 22 2017...
VALID TODAY AS OF 0500 PM LOCAL TIME.

CLIMATE NORMAL PERIOD 1981 TO 2010
CLIMATE RECORD PERIOD 1893 TO 2017


WEATHER ITEM   OBSERVED TIME   RECORD YEAR NORMAL DEPARTURE LAST
                VALUE   (LST)  VALUE       VALUE  FROM      YEAR
                                                  NORMAL
..................................................................
TEMPERATURE (F)
 TODAY
  MAXIMUM         69    359 PM  86    2003  59     10       73
  MINIMUM         38    202 AM  16    1937  36      2       34
                                      1936
  AVERAGE         54                        47      7       54

PRECIPITATION (IN)
  TODAY            0.00          2.05 1900   0.04  -0.04     0.00
  MONTH TO DATE    3.06                      1.30   1.76     1.94
  SINCE SEP 1      5.67                      3.62   2.05     4.09
  SINCE JAN 1     19.49                     19.97  -0.48    23.50

SNOWFALL (IN)
  TODAY            0.0           2.8  1951  MM     MM        0.0
  MONTH TO DATE    0.0                      MM     MM         T
  SINCE SEP 1      0.0                      MM     MM         T
  SINCE JUL 1      0.0                      MM     MM         T
  SNOW DEPTH       0

DEGREE DAYS
 HEATING
  TODAY           11                        18     -7       11
  MONTH TO DATE  236                       303    -67      251
  SINCE SEP 1    330                       444   -114      327
  SINCE JUL 1    332                       461   -129      335

 COOLING
  TODAY            0                         0      0        0
  MONTH TO DATE    7                         7      0        4
  SINCE SEP 1    120                        79     41      103
  SINCE JAN 1    890                       824     66     1035
..................................................................


WIND (MPH)
  HIGHEST WIND SPEED    21   HIGHEST WIND DIRECTION    SW (220)
  HIGHEST GUST SPEED    29   HIGHEST GUST DIRECTION    SW (230)
  AVERAGE WIND SPEED    11.0


SKY COVER
  POSSIBLE SUNSHINE  MM
  AVERAGE SKY COVER 0.0


WEATHER CONDITIONS
 THE FOLLOWING WEATHER WAS RECORDED TODAY.
  NO SIGNIFICANT WEATHER WAS OBSERVED.


RELATIVE HUMIDITY (PERCENT)
 HIGHEST    79           100 AM
 LOWEST     20           300 PM
 AVERAGE    50

..........................................................


THE MITCHELL SD CLIMATE NORMALS FOR TOMORROW
                         NORMAL    RECORD    YEAR
 MAXIMUM TEMPERATURE (F)   59        87      1927
 MINIMUM TEMPERATURE (F)   35        13      1917


SUNRISE AND SUNSET
OCTOBER 22 2017.......SUNRISE   756 AM CDT   SUNSET   637 PM CDT
OCTOBER 23 2017.......SUNRISE   757 AM CDT   SUNSET   635 PM CDT


-  INDICATES NEGATIVE NUMBERS.
R  INDICATES RECORD WAS SET OR TIED.
MM INDICATES DATA IS MISSING.
T  INDICATES TRACE AMOUNT.




$$
