000
CDUS43 KTOP 300632
CLIMHK


CLIMATE REPORT
NATIONAL WEATHER SERVICE TOPEKA KS
131 AM CDT FRI SEP 30 2016


...................................

...THE MANHATTAN KS CLIMATE SUMMARY FOR SEPTEMBER 29 2016...

CLIMATE NORMAL PERIOD 1981 TO 2010
CLIMATE RECORD PERIOD 9999 TO 9999


WEATHER ITEM   OBSERVED NORMAL DEPARTURE LAST
                VALUE   VALUE  FROM      YEAR
                               NORMAL
...............................................
TEMPERATURE (F)
 YESTERDAY
  MAXIMUM         72     75     -3       68
  MINIMUM         44     49     -5       56
  AVERAGE         58     62     -4       62

PRECIPITATION (IN)
  YESTERDAY        0.00   0.08  -0.08      T
  MONTH TO DATE    3.62   3.09   0.53     4.50
  SINCE SEP 1      3.62   3.09   0.53     4.50
  SINCE JAN 1     30.78  27.63   3.15    29.46

DEGREE DAYS
 HEATING
  YESTERDAY        7      5      2        3
  MONTH TO DATE   20     61    -41       13
  SINCE SEP 1     20     61    -41       13
  SINCE JUL 1     20     64    -44       13

 COOLING
  YESTERDAY        0      2     -2        0
  MONTH TO DATE  243    152     91      313
  SINCE SEP 1    243    152     91      313
  SINCE JAN 1   1699   1335    364     1571
...............................................


WIND (MPH)
  HIGHEST WIND SPEED    13   HIGHEST WIND DIRECTION    NE (50)
  HIGHEST GUST SPEED    17   HIGHEST GUST DIRECTION    NE (50)
  AVERAGE WIND SPEED     2.5


SKY COVER
  AVERAGE SKY COVER 0.1


WEATHER CONDITIONS
 THE FOLLOWING WEATHER WAS RECORDED YESTERDAY.
  NO SIGNIFICANT WEATHER WAS OBSERVED.


RELATIVE HUMIDITY (PERCENT)
 HIGHEST    93
 LOWEST     44
 AVERAGE    69

..........................................................


THE MANHATTAN KS CLIMATE NORMALS FOR TODAY
                         NORMAL
 MAXIMUM TEMPERATURE (F)   75
 MINIMUM TEMPERATURE (F)   49


SUNRISE AND SUNSET
SEPTEMBER 30 2016.....SUNRISE   722 AM CDT   SUNSET   710 PM CDT
OCTOBER  1 2016.......SUNRISE   723 AM CDT   SUNSET   708 PM CDT


-  INDICATES NEGATIVE NUMBERS.
R  INDICATES RECORD WAS SET OR TIED.
MM INDICATES DATA IS MISSING.
T  INDICATES TRACE AMOUNT.




$$
