000
CDUS43 KTOP 252136
CLIMHK


CLIMATE REPORT
NATIONAL WEATHER SERVICE TOPEKA KS
435 PM CDT MON SEP 25 2017


...................................

...THE MANHATTAN KS CLIMATE SUMMARY FOR SEPTEMBER 25 2017...
VALID TODAY AS OF 430 PM LOCAL TIME.

CLIMATE NORMAL PERIOD 1981 TO 2010
CLIMATE RECORD PERIOD 9999 TO 9999


WEATHER ITEM   OBSERVED NORMAL DEPARTURE LAST
                VALUE   VALUE  FROM      YEAR
                               NORMAL
...............................................
TEMPERATURE (F)
 TODAY
  MAXIMUM         83     77      6       75
  MINIMUM         67     51     16       50
  AVERAGE         75     64     11       63

PRECIPITATION (IN)
  TODAY            0.07   0.09  -0.02     0.12
  MONTH TO DATE    0.38   2.75  -2.37     3.62
  SINCE SEP 1      0.38   2.75  -2.37     3.62
  SINCE JAN 1     23.94  27.29  -3.35    30.78

DEGREE DAYS
 HEATING
  TODAY            0      4     -4        2
  MONTH TO DATE    9     42    -33        4
  SINCE SEP 1      9     42    -33        4
  SINCE JUL 1      9     45    -36        4

 COOLING
  TODAY           10      3      7        0
  MONTH TO DATE  229    141     88      242
  SINCE SEP 1    229    141     88      242
  SINCE JAN 1   1484   1324    160     1698
...............................................


WIND (MPH)
  HIGHEST WIND SPEED    15   HIGHEST WIND DIRECTION    SW (220)
  HIGHEST GUST SPEED    21   HIGHEST GUST DIRECTION     N (340)
  AVERAGE WIND SPEED    MM



WEATHER CONDITIONS
 THE FOLLOWING WEATHER WAS RECORDED TODAY.
  THUNDERSTORM
  LIGHT RAIN
  FOG


RELATIVE HUMIDITY (PERCENT)
 HIGHEST    MM
 LOWEST     MM
 AVERAGE    MM

..........................................................


THE MANHATTAN KS CLIMATE NORMALS FOR TOMORROW
                         NORMAL
 MAXIMUM TEMPERATURE (F)   77
 MINIMUM TEMPERATURE (F)   50


SUNRISE AND SUNSET
SEPTEMBER 25 2017.....SUNRISE   717 AM CDT   SUNSET   718 PM CDT
SEPTEMBER 26 2017.....SUNRISE   718 AM CDT   SUNSET   717 PM CDT


-  INDICATES NEGATIVE NUMBERS.
R  INDICATES RECORD WAS SET OR TIED.
MM INDICATES DATA IS MISSING.
T  INDICATES TRACE AMOUNT.




$$
