000
CDUS43 KTOP 250631
CLIMHK


CLIMATE REPORT
NATIONAL WEATHER SERVICE TOPEKA KS
1231 AM CST SAT NOV 25 2017


...................................

...THE MANHATTAN KS CLIMATE SUMMARY FOR NOVEMBER 24 2017...

CLIMATE NORMAL PERIOD 1981 TO 2010
CLIMATE RECORD PERIOD 9999 TO 9999


WEATHER ITEM   OBSERVED NORMAL DEPARTURE LAST
                VALUE   VALUE  FROM      YEAR
                               NORMAL
...............................................
TEMPERATURE (F)
 YESTERDAY
  MAXIMUM         81     51     30       47
  MINIMUM         50     27     23       38
  AVERAGE         66     38     28       43

PRECIPITATION (IN)
  YESTERDAY        0.00   0.04  -0.04     0.00
  MONTH TO DATE    0.10   1.39  -1.29     0.26
  SINCE SEP 1      4.38   6.78  -2.40     6.31
  SINCE JAN 1     27.94  31.32  -3.38    33.47

DEGREE DAYS
 HEATING
  YESTERDAY        0     26    -26       22
  MONTH TO DATE  492    508    -16      316
  SINCE SEP 1    789    904   -115      487
  SINCE JUL 1    789    907   -118      487

 COOLING
  YESTERDAY        1      0      1        0
  MONTH TO DATE    1      0      1        3
  SINCE SEP 1    311    178    133      293
  SINCE JAN 1   1566   1361    205     1749
...............................................


WIND (MPH)
  HIGHEST WIND SPEED    21   HIGHEST WIND DIRECTION    SW (230)
  HIGHEST GUST SPEED    28   HIGHEST GUST DIRECTION     N (340)
  AVERAGE WIND SPEED    10.4


SKY COVER
  AVERAGE SKY COVER 0.0


WEATHER CONDITIONS
 THE FOLLOWING WEATHER WAS RECORDED YESTERDAY.
  HAZE


RELATIVE HUMIDITY (PERCENT)
 HIGHEST    61
 LOWEST     21
 AVERAGE    41

..........................................................


THE MANHATTAN KS CLIMATE NORMALS FOR TODAY
                         NORMAL
 MAXIMUM TEMPERATURE (F)   50
 MINIMUM TEMPERATURE (F)   26


SUNRISE AND SUNSET
NOVEMBER 25 2017......SUNRISE   721 AM CST   SUNSET   506 PM CST
NOVEMBER 26 2017......SUNRISE   722 AM CST   SUNSET   506 PM CST


-  INDICATES NEGATIVE NUMBERS.
R  INDICATES RECORD WAS SET OR TIED.
MM INDICATES DATA IS MISSING.
T  INDICATES TRACE AMOUNT.




$$
