000
CDUS43 KTOP 232134
CLIMHK


CLIMATE REPORT
NATIONAL WEATHER SERVICE TOPEKA KS
434 PM CDT SUN APR 23 2017


...................................

...THE MANHATTAN KS CLIMATE SUMMARY FOR APRIL 23 2017...
VALID TODAY AS OF 0400 PM LOCAL TIME.

CLIMATE NORMAL PERIOD 1981 TO 2010
CLIMATE RECORD PERIOD 9999 TO 9999


WEATHER ITEM   OBSERVED NORMAL DEPARTURE LAST
                VALUE   VALUE  FROM      YEAR
                               NORMAL
...............................................
TEMPERATURE (F)
 TODAY
  MAXIMUM         71     69      2       83
  MINIMUM         31     44    -13       45
  AVERAGE         51     56     -5       64

PRECIPITATION (IN)
  TODAY            0.00   0.10  -0.10     0.00
  MONTH TO DATE    3.15   1.90   1.25     1.98
  SINCE MAR 1      7.22   4.10   3.12     2.48
  SINCE JAN 1      9.02   5.82   3.20     3.46

DEGREE DAYS
 HEATING
  TODAY           14      9      5        1
  MONTH TO DATE  187    289   -102      187
  SINCE MAR 1    696    965   -269      660
  SINCE JUL 1   3980   5125  -1145     3957

 COOLING
  TODAY            0      1     -1        0
  MONTH TO DATE   38     12     26        6
  SINCE MAR 1     44     14     30       15
  SINCE JAN 1     44     14     30       15
...............................................


WIND (MPH)
  HIGHEST WIND SPEED    13   HIGHEST WIND DIRECTION    SW (220)
  HIGHEST GUST SPEED    17   HIGHEST GUST DIRECTION    SW (230)
  AVERAGE WIND SPEED     2.6



WEATHER CONDITIONS
 THE FOLLOWING WEATHER WAS RECORDED TODAY.
  HAZE


RELATIVE HUMIDITY (PERCENT)
 HIGHEST    96
 LOWEST     26
 AVERAGE    61

..........................................................


THE MANHATTAN KS CLIMATE NORMALS FOR TOMORROW
                         NORMAL
 MAXIMUM TEMPERATURE (F)   69
 MINIMUM TEMPERATURE (F)   44


SUNRISE AND SUNSET
APRIL 23 2017.........SUNRISE   638 AM CDT   SUNSET   812 PM CDT
APRIL 24 2017.........SUNRISE   637 AM CDT   SUNSET   813 PM CDT


-  INDICATES NEGATIVE NUMBERS.
R  INDICATES RECORD WAS SET OR TIED.
MM INDICATES DATA IS MISSING.
T  INDICATES TRACE AMOUNT.




$$
