000
CDUS43 KTOP 280635
CLIMHK


CLIMATE REPORT
NATIONAL WEATHER SERVICE TOPEKA KS
1234 AM CST WED JAN 28 2015


...................................

...THE MANHATTAN KS CLIMATE SUMMARY FOR JANUARY 27 2015...

CLIMATE NORMAL PERIOD 1981 TO 2010
CLIMATE RECORD PERIOD 9999 TO 9999


WEATHER ITEM   OBSERVED NORMAL DEPARTURE LAST
                VALUE   VALUE  FROM      YEAR
                               NORMAL
...............................................
TEMPERATURE (F)
 YESTERDAY
  MAXIMUM         65     42     23       19
  MINIMUM         24     18      6        6
  AVERAGE         45     30     15       13

PRECIPITATION (IN)
  YESTERDAY        0.00   0.03  -0.03     0.00
  MONTH TO DATE    0.05   0.49  -0.44     0.23
  SINCE DEC 1      2.27   1.51   0.76     0.82
  SINCE JAN 1      0.05   0.49  -0.44     0.23

DEGREE DAYS
 HEATING
  YESTERDAY       20     35    -15       52
  MONTH TO DATE  969    986    -17     1021
  SINCE DEC 1   1903   2052   -149     2209
  SINCE JUL 1   3040   3127    -87     3296

 COOLING
  YESTERDAY        0      0      0        0
  MONTH TO DATE    0      0      0        0
  SINCE DEC 1      0      0      0        0
  SINCE JAN 1      0      0      0        0
...............................................


WIND (MPH)
  HIGHEST WIND SPEED    16   HIGHEST WIND DIRECTION    SE (150)
  HIGHEST GUST SPEED    21   HIGHEST GUST DIRECTION    SE (150)
  AVERAGE WIND SPEED     4.7


SKY COVER
  AVERAGE SKY COVER 0.0


WEATHER CONDITIONS
 THE FOLLOWING WEATHER WAS RECORDED YESTERDAY.
  NO SIGNIFICANT WEATHER WAS OBSERVED.


RELATIVE HUMIDITY (PERCENT)
 HIGHEST    92
 LOWEST     31
 AVERAGE    62

..........................................................


THE MANHATTAN KS CLIMATE NORMALS FOR TODAY
                         NORMAL
 MAXIMUM TEMPERATURE (F)   42
 MINIMUM TEMPERATURE (F)   18


SUNRISE AND SUNSET
JANUARY 28 2015.......SUNRISE   737 AM CST   SUNSET   543 PM CST
JANUARY 29 2015.......SUNRISE   736 AM CST   SUNSET   544 PM CST


-  INDICATES NEGATIVE NUMBERS.
R  INDICATES RECORD WAS SET OR TIED.
MM INDICATES DATA IS MISSING.
T  INDICATES TRACE AMOUNT.




$$
