000
CDUS43 KTOP 290705
CLIMHK


CLIMATE REPORT
NATIONAL WEATHER SERVICE TOPEKA KS
204 AM CDT FRI JUL 29 2016


...................................

...THE MANHATTAN KS CLIMATE SUMMARY FOR JULY 28 2016...

CLIMATE NORMAL PERIOD 1981 TO 2010
CLIMATE RECORD PERIOD 9999 TO 9999


WEATHER ITEM   OBSERVED NORMAL DEPARTURE LAST
                VALUE   VALUE  FROM      YEAR
                               NORMAL
...............................................
TEMPERATURE (F)
 YESTERDAY
  MAXIMUM         92     92      0      101
  MINIMUM         67     67      0       77
  AVERAGE         80     79      1       89

PRECIPITATION (IN)
  YESTERDAY        0.34   0.12   0.22    MM
  MONTH TO DATE    3.49   3.63  -0.14     3.09
  SINCE JUN 1      4.74   8.72  -3.98     6.75
  SINCE JAN 1     20.02  19.92   0.10    20.97

DEGREE DAYS
 HEATING
  YESTERDAY        0      0      0        0
  MONTH TO DATE    0      0      0        0
  SINCE JUN 1      0     11    -11        0
  SINCE JUL 1      0      0      0        0

 COOLING
  YESTERDAY       15     14      1       24
  MONTH TO DATE  462    393     69      446
  SINCE JUN 1    920    663    257      807
  SINCE JAN 1   1030    763    267      888
...............................................


WIND (MPH)
  HIGHEST WIND SPEED    28   HIGHEST WIND DIRECTION     W (270)
  HIGHEST GUST SPEED    38   HIGHEST GUST DIRECTION     W (290)
  AVERAGE WIND SPEED     4.5


SKY COVER
  AVERAGE SKY COVER 0.2


WEATHER CONDITIONS
 THE FOLLOWING WEATHER WAS RECORDED YESTERDAY.
  THUNDERSTORM
  HEAVY RAIN
  RAIN
  LIGHT RAIN
  FOG


RELATIVE HUMIDITY (PERCENT)
 HIGHEST    93
 LOWEST     41
 AVERAGE    67

..........................................................


THE MANHATTAN KS CLIMATE NORMALS FOR TODAY
                         NORMAL
 MAXIMUM TEMPERATURE (F)   92
 MINIMUM TEMPERATURE (F)   67


SUNRISE AND SUNSET
JULY 29 2016..........SUNRISE   625 AM CDT   SUNSET   841 PM CDT
JULY 30 2016..........SUNRISE   626 AM CDT   SUNSET   840 PM CDT


-  INDICATES NEGATIVE NUMBERS.
R  INDICATES RECORD WAS SET OR TIED.
MM INDICATES DATA IS MISSING.
T  INDICATES TRACE AMOUNT.




$$
