000
CDUS46 KMFR 240839
CLIMHS


CLIMATE REPORT
NATIONAL WEATHER SERVICE MEDFORD, OR
1239 AM PST SAT FEB 24 2018


...................................

...THE MT SHASTA CITY CA CLIMATE SUMMARY FOR FEBRUARY 23 2018...

CLIMATE NORMAL PERIOD 1981 TO 2010
CLIMATE RECORD PERIOD 1908 TO 2018


WEATHER ITEM   OBSERVED TIME   RECORD YEAR NORMAL DEPARTURE LAST
                VALUE   (LST)  VALUE       VALUE  FROM      YEAR
                                                  NORMAL
..................................................................
TEMPERATURE (F)
 YESTERDAY
  MAXIMUM         39        MM  70    1995  50    -11       38
  MINIMUM         21        MM  15    1920  29     -8       24
  AVERAGE         30                        39     -9       31

PRECIPITATION (IN)
  YESTERDAY        T             3.09 1957   0.27  -0.27      T
  MONTH TO DATE    0.16                      5.87  -5.71    10.97
  SINCE OCT 1     10.27                     28.14 -17.87    43.23
  SINCE JAN 1      4.44                     12.93  -8.49    22.07

SNOWFALL (IN)
  YESTERDAY       MM                         0.7   MM       MM
  MONTH TO DATE   MM                        16.1   MM       MM
  SINCE JUL 1     MM                        69.4   MM       MM
  SNOW DEPTH      MM

DEGREE DAYS
 HEATING
  YESTERDAY       35                        26      9       34
  MONTH TO DATE  569                       623    -54      552
  SINCE DEC 1   2181                      2452   -271     2542
  SINCE JUL 1   3432                      3849   -417     3727

 COOLING
  YESTERDAY        0                         0      0        0
  MONTH TO DATE    0                         0      0        0
  SINCE DEC 1      0                         0      0        0
  SINCE JAN 1      0                         0      0        0
..................................................................


WIND (MPH)
  HIGHEST WIND SPEED    13   HIGHEST WIND DIRECTION     N (340)
  HIGHEST GUST SPEED    23   HIGHEST GUST DIRECTION     N (340)
  AVERAGE WIND SPEED     5.9


SKY COVER
  POSSIBLE SUNSHINE  MM
  AVERAGE SKY COVER 0.3


WEATHER CONDITIONS
 THE FOLLOWING WEATHER WAS RECORDED YESTERDAY.
  NO SIGNIFICANT WEATHER WAS OBSERVED.


RELATIVE HUMIDITY (PERCENT)
 HIGHEST    68           200 AM
 LOWEST     24           500 PM

..........................................................


THE MT SHASTA CITY CA CLIMATE NORMALS FOR TODAY
                         NORMAL    RECORD    YEAR
 MAXIMUM TEMPERATURE (F)   50        70      1995
 MINIMUM TEMPERATURE (F)   29         9      1956


SUNRISE AND SUNSET
FEBRUARY 24 2018......SUNRISE   651 AM PST   SUNSET   554 PM PST
FEBRUARY 25 2018......SUNRISE   650 AM PST   SUNSET   555 PM PST


-  INDICATES NEGATIVE NUMBERS.
R  INDICATES RECORD WAS SET OR TIED.
MM INDICATES DATA IS MISSING.
T  INDICATES TRACE AMOUNT.




$$
