000
CDUS46 KMFR 160837
CLIMHS


CLIMATE REPORT
NATIONAL WEATHER SERVICE MEDFORD, OR
137 AM PDT TUE SEP 16 2014


...................................

...THE MT SHASTA CITY CA CLIMATE SUMMARY FOR SEPTEMBER 15 2014...

CLIMATE NORMAL PERIOD 1981 TO 2010
CLIMATE RECORD PERIOD 1908 TO 2014


WEATHER ITEM   OBSERVED TIME   RECORD YEAR NORMAL DEPARTURE LAST
                VALUE   (LST)  VALUE       VALUE  FROM      YEAR
                                                  NORMAL
..................................................................
TEMPERATURE (F)
 YESTERDAY
  MAXIMUM         88   1258 PM  96    1981  78     10       80
  MINIMUM         50    603 AM  24    1927  43      7       51
  AVERAGE         69                        61      8       66

PRECIPITATION (IN)
  YESTERDAY        0.00          0.42 1996   0.02  -0.02     0.00
  MONTH TO DATE    0.00                      0.29  -0.29     0.00
  SINCE SEP 1      0.00                      0.29  -0.29     0.00
  SINCE JAN 1     12.28                     27.62 -15.34     7.18

SNOWFALL (IN)
  YESTERDAY       MM                         0.0   MM       MM
  MONTH TO DATE   MM                         0.0   MM       MM
  SINCE JUL 1     MM                         0.0   MM       MM
  SNOW DEPTH      MM

DEGREE DAYS
 HEATING
  YESTERDAY        0                         5     -5        0
  MONTH TO DATE    5                        59    -54        7
  SINCE SEP 1      5                        59    -54        7
  SINCE JUL 1     10                       134   -124       19

 COOLING
  YESTERDAY        4                         1      3        1
  MONTH TO DATE   31                        16     15       47
  SINCE SEP 1     31                        16     15       47
  SINCE JAN 1    529                       276    253      474
..................................................................


WIND (MPH)
  HIGHEST WIND SPEED     6   HIGHEST WIND DIRECTION    SW (210)
  HIGHEST GUST SPEED    13   HIGHEST GUST DIRECTION     S (200)
  AVERAGE WIND SPEED     1.3


SKY COVER
  POSSIBLE SUNSHINE  MM
  AVERAGE SKY COVER 0.0


WEATHER CONDITIONS
 THE FOLLOWING WEATHER WAS RECORDED YESTERDAY.
  NO SIGNIFICANT WEATHER WAS OBSERVED.


RELATIVE HUMIDITY (PERCENT)
 HIGHEST    68           400 AM
 LOWEST     18           100 PM

..........................................................


THE MT SHASTA CITY CA CLIMATE NORMALS FOR TODAY
                         NORMAL    RECORD    YEAR
 MAXIMUM TEMPERATURE (F)   78        94      2008
                                             1981
 MINIMUM TEMPERATURE (F)   43        30      1908


SUNRISE AND SUNSET
SEPTEMBER 16 2014.....SUNRISE   651 AM PDT   SUNSET   717 PM PDT
SEPTEMBER 17 2014.....SUNRISE   652 AM PDT   SUNSET   715 PM PDT


-  INDICATES NEGATIVE NUMBERS.
R  INDICATES RECORD WAS SET OR TIED.
MM INDICATES DATA IS MISSING.
T  INDICATES TRACE AMOUNT.




$$
