000
CDUS46 KMFR 260837
CLIMHS


CLIMATE REPORT
NATIONAL WEATHER SERVICE MEDFORD, OR
1237 AM PST SUN FEB 26 2017


...................................

...THE MT SHASTA CITY CA CLIMATE SUMMARY FOR FEBRUARY 25 2017...

CLIMATE NORMAL PERIOD 1981 TO 2010
CLIMATE RECORD PERIOD 1908 TO 2017


WEATHER ITEM   OBSERVED TIME   RECORD YEAR NORMAL DEPARTURE LAST
                VALUE   (LST)  VALUE       VALUE  FROM      YEAR
                                                  NORMAL
..................................................................
TEMPERATURE (F)
 YESTERDAY
  MAXIMUM         42    316 PM  71    1916  50     -8       66
  MINIMUM         25   1159 PM  11    1987  29     -4       30
  AVERAGE         34                        40     -6       48

PRECIPITATION (IN)
  YESTERDAY        T             3.11 2004   0.27  -0.27     0.00
  MONTH TO DATE   10.99                      6.42   4.57     2.87
  SINCE OCT 1     43.25                     28.69  14.56    25.36
  SINCE JAN 1     22.09                     13.48   8.61    15.87

SNOWFALL (IN)
  YESTERDAY       MM                         0.7   MM       MM
  MONTH TO DATE   MM                        17.6   MM       MM
  SINCE JUL 1     MM                        70.9   MM       MM
  SNOW DEPTH      MM

DEGREE DAYS
 HEATING
  YESTERDAY       31                        25      6       17
  MONTH TO DATE  620                       674    -54      528
  SINCE DEC 1   2610                      2503    107     2300
  SINCE JUL 1   3795                      3900   -105     3432

 COOLING
  YESTERDAY        0                         0      0        0
  MONTH TO DATE    0                         0      0        0
  SINCE DEC 1      0                         0      0        0
  SINCE JAN 1      0                         0      0        0
..................................................................


WIND (MPH)
  HIGHEST WIND SPEED     7   HIGHEST WIND DIRECTION    SW (210)
  HIGHEST GUST SPEED    10   HIGHEST GUST DIRECTION    SW (220)
  AVERAGE WIND SPEED     0.8


SKY COVER
  POSSIBLE SUNSHINE  MM
  AVERAGE SKY COVER 0.7


WEATHER CONDITIONS
 THE FOLLOWING WEATHER WAS RECORDED YESTERDAY.
  FOG
  HAZE


RELATIVE HUMIDITY (PERCENT)
 HIGHEST    92          1200 AM
 LOWEST     44           400 PM

..........................................................


THE MT SHASTA CITY CA CLIMATE NORMALS FOR TODAY
                         NORMAL    RECORD    YEAR
 MAXIMUM TEMPERATURE (F)   51        77      1916
 MINIMUM TEMPERATURE (F)   29         6      1962


SUNRISE AND SUNSET
FEBRUARY 26 2017......SUNRISE   648 AM PST   SUNSET   557 PM PST
FEBRUARY 27 2017......SUNRISE   646 AM PST   SUNSET   558 PM PST


-  INDICATES NEGATIVE NUMBERS.
R  INDICATES RECORD WAS SET OR TIED.
MM INDICATES DATA IS MISSING.
T  INDICATES TRACE AMOUNT.




$$
