000
CDUS46 KMFR 020836
CLIMHS


CLIMATE REPORT
NATIONAL WEATHER SERVICE MEDFORD, OR
1235 AM PST MON MAR 2 2015


...................................

...THE MT SHASTA CITY CA CLIMATE SUMMARY FOR MARCH 1 2015...

CLIMATE NORMAL PERIOD 1981 TO 2010
CLIMATE RECORD PERIOD 1908 TO 2015


WEATHER ITEM   OBSERVED TIME   RECORD YEAR NORMAL DEPARTURE LAST
                VALUE   (LST)  VALUE       VALUE  FROM      YEAR
                                                  NORMAL
..................................................................
TEMPERATURE (F)
 YESTERDAY
  MAXIMUM         51    339 PM  66    1994  51      0       52
  MINIMUM         28    705 AM  10    1917  29     -1       37
  AVERAGE         40                        40      0       45

PRECIPITATION (IN)
  YESTERDAY        0.00          3.33 2009   0.26  -0.26      T
  MONTH TO DATE    0.00                      0.26  -0.26      T
  SINCE OCT 1     30.16                     29.76   0.40     7.15
  SINCE JAN 1     10.64                     14.55  -3.91     6.04

SNOWFALL (IN)
  YESTERDAY       MM                         0.6   MM       MM
  MONTH TO DATE   MM                         0.6   MM       MM
  SINCE JUL 1     MM                        73.5   MM        0.0
  SNOW DEPTH      MM

DEGREE DAYS
 HEATING
  YESTERDAY       25                        25      0       20
  MONTH TO DATE   25                        25      0       20
  SINCE MAR 1     25                        25      0       20
  SINCE JUL 1   2991                      4000  -1009     3636

 COOLING
  YESTERDAY        0                         0      0        0
  MONTH TO DATE    0                         0      0        0
  SINCE MAR 1      0                         0      0        0
  SINCE JAN 1      0                         0      0        0
..................................................................


WIND (MPH)
  HIGHEST WIND SPEED    12   HIGHEST WIND DIRECTION    NW (300)
  HIGHEST GUST SPEED    18   HIGHEST GUST DIRECTION    NW (300)
  AVERAGE WIND SPEED     4.5


SKY COVER
  POSSIBLE SUNSHINE  MM
  AVERAGE SKY COVER 0.0


WEATHER CONDITIONS
 THE FOLLOWING WEATHER WAS RECORDED YESTERDAY.
  HAZE


RELATIVE HUMIDITY (PERCENT)
 HIGHEST    72          1000 PM
 LOWEST     32           300 PM

..........................................................


THE MT SHASTA CITY CA CLIMATE NORMALS FOR TODAY
                         NORMAL    RECORD    YEAR
 MAXIMUM TEMPERATURE (F)   51        69      1931
 MINIMUM TEMPERATURE (F)   29        15      1971


SUNRISE AND SUNSET
MARCH  2 2015.........SUNRISE   642 AM PST   SUNSET   601 PM PST
MARCH  3 2015.........SUNRISE   641 AM PST   SUNSET   602 PM PST


-  INDICATES NEGATIVE NUMBERS.
R  INDICATES RECORD WAS SET OR TIED.
MM INDICATES DATA IS MISSING.
T  INDICATES TRACE AMOUNT.




$$
