000
CDUS46 KMFR 210837
CLIMHS


CLIMATE REPORT
NATIONAL WEATHER SERVICE MEDFORD, OR
137 AM PDT MON APR 21 2014


...................................

...THE MT SHASTA CITY CA CLIMATE SUMMARY FOR APRIL 20 2014...

CLIMATE NORMAL PERIOD 1981 TO 2010
CLIMATE RECORD PERIOD 1908 TO 2014


WEATHER ITEM   OBSERVED TIME   RECORD YEAR NORMAL DEPARTURE LAST
                VALUE   (LST)  VALUE       VALUE  FROM      YEAR
                                                  NORMAL
..................................................................
TEMPERATURE (F)
 YESTERDAY
  MAXIMUM         74    336 PM  84    2009  62     12       67
  MINIMUM         32    538 AM  15    2008  34     -2       40
  AVERAGE         53                        48      5       54

PRECIPITATION (IN)
  YESTERDAY        0.00          1.84 1955   0.09  -0.09     0.00
  MONTH TO DATE    0.56                      2.08  -1.52     0.77
  SINCE SEP 1     13.79                     38.21 -24.42    26.21
  SINCE JAN 1     10.97                     22.33 -11.36     5.51

SNOWFALL (IN)
  YESTERDAY       MM                         0.1   MM       MM
  MONTH TO DATE   MM                         4.6   MM       MM
  SINCE JUL 1      0.0                      90.7  -90.7     MM
  SNOW DEPTH      MM

DEGREE DAYS
 HEATING
  YESTERDAY       12                        17     -5       11
  MONTH TO DATE  260                       378   -118      339
  SINCE MAR 1    864                      1082   -218      954
  SINCE JUL 1   4480                      5057   -577     4672

 COOLING
  YESTERDAY        0                         0      0        0
  MONTH TO DATE    0                         0      0        0
  SINCE MAR 1      0                         0      0        0
  SINCE JAN 1      0                         0      0        0
..................................................................


WIND (MPH)
  HIGHEST WIND SPEED     9   HIGHEST WIND DIRECTION    NW (300)
  HIGHEST GUST SPEED    14   HIGHEST GUST DIRECTION    NW (310)
  AVERAGE WIND SPEED     1.9


SKY COVER
  POSSIBLE SUNSHINE  MM
  AVERAGE SKY COVER 0.0


WEATHER CONDITIONS
 THE FOLLOWING WEATHER WAS RECORDED YESTERDAY.
  NO SIGNIFICANT WEATHER WAS OBSERVED.


RELATIVE HUMIDITY (PERCENT)
 HIGHEST    75           400 AM
 LOWEST     17           200 PM

..........................................................


THE MT SHASTA CITY CA CLIMATE NORMALS FOR TODAY
                         NORMAL    RECORD    YEAR
 MAXIMUM TEMPERATURE (F)   62        87      2009
 MINIMUM TEMPERATURE (F)   34        21      1967


SUNRISE AND SUNSET
APRIL 21 2014.........SUNRISE   620 AM PDT   SUNSET   756 PM PDT
APRIL 22 2014.........SUNRISE   619 AM PDT   SUNSET   757 PM PDT


-  INDICATES NEGATIVE NUMBERS.
R  INDICATES RECORD WAS SET OR TIED.
MM INDICATES DATA IS MISSING.
T  INDICATES TRACE AMOUNT.




$$
