000
CDUS46 KMFR 250836
CLIMHS


CLIMATE REPORT
NATIONAL WEATHER SERVICE MEDFORD, OR
136 AM PDT TUE JUL 25 2017


...................................

...THE MT SHASTA CITY CA CLIMATE SUMMARY FOR JULY 24 2017...

CLIMATE NORMAL PERIOD 1981 TO 2010
CLIMATE RECORD PERIOD 1908 TO 2017


WEATHER ITEM   OBSERVED TIME   RECORD YEAR NORMAL DEPARTURE LAST
                VALUE   (LST)  VALUE       VALUE  FROM      YEAR
                                                  NORMAL
..................................................................
TEMPERATURE (F)
 YESTERDAY
  MAXIMUM         93    307 PM  99    1931  88      5       96
  MINIMUM         53    613 AM  38    1929  51      2       52
  AVERAGE         73                        69      4       74

PRECIPITATION (IN)
  YESTERDAY        0.00          0.57 2003   0.01  -0.01     0.00
  MONTH TO DATE    0.00                      0.32  -0.32      T
  SINCE OCT 1     59.73                     42.13  17.60    42.31
  SINCE JAN 1     38.57                     26.92  11.65    32.82

SNOWFALL (IN)
  YESTERDAY       MM                         0.0   MM       MM
  MONTH TO DATE   MM                         0.0   MM       MM
  SINCE JUL 1     MM                         0.0   MM       MM
  SNOW DEPTH      MM

DEGREE DAYS
 HEATING
  YESTERDAY        0                         1     -1        0
  MONTH TO DATE    0                        30    -30       15
  SINCE JUN 1    105                       172    -67      102
  SINCE JUL 1      0                        30    -30       15

 COOLING
  YESTERDAY        8                         5      3        9
  MONTH TO DATE  169                        92     77       84
  SINCE JUN 1    275                       129    146      191
  SINCE JAN 1    289                       137    152      199
..................................................................


WIND (MPH)
  HIGHEST WIND SPEED     6   HIGHEST WIND DIRECTION    SE (130)
  HIGHEST GUST SPEED    12   HIGHEST GUST DIRECTION    SE (130)
  AVERAGE WIND SPEED     1.1


SKY COVER
  POSSIBLE SUNSHINE  MM
  AVERAGE SKY COVER 0.1


WEATHER CONDITIONS
 THE FOLLOWING WEATHER WAS RECORDED YESTERDAY.
  NO SIGNIFICANT WEATHER WAS OBSERVED.


RELATIVE HUMIDITY (PERCENT)
 HIGHEST    71           600 AM
 LOWEST     18           200 PM

..........................................................


THE MT SHASTA CITY CA CLIMATE NORMALS FOR TODAY
                         NORMAL    RECORD    YEAR
 MAXIMUM TEMPERATURE (F)   88       100      1931
 MINIMUM TEMPERATURE (F)   50        38      1929


SUNRISE AND SUNSET
JULY 25 2017..........SUNRISE   558 AM PDT   SUNSET   833 PM PDT
JULY 26 2017..........SUNRISE   559 AM PDT   SUNSET   832 PM PDT


-  INDICATES NEGATIVE NUMBERS.
R  INDICATES RECORD WAS SET OR TIED.
MM INDICATES DATA IS MISSING.
T  INDICATES TRACE AMOUNT.




$$
