000
CDUS42 KMFL 021008
CLIMIA


CLIMATE REPORT
NATIONAL WEATHER SERVICE MIAMI, FL
508 AM EST MON MAR 2 2015


...................................

...THE MIAMI CLIMATE SUMMARY FOR MARCH 1 2015...

CLIMATE NORMAL PERIOD 1981 TO 2010
CLIMATE RECORD PERIOD 1895 TO 2015


WEATHER ITEM   OBSERVED TIME   RECORD YEAR NORMAL DEPARTURE LAST
                VALUE   (LST)  VALUE       VALUE  FROM      YEAR
                                                  NORMAL
..................................................................
TEMPERATURE (F)
 YESTERDAY
  MAXIMUM         83    207 PM  88    2011  79      4       81
  MINIMUM         73    639 AM  39    1920  64      9       60
  AVERAGE         78                        71      7       71

PRECIPITATION (IN)
  YESTERDAY        T             3.17 1980   0.08  -0.08     0.00
  MONTH TO DATE    T                         0.08  -0.08     0.00
  SINCE NOV 1      7.74                      9.26  -1.52    13.47
  SINCE JAN 1      3.76                      3.95  -0.19     3.07

SNOWFALL (IN)
  YESTERDAY        0.0
  MONTH TO DATE    0.0
  SINCE MAR 1      0.0
  SINCE JUL 1      0.0
  SNOW DEPTH       0

DEGREE DAYS
 HEATING
  YESTERDAY        0                         1     -1        0
  MONTH TO DATE    0                         1     -1        0
  SINCE MAR 1      0                         1     -1        0
  SINCE JUL 1     76                       117    -41       61

 COOLING
  YESTERDAY       13                         7      6        6
  MONTH TO DATE   13                         7      6        6
  SINCE MAR 1     13                         7      6        6
  SINCE JAN 1    352                       329     23      427
..................................................................


WIND (MPH)
  HIGHEST WIND SPEED    20   HIGHEST WIND DIRECTION     E (100)
  HIGHEST GUST SPEED    26   HIGHEST GUST DIRECTION     E (100)
  AVERAGE WIND SPEED    12.9


SKY COVER
  POSSIBLE SUNSHINE  82 PERCENT
  AVERAGE SKY COVER 0.5


WEATHER CONDITIONS
 THE FOLLOWING WEATHER WAS RECORDED YESTERDAY.
  LIGHT RAIN


RELATIVE HUMIDITY (PERCENT)
 HIGHEST    84
 LOWEST     58
 AVERAGE    71

..........................................................


THE MIAMI CLIMATE NORMALS FOR TODAY
                         NORMAL    RECORD    YEAR
 MAXIMUM TEMPERATURE (F)   79        90      2003
 MINIMUM TEMPERATURE (F)   64        33      1941


SUNRISE AND SUNSET
MARCH  2 2015.........SUNRISE   644 AM EST   SUNSET   623 PM EST
MARCH  3 2015.........SUNRISE   643 AM EST   SUNSET   624 PM EST


-  INDICATES NEGATIVE NUMBERS.
R  INDICATES RECORD WAS SET OR TIED.
MM INDICATES DATA IS MISSING.
T  INDICATES TRACE AMOUNT.




$$
