000
CDUS42 KMFL 290822
CLIMIA


CLIMATE REPORT
NATIONAL WEATHER SERVICE MIAMI, FL
422 AM EDT FRI APR 29 2016


...................................

...THE MIAMI CLIMATE SUMMARY FOR APRIL 28 2016...

CLIMATE NORMAL PERIOD 1981 TO 2010
CLIMATE RECORD PERIOD 1895 TO 2016


WEATHER ITEM   OBSERVED TIME   RECORD YEAR NORMAL DEPARTURE LAST
                VALUE   (LST)  VALUE       VALUE  FROM      YEAR
                                                  NORMAL
..................................................................
TEMPERATURE (F)
 YESTERDAY
  MAXIMUM         86    227 PM  93    1909  85      1       89
  MINIMUM         74    606 AM  53    1898  70      4       75
  AVERAGE         80                        77      3       82

PRECIPITATION (IN)
  YESTERDAY        0.00          2.59 1944   0.10  -0.10     0.05
  MONTH TO DATE    1.09                      2.95  -1.86     1.91
  SINCE NOV 1     29.49                     15.13  14.36    10.97
  SINCE JAN 1     12.12                      9.82   2.30     6.99

SNOWFALL (IN)
  YESTERDAY        0.0
  MONTH TO DATE    0.0
  SINCE MAR 1      0.0
  SINCE JUL 1      0.0
  SNOW DEPTH       0

DEGREE DAYS
 HEATING
  YESTERDAY        0                         0      0        0
  MONTH TO DATE    0                         0      0        0
  SINCE MAR 1      0                        11    -11        0
  SINCE JUL 1     67                       127    -60       76

 COOLING
  YESTERDAY       15                        12      3       17
  MONTH TO DATE  337                       298     39      446
  SINCE MAR 1    701                       545    156      818
  SINCE JAN 1    958                       867     91     1157
..................................................................


WIND (MPH)
  HIGHEST WIND SPEED    15   HIGHEST WIND DIRECTION    SE (140)
  HIGHEST GUST SPEED    22   HIGHEST GUST DIRECTION    SE (140)
  AVERAGE WIND SPEED     8.4


SKY COVER
  POSSIBLE SUNSHINE  93 PERCENT
  AVERAGE SKY COVER 0.4


WEATHER CONDITIONS
 THE FOLLOWING WEATHER WAS RECORDED YESTERDAY.
  NO SIGNIFICANT WEATHER WAS OBSERVED.


RELATIVE HUMIDITY (PERCENT)
 HIGHEST    84
 LOWEST     55
 AVERAGE    70

..........................................................


THE MIAMI CLIMATE NORMALS FOR TODAY
                         NORMAL    RECORD    YEAR
 MAXIMUM TEMPERATURE (F)   85        92      1986
 MINIMUM TEMPERATURE (F)   70        48      1928


SUNRISE AND SUNSET
APRIL 29 2016.........SUNRISE   645 AM EDT   SUNSET   752 PM EDT
APRIL 30 2016.........SUNRISE   645 AM EDT   SUNSET   752 PM EDT


-  INDICATES NEGATIVE NUMBERS.
R  INDICATES RECORD WAS SET OR TIED.
MM INDICATES DATA IS MISSING.
T  INDICATES TRACE AMOUNT.




$$
