000
CDUS42 KMFL 170842
CLIMIA


CLIMATE REPORT
NATIONAL WEATHER SERVICE MIAMI, FL
442 AM EDT THU AUG 17 2017


...................................

...THE MIAMI CLIMATE SUMMARY FOR AUGUST 16 2017...

CLIMATE NORMAL PERIOD 1981 TO 2010
CLIMATE RECORD PERIOD 1895 TO 2017


WEATHER ITEM   OBSERVED TIME   RECORD YEAR NORMAL DEPARTURE LAST
                VALUE   (LST)  VALUE       VALUE  FROM      YEAR
                                                  NORMAL
..................................................................
TEMPERATURE (F)
 YESTERDAY
  MAXIMUM         95    246 PM  97    1989  91      4       90
  MINIMUM         81    435 AM  68    1938  77      4       78
  AVERAGE         88                        84      4       84

PRECIPITATION (IN)
  YESTERDAY        0.00          2.02 1941   0.29  -0.29     0.29
  MONTH TO DATE    1.97                      4.32  -2.35     9.96
  SINCE JUN 1     30.39                     20.49   9.90    22.79
  SINCE JAN 1     43.87                     35.84   8.03    43.18

SNOWFALL (IN)
  YESTERDAY        0.0
  MONTH TO DATE    0.0
  SINCE JUN 1      0.0
  SINCE JUL 1      0.0
  SNOW DEPTH       0

DEGREE DAYS
 HEATING
  YESTERDAY        0                         0      0        0
  MONTH TO DATE    0                         0      0        0
  SINCE JUN 1      0                         0      0        0
  SINCE JUL 1      0                         0      0        0

 COOLING
  YESTERDAY       23                        19      4       19
  MONTH TO DATE  348                       312     36      293
  SINCE JUN 1   1566                      1436    130     1474
  SINCE JAN 1   3270                      2792    478     2936
..................................................................


WIND (MPH)
  HIGHEST WIND SPEED    14   HIGHEST WIND DIRECTION    SE (120)
  HIGHEST GUST SPEED    19   HIGHEST GUST DIRECTION    SE (150)
  AVERAGE WIND SPEED     3.7


SKY COVER
  POSSIBLE SUNSHINE  61 PERCENT
  AVERAGE SKY COVER 0.4


WEATHER CONDITIONS
 THE FOLLOWING WEATHER WAS RECORDED YESTERDAY.
  THUNDERSTORM


RELATIVE HUMIDITY (PERCENT)
 HIGHEST    79
 LOWEST     52
 AVERAGE    66

..........................................................


THE MIAMI CLIMATE NORMALS FOR TODAY
                         NORMAL    RECORD    YEAR
 MAXIMUM TEMPERATURE (F)   91        95      1991
 MINIMUM TEMPERATURE (F)   77        70      1938
                                             1922
                                             1920


SUNRISE AND SUNSET
AUGUST 17 2017........SUNRISE   655 AM EDT   SUNSET   755 PM EDT
AUGUST 18 2017........SUNRISE   656 AM EDT   SUNSET   754 PM EDT


-  INDICATES NEGATIVE NUMBERS.
R  INDICATES RECORD WAS SET OR TIED.
MM INDICATES DATA IS MISSING.
T  INDICATES TRACE AMOUNT.




$$
