000
CDUS42 KMFL 190828
CLIMIA


CLIMATE REPORT
NATIONAL WEATHER SERVICE MIAMI, FL
427 AM EDT FRI SEP 19 2014


...................................

...THE MIAMI CLIMATE SUMMARY FOR SEPTEMBER 18 2014...

CLIMATE NORMAL PERIOD 1981 TO 2010
CLIMATE RECORD PERIOD 1839 TO 2014


WEATHER ITEM   OBSERVED TIME   RECORD YEAR NORMAL DEPARTURE LAST
                VALUE   (LST)  VALUE       VALUE  FROM      YEAR
                                                  NORMAL
..................................................................
TEMPERATURE (F)
 YESTERDAY
  MAXIMUM         88    418 PM  95    1989  89     -1       87
  MINIMUM         77    544 AM  69    1985  77      0       77
  AVERAGE         83                        83      0       82

PRECIPITATION (IN)
  YESTERDAY        0.01          8.00 1926   0.35  -0.34      T
  MONTH TO DATE    4.16                      5.88  -1.72     6.27
  SINCE JUN 1     43.14                     30.93  12.21    29.58
  SINCE JAN 1     53.29                     46.28   7.01    48.95

SNOWFALL (IN)
  YESTERDAY        0.0
  MONTH TO DATE    0.0
  SINCE SEP 1      0.0
  SINCE JUL 1      0.0
  SNOW DEPTH       0

DEGREE DAYS
 HEATING
  YESTERDAY        0                         0      0
  MONTH TO DATE    0                         0      0
  SINCE SEP 1      0                         0      0
  SINCE JUL 1      0                         0      0

 COOLING
  YESTERDAY       18                        18      0
  MONTH TO DATE  329                       326      3
  SINCE SEP 1    329                       326      3
  SINCE JAN 1   3624                      3401    223
..................................................................


WIND (MPH)
  HIGHEST WIND SPEED    13   HIGHEST WIND DIRECTION     W (280)
  HIGHEST GUST SPEED    22   HIGHEST GUST DIRECTION    SW (210)
  AVERAGE WIND SPEED     5.6


SKY COVER
  POSSIBLE SUNSHINE  71 PERCENT
  AVERAGE SKY COVER 0.8


WEATHER CONDITIONS
 THE FOLLOWING WEATHER WAS RECORDED YESTERDAY.
  LIGHT RAIN


RELATIVE HUMIDITY (PERCENT)
 HIGHEST    82
 LOWEST     59
 AVERAGE    71

..........................................................


THE MIAMI CLIMATE NORMALS FOR TODAY
                         NORMAL    RECORD    YEAR
 MAXIMUM TEMPERATURE (F)   89        94      1995
 MINIMUM TEMPERATURE (F)   77        68      1938


SUNRISE AND SUNSET
SEPTEMBER 19 2014.....SUNRISE   708 AM EDT   SUNSET   721 PM EDT
SEPTEMBER 20 2014.....SUNRISE   709 AM EDT   SUNSET   720 PM EDT


-  INDICATES NEGATIVE NUMBERS.
R  INDICATES RECORD WAS SET OR TIED.
MM INDICATES DATA IS MISSING.
T  INDICATES TRACE AMOUNT.




$$
