000
CDUS43 KIND 200537
CLIMIE


CLIMATE REPORT
NATIONAL WEATHER SERVICE INDIANAPOLIS IN
135 AM EDT SAT SEP 20 2014


...................................

...THE MUNCIE IN CLIMATE SUMMARY FOR SEPTEMBER 19 2014...

CLIMATE NORMAL PERIOD 1981 TO 2010
CLIMATE RECORD PERIOD 9999 TO 9999


WEATHER ITEM   OBSERVED TIME   NORMAL DEPARTURE LAST
                VALUE   (LST)  VALUE  FROM      YEAR
                                      NORMAL
......................................................
TEMPERATURE (F)
 YESTERDAY
  MAXIMUM         73    258 PM  76     -3       80
  MINIMUM         45    633 AM  53     -8       65
  AVERAGE         59            64     -5       73

PRECIPITATION (IN)
  YESTERDAY        0.00          0.09  -0.09     0.94
  MONTH TO DATE    3.27          1.95   1.32     2.12
  SINCE SEP 1      3.27          1.95   1.32     2.12
  SINCE JAN 1     31.69         29.86   1.83    27.00

DEGREE DAYS
 HEATING
  YESTERDAY        6             3      3        0
  MONTH TO DATE   75            33     42       41
  SINCE SEP 1     75            33     42       41
  SINCE JUL 1    101            43     58       67

 COOLING
  YESTERDAY        0             3     -3        8
  MONTH TO DATE   59            84    -25      113
  SINCE SEP 1     59            84    -25      113
  SINCE JAN 1    814           918   -104      928
......................................................


WIND (MPH)
  HIGHEST WIND SPEED    15   HIGHEST WIND DIRECTION     E (110)
  HIGHEST GUST SPEED    22   HIGHEST GUST DIRECTION    SE (150)
  AVERAGE WIND SPEED     6.1


SKY COVER
  AVERAGE SKY COVER 0.0


WEATHER CONDITIONS
 THE FOLLOWING WEATHER WAS RECORDED YESTERDAY.
  FOG


RELATIVE HUMIDITY (PERCENT)
 HIGHEST    93           300 AM
 LOWEST     MM           500 PM
 AVERAGE    MM

..........................................................


THE MUNCIE IN CLIMATE NORMALS FOR TODAY
                         NORMAL
 MAXIMUM TEMPERATURE (F)   75
 MINIMUM TEMPERATURE (F)   52


SUNRISE AND SUNSET
SEPTEMBER 20 2014.....SUNRISE   727 AM EDT   SUNSET   742 PM EDT
SEPTEMBER 21 2014.....SUNRISE   728 AM EDT   SUNSET   740 PM EDT


-  INDICATES NEGATIVE NUMBERS.
R  INDICATES RECORD WAS SET OR TIED.
MM INDICATES DATA IS MISSING.
T  INDICATES TRACE AMOUNT.




$$
