591
CDUS43 KIND 250534
CLIMIE


CLIMATE REPORT
NATIONAL WEATHER SERVICE INDIANAPOLIS IN
132 AM EDT SAT MAR 25 2017


...................................

...THE MUNCIE IN CLIMATE SUMMARY FOR MARCH 24 2017...

CLIMATE NORMAL PERIOD 1981 TO 2010
CLIMATE RECORD PERIOD 9999 TO 9999


WEATHER ITEM   OBSERVED TIME   NORMAL DEPARTURE LAST
                VALUE   (LST)  VALUE  FROM      YEAR
                                      NORMAL
......................................................
TEMPERATURE (F)
 YESTERDAY
  MAXIMUM         77    216 PM  52     25       63
  MINIMUM         54    510 AM  33     21       39
  AVERAGE         66            43     23       51

PRECIPITATION (IN)
  YESTERDAY        0.00          0.10  -0.10     0.89
  MONTH TO DATE    2.73          2.20   0.53     3.79
  SINCE MAR 1      2.73          2.20   0.53     3.79
  SINCE JAN 1      8.44          6.74   1.70     6.90

DEGREE DAYS
 HEATING
  YESTERDAY        0            22    -22       14
  MONTH TO DATE  621           641    -20      391
  SINCE MAR 1    621           641    -20      391
  SINCE JUL 1   3909          5024  -1115     3982

 COOLING
  YESTERDAY        1             0      1        0
  MONTH TO DATE    1             0      1        0
  SINCE MAR 1      1             0      1        0
  SINCE JAN 1      1             0      1        0
......................................................


WIND (MPH)
  HIGHEST WIND SPEED    25   HIGHEST WIND DIRECTION    SW (220)
  HIGHEST GUST SPEED    35   HIGHEST GUST DIRECTION    SW (220)
  AVERAGE WIND SPEED    14.4


SKY COVER
  AVERAGE SKY COVER 0.1


WEATHER CONDITIONS
 THE FOLLOWING WEATHER WAS RECORDED YESTERDAY.
  NO SIGNIFICANT WEATHER WAS OBSERVED.


RELATIVE HUMIDITY (PERCENT)
 HIGHEST    66           800 AM
 LOWEST     46          1200 AM
 AVERAGE    56

..........................................................


THE MUNCIE IN CLIMATE NORMALS FOR TODAY
                         NORMAL
 MAXIMUM TEMPERATURE (F)   53
 MINIMUM TEMPERATURE (F)   33


SUNRISE AND SUNSET
MARCH 25 2017.........SUNRISE   736 AM EDT   SUNSET   759 PM EDT
MARCH 26 2017.........SUNRISE   735 AM EDT   SUNSET   800 PM EDT


-  INDICATES NEGATIVE NUMBERS.
R  INDICATES RECORD WAS SET OR TIED.
MM INDICATES DATA IS MISSING.
T  INDICATES TRACE AMOUNT.




$$
