000
CDUS43 KIND 300534
CLIMIE


CLIMATE REPORT
NATIONAL WEATHER SERVICE INDIANAPOLIS IN
133 AM EDT SAT MAY 30 2015


...................................

...THE MUNCIE IN CLIMATE SUMMARY FOR MAY 29 2015...

CLIMATE NORMAL PERIOD 1981 TO 2010
CLIMATE RECORD PERIOD 9999 TO 9999


WEATHER ITEM   OBSERVED TIME   NORMAL DEPARTURE LAST
                VALUE   (LST)  VALUE  FROM      YEAR
                                      NORMAL
......................................................
TEMPERATURE (F)
 YESTERDAY
  MAXIMUM         84    524 PM  76      8       81
  MINIMUM         64    432 AM  56      8       62
  AVERAGE         74            66      8       72

PRECIPITATION (IN)
  YESTERDAY        0.10          0.16  -0.06     0.00
  MONTH TO DATE    2.99          4.09  -1.10     4.14
  SINCE MAR 1     10.15         10.71  -0.56    11.81
  SINCE JAN 1     13.09         15.25  -2.16    14.77

DEGREE DAYS
 HEATING
  YESTERDAY        0             3     -3        0
  MONTH TO DATE   85           162    -77      152
  SINCE MAR 1   1320          1371    -51     1501
  SINCE JUL 1   6185          5754    431     6411

 COOLING
  YESTERDAY        9             4      5        7
  MONTH TO DATE  131            60     71       97
  SINCE MAR 1    134            75     59      103
  SINCE JAN 1    134            75     59      103
......................................................


WIND (MPH)
  HIGHEST WIND SPEED    20   HIGHEST WIND DIRECTION     W (270)
  HIGHEST GUST SPEED    25   HIGHEST GUST DIRECTION     W (270)
  AVERAGE WIND SPEED     7.8


SKY COVER
  AVERAGE SKY COVER 0.2


WEATHER CONDITIONS
 THE FOLLOWING WEATHER WAS RECORDED YESTERDAY.
  HEAVY RAIN
  LIGHT RAIN
  FOG
  HAZE


RELATIVE HUMIDITY (PERCENT)
 HIGHEST    87           300 AM
 LOWEST     51           600 PM
 AVERAGE    69

..........................................................


THE MUNCIE IN CLIMATE NORMALS FOR TODAY
                         NORMAL
 MAXIMUM TEMPERATURE (F)   76
 MINIMUM TEMPERATURE (F)   57


SUNRISE AND SUNSET
MAY 30 2015...........SUNRISE   615 AM EDT   SUNSET   903 PM EDT
MAY 31 2015...........SUNRISE   615 AM EDT   SUNSET   904 PM EDT


-  INDICATES NEGATIVE NUMBERS.
R  INDICATES RECORD WAS SET OR TIED.
MM INDICATES DATA IS MISSING.
T  INDICATES TRACE AMOUNT.




$$
