000
CDUS43 KMKX 202229
CLIMKE


CLIMATE REPORT
NATIONAL WEATHER SERVICE IN MILWAUKEE
427 PM CST SAT JAN 20 2018


...................................

...THE MILWAUKEE WI CLIMATE SUMMARY FOR JANUARY 20 2018...
VALID TODAY AS OF 0400 PM LOCAL TIME.

CLIMATE NORMAL PERIOD 1981 TO 2010
CLIMATE RECORD PERIOD 1871 TO 2018


WEATHER ITEM   OBSERVED TIME   RECORD YEAR NORMAL DEPARTURE LAST
                VALUE   (LST)  VALUE       VALUE  FROM      YEAR
                                                  NORMAL
..................................................................
TEMPERATURE (F)
 TODAY
  MAXIMUM         52    230 PM  61    1906  29     23       39
  MINIMUM         34    738 AM -25    1985  15     19       37
  AVERAGE         43                        22     21       38

PRECIPITATION (IN)
  TODAY            0.00          1.20 1974   0.05  -0.05     0.43
  MONTH TO DATE    0.35                      1.17  -0.82     1.70
  SINCE DEC 1      0.81                      3.21  -2.40     3.63
  SINCE JAN 1      0.35                      1.17  -0.82     1.70

SNOWFALL (IN)
  TODAY            0.0           9.9  1886   0.5   -0.5      0.0
  MONTH TO DATE    8.1                       9.8   -1.7      1.0
  SINCE DEC 1     12.7                      20.4   -7.7     19.8
  SINCE JUL 1     12.9                      23.1  -10.2     19.8
  SNOW DEPTH       2

DEGREE DAYS
 HEATING
  TODAY           22                        43    -21       27
  MONTH TO DATE  883                       855     28      800
  SINCE DEC 1   2089                      2050     39     2007
  SINCE JUL 1   3194                      3415   -221     2837

 COOLING
  TODAY            0                         0      0        0
  MONTH TO DATE    0                         0      0        0
  SINCE DEC 1      0                         0      0        0
  SINCE JAN 1      0                         0      0        0
..................................................................


WIND (MPH)
  HIGHEST WIND SPEED    17   HIGHEST WIND DIRECTION    SW (230)
  HIGHEST GUST SPEED    26   HIGHEST GUST DIRECTION     W (260)
  AVERAGE WIND SPEED     7.2


SKY COVER
  POSSIBLE SUNSHINE  MM
  AVERAGE SKY COVER 0.7


WEATHER CONDITIONS
 THE FOLLOWING WEATHER WAS RECORDED TODAY.
  NO SIGNIFICANT WEATHER WAS OBSERVED.


RELATIVE HUMIDITY (PERCENT)
 HIGHEST    75           600 AM
 LOWEST     50           200 PM
 AVERAGE    63

..........................................................


THE MILWAUKEE WI CLIMATE NORMALS FOR TOMORROW
                         NORMAL    RECORD    YEAR
 MAXIMUM TEMPERATURE (F)   29        56      2017
                                             1934
 MINIMUM TEMPERATURE (F)   15       -23      1888


SUNRISE AND SUNSET
JANUARY 20 2018.......SUNRISE   717 AM CST   SUNSET   449 PM CST
JANUARY 21 2018.......SUNRISE   716 AM CST   SUNSET   450 PM CST


-  INDICATES NEGATIVE NUMBERS.
R  INDICATES RECORD WAS SET OR TIED.
MM INDICATES DATA IS MISSING.
T  INDICATES TRACE AMOUNT.




$$
