000
CDUS43 KMKX 010700
CLIMKE


CLIMATE REPORT
NATIONAL WEATHER SERVICE IN MILWAUKEE
1259 AM CST SUN FEB 1 2015


...................................

...THE MILWAUKEE WI CLIMATE SUMMARY FOR JANUARY 31 2015...

CLIMATE NORMAL PERIOD 1981 TO 2010
CLIMATE RECORD PERIOD 1871 TO 2015


WEATHER ITEM   OBSERVED TIME   RECORD YEAR NORMAL DEPARTURE LAST
                VALUE   (LST)  VALUE       VALUE  FROM      YEAR
                                                  NORMAL
..................................................................
TEMPERATURE (F)
 YESTERDAY
  MAXIMUM         37    147 PM  58    1989  29      8       21
  MINIMUM         19   1257 AM -15    1899  16      3       10
  AVERAGE         28                        23      5       16

PRECIPITATION (IN)
  YESTERDAY        0.13          0.95 1908   0.06   0.07     0.00
  MONTH TO DATE    0.91                      1.76  -0.85     1.11
  SINCE DEC 1      1.94                      3.80  -1.86     2.90
  SINCE JAN 1      0.91                      1.76  -0.85     1.11

SNOWFALL (IN)
  YESTERDAY        1.1           6.7  2002   0.5    0.6      0.0
  MONTH TO DATE   13.2                      14.7   -1.5     19.6
  SINCE DEC 1     13.7                      25.3  -11.6     38.9
  SINCE JUL 1     18.5                      28.0   -9.5     40.9
  SNOW DEPTH       T

DEGREE DAYS
 HEATING
  YESTERDAY       37                        42     -5       49
  MONTH TO DATE 1311                      1326    -15     1570
  SINCE DEC 1   2347                      2520   -173     2928
  SINCE JUL 1   3918                      3885     33     4303

 COOLING
  YESTERDAY        0                         0      0        0
  MONTH TO DATE    0                         0      0        0
  SINCE DEC 1      0                         0      0        0
  SINCE JAN 1      0                         0      0        0
..................................................................


WIND (MPH)
  HIGHEST WIND SPEED    17   HIGHEST WIND DIRECTION     E (70)
  HIGHEST GUST SPEED    22   HIGHEST GUST DIRECTION    NE (60)
  AVERAGE WIND SPEED     8.8


SKY COVER
  POSSIBLE SUNSHINE  MM
  AVERAGE SKY COVER 0.7


WEATHER CONDITIONS
 THE FOLLOWING WEATHER WAS RECORDED YESTERDAY.
  LIGHT SNOW
  FOG


RELATIVE HUMIDITY (PERCENT)
 HIGHEST    85          1000 PM
 LOWEST     51          1100 AM
 AVERAGE    68

..........................................................


THE MILWAUKEE WI CLIMATE NORMALS FOR TODAY
                         NORMAL    RECORD    YEAR
 MAXIMUM TEMPERATURE (F)   30        49      1968
 MINIMUM TEMPERATURE (F)   16       -13      1918
                                             1883


SUNRISE AND SUNSET
FEBRUARY  1 2015......SUNRISE   707 AM CST   SUNSET   504 PM CST
FEBRUARY  2 2015......SUNRISE   706 AM CST   SUNSET   505 PM CST


-  INDICATES NEGATIVE NUMBERS.
R  INDICATES RECORD WAS SET OR TIED.
MM INDICATES DATA IS MISSING.
T  INDICATES TRACE AMOUNT.




$$
