000
CDUS43 KGRR 302127
CLIMKG


CLIMATE REPORT
NATIONAL WEATHER SERVICE GRAND RAPIDS, MI
526 PM EDT SUN APR 30 2017


...................................

...THE MUSKEGON MI CLIMATE SUMMARY FOR APRIL 30 2017...
VALID TODAY AS OF 0500 PM LOCAL TIME.

CLIMATE NORMAL PERIOD 1981 TO 2010
CLIMATE RECORD PERIOD 1896 TO 2017


WEATHER ITEM   OBSERVED TIME   RECORD YEAR NORMAL DEPARTURE LAST
                VALUE   (LST)  VALUE       VALUE  FROM      YEAR
                                                  NORMAL
..................................................................
TEMPERATURE (F)
 TODAY
  MAXIMUM         46    359 PM  84    1942  62    -16       55
  MINIMUM         41    100 AM  24    1909  42     -1       37
  AVERAGE         44                        52     -8       46

PRECIPITATION (IN)
  TODAY            0.83          1.89 1963   0.10   0.73     0.34
  MONTH TO DATE    4.39                      2.91   1.48     2.40
  SINCE MAR 1      7.00                      5.16   1.84     7.34
  SINCE JAN 1     12.70                      9.02   3.68    11.55

SNOWFALL (IN)
  TODAY            0.0           4.0  1907   0.0    0.0      0.0
  MONTH TO DATE    0.0                       2.3   -2.3      2.4
  SINCE MAR 1      4.5                      11.3   -6.8      7.3
  SINCE JUL 1     49.0                      93.7  -44.7     61.8
  SNOW DEPTH       0

DEGREE DAYS
 HEATING
  TODAY           21                        13      8       19
  MONTH TO DATE  423                       556   -133      569
  SINCE MAR 1   1327                      1486   -159     1344
  SINCE JUL 1   5192                      6218  -1026     5364

 COOLING
  TODAY            0                         0      0        0
  MONTH TO DATE    5                         4      1        0
  SINCE MAR 1      5                         4      1        0
  SINCE JAN 1      5                         4      1        0
..................................................................


WIND (MPH)
  RESULTANT WIND SPEED  14   RESULTANT WIND DIRECTION   E (80)
  HIGHEST WIND SPEED    24   HIGHEST WIND DIRECTION     E (80)
  HIGHEST GUST SPEED    33   HIGHEST GUST DIRECTION     E (80)
  AVERAGE WIND SPEED    14.7


SKY COVER
  AVERAGE SKY COVER 1.0


WEATHER CONDITIONS
 THE FOLLOWING WEATHER WAS RECORDED TODAY.
  HEAVY RAIN
  RAIN
  LIGHT RAIN
  FOG


RELATIVE HUMIDITY (PERCENT)
 HIGHEST    92          1000 AM
 LOWEST     86           300 PM
 AVERAGE    89

..........................................................


THE MUSKEGON MI CLIMATE NORMALS FOR TOMORROW
                         NORMAL    RECORD    YEAR
 MAXIMUM TEMPERATURE (F)   62        85      1951
                                             1942
 MINIMUM TEMPERATURE (F)   43        27      1945
                                             1905


SUNRISE AND SUNSET
APRIL 30 2017.........SUNRISE   639 AM EDT   SUNSET   845 PM EDT
MAY  1 2017...........SUNRISE   638 AM EDT   SUNSET   847 PM EDT


-  INDICATES NEGATIVE NUMBERS.
R  INDICATES RECORD WAS SET OR TIED.
MM INDICATES DATA IS MISSING.
T  INDICATES TRACE AMOUNT.




$$
