000
CDUS43 KGRR 290527
CLIMKG


CLIMATE REPORT
NATIONAL WEATHER SERVICE GRAND RAPIDS, MI
121 AM EDT SUN MAR 29 2015


...................................

...THE MUSKEGON MI CLIMATE SUMMARY FOR MARCH 28 2015...

CLIMATE NORMAL PERIOD 1981 TO 2010
CLIMATE RECORD PERIOD 1896 TO 2015


WEATHER ITEM   OBSERVED TIME   RECORD YEAR NORMAL DEPARTURE LAST
                VALUE   (LST)  VALUE       VALUE  FROM      YEAR
                                                  NORMAL
..................................................................
TEMPERATURE (F)
 YESTERDAY
  MAXIMUM         31    439 PM  73    2004  48    -17       47
  MINIMUM         12    602 AM   8    1923  31    -19       31
  AVERAGE         22                        39    -17       39

PRECIPITATION (IN)
  YESTERDAY        0.00          1.20 1931   0.08  -0.08     0.43
  MONTH TO DATE    0.91                      2.01  -1.10     1.67
  SINCE MAR 1      0.91                      2.01  -1.10     1.67
  SINCE JAN 1      4.20                      5.87  -1.67     6.80

SNOWFALL (IN)
  YESTERDAY        0.0           3.5  1970   0.2   -0.2       T
  MONTH TO DATE    4.0                       8.5   -4.5      7.5
  SINCE MAR 1      4.0                       8.5   -4.5      7.5
  SINCE JUL 1     92.1                      90.9    1.2    131.1
  SNOW DEPTH       0

DEGREE DAYS
 HEATING
  YESTERDAY       43                        26     17       26
  MONTH TO DATE  928                       856     72     1113
  SINCE MAR 1    928                       856     72     1113
  SINCE JUL 1   6053                      5588    465     6253

 COOLING
  YESTERDAY        0                         0      0        0
  MONTH TO DATE    0                         0      0        0
  SINCE MAR 1      0                         0      0        0
  SINCE JAN 1      0                         0      0        0
..................................................................


WIND (MPH)
  RESULTANT WIND SPEED   2   RESULTANT WIND DIRECTION   W (290)
  HIGHEST WIND SPEED    15   HIGHEST WIND DIRECTION     W (290)
  HIGHEST GUST SPEED    20   HIGHEST GUST DIRECTION     W (290)
  AVERAGE WIND SPEED     4.8


SKY COVER
  AVERAGE SKY COVER 0.0


WEATHER CONDITIONS
 THE FOLLOWING WEATHER WAS RECORDED YESTERDAY.
  NO SIGNIFICANT WEATHER WAS OBSERVED.


RELATIVE HUMIDITY (PERCENT)
 HIGHEST    68          1100 PM
 LOWEST     28          1200 PM
 AVERAGE    48

..........................................................


THE MUSKEGON MI CLIMATE NORMALS FOR TODAY
                         NORMAL    RECORD    YEAR
 MAXIMUM TEMPERATURE (F)   48        75      1998
 MINIMUM TEMPERATURE (F)   31         8      1970


SUNRISE AND SUNSET
MARCH 29 2015.........SUNRISE   733 AM EDT   SUNSET   808 PM EDT
MARCH 30 2015.........SUNRISE   731 AM EDT   SUNSET   809 PM EDT


-  INDICATES NEGATIVE NUMBERS.
R  INDICATES RECORD WAS SET OR TIED.
MM INDICATES DATA IS MISSING.
T  INDICATES TRACE AMOUNT.




$$
