000
CDUS43 KGRR 260522
CLIMKG


CLIMATE REPORT
NATIONAL WEATHER SERVICE GRAND RAPIDS, MI
122 AM EDT MON JUN 26 2017


...................................

...THE MUSKEGON MI CLIMATE SUMMARY FOR JUNE 25 2017...

CLIMATE NORMAL PERIOD 1981 TO 2010
CLIMATE RECORD PERIOD 1896 TO 2017


WEATHER ITEM   OBSERVED TIME   RECORD YEAR NORMAL DEPARTURE LAST
                VALUE   (LST)  VALUE       VALUE  FROM      YEAR
                                                  NORMAL
..................................................................
TEMPERATURE (F)
 YESTERDAY
  MAXIMUM         68    539 PM  93    1988  79    -11       87
  MINIMUM         56    539 AM  40    1986  59     -3       57
  AVERAGE         62                        69     -7       72

PRECIPITATION (IN)
  YESTERDAY        T             1.40 1905   0.08  -0.08     0.00
  MONTH TO DATE    1.99                      2.16  -0.17     1.88
  SINCE JUN 1      1.99                      2.16  -0.17     1.88
  SINCE JAN 1     16.47                     14.43   2.04    15.81

SNOWFALL (IN)
  YESTERDAY        0.0          MM      MM   0.0    0.0      0.0
  MONTH TO DATE    0.0                       0.0    0.0      0.0
  SINCE JUN 1      0.0                       0.0    0.0      0.0
  SINCE JUL 1     49.0                      93.7  -44.7     61.8
  SNOW DEPTH       0

DEGREE DAYS
 HEATING
  YESTERDAY        3                         1      2        0
  MONTH TO DATE   23                        61    -38       33
  SINCE JUN 1     23                        61    -38       33
  SINCE JUL 1   5494                      6555  -1061     5652

 COOLING
  YESTERDAY        0                         5     -5        7
  MONTH TO DATE  118                        79     39       98
  SINCE JUN 1    118                        79     39       98
  SINCE JAN 1    140                       108     32      142
..................................................................


WIND (MPH)
  RESULTANT WIND SPEED  11   RESULTANT WIND DIRECTION   W (260)
  HIGHEST WIND SPEED    21   HIGHEST WIND DIRECTION     W (250)
  HIGHEST GUST SPEED    29   HIGHEST GUST DIRECTION    SW (230)
  AVERAGE WIND SPEED    11.4


SKY COVER
  AVERAGE SKY COVER 0.5


WEATHER CONDITIONS
 THE FOLLOWING WEATHER WAS RECORDED YESTERDAY.
  LIGHT RAIN


RELATIVE HUMIDITY (PERCENT)
 HIGHEST    80           700 AM
 LOWEST     58          1200 PM
 AVERAGE    69

..........................................................


THE MUSKEGON MI CLIMATE NORMALS FOR TODAY
                         NORMAL    RECORD    YEAR
 MAXIMUM TEMPERATURE (F)   79        91      2005
 MINIMUM TEMPERATURE (F)   60        44      1936


SUNRISE AND SUNSET
JUNE 26 2017..........SUNRISE   607 AM EDT   SUNSET   929 PM EDT
JUNE 27 2017..........SUNRISE   607 AM EDT   SUNSET   929 PM EDT


-  INDICATES NEGATIVE NUMBERS.
R  INDICATES RECORD WAS SET OR TIED.
MM INDICATES DATA IS MISSING.
T  INDICATES TRACE AMOUNT.




$$
