000
CDUS43 KGRR 011331
CLIMKG


CLIMATE REPORT
NATIONAL WEATHER SERVICE GRAND RAPIDS, MI
931 AM EDT SAT OCT 1 2016


...................................

...THE MUSKEGON MI CLIMATE SUMMARY FOR OCTOBER 1 2016...
VALID AS OF 0900 AM LOCAL TIME.

CLIMATE NORMAL PERIOD 1981 TO 2010
CLIMATE RECORD PERIOD 1896 TO 2016


WEATHER ITEM   OBSERVED TIME   RECORD YEAR NORMAL DEPARTURE LAST
                VALUE   (LST)  VALUE       VALUE  FROM      YEAR
                                                  NORMAL
..................................................................
TEMPERATURE (F)
 TODAY
  MAXIMUM         61    205 AM  81    1971  65     -4       63
                                      1969
  MINIMUM         57    759 AM  27    1899  47     10       42
  AVERAGE         59                        56      3       53

PRECIPITATION (IN)
  TODAY            0.12          0.90 1926   0.11   0.01     0.00
  MONTH TO DATE    0.12                      0.11   0.01     0.00
  SINCE SEP 1      6.04                      4.00   2.04     2.59
  SINCE JAN 1     31.19                     24.58   6.61    25.72

SNOWFALL (IN)
  TODAY            0.0           T    1974   0.0    0.0      0.0
  MONTH TO DATE    0.0                       0.0    0.0      0.0
  SINCE SEP 1      0.0                       0.0    0.0      0.0
  SINCE JUL 1      0.0                       0.0    0.0      0.0
  SNOW DEPTH       0

DEGREE DAYS
 HEATING
  TODAY            6                        10     -4       12
  MONTH TO DATE    6                        10     -4       12
  SINCE SEP 1     31                       153   -122       70
  SINCE JUL 1     40                       183   -143      102

 COOLING
  TODAY            0                         1     -1        0
  MONTH TO DATE    0                         1     -1        0
  SINCE SEP 1    101                        55     46      116
  SINCE JAN 1    765                       562    203      570
..................................................................


WIND (MPH)
  RESULTANT WIND SPEED   8   RESULTANT WIND DIRECTION   E (70)
  HIGHEST WIND SPEED    17   HIGHEST WIND DIRECTION     E (90)
  HIGHEST GUST SPEED    21   HIGHEST GUST DIRECTION     E (90)
  AVERAGE WIND SPEED     8.2


SKY COVER
  AVERAGE SKY COVER 1.0


WEATHER CONDITIONS
 THE FOLLOWING WEATHER WAS RECORDED TODAY.
  RAIN
  LIGHT RAIN
  FOG


RELATIVE HUMIDITY (PERCENT)
 HIGHEST    97          1200 AM
 LOWEST     87           500 AM
 AVERAGE    92

..........................................................


THE MUSKEGON MI CLIMATE NORMALS FOR TOMORROW
                         NORMAL    RECORD    YEAR
 MAXIMUM TEMPERATURE (F)   64        83      1971
                                             1953
 MINIMUM TEMPERATURE (F)   47        28      1974


SUNRISE AND SUNSET
OCTOBER  1 2016.......SUNRISE   743 AM EDT   SUNSET   725 PM EDT
OCTOBER  2 2016.......SUNRISE   744 AM EDT   SUNSET   723 PM EDT


-  INDICATES NEGATIVE NUMBERS.
R  INDICATES RECORD WAS SET OR TIED.
MM INDICATES DATA IS MISSING.
T  INDICATES TRACE AMOUNT.




$$
