000
CDUS43 KGRR 040524
CLIMKG


CLIMATE REPORT
NATIONAL WEATHER SERVICE GRAND RAPIDS, MI
1223 AM EST WED MAR 4 2015


...................................

...THE MUSKEGON MI CLIMATE SUMMARY FOR MARCH 3 2015...

CLIMATE NORMAL PERIOD 1981 TO 2010
CLIMATE RECORD PERIOD 1896 TO 2015


WEATHER ITEM   OBSERVED TIME   RECORD YEAR NORMAL DEPARTURE LAST
                VALUE   (LST)  VALUE       VALUE  FROM      YEAR
                                                  NORMAL
..................................................................
TEMPERATURE (F)
 YESTERDAY
  MAXIMUM         33    631 PM  69    1983  38     -5       15
  MINIMUM         24   1047 AM -10    1943  24      0       -5
  AVERAGE         29                        31     -2        5

PRECIPITATION (IN)
  YESTERDAY        0.37          1.01 1941   0.07   0.30     0.00
  MONTH TO DATE    0.46                      0.22   0.24     0.21
  SINCE MAR 1      0.46                      0.22   0.24     0.21
  SINCE JAN 1      3.75                      4.08  -0.33     5.34

SNOWFALL (IN)
  YESTERDAY        2.2           4.6  2007   0.4    1.8      0.0
  MONTH TO DATE    4.0                       1.3    2.7      2.8
  SINCE MAR 1      4.0                       1.3    2.7      2.8
  SINCE JUL 1     92.1                      83.7    8.4    126.4
  SNOW DEPTH      16

DEGREE DAYS
 HEATING
  YESTERDAY       36                        34      2       60
  MONTH TO DATE  119                       104     15      165
  SINCE MAR 1    119                       104     15      165
  SINCE JUL 1   5244                      4836    408     5305

 COOLING
  YESTERDAY        0                         0      0        0
  MONTH TO DATE    0                         0      0        0
  SINCE MAR 1      0                         0      0        0
  SINCE JAN 1      0                         0      0        0
..................................................................


WIND (MPH)
  RESULTANT WIND SPEED   5   RESULTANT WIND DIRECTION   S (200)
  HIGHEST WIND SPEED    20   HIGHEST WIND DIRECTION     W (270)
  HIGHEST GUST SPEED    26   HIGHEST GUST DIRECTION     W (250)
  AVERAGE WIND SPEED    13.6


SKY COVER
  AVERAGE SKY COVER 1.0


WEATHER CONDITIONS
 THE FOLLOWING WEATHER WAS RECORDED YESTERDAY.
  FREEZING RAIN
  LT FREEZING RAIN
  HEAVY SNOW
  SNOW
  LIGHT SNOW
  SLEET
  FOG
  FOG W/VISIBILITY <= 1/4 MILE


RELATIVE HUMIDITY (PERCENT)
 HIGHEST    92           200 PM
 LOWEST     68          1200 AM
 AVERAGE    80

..........................................................


THE MUSKEGON MI CLIMATE NORMALS FOR TODAY
                         NORMAL    RECORD    YEAR
 MAXIMUM TEMPERATURE (F)   38        62      1992
 MINIMUM TEMPERATURE (F)   24        -2      1912


SUNRISE AND SUNSET
MARCH  4 2015.........SUNRISE   716 AM EST   SUNSET   638 PM EST
MARCH  5 2015.........SUNRISE   715 AM EST   SUNSET   639 PM EST


-  INDICATES NEGATIVE NUMBERS.
R  INDICATES RECORD WAS SET OR TIED.
MM INDICATES DATA IS MISSING.
T  INDICATES TRACE AMOUNT.




$$

CAS
