000
CDUS43 KGRR 290523
CLIMKG


CLIMATE REPORT
NATIONAL WEATHER SERVICE GRAND RAPIDS, MI
122 AM EDT FRI MAY 29 2015


...................................

...THE MUSKEGON MI CLIMATE SUMMARY FOR MAY 28 2015...

CLIMATE NORMAL PERIOD 1981 TO 2010
CLIMATE RECORD PERIOD 1896 TO 2015


WEATHER ITEM   OBSERVED TIME   RECORD YEAR NORMAL DEPARTURE LAST
                VALUE   (LST)  VALUE       VALUE  FROM      YEAR
                                                  NORMAL
..................................................................
TEMPERATURE (F)
 YESTERDAY
  MAXIMUM         78    523 PM  89    2012  71      7       80
  MINIMUM         52    235 AM  31    1992  51      1       52
  AVERAGE         65                        61      4       66

PRECIPITATION (IN)
  YESTERDAY        0.00          1.07 2000   0.10  -0.10     0.00
  MONTH TO DATE    3.11                      2.95   0.16     3.72
  SINCE MAR 1      8.96                      8.11   0.85     8.17
  SINCE JAN 1     12.25                     11.97   0.28    13.30

SNOWFALL (IN)
  YESTERDAY        0.0           0.0    MM   0.0    0.0      0.0
  MONTH TO DATE    0.0                       0.0    0.0      0.0
  SINCE MAR 1      4.0                      11.3   -7.3      9.1
  SINCE JUL 1     92.1                      93.7   -1.6    132.7
  SNOW DEPTH       0

DEGREE DAYS
 HEATING
  YESTERDAY        0                         6     -6        0
  MONTH TO DATE  193                       261    -68      259
  SINCE MAR 1   1735                      1747    -12     2024
  SINCE JUL 1   6860                      6479    381     7164

 COOLING
  YESTERDAY        0                         1     -1        1
  MONTH TO DATE   32                        20     12        9
  SINCE MAR 1     32                        24      8        9
  SINCE JAN 1     32                        24      8        9
..................................................................


WIND (MPH)
  RESULTANT WIND SPEED   5   RESULTANT WIND DIRECTION   S (200)
  HIGHEST WIND SPEED    17   HIGHEST WIND DIRECTION    SW (210)
  HIGHEST GUST SPEED    22   HIGHEST GUST DIRECTION    SW (210)
  AVERAGE WIND SPEED     5.8


SKY COVER
  AVERAGE SKY COVER 0.4


WEATHER CONDITIONS
 THE FOLLOWING WEATHER WAS RECORDED YESTERDAY.
  FOG


RELATIVE HUMIDITY (PERCENT)
 HIGHEST    93          1200 AM
 LOWEST     45           300 PM
 AVERAGE    69

..........................................................


THE MUSKEGON MI CLIMATE NORMALS FOR TODAY
                         NORMAL    RECORD    YEAR
 MAXIMUM TEMPERATURE (F)   71        93      1962
 MINIMUM TEMPERATURE (F)   51        33      2008


SUNRISE AND SUNSET
MAY 29 2015...........SUNRISE   610 AM EDT   SUNSET   915 PM EDT
MAY 30 2015...........SUNRISE   609 AM EDT   SUNSET   916 PM EDT


-  INDICATES NEGATIVE NUMBERS.
R  INDICATES RECORD WAS SET OR TIED.
MM INDICATES DATA IS MISSING.
T  INDICATES TRACE AMOUNT.




$$
