000
CDUS43 KGRR 300519
CLIMKG


CLIMATE REPORT
NATIONAL WEATHER SERVICE GRAND RAPIDS, MI
1217 AM EST FRI JAN 30 2015


...................................

...THE MUSKEGON MI CLIMATE SUMMARY FOR JANUARY 29 2015...

CLIMATE NORMAL PERIOD 1981 TO 2010
CLIMATE RECORD PERIOD 1896 TO 2015


WEATHER ITEM   OBSERVED TIME   RECORD YEAR NORMAL DEPARTURE LAST
                VALUE   (LST)  VALUE       VALUE  FROM      YEAR
                                                  NORMAL
..................................................................
TEMPERATURE (F)
 YESTERDAY
  MAXIMUM         34    739 PM  59    2013  31      3       24
  MINIMUM         24   1159 PM -12    1966  20      4       10
  AVERAGE         29                        25      4       17

PRECIPITATION (IN)
  YESTERDAY        0.01          2.48 2013   0.06  -0.05      T
  MONTH TO DATE    1.72                      1.91  -0.19     3.26
  SINCE DEC 1      3.44                      4.46  -1.02     5.96
  SINCE JAN 1      1.72                      1.91  -0.19     3.26

SNOWFALL (IN)
  YESTERDAY        0.2           7.0  1909   0.9   -0.7       T
  MONTH TO DATE   32.4                      26.2    6.2     47.2
  SINCE DEC 1     33.8                      55.1  -21.3     86.4
  SINCE JUL 1     58.3                      61.3   -3.0     95.3
  SNOW DEPTH       3

DEGREE DAYS
 HEATING
  YESTERDAY       36                        40     -4       48
  MONTH TO DATE 1200                      1147     53     1298
  SINCE DEC 1   2192                      2226    -34     2491
  SINCE JUL 1   3675                      3593     82     3762

 COOLING
  YESTERDAY        0                         0      0        0
  MONTH TO DATE    0                         0      0        0
  SINCE DEC 1      0                         0      0        0
  SINCE JAN 1      0                         0      0        0
..................................................................


WIND (MPH)
  RESULTANT WIND SPEED   5   RESULTANT WIND DIRECTION   N (0)
  HIGHEST WIND SPEED    29   HIGHEST WIND DIRECTION     N (350)
  HIGHEST GUST SPEED    36   HIGHEST GUST DIRECTION     N (350)
  AVERAGE WIND SPEED    13.7


SKY COVER
  AVERAGE SKY COVER 0.9


WEATHER CONDITIONS
 THE FOLLOWING WEATHER WAS RECORDED YESTERDAY.
  LIGHT RAIN
  LIGHT SNOW
  FOG
  HAZE


RELATIVE HUMIDITY (PERCENT)
 HIGHEST    85          1100 AM
 LOWEST     58          1200 AM
 AVERAGE    72

..........................................................


THE MUSKEGON MI CLIMATE NORMALS FOR TODAY
                         NORMAL    RECORD    YEAR
 MAXIMUM TEMPERATURE (F)   31        50      2013
 MINIMUM TEMPERATURE (F)   20        -6      1994
                                             1951


SUNRISE AND SUNSET
JANUARY 30 2015.......SUNRISE   803 AM EST   SUNSET   554 PM EST
JANUARY 31 2015.......SUNRISE   802 AM EST   SUNSET   556 PM EST


-  INDICATES NEGATIVE NUMBERS.
R  INDICATES RECORD WAS SET OR TIED.
MM INDICATES DATA IS MISSING.
T  INDICATES TRACE AMOUNT.




$$

63
