000
CDUS44 KMEG 110733
CLIMKL


CLIMATE REPORT
NATIONAL WEATHER SERVICE MEMPHIS TN
132 AM CST THU FEB 11 2016


...................................

...THE JACKSON CLIMATE SUMMARY FOR FEBRUARY 10 2016...

CLIMATE NORMAL PERIOD 1981 TO 2010
CLIMATE RECORD PERIOD 1948 TO 2016


WEATHER ITEM   OBSERVED TIME   RECORD YEAR NORMAL DEPARTURE LAST
                VALUE   (LST)  VALUE       VALUE  FROM      YEAR
                                                  NORMAL
..................................................................
TEMPERATURE (F)
 YESTERDAY
  MAXIMUM         33    524 PM  73    1999  51    -18       48
                                      1959
                                      1954
  MINIMUM         20    710 AM   4    1979  31    -11       27
  AVERAGE         27                        41    -14       38

PRECIPITATION (IN)
  YESTERDAY        0.00          2.78 1966   0.15  -0.15     0.00
  MONTH TO DATE    1.42                      1.51  -0.09     0.72
  SINCE DEC 1      8.61                     10.93  -2.32     4.54
  SINCE JAN 1      3.46                      5.58  -2.12     1.46

SNOWFALL (IN)
  YESTERDAY        0.0           3.0  2006   0.0    0.0      0.0
  MONTH TO DATE    T                         0.7   -0.7      0.0
  SINCE DEC 1      1.5                       3.2   -1.7       T
  SINCE JUL 1      1.5                       3.3   -1.8      0.1
  SNOW DEPTH       0

DEGREE DAYS
 HEATING
  YESTERDAY       38                        24     14       27
  MONTH TO DATE  244                       249     -5      247
  SINCE DEC 1   1534                      1831   -297     1739
  SINCE JUL 1   2009                      2498   -489     2531

 COOLING
  YESTERDAY        0                         0      0        0
  MONTH TO DATE    0                         0      0        0
  SINCE DEC 1      9                         1      8        0
  SINCE JAN 1      0                         0      0        0
..................................................................


WIND (MPH)
  HIGHEST WIND SPEED    17   HIGHEST WIND DIRECTION    NW (310)
  HIGHEST GUST SPEED    22   HIGHEST GUST DIRECTION     W (250)
  AVERAGE WIND SPEED     7.4


SKY COVER
  POSSIBLE SUNSHINE  MM
  AVERAGE SKY COVER 0.1


WEATHER CONDITIONS
 THE FOLLOWING WEATHER WAS RECORDED YESTERDAY.
  NO SIGNIFICANT WEATHER WAS OBSERVED.


RELATIVE HUMIDITY (PERCENT)
 HIGHEST    68           100 AM
 LOWEST     33          1200 PM
 AVERAGE    51

..........................................................


THE JACKSON CLIMATE NORMALS FOR TODAY
                         NORMAL    RECORD    YEAR
 MAXIMUM TEMPERATURE (F)   52        76      1999
 MINIMUM TEMPERATURE (F)   31         3      2011


SUNRISE AND SUNSET
FEBRUARY 11 2016......SUNRISE   647 AM CST   SUNSET   533 PM CST
FEBRUARY 12 2016......SUNRISE   646 AM CST   SUNSET   534 PM CST


-  INDICATES NEGATIVE NUMBERS.
R  INDICATES RECORD WAS SET OR TIED.
MM INDICATES DATA IS MISSING.
T  INDICATES TRACE AMOUNT.




$$
