113
CDUS44 KMEG 020633
CLIMKL


CLIMATE REPORT
NATIONAL WEATHER SERVICE MEMPHIS TN
133 AM CDT MON MAY 2 2016


...................................

...THE JACKSON CLIMATE SUMMARY FOR MAY 1 2016...

CLIMATE NORMAL PERIOD 1981 TO 2010
CLIMATE RECORD PERIOD 1948 TO 2016


WEATHER ITEM   OBSERVED TIME   RECORD YEAR NORMAL DEPARTURE LAST
                VALUE   (LST)  VALUE       VALUE  FROM      YEAR
                                                  NORMAL
..................................................................
TEMPERATURE (F)
 YESTERDAY
  MAXIMUM         82   1238 PM  90    1959  76      6       72
                                      1952
                                      1951
  MINIMUM         61    208 AM  35    2005  53      8       40
  AVERAGE         72                        64      8       56

PRECIPITATION (IN)
  YESTERDAY        0.02          7.93 2010   0.19  -0.17     0.00
  MONTH TO DATE    0.02                      0.19  -0.17     0.00
  SINCE MAR 1     14.51                      9.80   4.71    10.00
  SINCE JAN 1     20.13                     18.04   2.09    15.89

SNOWFALL (IN)
  YESTERDAY        0.0          MM      MM   0.0    0.0      0.0
  MONTH TO DATE    0.0                       0.0    0.0      0.0
  SINCE MAR 1      T                         0.4   -0.4      4.4
  SINCE JUL 1      1.5                       4.6   -3.1      5.9
  SNOW DEPTH       0

DEGREE DAYS
 HEATING
  YESTERDAY        0                         3     -3        9
  MONTH TO DATE    0                         3     -3        9
  SINCE MAR 1    447                       645   -198      634
  SINCE JUL 1   2815                      3529   -714     3807

 COOLING
  YESTERDAY        7                         3      4        0
  MONTH TO DATE    7                         3      4        0
  SINCE MAR 1     51                        61    -10       61
  SINCE JAN 1     51                        62    -11       61
..................................................................


WIND (MPH)
  HIGHEST WIND SPEED    15   HIGHEST WIND DIRECTION    NW (310)
  HIGHEST GUST SPEED    19   HIGHEST GUST DIRECTION    NW (320)
  AVERAGE WIND SPEED     4.6


SKY COVER
  POSSIBLE SUNSHINE  MM
  AVERAGE SKY COVER 0.5


WEATHER CONDITIONS
 THE FOLLOWING WEATHER WAS RECORDED YESTERDAY.
  THUNDERSTORM
  LIGHT RAIN
  FOG
  FOG W/VISIBILITY <= 1/4 MILE


RELATIVE HUMIDITY (PERCENT)
 HIGHEST   100           100 AM
 LOWEST     58          1200 PM
 AVERAGE    79

..........................................................


THE JACKSON CLIMATE NORMALS FOR TODAY
                         NORMAL    RECORD    YEAR
 MAXIMUM TEMPERATURE (F)   77        92      1952
 MINIMUM TEMPERATURE (F)   53        40      2014
                                             2005
                                             1961


SUNRISE AND SUNSET
MAY  2 2016...........SUNRISE   602 AM CDT   SUNSET   743 PM CDT
MAY  3 2016...........SUNRISE   601 AM CDT   SUNSET   744 PM CDT


-  INDICATES NEGATIVE NUMBERS.
R  INDICATES RECORD WAS SET OR TIED.
MM INDICATES DATA IS MISSING.
T  INDICATES TRACE AMOUNT.




$$
