566
CDUS44 KMEG 220632
CLIMKL


CLIMATE REPORT
NATIONAL WEATHER SERVICE MEMPHIS TN
132 AM CDT THU JUN 22 2017


...................................

...THE JACKSON CLIMATE SUMMARY FOR JUNE 21 2017...

CLIMATE NORMAL PERIOD 1981 TO 2010
CLIMATE RECORD PERIOD 1948 TO 2017


WEATHER ITEM   OBSERVED TIME   RECORD YEAR NORMAL DEPARTURE LAST
                VALUE   (LST)  VALUE       VALUE  FROM      YEAR
                                                  NORMAL
..................................................................
TEMPERATURE (F)
 YESTERDAY
  MAXIMUM         88    210 PM 100    1953  89     -1       92
  MINIMUM         65    506 AM  52    1992  67     -2       72
  AVERAGE         77                        78     -1       82

PRECIPITATION (IN)
  YESTERDAY        0.00          1.18 1958   0.16  -0.16     0.00
  MONTH TO DATE    0.92                      3.54  -2.62     2.09
  SINCE JUN 1      0.92                      3.54  -2.62     2.09
  SINCE JAN 1     23.57                     27.08  -3.51    27.33

DEGREE DAYS
 HEATING
  YESTERDAY        0                         0      0        0
  MONTH TO DATE    0                         0      0        0
  SINCE JUN 1      0                         0      0        0
  SINCE JUL 1   2520                      3572  -1052     2879

 COOLING
  YESTERDAY       12                        13     -1       17
  MONTH TO DATE  242                       219     23      275
  SINCE JUN 1    242                       219     23      275
  SINCE JAN 1    510                       434     76      459
..................................................................


WIND (MPH)
  HIGHEST WIND SPEED    14   HIGHEST WIND DIRECTION     E (100)
  HIGHEST GUST SPEED    19   HIGHEST GUST DIRECTION    SE (140)
  AVERAGE WIND SPEED     4.6


SKY COVER
  POSSIBLE SUNSHINE  MM
  AVERAGE SKY COVER 0.2


WEATHER CONDITIONS
 THE FOLLOWING WEATHER WAS RECORDED YESTERDAY.
  FOG


RELATIVE HUMIDITY (PERCENT)
 HIGHEST   100           300 AM
 LOWEST     59           200 PM
 AVERAGE    80

..........................................................


THE JACKSON CLIMATE NORMALS FOR TODAY
                         NORMAL    RECORD    YEAR
 MAXIMUM TEMPERATURE (F)   89       100      1988
 MINIMUM TEMPERATURE (F)   67        47      1992


SUNRISE AND SUNSET
JUNE 22 2017..........SUNRISE   541 AM CDT   SUNSET   815 PM CDT
JUNE 23 2017..........SUNRISE   541 AM CDT   SUNSET   815 PM CDT


-  INDICATES NEGATIVE NUMBERS.
R  INDICATES RECORD WAS SET OR TIED.
MM INDICATES DATA IS MISSING.
T  INDICATES TRACE AMOUNT.




$$
