000
CDUS44 KMEG 290639
CLIMKL


CLIMATE REPORT
NATIONAL WEATHER SERVICE MEMPHIS TN
137 AM CDT SAT APR 29 2017


...................................

...THE JACKSON CLIMATE SUMMARY FOR APRIL 28 2017...

CLIMATE NORMAL PERIOD 1981 TO 2010
CLIMATE RECORD PERIOD 1948 TO 2017


WEATHER ITEM   OBSERVED TIME   RECORD YEAR NORMAL DEPARTURE LAST
                VALUE   (LST)  VALUE       VALUE  FROM      YEAR
                                                  NORMAL
..................................................................
TEMPERATURE (F)
 YESTERDAY
  MAXIMUM         83    443 PM  91    1989  76      7       82
  MINIMUM         53    346 AM  34    1992  52      1       57
  AVERAGE         68                        64      4       70

PRECIPITATION (IN)
  YESTERDAY        0.00          2.48 1954   0.17  -0.17     0.00
  MONTH TO DATE    5.58                      4.52   1.06     2.09
  SINCE MAR 1     13.25                      9.27   3.98    14.74
  SINCE JAN 1     18.08                     17.51   0.57    20.36

DEGREE DAYS
 HEATING
  YESTERDAY        0                         4     -4        0
  MONTH TO DATE   79                       191   -112      130
  SINCE MAR 1    438                       635   -197      443
  SINCE JUL 1   2478                      3519  -1041     2811

 COOLING
  YESTERDAY        3                         2      1        5
  MONTH TO DATE   71                        42     29       35
  SINCE MAR 1     84                        52     32       41
  SINCE JAN 1     86                        53     33       41
..................................................................


WIND (MPH)
  HIGHEST WIND SPEED    22   HIGHEST WIND DIRECTION     S (190)
  HIGHEST GUST SPEED    31   HIGHEST GUST DIRECTION     S (200)
  AVERAGE WIND SPEED     8.4


SKY COVER
  POSSIBLE SUNSHINE  MM
  AVERAGE SKY COVER 0.4


WEATHER CONDITIONS
 THE FOLLOWING WEATHER WAS RECORDED YESTERDAY.
  NO SIGNIFICANT WEATHER WAS OBSERVED.


RELATIVE HUMIDITY (PERCENT)
 HIGHEST    93          1200 AM
 LOWEST     69           400 PM
 AVERAGE    81

..........................................................


THE JACKSON CLIMATE NORMALS FOR TODAY
                         NORMAL    RECORD    YEAR
 MAXIMUM TEMPERATURE (F)   76        88      1957
 MINIMUM TEMPERATURE (F)   52        36      2008


SUNRISE AND SUNSET
APRIL 29 2017.........SUNRISE   606 AM CDT   SUNSET   741 PM CDT
APRIL 30 2017.........SUNRISE   605 AM CDT   SUNSET   742 PM CDT


-  INDICATES NEGATIVE NUMBERS.
R  INDICATES RECORD WAS SET OR TIED.
MM INDICATES DATA IS MISSING.
T  INDICATES TRACE AMOUNT.




$$
