000
CDUS44 KMEG 182151
CLIMKL


CLIMATE REPORT
NATIONAL WEATHER SERVICE MEMPHIS TN
451 PM CDT FRI APR 18 2014


...................................

...THE JACKSON CLIMATE SUMMARY FOR APRIL 18 2014...
VALID TODAY AS OF 0400 PM LOCAL TIME.

CLIMATE NORMAL PERIOD 1981 TO 2010
CLIMATE RECORD PERIOD 1948 TO 2014


WEATHER ITEM   OBSERVED TIME   RECORD YEAR NORMAL DEPARTURE LAST
                VALUE   (LST)  VALUE       VALUE  FROM      YEAR
                                                  NORMAL
..................................................................
TEMPERATURE (F)
 TODAY
  MAXIMUM         72    155 PM  91    2006  73     -1       83
  MINIMUM         51    455 AM  29    2001  49      2       46
  AVERAGE         62                        61      1       65

PRECIPITATION (IN)
  TODAY            T             1.90 2013   0.17  -0.17     1.90
  MONTH TO DATE    2.45                      2.81  -0.36     5.97
  SINCE MAR 1      8.29                      7.56   0.73     9.82
  SINCE JAN 1     16.45                     15.80   0.65    21.76

SNOWFALL (IN)
  TODAY            0.0

DEGREE DAYS
 HEATING
  TODAY            3                         6     -3        0
  MONTH TO DATE  158                       144     14      132
  SINCE MAR 1    752                       588    164      766
  SINCE JUL 1   4048                      3472    576     3469

 COOLING
  TODAY            0                         2     -2        0
  MONTH TO DATE   31                        22      9       52
  SINCE MAR 1     31                        32     -1       52
  SINCE JAN 1     31                        33     -2       56
..................................................................


WIND (MPH)
  HIGHEST WIND SPEED    10   HIGHEST WIND DIRECTION    NE (40)
  HIGHEST GUST SPEED    16   HIGHEST GUST DIRECTION     N (10)
  AVERAGE WIND SPEED     2.7


SKY COVER
  POSSIBLE SUNSHINE  MM
  AVERAGE SKY COVER 0.6


WEATHER CONDITIONS
 THE FOLLOWING WEATHER WAS RECORDED TODAY.
  LIGHT RAIN


RELATIVE HUMIDITY (PERCENT)
 HIGHEST    83           500 AM
 LOWEST     44           100 PM
 AVERAGE    64

..........................................................


THE JACKSON CLIMATE NORMALS FOR TOMORROW
                         NORMAL    RECORD    YEAR
 MAXIMUM TEMPERATURE (F)   73        89      1971
 MINIMUM TEMPERATURE (F)   49        31      1983
                                             1953


SUNRISE AND SUNSET
APRIL 18 2014.........SUNRISE   619 AM CDT   SUNSET   731 PM CDT
APRIL 19 2014.........SUNRISE   618 AM CDT   SUNSET   732 PM CDT


-  INDICATES NEGATIVE NUMBERS.
R  INDICATES RECORD WAS SET OR TIED.
MM INDICATES DATA IS MISSING.
T  INDICATES TRACE AMOUNT.




$$
