000
CDUS44 KMEG 130742
CLIMKL


CLIMATE REPORT
NATIONAL WEATHER SERVICE MEMPHIS TN
141 AM CST WED DEC 13 2017


...................................

...THE JACKSON CLIMATE SUMMARY FOR DECEMBER 12 2017...

CLIMATE NORMAL PERIOD 1981 TO 2010
CLIMATE RECORD PERIOD 1948 TO 2017


WEATHER ITEM   OBSERVED TIME   RECORD YEAR NORMAL DEPARTURE LAST
                VALUE   (LST)  VALUE       VALUE  FROM      YEAR
                                                  NORMAL
..................................................................
TEMPERATURE (F)
 YESTERDAY
  MAXIMUM         50    130 AM  73    2015  51     -1       55
  MINIMUM         24   1159 PM   0    1962  32     -8       41
  AVERAGE         37                        41     -4       48

PRECIPITATION (IN)
  YESTERDAY        0.00          2.87 1999   0.19  -0.19     0.44
  MONTH TO DATE    0.89                      2.23  -1.34     1.93
  SINCE DEC 1      0.89                      2.23  -1.34     1.93
  SINCE JAN 1     43.82                     50.15  -6.33    41.48

DEGREE DAYS
 HEATING
  YESTERDAY       28                        24      4       17
  MONTH TO DATE  261                       268     -7      293
  SINCE DEC 1    261                       268     -7      293
  SINCE JUL 1    862                       935    -73      677

 COOLING
  YESTERDAY        0                         0      0        0
  MONTH TO DATE    0                         0      0        0
  SINCE DEC 1      0                         0      0        0
  SINCE JAN 1   1812                      1697    115     2092
..................................................................


WIND (MPH)
  HIGHEST WIND SPEED    23   HIGHEST WIND DIRECTION    NW (330)
  HIGHEST GUST SPEED    31   HIGHEST GUST DIRECTION     N (350)
  AVERAGE WIND SPEED    11.3


SKY COVER
  POSSIBLE SUNSHINE  MM
  AVERAGE SKY COVER 0.3


WEATHER CONDITIONS
 THE FOLLOWING WEATHER WAS RECORDED YESTERDAY.
  NO SIGNIFICANT WEATHER WAS OBSERVED.


RELATIVE HUMIDITY (PERCENT)
 HIGHEST    81          1100 PM
 LOWEST     33           400 PM
 AVERAGE    57

..........................................................


THE JACKSON CLIMATE NORMALS FOR TODAY
                         NORMAL    RECORD    YEAR
 MAXIMUM TEMPERATURE (F)   51        76      2015
 MINIMUM TEMPERATURE (F)   31        -1      1962


SUNRISE AND SUNSET
DECEMBER 13 2017......SUNRISE   657 AM CST   SUNSET   443 PM CST
DECEMBER 14 2017......SUNRISE   657 AM CST   SUNSET   444 PM CST


-  INDICATES NEGATIVE NUMBERS.
R  INDICATES RECORD WAS SET OR TIED.
MM INDICATES DATA IS MISSING.
T  INDICATES TRACE AMOUNT.




$$
