000
CDUS44 KMEG 232251
CLIMKL


CLIMATE REPORT
NATIONAL WEATHER SERVICE MEMPHIS TN
451 PM CST SUN NOV 23 2014


...................................

...THE JACKSON CLIMATE SUMMARY FOR NOVEMBER 23 2014...
VALID TODAY AS OF 0400 PM LOCAL TIME.

CLIMATE NORMAL PERIOD 1981 TO 2010
CLIMATE RECORD PERIOD 1948 TO 2014


WEATHER ITEM   OBSERVED TIME   RECORD YEAR NORMAL DEPARTURE LAST
                VALUE   (LST)  VALUE       VALUE  FROM      YEAR
                                                  NORMAL
..................................................................
TEMPERATURE (F)
 TODAY
  MAXIMUM         62    440 PM  74    1973  58      4       46
  MINIMUM         56    816 AM  16    1964  36     20       27
  AVERAGE         59                        47     12       37

PRECIPITATION (IN)
  TODAY            0.31          3.09 2010   0.17   0.14      T
  MONTH TO DATE    2.09                      3.61  -1.52     1.64
  SINCE SEP 1     11.43                     10.76   0.67     8.29
  SINCE JAN 1     55.09                     46.63   8.46    53.38

SNOWFALL (IN)
  TODAY            0.0

DEGREE DAYS
 HEATING
  TODAY            6                        18    -12       28
  MONTH TO DATE  484                       317    167      365
  SINCE SEP 1    653                       531    122      570
  SINCE JUL 1    653                       531    122      570

 COOLING
  TODAY            0                         0      0        0
  MONTH TO DATE    0                         2     -2        0
  SINCE SEP 1    291                       270     21      308
  SINCE JAN 1   1608                      1693    -85     1592
..................................................................


WIND (MPH)
  HIGHEST WIND SPEED    13   HIGHEST WIND DIRECTION     S (180)
  HIGHEST GUST SPEED    21   HIGHEST GUST DIRECTION    SE (150)
  AVERAGE WIND SPEED     6.4


SKY COVER
  POSSIBLE SUNSHINE  MM
  AVERAGE SKY COVER 0.9


WEATHER CONDITIONS
 THE FOLLOWING WEATHER WAS RECORDED TODAY.
  RAIN
  LIGHT RAIN
  FOG


RELATIVE HUMIDITY (PERCENT)
 HIGHEST    93           700 AM
 LOWEST     67          1200 AM
 AVERAGE    80

..........................................................


THE JACKSON CLIMATE NORMALS FOR TOMORROW
                         NORMAL    RECORD    YEAR
 MAXIMUM TEMPERATURE (F)   58        79      1973
 MINIMUM TEMPERATURE (F)   36         5      1950


SUNRISE AND SUNSET
NOVEMBER 23 2014......SUNRISE   639 AM CST   SUNSET   445 PM CST
NOVEMBER 24 2014......SUNRISE   640 AM CST   SUNSET   444 PM CST


-  INDICATES NEGATIVE NUMBERS.
R  INDICATES RECORD WAS SET OR TIED.
MM INDICATES DATA IS MISSING.
T  INDICATES TRACE AMOUNT.




$$
