000
CDUS44 KMEG 250739
CLIMKL


CLIMATE REPORT
NATIONAL WEATHER SERVICE MEMPHIS TN
139 AM CST TUE NOV 25 2014


...................................

...THE JACKSON CLIMATE SUMMARY FOR NOVEMBER 24 2014...

CLIMATE NORMAL PERIOD 1981 TO 2010
CLIMATE RECORD PERIOD 1948 TO 2014


WEATHER ITEM   OBSERVED TIME   RECORD YEAR NORMAL DEPARTURE LAST
                VALUE   (LST)  VALUE       VALUE  FROM      YEAR
                                                  NORMAL
..................................................................
TEMPERATURE (F)
 YESTERDAY
  MAXIMUM         63   1206 AM  79    1973  58      5       36
  MINIMUM         38    902 PM   5    1950  36      2       21
  AVERAGE         51                        47      4       29

PRECIPITATION (IN)
  YESTERDAY        0.00          1.27 1951   0.17  -0.17     0.00
  MONTH TO DATE    2.17                      3.78  -1.61     1.64
  SINCE SEP 1     11.51                     10.93   0.58     8.29
  SINCE JAN 1     55.17                     46.80   8.37    53.38

SNOWFALL (IN)
  YESTERDAY        0.0           0.2  1950   0.0    0.0      0.0
  MONTH TO DATE    0.1                       0.1    0.0      0.0
  SINCE SEP 1      0.1                       0.1    0.0      0.0
  SINCE JUL 1      0.1                       0.1    0.0      0.0
  SNOW DEPTH       0

DEGREE DAYS
 HEATING
  YESTERDAY       14                        18     -4       36
  MONTH TO DATE  497                       335    162      401
  SINCE SEP 1    666                       549    117      606
  SINCE JUL 1    666                       549    117      606

 COOLING
  YESTERDAY        0                         0      0        0
  MONTH TO DATE    0                         2     -2        0
  SINCE SEP 1    291                       270     21      308
  SINCE JAN 1   1608                      1693    -85     1592
..................................................................


WIND (MPH)
  HIGHEST WIND SPEED    30   HIGHEST WIND DIRECTION     W (260)
  HIGHEST GUST SPEED    41   HIGHEST GUST DIRECTION     W (250)
  AVERAGE WIND SPEED    13.3


SKY COVER
  POSSIBLE SUNSHINE  MM
  AVERAGE SKY COVER 0.3


WEATHER CONDITIONS
 THE FOLLOWING WEATHER WAS RECORDED YESTERDAY.
  NO SIGNIFICANT WEATHER WAS OBSERVED.


RELATIVE HUMIDITY (PERCENT)
 HIGHEST    84           100 AM
 LOWEST     41           200 PM
 AVERAGE    63

..........................................................


THE JACKSON CLIMATE NORMALS FOR TODAY
                         NORMAL    RECORD    YEAR
 MAXIMUM TEMPERATURE (F)   57        75      1965
                                             1958
 MINIMUM TEMPERATURE (F)   36         1      1950


SUNRISE AND SUNSET
NOVEMBER 25 2014......SUNRISE   641 AM CST   SUNSET   444 PM CST
NOVEMBER 26 2014......SUNRISE   642 AM CST   SUNSET   444 PM CST


-  INDICATES NEGATIVE NUMBERS.
R  INDICATES RECORD WAS SET OR TIED.
MM INDICATES DATA IS MISSING.
T  INDICATES TRACE AMOUNT.




$$
