000
CDUS44 KMEG 200737
CLIMKL


CLIMATE REPORT
NATIONAL WEATHER SERVICE MEMPHIS TN
137 AM CST TUE FEB 20 2018


...................................

...THE JACKSON CLIMATE SUMMARY FOR FEBRUARY 19 2018...

CLIMATE NORMAL PERIOD 1981 TO 2010
CLIMATE RECORD PERIOD 1948 TO 2018


WEATHER ITEM   OBSERVED TIME   RECORD YEAR NORMAL DEPARTURE LAST
                VALUE   (LST)  VALUE       VALUE  FROM      YEAR
                                                  NORMAL
..................................................................
TEMPERATURE (F)
 YESTERDAY
  MAXIMUM         77R   259 PM  75    2017  54     23       75
  MINIMUM         56   1223 AM   5    1958  33     23       41
  AVERAGE         67                        43     24       58

PRECIPITATION (IN)
  YESTERDAY        0.00          1.71 1996   0.15  -0.15     0.00
  MONTH TO DATE    5.91                      2.85   3.06     1.39
  SINCE DEC 1     16.69                     12.27   4.42    11.49
  SINCE JAN 1     10.08                      6.92   3.16     4.31

DEGREE DAYS
 HEATING
  YESTERDAY        0                        22    -22        7
  MONTH TO DATE  397                       454    -57      296
  SINCE DEC 1   2078                      2036     42     1586
  SINCE JUL 1   2679                      2703    -24     1970

 COOLING
  YESTERDAY        2                         0      2        0
  MONTH TO DATE    9                         0      9        2
  SINCE DEC 1      9                         1      8        4
  SINCE JAN 1      9                         0      9        2
..................................................................


WIND (MPH)
  HIGHEST WIND SPEED    23   HIGHEST WIND DIRECTION     S (200)
  HIGHEST GUST SPEED    31   HIGHEST GUST DIRECTION     S (190)
  AVERAGE WIND SPEED    13.1


SKY COVER
  POSSIBLE SUNSHINE  MM
  AVERAGE SKY COVER 0.3


WEATHER CONDITIONS
 THE FOLLOWING WEATHER WAS RECORDED YESTERDAY.
  NO SIGNIFICANT WEATHER WAS OBSERVED.


RELATIVE HUMIDITY (PERCENT)
 HIGHEST   100          1200 AM
 LOWEST     57           400 PM
 AVERAGE    79

..........................................................


THE JACKSON CLIMATE NORMALS FOR TODAY
                         NORMAL    RECORD    YEAR
 MAXIMUM TEMPERATURE (F)   54        80      1986
 MINIMUM TEMPERATURE (F)   33         8      1958


SUNRISE AND SUNSET
FEBRUARY 20 2018......SUNRISE   637 AM CST   SUNSET   543 PM CST
FEBRUARY 21 2018......SUNRISE   635 AM CST   SUNSET   543 PM CST


-  INDICATES NEGATIVE NUMBERS.
R  INDICATES RECORD WAS SET OR TIED.
MM INDICATES DATA IS MISSING.
T  INDICATES TRACE AMOUNT.




$$
