000
CDUS44 KMEG 010634
CLIMKL


CLIMATE REPORT
NATIONAL WEATHER SERVICE MEMPHIS TN
132 AM CDT SAT OCT 1 2016


...................................

...THE JACKSON CLIMATE SUMMARY FOR SEPTEMBER 30 2016...

CLIMATE NORMAL PERIOD 1981 TO 2010
CLIMATE RECORD PERIOD 1948 TO 2016


WEATHER ITEM   OBSERVED TIME   RECORD YEAR NORMAL DEPARTURE LAST
                VALUE   (LST)  VALUE       VALUE  FROM      YEAR
                                                  NORMAL
..................................................................
TEMPERATURE (F)
 YESTERDAY
  MAXIMUM         76        MM  98    1953  79     -3       72
  MINIMUM         53        MM  35    1949  53      0       62
  AVERAGE         65                        66     -1       67

PRECIPITATION (IN)
  YESTERDAY        0.00          1.92 1985   0.13  -0.13     0.00
  MONTH TO DATE    1.69                      3.38  -1.69     2.07
  SINCE SEP 1      1.69                      3.38  -1.69     2.07
  SINCE JAN 1     35.56                     39.25  -3.69    33.53

SNOWFALL (IN)
  YESTERDAY        0.0          MM      MM   0.0    0.0      0.0
  MONTH TO DATE    0.0                       0.0    0.0      0.0
  SINCE SEP 1      0.0                       0.0    0.0      0.0
  SINCE JUL 1      0.0                       0.0    0.0      0.0
  SNOW DEPTH       0

DEGREE DAYS
 HEATING
  YESTERDAY        0                         3     -3        0
  MONTH TO DATE    5                        25    -20        9
  SINCE SEP 1      5                        26    -21        9
  SINCE JUL 1      5                        26    -21        9

 COOLING
  YESTERDAY        0                         4     -4        2
  MONTH TO DATE  322                       220    102      231
  SINCE SEP 1    322                       220    102      231
  SINCE JAN 1   1951                      1643    308     1793
..................................................................


WIND (MPH)
  HIGHEST WIND SPEED    MM   HIGHEST WIND DIRECTION    MM
  HIGHEST GUST SPEED    MM   HIGHEST GUST DIRECTION    MM
  AVERAGE WIND SPEED    MM


SKY COVER
  POSSIBLE SUNSHINE  MM
  AVERAGE SKY COVER 0.7


WEATHER CONDITIONS
 THE FOLLOWING WEATHER WAS RECORDED YESTERDAY.
  HAZE


RELATIVE HUMIDITY (PERCENT)
 HIGHEST    MM
 LOWEST     MM
 AVERAGE    MM

..........................................................


THE JACKSON CLIMATE NORMALS FOR TODAY
                         NORMAL    RECORD    YEAR
 MAXIMUM TEMPERATURE (F)   78        96      1953
 MINIMUM TEMPERATURE (F)   53        37      1984


SUNRISE AND SUNSET
OCTOBER  1 2016.......SUNRISE   651 AM CDT   SUNSET   639 PM CDT
OCTOBER  2 2016.......SUNRISE   652 AM CDT   SUNSET   637 PM CDT


-  INDICATES NEGATIVE NUMBERS.
R  INDICATES RECORD WAS SET OR TIED.
MM INDICATES DATA IS MISSING.
T  INDICATES TRACE AMOUNT.




$$
