000
CDUS42 KMLB 200626
CLIMLB


CLIMATE REPORT
NATIONAL WEATHER SERVICE MELBOURNE FL
126 AM EST FRI JAN 20 2017


...................................

...THE MELBOURNE CLIMATE SUMMARY FOR JANUARY 19 2017...

CLIMATE NORMAL PERIOD 1981 TO 2010
CLIMATE RECORD PERIOD 1939 TO 2017


WEATHER ITEM   OBSERVED TIME   RECORD YEAR NORMAL DEPARTURE LAST
                VALUE   (LST)  VALUE       VALUE  FROM      YEAR
                                                  NORMAL
..................................................................
TEMPERATURE (F)
 YESTERDAY
  MAXIMUM         78   1247 PM  88    1943  71      7       55
  MINIMUM         56    734 AM  17    1977  49      7       41
  AVERAGE         67                        60      7       48

PRECIPITATION (IN)
  YESTERDAY        0.00          0.79 1978   0.07  -0.07     0.00
  MONTH TO DATE    0.56                      1.34  -0.78     5.66
  SINCE DEC 1      0.88                      3.91  -3.03     9.35
  SINCE JAN 1      0.56                      1.34  -0.78     5.66

SNOWFALL (IN)
  YESTERDAY        0.0
  MONTH TO DATE    0.0
  SINCE JUL 1      0.0

DEGREE DAYS
 HEATING
  YESTERDAY        0                         6     -6       17
  MONTH TO DATE   39                       114    -75       83
  SINCE DEC 1     67                       251   -184       90
  SINCE JUL 1     86                       293   -207       95

 COOLING
  YESTERDAY        2                         1      1        0
  MONTH TO DATE   48                        22     26       31
  SINCE DEC 1    224                        98    126      315
  SINCE JAN 1     48                        22     26       31
..................................................................


WIND (MPH)
  HIGHEST WIND SPEED    12   HIGHEST WIND DIRECTION     E (70)
  HIGHEST GUST SPEED    14   HIGHEST GUST DIRECTION     E (90)
  AVERAGE WIND SPEED     5.1


SKY COVER
  AVERAGE SKY COVER 0.1


WEATHER CONDITIONS
 THE FOLLOWING WEATHER WAS RECORDED YESTERDAY.
  FOG


RELATIVE HUMIDITY (PERCENT)
 HIGHEST   100           500 AM
 LOWEST     64          1200 PM
 AVERAGE    82

..........................................................


THE MELBOURNE CLIMATE NORMALS FOR TODAY
                         NORMAL    RECORD    YEAR
 MAXIMUM TEMPERATURE (F)   71        86      1987
 MINIMUM TEMPERATURE (F)   49        19      1977


SUNRISE AND SUNSET
JANUARY 20 2017.......SUNRISE   714 AM EST   SUNSET   553 PM EST
JANUARY 21 2017.......SUNRISE   714 AM EST   SUNSET   554 PM EST


-  INDICATES NEGATIVE NUMBERS.
R  INDICATES RECORD WAS SET OR TIED.
MM INDICATES DATA IS MISSING.
T  INDICATES TRACE AMOUNT.




$$
