000
CDUS42 KMLB 040626
CLIMLB


CLIMATE REPORT
NATIONAL WEATHER SERVICE MELBOURNE FL
226 AM EDT WED MAY 4 2016


...................................

...THE MELBOURNE CLIMATE SUMMARY FOR MAY 3 2016...

CLIMATE NORMAL PERIOD 1981 TO 2010
CLIMATE RECORD PERIOD 1939 TO 2016


WEATHER ITEM   OBSERVED TIME   RECORD YEAR NORMAL DEPARTURE LAST
                VALUE   (LST)  VALUE       VALUE  FROM      YEAR
                                                  NORMAL
..................................................................
TEMPERATURE (F)
 YESTERDAY
  MAXIMUM         91    318 PM  93    1997  84      7       82
  MINIMUM         70    208 AM  54    2006  64      6       63
  AVERAGE         81                        74      7       73

PRECIPITATION (IN)
  YESTERDAY        0.88          3.30 1960   0.06   0.82     0.00
  MONTH TO DATE    0.88                      0.18   0.70     0.00
  SINCE MAR 1      5.30                      5.59  -0.29     4.17
  SINCE JAN 1     15.16                     10.39   4.77    10.28

SNOWFALL (IN)
  YESTERDAY        0.0
  MONTH TO DATE    0.0
  SINCE JUL 1      0.0

DEGREE DAYS
 HEATING
  YESTERDAY        0                         0      0        0
  MONTH TO DATE    0                         0      0        0
  SINCE MAR 1     20                        87    -67       14
  SINCE JUL 1    341                       576   -235      424

 COOLING
  YESTERDAY       16                         9      7        8
  MONTH TO DATE   46                        26     20       21
  SINCE MAR 1    516                       303    213      632
  SINCE JAN 1    606                       401    205      730
..................................................................


WIND (MPH)
  HIGHEST WIND SPEED    18   HIGHEST WIND DIRECTION     S (180)
  HIGHEST GUST SPEED    24   HIGHEST GUST DIRECTION     S (170)
  AVERAGE WIND SPEED     9.1


SKY COVER
  AVERAGE SKY COVER 0.5


WEATHER CONDITIONS
 THE FOLLOWING WEATHER WAS RECORDED YESTERDAY.
  THUNDERSTORM
  HEAVY RAIN
  RAIN
  LIGHT RAIN
  FOG


RELATIVE HUMIDITY (PERCENT)
 HIGHEST    93           100 AM
 LOWEST     41           300 PM
 AVERAGE    67

..........................................................


THE MELBOURNE CLIMATE NORMALS FOR TODAY
                         NORMAL    RECORD    YEAR
 MAXIMUM TEMPERATURE (F)   84        94      1984
 MINIMUM TEMPERATURE (F)   64        51      1999


SUNRISE AND SUNSET
MAY  4 2016...........SUNRISE   640 AM EDT   SUNSET   759 PM EDT
MAY  5 2016...........SUNRISE   639 AM EDT   SUNSET   800 PM EDT


-  INDICATES NEGATIVE NUMBERS.
R  INDICATES RECORD WAS SET OR TIED.
MM INDICATES DATA IS MISSING.
T  INDICATES TRACE AMOUNT.




$$
