000
CDUS42 KMLB 290630
CLIMLB


CLIMATE REPORT
NATIONAL WEATHER SERVICE MELBOURNE FL
229 AM EDT WED JUL 29 2015


...................................

...THE MELBOURNE CLIMATE SUMMARY FOR JULY 28 2015...

CLIMATE NORMAL PERIOD 1981 TO 2010
CLIMATE RECORD PERIOD 1939 TO 2015


WEATHER ITEM   OBSERVED TIME   RECORD YEAR NORMAL DEPARTURE LAST
                VALUE   (LST)  VALUE       VALUE  FROM      YEAR
                                                  NORMAL
..................................................................
TEMPERATURE (F)
 YESTERDAY
  MAXIMUM         91   1233 PM  98    1999  91      0       94
  MINIMUM         76    508 PM  67    1938  73      3       77
  AVERAGE         84                        82      2       86

PRECIPITATION (IN)
  YESTERDAY        0.34          1.65 1956   0.21   0.13     0.00
  MONTH TO DATE   10.29                      5.33   4.96    11.10
  SINCE JUN 1     16.54                     12.04   4.50    17.16
  SINCE JAN 1     29.39                     25.54   3.85    33.38

SNOWFALL (IN)
  YESTERDAY        0.0
  MONTH TO DATE    0.0
  SINCE JUL 1      0.0

DEGREE DAYS
 HEATING
  YESTERDAY        0                         0      0        0
  MONTH TO DATE    0                         0      0        0
  SINCE JUN 1      0                         0      0        0
  SINCE JUL 1      0                         0      0        0

 COOLING
  YESTERDAY       19                        17      2       21
  MONTH TO DATE  466                       465      1      491
  SINCE JUN 1    956                       927     29      952
  SINCE JAN 1   2068                      1653    415     1845
..................................................................


WIND (MPH)
  HIGHEST WIND SPEED    23   HIGHEST WIND DIRECTION    SW (210)
  HIGHEST GUST SPEED    29   HIGHEST GUST DIRECTION    SW (220)
  AVERAGE WIND SPEED     9.8


SKY COVER
  AVERAGE SKY COVER 0.6


WEATHER CONDITIONS
 THE FOLLOWING WEATHER WAS RECORDED YESTERDAY.
  THUNDERSTORM
  HEAVY RAIN
  RAIN
  LIGHT RAIN
  FOG


RELATIVE HUMIDITY (PERCENT)
 HIGHEST    94           500 AM
 LOWEST     59          1100 AM
 AVERAGE    77

..........................................................


THE MELBOURNE CLIMATE NORMALS FOR TODAY
                         NORMAL    RECORD    YEAR
 MAXIMUM TEMPERATURE (F)   91        98      1999
 MINIMUM TEMPERATURE (F)   73        68      1975
                                             1969
                                             1965


SUNRISE AND SUNSET
JULY 29 2015..........SUNRISE   643 AM EDT   SUNSET   815 PM EDT
JULY 30 2015..........SUNRISE   644 AM EDT   SUNSET   814 PM EDT


-  INDICATES NEGATIVE NUMBERS.
R  INDICATES RECORD WAS SET OR TIED.
MM INDICATES DATA IS MISSING.
T  INDICATES TRACE AMOUNT.




$$
