008
CDUS42 KMLB 290635
CLIMLB


CLIMATE REPORT
NATIONAL WEATHER SERVICE MELBOURNE FL
235 AM EDT THU JUN 29 2017


...................................

...THE MELBOURNE CLIMATE SUMMARY FOR JUNE 28 2017...

CLIMATE NORMAL PERIOD 1981 TO 2010
CLIMATE RECORD PERIOD 1939 TO 2017


WEATHER ITEM   OBSERVED TIME   RECORD YEAR NORMAL DEPARTURE LAST
                VALUE   (LST)  VALUE       VALUE  FROM      YEAR
                                                  NORMAL
..................................................................
TEMPERATURE (F)
 YESTERDAY
  MAXIMUM         89    144 PM  97    1954  90     -1       91
                                      1950
  MINIMUM         74    523 AM  64    1976  72      2       76
                                      1970
  AVERAGE         82                        81      1       84

PRECIPITATION (IN)
  YESTERDAY        0.00          2.58 1996   0.22  -0.22     0.10
  MONTH TO DATE    6.45                      6.25   0.20     7.08
  SINCE JUN 1      6.45                      6.25   0.20     7.08
  SINCE JAN 1     14.79                     19.75  -4.96    29.05

SNOWFALL (IN)
  YESTERDAY        0.0
  MONTH TO DATE    0.0
  SINCE JUL 1      0.0

DEGREE DAYS
 HEATING
  YESTERDAY        0                         0      0        0
  MONTH TO DATE    0                         0      0        0
  SINCE JUN 1      0                         0      0        0
  SINCE JUL 1    220                       577   -357      341

 COOLING
  YESTERDAY       17                        16      1       19
  MONTH TO DATE  479                       431     48      474
  SINCE JUN 1    479                       431     48      474
  SINCE JAN 1   1626                      1157    469     1407
..................................................................


WIND (MPH)
  HIGHEST WIND SPEED    18   HIGHEST WIND DIRECTION    NE (60)
  HIGHEST GUST SPEED    22   HIGHEST GUST DIRECTION    NE (60)
  AVERAGE WIND SPEED     8.1


SKY COVER
  AVERAGE SKY COVER 0.4


WEATHER CONDITIONS
 THE FOLLOWING WEATHER WAS RECORDED YESTERDAY.
  FOG


RELATIVE HUMIDITY (PERCENT)
 HIGHEST   100          1200 AM
 LOWEST     68          1100 AM
 AVERAGE    84

..........................................................


THE MELBOURNE CLIMATE NORMALS FOR TODAY
                         NORMAL    RECORD    YEAR
 MAXIMUM TEMPERATURE (F)   90        97      1980
 MINIMUM TEMPERATURE (F)   72        64      1970


SUNRISE AND SUNSET
JUNE 29 2017..........SUNRISE   629 AM EDT   SUNSET   823 PM EDT
JUNE 30 2017..........SUNRISE   629 AM EDT   SUNSET   823 PM EDT


-  INDICATES NEGATIVE NUMBERS.
R  INDICATES RECORD WAS SET OR TIED.
MM INDICATES DATA IS MISSING.
T  INDICATES TRACE AMOUNT.




$$
