000
CDUS42 KMLB 282025
CLIMLB


CLIMATE REPORT
NATIONAL WEATHER SERVICE MELBOURNE FL
424 PM EDT THU MAY 28 2015


...................................

...THE MELBOURNE CLIMATE SUMMARY FOR MAY 28 2015...
VALID TODAY AS OF 0400 PM LOCAL TIME.

CLIMATE NORMAL PERIOD 1981 TO 2010
CLIMATE RECORD PERIOD 1939 TO 2015


WEATHER ITEM   OBSERVED TIME   RECORD YEAR NORMAL DEPARTURE LAST
                VALUE   (LST)  VALUE       VALUE  FROM      YEAR
                                                  NORMAL
..................................................................
TEMPERATURE (F)
 TODAY
  MAXIMUM         84    245 PM  97    2000  87     -3       87
  MINIMUM         75    543 AM  60    1982  70      5       68
                                      1980
  AVERAGE         80                        79      1       78

PRECIPITATION (IN)
  TODAY            0.00          1.24 1976   0.15  -0.15     0.00
  MONTH TO DATE    1.38                      2.81  -1.43     3.46
  SINCE MAR 1      5.55                      8.22  -2.67     9.05
  SINCE JAN 1     11.66                     13.02  -1.36    16.11

SNOWFALL (IN)
  TODAY            0.0
  MONTH TO DATE    0.0
  SINCE JUL 1      0.0

DEGREE DAYS
 HEATING
  TODAY            0                         0      0        0
  MONTH TO DATE    0                         0      0        0
  SINCE MAR 1     14                        87    -73       52
  SINCE JUL 1    424                       576   -152      358

 COOLING
  TODAY           15                        14      1       13
  MONTH TO DATE  361                       310     51      343
  SINCE MAR 1    972                       587    385      686
  SINCE JAN 1   1070                       685    385      854
..................................................................


WIND (MPH)
  HIGHEST WIND SPEED    20   HIGHEST WIND DIRECTION     E (100)
  HIGHEST GUST SPEED    24   HIGHEST GUST DIRECTION     E (100)
  AVERAGE WIND SPEED    12.9


SKY COVER
  AVERAGE SKY COVER 0.4


WEATHER CONDITIONS
 THE FOLLOWING WEATHER WAS RECORDED TODAY.
  NO SIGNIFICANT WEATHER WAS OBSERVED.


RELATIVE HUMIDITY (PERCENT)
 HIGHEST    74           500 AM
 LOWEST     47           300 PM
 AVERAGE    61

..........................................................


THE MELBOURNE CLIMATE NORMALS FOR TOMORROW
                         NORMAL    RECORD    YEAR
 MAXIMUM TEMPERATURE (F)   88        96      2000
 MINIMUM TEMPERATURE (F)   70        58      1976


SUNRISE AND SUNSET
MAY 28 2015...........SUNRISE   627 AM EDT   SUNSET   813 PM EDT
MAY 29 2015...........SUNRISE   627 AM EDT   SUNSET   813 PM EDT


-  INDICATES NEGATIVE NUMBERS.
R  INDICATES RECORD WAS SET OR TIED.
MM INDICATES DATA IS MISSING.
T  INDICATES TRACE AMOUNT.




$$
