000
CDUS42 KMLB 010635
CLIMLB


CLIMATE REPORT
NATIONAL WEATHER SERVICE MELBOURNE FL
235 AM EDT TUE SEP 1 2015


...................................

...THE MELBOURNE CLIMATE SUMMARY FOR AUGUST 31 2015...

CLIMATE NORMAL PERIOD 1981 TO 2010
CLIMATE RECORD PERIOD 1939 TO 2015


WEATHER ITEM   OBSERVED TIME   RECORD YEAR NORMAL DEPARTURE LAST
                VALUE   (LST)  VALUE       VALUE  FROM      YEAR
                                                  NORMAL
..................................................................
TEMPERATURE (F)
 YESTERDAY
  MAXIMUM         88    200 PM  98    1955  90     -2       90
  MINIMUM         75    246 AM  68    1938  73      2       76
  AVERAGE         82                        81      1       83

PRECIPITATION (IN)
  YESTERDAY        0.14          1.14 1944   0.25  -0.11     0.00
  MONTH TO DATE    9.36                      7.68   1.68     4.35
  SINCE JUN 1     26.27                     20.35   5.92    21.61
  SINCE JAN 1     39.12                     33.85   5.27    37.83

SNOWFALL (IN)
  YESTERDAY        0.0
  MONTH TO DATE    0.0
  SINCE JUL 1      0.0

DEGREE DAYS
 HEATING
  YESTERDAY        0                         0      0        0
  MONTH TO DATE    0                         0      0        0
  SINCE JUN 1      0                         0      0        0
  SINCE JUL 1      0                         0      0        0

 COOLING
  YESTERDAY       17                        16      1       18
  MONTH TO DATE  536                       522     14      583
  SINCE JUN 1   1547                      1500     47     1594
  SINCE JAN 1   2659                      2226    433     2487
..................................................................


WIND (MPH)
  HIGHEST WIND SPEED    20   HIGHEST WIND DIRECTION     S (160)
  HIGHEST GUST SPEED    29   HIGHEST GUST DIRECTION    SE (140)
  AVERAGE WIND SPEED     7.4


SKY COVER
  AVERAGE SKY COVER 0.3


WEATHER CONDITIONS
 THE FOLLOWING WEATHER WAS RECORDED YESTERDAY.
  THUNDERSTORM
  LIGHT RAIN
  FOG
  HAZE


RELATIVE HUMIDITY (PERCENT)
 HIGHEST   100          1100 PM
 LOWEST     63          1000 AM
 AVERAGE    82

..........................................................


THE MELBOURNE CLIMATE NORMALS FOR TODAY
                         NORMAL    RECORD    YEAR
 MAXIMUM TEMPERATURE (F)   90        98      1972
 MINIMUM TEMPERATURE (F)   73        67      1938


SUNRISE AND SUNSET
SEPTEMBER  1 2015.....SUNRISE   701 AM EDT   SUNSET   744 PM EDT
SEPTEMBER  2 2015.....SUNRISE   701 AM EDT   SUNSET   743 PM EDT


-  INDICATES NEGATIVE NUMBERS.
R  INDICATES RECORD WAS SET OR TIED.
MM INDICATES DATA IS MISSING.
T  INDICATES TRACE AMOUNT.




$$
