000
CDUS42 KMLB 310627
CLIMLB


CLIMATE REPORT
NATIONAL WEATHER SERVICE MELBOURNE FL
127 AM EST SAT JAN 31 2015


...................................

...THE MELBOURNE CLIMATE SUMMARY FOR JANUARY 30 2015...

CLIMATE NORMAL PERIOD 1981 TO 2010
CLIMATE RECORD PERIOD 1939 TO 2015


WEATHER ITEM   OBSERVED TIME   RECORD YEAR NORMAL DEPARTURE LAST
                VALUE   (LST)  VALUE       VALUE  FROM      YEAR
                                                  NORMAL
..................................................................
TEMPERATURE (F)
 YESTERDAY
  MAXIMUM         75    233 PM  86    1972  72      3       60
  MINIMUM         46    722 AM  30    1966  50     -4       50
  AVERAGE         61                        61      0       55

PRECIPITATION (IN)
  YESTERDAY        0.00          0.79 2009   0.08  -0.08     0.79
                                      2009
                                      2014
  MONTH TO DATE    2.48                      2.19   0.29     3.80
  SINCE DEC 1      4.10                      4.76  -0.66     5.95
  SINCE JAN 1      2.48                      2.19   0.29     3.80

SNOWFALL (IN)
  YESTERDAY        0.0
  MONTH TO DATE    0.0
  SINCE JUL 1      0.0

DEGREE DAYS
 HEATING
  YESTERDAY        4                         6     -2       10
  MONTH TO DATE  113                       180    -67      204
  SINCE DEC 1    195                       317   -122      229
  SINCE JUL 1    260                       359    -99      243

 COOLING
  YESTERDAY        0                         2     -2        0
  MONTH TO DATE   67                        35     32       57
  SINCE DEC 1    198                       111     87      208
  SINCE JAN 1     67                        35     32       57
..................................................................


WIND (MPH)
  HIGHEST WIND SPEED    20   HIGHEST WIND DIRECTION    NW (320)
  HIGHEST GUST SPEED    26   HIGHEST GUST DIRECTION     W (280)
  AVERAGE WIND SPEED     8.1


SKY COVER
  AVERAGE SKY COVER 0.1


WEATHER CONDITIONS
 THE FOLLOWING WEATHER WAS RECORDED YESTERDAY.
  NO SIGNIFICANT WEATHER WAS OBSERVED.


RELATIVE HUMIDITY (PERCENT)
 HIGHEST    93           300 AM
 LOWEST     47          1200 PM
 AVERAGE    70

..........................................................


THE MELBOURNE CLIMATE NORMALS FOR TODAY
                         NORMAL    RECORD    YEAR
 MAXIMUM TEMPERATURE (F)   72        88      1991
 MINIMUM TEMPERATURE (F)   50        26      1966


SUNRISE AND SUNSET
JANUARY 31 2015.......SUNRISE   710 AM EST   SUNSET   602 PM EST
FEBRUARY  1 2015......SUNRISE   710 AM EST   SUNSET   603 PM EST


-  INDICATES NEGATIVE NUMBERS.
R  INDICATES RECORD WAS SET OR TIED.
MM INDICATES DATA IS MISSING.
T  INDICATES TRACE AMOUNT.




$$
