000
CDUS43 KDVN 261020
CLIMLI


CLIMATE REPORT
NATIONAL WEATHER SERVICE QUAD CITIES IA IL
417 AM CST SUN FEB 26 2017


...................................

...THE MOLINE IL CLIMATE SUMMARY FOR FEBRUARY 25 2017...

CLIMATE NORMAL PERIOD 1981 TO 2010
CLIMATE RECORD PERIOD 1872 TO 2017


WEATHER ITEM   OBSERVED TIME   RECORD YEAR NORMAL DEPARTURE LAST
                VALUE   (LST)  VALUE       VALUE  FROM      YEAR
                                                  NORMAL
..................................................................
TEMPERATURE (F)
 YESTERDAY
  MAXIMUM         33    357 PM  71    2000  40     -7       41
  MINIMUM         22    903 AM -10    1967  22      0       30
  AVERAGE         28                        31     -3       36

PRECIPITATION (IN)
  YESTERDAY        T             1.23 2000   0.07  -0.07     0.00
  MONTH TO DATE    0.66                      1.37  -0.71     0.88
  SINCE DEC 1      3.78                      5.04  -1.26     5.52
  SINCE JAN 1      2.16                      2.86  -0.70     1.32

SNOWFALL (IN)
  YESTERDAY        0.2          MM      MM   0.1    0.1      0.0
  MONTH TO DATE    2.3                       6.2   -3.9      6.3
  SINCE DEC 1     16.5                      24.9   -8.4     11.3
  SINCE JUL 1     16.5                      26.1   -9.6     21.2
  SNOW DEPTH       T

DEGREE DAYS
 HEATING
  YESTERDAY       37                        34      3       29
  MONTH TO DATE  675                       964   -289      879
  SINCE DEC 1   2966                      3467   -501     2947
  SINCE JUL 1   3747                      4698   -951     3910

 COOLING
  YESTERDAY        0                         0      0        0
  MONTH TO DATE    0                         0      0        0
  SINCE DEC 1      0                         0      0        0
  SINCE JAN 1      0                         0      0        0
..................................................................


WIND (MPH)
  HIGHEST WIND SPEED    26   HIGHEST WIND DIRECTION    NW (300)
  HIGHEST GUST SPEED    35   HIGHEST GUST DIRECTION    NW (300)
  AVERAGE WIND SPEED    14.8


SKY COVER
  POSSIBLE SUNSHINE  MM
  AVERAGE SKY COVER 0.5


WEATHER CONDITIONS
 THE FOLLOWING WEATHER WAS RECORDED YESTERDAY.
  LIGHT SNOW
  HAZE


RELATIVE HUMIDITY (PERCENT)
 HIGHEST    81           100 AM
 LOWEST     47           400 PM
 AVERAGE    64

..........................................................


THE MOLINE IL CLIMATE NORMALS FOR TODAY
                         NORMAL    RECORD    YEAR
 MAXIMUM TEMPERATURE (F)   40        64      1971
 MINIMUM TEMPERATURE (F)   22       -14      1963


SUNRISE AND SUNSET
FEBRUARY 26 2017......SUNRISE   641 AM CST   SUNSET   550 PM CST
FEBRUARY 27 2017......SUNRISE   639 AM CST   SUNSET   551 PM CST


-  INDICATES NEGATIVE NUMBERS.
R  INDICATES RECORD WAS SET OR TIED.
MM INDICATES DATA IS MISSING.
T  INDICATES TRACE AMOUNT.




$$
