000
CDUS43 KDVN 282221
CLIMLI


CLIMATE REPORT
NATIONAL WEATHER SERVICE QUAD CITIES IA IL
421 PM CST SUN DEC 28 2014


...................................

...THE MOLINE IL CLIMATE SUMMARY FOR DECEMBER 28 2014...
VALID TODAY AS OF 0400 PM LOCAL TIME.

CLIMATE NORMAL PERIOD 1981 TO 2010
CLIMATE RECORD PERIOD 1872 TO 2014


WEATHER ITEM   OBSERVED TIME   RECORD YEAR NORMAL DEPARTURE LAST
                VALUE   (LST)  VALUE       VALUE  FROM      YEAR
                                                  NORMAL
..................................................................
TEMPERATURE (F)
 TODAY
  MAXIMUM         36    359 PM  67    1984  32      4       46
  MINIMUM         16    723 AM -20    1924  16      0       33
  AVERAGE         26                        24      2       40

PRECIPITATION (IN)
  TODAY            0.00          0.85 1948   0.06  -0.06     0.00
  MONTH TO DATE    0.72                      2.02  -1.30     1.15
  SINCE DEC 1      0.72                      2.02  -1.30     1.15
  SINCE JAN 1     39.29                     37.80   1.49    39.17

SNOWFALL (IN)
  TODAY            0.0          MM      MM   0.3   -0.3      0.0
  MONTH TO DATE    T                         8.3   -8.3     12.2
  SINCE DEC 1      T                         8.3   -8.3     12.2
  SINCE JUL 1      4.6                       9.5   -4.9     13.2
  SNOW DEPTH       0

DEGREE DAYS
 HEATING
  TODAY           39                        41     -2       25
  MONTH TO DATE  889                      1065   -176     1204
  SINCE DEC 1    889                      1065   -176     1204
  SINCE JUL 1   2394                      2296     98     2550

 COOLING
  TODAY            0                         0      0        0
  MONTH TO DATE    0                         0      0        0
  SINCE DEC 1      0                         0      0        0
  SINCE JAN 1    839                      1004   -165      998
..................................................................


WIND (MPH)
  HIGHEST WIND SPEED    17   HIGHEST WIND DIRECTION     W (290)
  HIGHEST GUST SPEED    20   HIGHEST GUST DIRECTION     W (270)
  AVERAGE WIND SPEED     5.5


SKY COVER
  POSSIBLE SUNSHINE  MM
  AVERAGE SKY COVER 0.0


WEATHER CONDITIONS
 THE FOLLOWING WEATHER WAS RECORDED TODAY.
  NO SIGNIFICANT WEATHER WAS OBSERVED.


RELATIVE HUMIDITY (PERCENT)
 HIGHEST    84           300 AM
 LOWEST     47           200 PM
 AVERAGE    66

..........................................................


THE MOLINE IL CLIMATE NORMALS FOR TOMORROW
                         NORMAL    RECORD    YEAR
 MAXIMUM TEMPERATURE (F)   31        65      1984
 MINIMUM TEMPERATURE (F)   16       -15      1887


SUNRISE AND SUNSET
DECEMBER 28 2014......SUNRISE   728 AM CST   SUNSET   440 PM CST
DECEMBER 29 2014......SUNRISE   728 AM CST   SUNSET   441 PM CST


-  INDICATES NEGATIVE NUMBERS.
R  INDICATES RECORD WAS SET OR TIED.
MM INDICATES DATA IS MISSING.
T  INDICATES TRACE AMOUNT.




$$
