000
CDUS43 KDVN 282130
CLIMLI


CLIMATE REPORT
NATIONAL WEATHER SERVICE QUAD CITIES IA IL
430 PM CDT SAT MAR 28 2015


...................................

...THE MOLINE IL CLIMATE SUMMARY FOR MARCH 28 2015...
VALID TODAY AS OF 0400 PM LOCAL TIME.

CLIMATE NORMAL PERIOD 1981 TO 2010
CLIMATE RECORD PERIOD 1872 TO 2015


WEATHER ITEM   OBSERVED TIME   RECORD YEAR NORMAL DEPARTURE LAST
                VALUE   (LST)  VALUE       VALUE  FROM      YEAR
                                                  NORMAL
..................................................................
TEMPERATURE (F)
 TODAY
  MAXIMUM         42    259 PM  81    1910  55    -13       43
  MINIMUM         16    532 AM  11    1970  34    -18       37
  AVERAGE         29                        44    -15       40

PRECIPITATION (IN)
  TODAY            0.00          1.69 1914   0.10  -0.10     0.03
  MONTH TO DATE    0.83                      2.56  -1.73     0.90
  SINCE MAR 1      0.83                      2.56  -1.73     0.90
  SINCE JAN 1      3.76                      5.65  -1.89     4.92

SNOWFALL (IN)
  TODAY            0.0          MM      MM   0.1   -0.1      0.0
  MONTH TO DATE    0.1                       3.8   -3.7     10.3
  SINCE MAR 1      0.1                       3.8   -3.7     10.3
  SINCE JUL 1     39.1                      30.5    8.6     65.1
  SNOW DEPTH       0

DEGREE DAYS
 HEATING
  TODAY           36                        21     15       25
  MONTH TO DATE  797                       745     52      974
  SINCE MAR 1    797                       745     52      974
  SINCE JUL 1   6055                      5543    512     6644

 COOLING
  TODAY            0                         0      0        0
  MONTH TO DATE    0                         0      0        0
  SINCE MAR 1      0                         0      0        0
  SINCE JAN 1      0                         0      0        0
..................................................................


WIND (MPH)
  HIGHEST WIND SPEED    15   HIGHEST WIND DIRECTION    SE (120)
  HIGHEST GUST SPEED    20   HIGHEST GUST DIRECTION     S (160)
  AVERAGE WIND SPEED     5.5


SKY COVER
  POSSIBLE SUNSHINE  MM
  AVERAGE SKY COVER 0.0


WEATHER CONDITIONS
 THE FOLLOWING WEATHER WAS RECORDED TODAY.
  NO SIGNIFICANT WEATHER WAS OBSERVED.


RELATIVE HUMIDITY (PERCENT)
 HIGHEST    80           500 AM
 LOWEST     25           300 PM
 AVERAGE    53

..........................................................


THE MOLINE IL CLIMATE NORMALS FOR TOMORROW
                         NORMAL    RECORD    YEAR
 MAXIMUM TEMPERATURE (F)   55        88      1986
 MINIMUM TEMPERATURE (F)   34         9      1887


SUNRISE AND SUNSET
MARCH 28 2015.........SUNRISE   652 AM CDT   SUNSET   723 PM CDT
MARCH 29 2015.........SUNRISE   651 AM CDT   SUNSET   724 PM CDT


-  INDICATES NEGATIVE NUMBERS.
R  INDICATES RECORD WAS SET OR TIED.
MM INDICATES DATA IS MISSING.
T  INDICATES TRACE AMOUNT.




$$
