000
CDUS43 KDVN 250911
CLIMLI


CLIMATE REPORT
NATIONAL WEATHER SERVICE QUAD CITIES IA IL
411 AM CDT TUE APR 25 2017


...................................

...THE MOLINE IL CLIMATE SUMMARY FOR APRIL 24 2017...

CLIMATE NORMAL PERIOD 1981 TO 2010
CLIMATE RECORD PERIOD 1872 TO 2017


WEATHER ITEM   OBSERVED TIME   RECORD YEAR NORMAL DEPARTURE LAST
                VALUE   (LST)  VALUE       VALUE  FROM      YEAR
                                                  NORMAL
..................................................................
TEMPERATURE (F)
 YESTERDAY
  MAXIMUM         77    348 PM  86    1939  66     11       81
  MINIMUM         38    547 AM  23    1956  44     -6       48
                                      1910
  AVERAGE         58                        55      3       65

PRECIPITATION (IN)
  YESTERDAY        0.00          2.26 1965   0.13  -0.13     0.00
  MONTH TO DATE    3.20                      2.80   0.40     1.21
  SINCE MAR 1      6.69                      5.66   1.03     4.12
  SINCE JAN 1      9.10                      8.75   0.35     5.45

SNOWFALL (IN)
  YESTERDAY        0.0          MM      MM   0.0    0.0      0.0
  MONTH TO DATE    0.0                       0.9   -0.9       T
  SINCE MAR 1      5.9                       4.9    1.0      2.9
  SINCE JUL 1     22.4                      31.6   -9.2     24.1
  SNOW DEPTH       0

DEGREE DAYS
 HEATING
  YESTERDAY        7                        11     -4        0
  MONTH TO DATE  229                       362   -133      347
  SINCE MAR 1    975                      1166   -191      946
  SINCE JUL 1   4778                      5964  -1186     4935

 COOLING
  YESTERDAY        0                         1     -1        0
  MONTH TO DATE   14                         8      6        0
  SINCE MAR 1     14                         9      5        3
  SINCE JAN 1     14                         9      5        3
..................................................................


WIND (MPH)
  HIGHEST WIND SPEED    23   HIGHEST WIND DIRECTION    SE (140)
  HIGHEST GUST SPEED    32   HIGHEST GUST DIRECTION    SE (140)
  AVERAGE WIND SPEED     8.3


SKY COVER
  POSSIBLE SUNSHINE  MM
  AVERAGE SKY COVER 0.0


WEATHER CONDITIONS
 THE FOLLOWING WEATHER WAS RECORDED YESTERDAY.
  NO SIGNIFICANT WEATHER WAS OBSERVED.


RELATIVE HUMIDITY (PERCENT)
 HIGHEST    85           600 AM
 LOWEST     15           300 PM
 AVERAGE    50

..........................................................


THE MOLINE IL CLIMATE NORMALS FOR TODAY
                         NORMAL    RECORD    YEAR
 MAXIMUM TEMPERATURE (F)   66        93      1986
 MINIMUM TEMPERATURE (F)   44        22      1934


SUNRISE AND SUNSET
APRIL 25 2017.........SUNRISE   607 AM CDT   SUNSET   754 PM CDT
APRIL 26 2017.........SUNRISE   606 AM CDT   SUNSET   755 PM CDT


-  INDICATES NEGATIVE NUMBERS.
R  INDICATES RECORD WAS SET OR TIED.
MM INDICATES DATA IS MISSING.
T  INDICATES TRACE AMOUNT.




$$
