000
CDUS43 KDVN 272122
CLIMLI


CLIMATE REPORT
NATIONAL WEATHER SERVICE QUAD CITIES IA IL
421 PM CDT SAT MAY 27 2017


...................................

...THE MOLINE IL CLIMATE SUMMARY FOR MAY 27 2017...
VALID TODAY AS OF 0400 PM LOCAL TIME.

CLIMATE NORMAL PERIOD 1981 TO 2010
CLIMATE RECORD PERIOD 1872 TO 2017


WEATHER ITEM   OBSERVED TIME   RECORD YEAR NORMAL DEPARTURE LAST
                VALUE   (LST)  VALUE       VALUE  FROM      YEAR
                                                  NORMAL
..................................................................
TEMPERATURE (F)
 TODAY
  MAXIMUM         78    155 PM  94    2012  76      2       80
  MINIMUM         57    437 AM  34    1992  54      3       64
  AVERAGE         68                        65      3       72

PRECIPITATION (IN)
  TODAY            0.00          1.78 1973   0.14  -0.14     0.43
  MONTH TO DATE    2.82                      3.74  -0.92     2.92
  SINCE MAR 1     11.94                     10.19   1.75     8.27
  SINCE JAN 1     14.35                     13.28   1.07     9.60

SNOWFALL (IN)
  TODAY            0.0          MM      MM   0.0    0.0      0.0
  MONTH TO DATE    0.0                       0.0    0.0      0.0
  SINCE MAR 1      5.9                       4.9    1.0      2.9
  SINCE JUL 1     22.4                      31.6   -9.2     24.1
  SNOW DEPTH       0

DEGREE DAYS
 HEATING
  TODAY            0                         3     -3        0
  MONTH TO DATE  160                       151      9      158
  SINCE MAR 1   1222                      1376   -154     1174
  SINCE JUL 1   5025                      6174  -1149     5163

 COOLING
  TODAY            3                         3      0        7
  MONTH TO DATE   41                        49     -8       50
  SINCE MAR 1     55                        63     -8       61
  SINCE JAN 1     55                        63     -8       61
..................................................................


WIND (MPH)
  HIGHEST WIND SPEED    10   HIGHEST WIND DIRECTION    NE (30)
  HIGHEST GUST SPEED    16   HIGHEST GUST DIRECTION     N (10)
  AVERAGE WIND SPEED     3.6


SKY COVER
  POSSIBLE SUNSHINE  MM
  AVERAGE SKY COVER 0.8


WEATHER CONDITIONS
 THE FOLLOWING WEATHER WAS RECORDED TODAY.
  FOG
  FOG W/VISIBILITY <= 1/4 MILE
  HAZE


RELATIVE HUMIDITY (PERCENT)
 HIGHEST   100           500 AM
 LOWEST     56           200 PM
 AVERAGE    78

..........................................................


THE MOLINE IL CLIMATE NORMALS FOR TOMORROW
                         NORMAL    RECORD    YEAR
 MAXIMUM TEMPERATURE (F)   77        95      2006
 MINIMUM TEMPERATURE (F)   55        36      1992


SUNRISE AND SUNSET
MAY 27 2017...........SUNRISE   533 AM CDT   SUNSET   826 PM CDT
MAY 28 2017...........SUNRISE   533 AM CDT   SUNSET   827 PM CDT


-  INDICATES NEGATIVE NUMBERS.
R  INDICATES RECORD WAS SET OR TIED.
MM INDICATES DATA IS MISSING.
T  INDICATES TRACE AMOUNT.




$$
