000
CDUS45 KBYZ 022232
CLIMLS


CLIMATE REPORT
NATIONAL WEATHER SERVICE BILLINGS MT
431 PM MDT MON MAY 2 2016


...................................

...THE MILES CITY MT CLIMATE SUMMARY FOR MAY 2 2016...
VALID TODAY AS OF 0400 PM LOCAL TIME.

CLIMATE NORMAL PERIOD 1981 TO 2010
CLIMATE RECORD PERIOD 1937 TO 2016


WEATHER ITEM   OBSERVED TIME   RECORD YEAR NORMAL DEPARTURE LAST
                VALUE   (LST)  VALUE       VALUE  FROM      YEAR
                                                  NORMAL
..................................................................
TEMPERATURE (F)
 TODAY
  MAXIMUM         73    326 PM  90    1985  65      8       82
  MINIMUM         38    524 AM  18    1954  38      0       40
  AVERAGE         56                        52      4       61

PRECIPITATION (IN)
  TODAY            0.00          0.29 1961   0.06  -0.06      T
  MONTH TO DATE    0.00                      0.12  -0.12      T
  SINCE OCT 1      6.69                      4.24   2.45     1.91
  SINCE JAN 1      5.43                      2.64   2.79     0.90

DEGREE DAYS
 HEATING
  TODAY            9                        14     -5        4
  MONTH TO DATE   25                        28     -3       12
  SINCE MAR 1   1187                      1540   -353     1199
  SINCE JUL 1   5880                      7274  -1394     6669

 COOLING
  TODAY            0                         0      0        0
  MONTH TO DATE    0                         0      0        0
  SINCE MAR 1      2                         1      1        0
  SINCE JAN 1      2                         1      1        0
..................................................................


WIND (MPH)
  HIGHEST WIND SPEED    21   HIGHEST WIND DIRECTION     N (350)
  HIGHEST GUST SPEED    30   HIGHEST GUST DIRECTION     N (360)
  AVERAGE WIND SPEED     7.7


SKY COVER
  POSSIBLE SUNSHINE  MM
  AVERAGE SKY COVER 0.1


WEATHER CONDITIONS
 THE FOLLOWING WEATHER WAS RECORDED TODAY.
  NO SIGNIFICANT WEATHER WAS OBSERVED.


RELATIVE HUMIDITY (PERCENT)
 HIGHEST    92           500 AM
 LOWEST     27           200 PM
 AVERAGE    60

..........................................................


THE MILES CITY MT CLIMATE NORMALS FOR TOMORROW
                         NORMAL    RECORD    YEAR
 MAXIMUM TEMPERATURE (F)   65        89      1986
 MINIMUM TEMPERATURE (F)   39        15      1954


SUNRISE AND SUNSET
MAY  2 2016...........SUNRISE   547 AM MDT   SUNSET   815 PM MDT
MAY  3 2016...........SUNRISE   545 AM MDT   SUNSET   816 PM MDT


-  INDICATES NEGATIVE NUMBERS.
R  INDICATES RECORD WAS SET OR TIED.
MM INDICATES DATA IS MISSING.
T  INDICATES TRACE AMOUNT.





&&

THIS IS AN AUTOMATED...UNATTENDED WEATHER STATION AND MAY
UNDERESTIMATE WINTER PRECIPITATION.

$$
