000
CDUS45 KBYZ 230723
CLIMLS


CLIMATE REPORT
NATIONAL WEATHER SERVICE BILLINGS MT
123 AM MDT MON OCT 23 2017


...................................

...THE MILES CITY MT CLIMATE SUMMARY FOR OCTOBER 22 2017...

CLIMATE NORMAL PERIOD 1981 TO 2010
CLIMATE RECORD PERIOD 1937 TO 2017


WEATHER ITEM   OBSERVED TIME   RECORD YEAR NORMAL DEPARTURE LAST
                VALUE   (LST)  VALUE       VALUE  FROM      YEAR
                                                  NORMAL
..................................................................
TEMPERATURE (F)
 YESTERDAY
  MAXIMUM         72    236 PM  78    1954  57     15       63
  MINIMUM         31    409 AM  18    2002  32     -1       38
                                      1981
  AVERAGE         52                        44      8       51

PRECIPITATION (IN)
  YESTERDAY        0.03          0.38 1980   0.02   0.01     0.00
  MONTH TO DATE    0.67                      0.72  -0.05     0.97
  SINCE OCT 1      0.67                      0.72  -0.05     0.97
  SINCE JAN 1      5.81                     11.56  -5.75    14.43

DEGREE DAYS
 HEATING
  YESTERDAY       13                        21     -8       14
  MONTH TO DATE  359                       367     -8      346
  SINCE SEP 1    583                       569     14      493
  SINCE JUL 1    587                       603    -16      507

 COOLING
  YESTERDAY        0                         0      0        0
  MONTH TO DATE    0                         0      0        3
  SINCE SEP 1     91                        56     35       62
  SINCE JAN 1    985                       728    257      873
..................................................................


WIND (MPH)
  HIGHEST WIND SPEED    39   HIGHEST WIND DIRECTION     W (260)
  HIGHEST GUST SPEED    50   HIGHEST GUST DIRECTION     W (260)
  AVERAGE WIND SPEED    18.2


SKY COVER
  POSSIBLE SUNSHINE  MM
  AVERAGE SKY COVER 0.3


WEATHER CONDITIONS
 THE FOLLOWING WEATHER WAS RECORDED YESTERDAY.
  THUNDERSTORM
  LIGHT RAIN


RELATIVE HUMIDITY (PERCENT)
 HIGHEST    72          1200 AM
 LOWEST     27          1200 PM
 AVERAGE    50

..........................................................


THE MILES CITY MT CLIMATE NORMALS FOR TODAY
                         NORMAL    RECORD    YEAR
 MAXIMUM TEMPERATURE (F)   56        77      1973
 MINIMUM TEMPERATURE (F)   31        17      1981


SUNRISE AND SUNSET
OCTOBER 23 2017.......SUNRISE   733 AM MDT   SUNSET   602 PM MDT
OCTOBER 24 2017.......SUNRISE   734 AM MDT   SUNSET   601 PM MDT


-  INDICATES NEGATIVE NUMBERS.
R  INDICATES RECORD WAS SET OR TIED.
MM INDICATES DATA IS MISSING.
T  INDICATES TRACE AMOUNT.




$$
