000
CDUS45 KBYZ 230936
CLIMLS


CLIMATE REPORT
NATIONAL WEATHER SERVICE BILLINGS MT
334 AM MDT TUE SEP 23 2014


...................................

...THE MILES CITY MT CLIMATE SUMMARY FOR SEPTEMBER 22 2014...

CLIMATE NORMAL PERIOD 1981 TO 2010
CLIMATE RECORD PERIOD 1937 TO 2014


WEATHER ITEM   OBSERVED TIME   RECORD YEAR NORMAL DEPARTURE LAST
                VALUE   (LST)  VALUE       VALUE  FROM      YEAR
                                                  NORMAL
..................................................................
TEMPERATURE (F)
 YESTERDAY
  MAXIMUM         84    356 PM  97    1938  71     13       78
  MINIMUM         54   1158 PM  27    1995  43     11       48
  AVERAGE         69                        57     12       63

PRECIPITATION (IN)
  YESTERDAY        0.00          0.93 2006   0.03  -0.03     0.00
  MONTH TO DATE    0.22                      0.77  -0.55     1.39
  SINCE OCT 1     13.89                     12.13   1.76    16.76
  SINCE JAN 1     12.21                     10.53   1.68    15.23

SNOWFALL (IN)
  YESTERDAY       MM
  MONTH TO DATE   MM
  SINCE SEP 1     MM
  SINCE JUL 1     MM
  SNOW DEPTH      MM

DEGREE DAYS
 HEATING
  YESTERDAY        0                         9     -9        2
  MONTH TO DATE  161                       117     44       25
  SINCE SEP 1    161                       117     44       25
  SINCE JUL 1    195                       151     44       25

 COOLING
  YESTERDAY        4                         1      3        0
  MONTH TO DATE   16                        53    -37      142
  SINCE SEP 1     16                        53    -37      142
  SINCE JAN 1    611                       725   -114      877
..................................................................


WIND (MPH)
  HIGHEST WIND SPEED    20   HIGHEST WIND DIRECTION    SE (150)
  HIGHEST GUST SPEED    27   HIGHEST GUST DIRECTION    SE (140)
  AVERAGE WIND SPEED     7.4


SKY COVER
  POSSIBLE SUNSHINE  MM
  AVERAGE SKY COVER 0.0


WEATHER CONDITIONS
 THE FOLLOWING WEATHER WAS RECORDED YESTERDAY.
  NO SIGNIFICANT WEATHER WAS OBSERVED.


RELATIVE HUMIDITY (PERCENT)
 HIGHEST    67          1000 PM
 LOWEST     29           400 PM
 AVERAGE    48

..........................................................


THE MILES CITY MT CLIMATE NORMALS FOR TODAY
                         NORMAL    RECORD    YEAR
 MAXIMUM TEMPERATURE (F)   70        98      1992
 MINIMUM TEMPERATURE (F)   43        26      1965


SUNRISE AND SUNSET
SEPTEMBER 23 2014.....SUNRISE   652 AM MDT   SUNSET   659 PM MDT
SEPTEMBER 24 2014.....SUNRISE   653 AM MDT   SUNSET   657 PM MDT


-  INDICATES NEGATIVE NUMBERS.
R  INDICATES RECORD WAS SET OR TIED.
MM INDICATES DATA IS MISSING.
T  INDICATES TRACE AMOUNT.





&&

THIS IS AN AUTOMATED...UNATTENDED WEATHER STATION AND MAY
UNDERESTIMATE WINTER PRECIPITATION.

$$
