749
CDUS45 KBYZ 232323
CLIMLS


CLIMATE REPORT
NATIONAL WEATHER SERVICE BILLINGS MT
423 PM MST TUE JAN 23 2018


...................................

...THE MILES CITY MT CLIMATE SUMMARY FOR JANUARY 23 2018...
VALID TODAY AS OF 0400 PM LOCAL TIME.

CLIMATE NORMAL PERIOD 1981 TO 2010
CLIMATE RECORD PERIOD 1937 TO 2018


WEATHER ITEM   OBSERVED TIME   RECORD YEAR NORMAL DEPARTURE LAST
                VALUE   (LST)  VALUE       VALUE  FROM      YEAR
                                                  NORMAL
..................................................................
TEMPERATURE (F)
 TODAY
  MAXIMUM         34    156 PM  59    2005  31      3       24
  MINIMUM         15    553 AM -32    1982   9      6       21
  AVERAGE         25                        20      5       23

PRECIPITATION (IN)
  TODAY            0.00          0.41 1964   0.01  -0.01     0.00
  MONTH TO DATE    0.17                      0.25  -0.08     0.04
  SINCE OCT 1      1.36                      1.85  -0.49     1.13
  SINCE JAN 1      0.17                      0.25  -0.08     0.04

DEGREE DAYS
 HEATING
  TODAY           40                        45     -5       42
  MONTH TO DATE 1198                      1054    144     1325
  SINCE DEC 1   2522                      2439     83     2904
  SINCE JUL 1   4265                      4238     27     4219

 COOLING
  TODAY            0                         0      0        0
  MONTH TO DATE    0                         0      0        0
  SINCE DEC 1      0                         0      0        0
  SINCE JAN 1      0                         0      0        0
..................................................................


WIND (MPH)
  HIGHEST WIND SPEED    20   HIGHEST WIND DIRECTION     W (270)
  HIGHEST GUST SPEED    23   HIGHEST GUST DIRECTION     W (270)
  AVERAGE WIND SPEED     8.5


SKY COVER
  POSSIBLE SUNSHINE  MM
  AVERAGE SKY COVER 0.4


WEATHER CONDITIONS
 THE FOLLOWING WEATHER WAS RECORDED TODAY.
  NO SIGNIFICANT WEATHER WAS OBSERVED.


RELATIVE HUMIDITY (PERCENT)
 HIGHEST    92           100 AM
 LOWEST     64           100 PM
 AVERAGE    78

..........................................................


THE MILES CITY MT CLIMATE NORMALS FOR TOMORROW
                         NORMAL    RECORD    YEAR
 MAXIMUM TEMPERATURE (F)   31        60      2005
 MINIMUM TEMPERATURE (F)   10       -32      1969


SUNRISE AND SUNSET
JANUARY 23 2018.......SUNRISE   737 AM MST   SUNSET   455 PM MST
JANUARY 24 2018.......SUNRISE   736 AM MST   SUNSET   456 PM MST


-  INDICATES NEGATIVE NUMBERS.
R  INDICATES RECORD WAS SET OR TIED.
MM INDICATES DATA IS MISSING.
T  INDICATES TRACE AMOUNT.




$$
