000
CDUS45 KBYZ 250723
CLIMLS


CLIMATE REPORT
NATIONAL WEATHER SERVICE BILLINGS MT
123 AM MDT SUN JUN 25 2017


...................................

...THE MILES CITY MT CLIMATE SUMMARY FOR JUNE 24 2017...

CLIMATE NORMAL PERIOD 1981 TO 2010
CLIMATE RECORD PERIOD 1937 TO 2017


WEATHER ITEM   OBSERVED TIME   RECORD YEAR NORMAL DEPARTURE LAST
                VALUE   (LST)  VALUE       VALUE  FROM      YEAR
                                                  NORMAL
..................................................................
TEMPERATURE (F)
 YESTERDAY
  MAXIMUM         77    349 PM 102    1986  82     -5       93
  MINIMUM         43R   426 AM  44    2003  55    -12       59
  AVERAGE         60                        68     -8       76

PRECIPITATION (IN)
  YESTERDAY        0.00          1.11 1950   0.07  -0.07      T
  MONTH TO DATE    0.72                      2.12  -1.40     0.69
  SINCE OCT 1      4.25                      8.42  -4.17     9.81
  SINCE JAN 1      3.16                      6.82  -3.66     8.55

DEGREE DAYS
 HEATING
  YESTERDAY        5                         2      3        0
  MONTH TO DATE   17                        82    -65        9
  SINCE JUN 1     17                        82    -65        9
  SINCE JUL 1   7114                      7631   -517     6101

 COOLING
  YESTERDAY        0                         5     -5       11
  MONTH TO DATE  109                        73     36      157
  SINCE JUN 1    109                        73     36      157
  SINCE JAN 1    130                        93     37      181
..................................................................


WIND (MPH)
  HIGHEST WIND SPEED    21   HIGHEST WIND DIRECTION     N (20)
  HIGHEST GUST SPEED    29   HIGHEST GUST DIRECTION     W (290)
  AVERAGE WIND SPEED    10.5


SKY COVER
  POSSIBLE SUNSHINE  MM
  AVERAGE SKY COVER 0.2


WEATHER CONDITIONS
 THE FOLLOWING WEATHER WAS RECORDED YESTERDAY.
  NO SIGNIFICANT WEATHER WAS OBSERVED.


RELATIVE HUMIDITY (PERCENT)
 HIGHEST    53           400 AM
 LOWEST     15           400 PM
 AVERAGE    34

..........................................................


THE MILES CITY MT CLIMATE NORMALS FOR TODAY
                         NORMAL    RECORD    YEAR
 MAXIMUM TEMPERATURE (F)   82       105      2012
 MINIMUM TEMPERATURE (F)   55        37      1958


SUNRISE AND SUNSET
JUNE 25 2017..........SUNRISE   512 AM MDT   SUNSET   900 PM MDT
JUNE 26 2017..........SUNRISE   513 AM MDT   SUNSET   900 PM MDT


-  INDICATES NEGATIVE NUMBERS.
R  INDICATES RECORD WAS SET OR TIED.
MM INDICATES DATA IS MISSING.
T  INDICATES TRACE AMOUNT.




$$
