000
CDUS41 KCAR 060532
CLIMLT


CLIMATE REPORT
NATIONAL WEATHER SERVICE CARIBOU, ME
131 AM EDT MON JUL 6 2015


...................................

...THE MILLINOCKET ME CLIMATE SUMMARY FOR JULY 5 2015...

CLIMATE NORMAL PERIOD 1981 TO 2010
CLIMATE RECORD PERIOD 1903 TO 2015


WEATHER ITEM   OBSERVED TIME   RECORD YEAR NORMAL DEPARTURE LAST
                VALUE   (LST)  VALUE       VALUE  FROM      YEAR
                                                  NORMAL
..................................................................
TEMPERATURE (F)
 YESTERDAY
  MAXIMUM         80    339 PM  95    1912  78      2       65
  MINIMUM         56    358 AM  39    1926  58     -2       53
  AVERAGE         68                        68      0       59

PRECIPITATION (IN)
  YESTERDAY        T             1.62 1973   0.14  -0.14     1.13
  MONTH TO DATE    0.49                      0.67  -0.18     1.77
  SINCE JUN 1      5.01                      4.74   0.27     6.34
  SINCE JAN 1     16.70                     19.81  -3.11    20.24

SNOWFALL (IN)
  YESTERDAY       MM            MM      MM  MM     MM       MM
  MONTH TO DATE   MM                        MM     MM       MM
  SINCE JUN 1     MM                        MM     MM       MM
  SINCE JUL 1     MM                        MM     MM       MM
  SNOW DEPTH      MM

DEGREE DAYS
 HEATING
  YESTERDAY        0                         1     -1        6
  MONTH TO DATE    1                         5     -4        6
  SINCE JUN 1    161                       121     40       82
  SINCE JUL 1      1                         5     -4        6

 COOLING
  YESTERDAY        3                         4     -1        0
  MONTH TO DATE    4                        17    -13       49
  SINCE JUN 1     24                        66    -42      107
  SINCE JAN 1     58                        72    -14      109
..................................................................


WIND (MPH)
  HIGHEST WIND SPEED    16   HIGHEST WIND DIRECTION    NW (310)
  HIGHEST GUST SPEED    20   HIGHEST GUST DIRECTION     W (290)
  AVERAGE WIND SPEED     4.2


SKY COVER
  POSSIBLE SUNSHINE  MM
  AVERAGE SKY COVER 0.3


WEATHER CONDITIONS
 THE FOLLOWING WEATHER WAS RECORDED YESTERDAY.
  NO SIGNIFICANT WEATHER WAS OBSERVED.


RELATIVE HUMIDITY (PERCENT)
 HIGHEST    93           100 AM
 LOWEST     45          1100 AM
 AVERAGE    69

..........................................................


THE MILLINOCKET ME CLIMATE NORMALS FOR TODAY
                         NORMAL    RECORD    YEAR
 MAXIMUM TEMPERATURE (F)   78        99      1911
 MINIMUM TEMPERATURE (F)   58        38      1927


SUNRISE AND SUNSET
JULY  6 2015..........SUNRISE   452 AM EDT   SUNSET   826 PM EDT
JULY  7 2015..........SUNRISE   453 AM EDT   SUNSET   826 PM EDT


-  INDICATES NEGATIVE NUMBERS.
R  INDICATES RECORD WAS SET OR TIED.
MM INDICATES DATA IS MISSING.
T  INDICATES TRACE AMOUNT.




$$
