000
CDUS41 KCAR 240529
CLIMLT


CLIMATE REPORT
NATIONAL WEATHER SERVICE CARIBOU, ME
128 AM EDT WED MAY 24 2017


...................................

...THE MILLINOCKET ME CLIMATE SUMMARY FOR MAY 23 2017...

CLIMATE NORMAL PERIOD 1981 TO 2010
CLIMATE RECORD PERIOD 1903 TO 2017


WEATHER ITEM   OBSERVED TIME   RECORD YEAR NORMAL DEPARTURE LAST
                VALUE   (LST)  VALUE       VALUE  FROM      YEAR
                                                  NORMAL
..................................................................
TEMPERATURE (F)
 YESTERDAY
  MAXIMUM         70    459 PM  94    1977  67      3       80
  MINIMUM         44    102 AM  27    1905  44      0       45
  AVERAGE         57                        55      2       63

PRECIPITATION (IN)
  YESTERDAY        0.01          1.49 1931   0.12  -0.11     0.00
  MONTH TO DATE    4.04                      2.39   1.65     2.05
  SINCE MAR 1      9.57                      9.01   0.56     8.07
  SINCE JAN 1     14.76                     14.12   0.64    13.38

SNOWFALL (IN)
  YESTERDAY       MM            MM      MM  MM     MM       MM
  MONTH TO DATE   MM                        MM     MM       MM
  SINCE MAR 1     MM                        MM     MM       MM
  SINCE JUL 1     MM                        MM     MM       MM
  SNOW DEPTH      MM

DEGREE DAYS
 HEATING
  YESTERDAY        8                        10     -2        2
  MONTH TO DATE  323                       300     23      290
  SINCE MAR 1   2290                      2169    121     2164
  SINCE JUL 1   7785                      8221   -436     7128

 COOLING
  YESTERDAY        0                         0      0        0
  MONTH TO DATE    9                         0      9        0
  SINCE MAR 1      9                         0      9        0
  SINCE JAN 1      9                         0      9        0
..................................................................


WIND (MPH)
  HIGHEST WIND SPEED    14   HIGHEST WIND DIRECTION     W (290)
  HIGHEST GUST SPEED    19   HIGHEST GUST DIRECTION    NW (300)
  AVERAGE WIND SPEED     4.5


SKY COVER
  POSSIBLE SUNSHINE  MM
  AVERAGE SKY COVER 0.5


WEATHER CONDITIONS
 THE FOLLOWING WEATHER WAS RECORDED YESTERDAY.
  LIGHT RAIN
  FOG


RELATIVE HUMIDITY (PERCENT)
 HIGHEST   100          1200 AM
 LOWEST     37           400 PM
 AVERAGE    69

..........................................................


THE MILLINOCKET ME CLIMATE NORMALS FOR TODAY
                         NORMAL    RECORD    YEAR
 MAXIMUM TEMPERATURE (F)   67        96      1977
 MINIMUM TEMPERATURE (F)   44        28      1956
                                             1932
                                             1921


SUNRISE AND SUNSET
MAY 24 2017...........SUNRISE   454 AM EDT   SUNSET   809 PM EDT
MAY 25 2017...........SUNRISE   454 AM EDT   SUNSET   810 PM EDT


-  INDICATES NEGATIVE NUMBERS.
R  INDICATES RECORD WAS SET OR TIED.
MM INDICATES DATA IS MISSING.
T  INDICATES TRACE AMOUNT.




$$
