000
CDUS41 KCAR 260528
CLIMLT


CLIMATE REPORT
NATIONAL WEATHER SERVICE CARIBOU, ME
126 AM EDT MON JUN 26 2017


...................................

...THE MILLINOCKET ME CLIMATE SUMMARY FOR JUNE 25 2017...

CLIMATE NORMAL PERIOD 1981 TO 2010
CLIMATE RECORD PERIOD 1903 TO 2017


WEATHER ITEM   OBSERVED TIME   RECORD YEAR NORMAL DEPARTURE LAST
                VALUE   (LST)  VALUE       VALUE  FROM      YEAR
                                                  NORMAL
..................................................................
TEMPERATURE (F)
 YESTERDAY
  MAXIMUM         77    437 PM  96    1912  76      1       84
  MINIMUM         54   1159 PM  37    1927  56     -2       47
  AVERAGE         66                        66      0       66

PRECIPITATION (IN)
  YESTERDAY        0.05          3.64 1907   0.15  -0.10     0.00
  MONTH TO DATE    4.85                      3.39   1.46     2.40
  SINCE JUN 1      4.85                      3.39   1.46     2.40
  SINCE JAN 1     20.53                     18.46   2.07    16.01

SNOWFALL (IN)
  YESTERDAY       MM            MM      MM  MM     MM       MM
  MONTH TO DATE   MM                        MM     MM       MM
  SINCE JUN 1     MM                        MM     MM       MM
  SINCE JUL 1     MM                        MM     MM       MM
  SNOW DEPTH      MM

DEGREE DAYS
 HEATING
  YESTERDAY        0                         2     -2        0
  MONTH TO DATE  103                       109     -6      116
  SINCE JUN 1    103                       109     -6      116
  SINCE JUL 1   7967                      8399   -432     7275

 COOLING
  YESTERDAY        1                         2     -1        1
  MONTH TO DATE   52                        35     17        6
  SINCE JUN 1     52                        35     17        6
  SINCE JAN 1     61                        41     20       12
..................................................................


WIND (MPH)
  HIGHEST WIND SPEED    13   HIGHEST WIND DIRECTION    NW (300)
  HIGHEST GUST SPEED    19   HIGHEST GUST DIRECTION    NW (300)
  AVERAGE WIND SPEED     4.2


SKY COVER
  POSSIBLE SUNSHINE  MM
  AVERAGE SKY COVER 0.2


WEATHER CONDITIONS
 THE FOLLOWING WEATHER WAS RECORDED YESTERDAY.
  RAIN
  LIGHT RAIN
  FOG


RELATIVE HUMIDITY (PERCENT)
 HIGHEST   100           100 AM
 LOWEST     36           200 PM
 AVERAGE    68

..........................................................


THE MILLINOCKET ME CLIMATE NORMALS FOR TODAY
                         NORMAL    RECORD    YEAR
 MAXIMUM TEMPERATURE (F)   76        94      2003
 MINIMUM TEMPERATURE (F)   56        38      1979


SUNRISE AND SUNSET
JUNE 26 2017..........SUNRISE   447 AM EDT   SUNSET   828 PM EDT
JUNE 27 2017..........SUNRISE   447 AM EDT   SUNSET   828 PM EDT


-  INDICATES NEGATIVE NUMBERS.
R  INDICATES RECORD WAS SET OR TIED.
MM INDICATES DATA IS MISSING.
T  INDICATES TRACE AMOUNT.




$$
