000
CDUS41 KCAR 010527
CLIMLT


CLIMATE REPORT
NATIONAL WEATHER SERVICE CARIBOU, ME
126 AM EDT SAT AUG 1 2015


...................................

...THE MILLINOCKET ME CLIMATE SUMMARY FOR JULY 31 2015...

CLIMATE NORMAL PERIOD 1981 TO 2010
CLIMATE RECORD PERIOD 1903 TO 2015


WEATHER ITEM   OBSERVED TIME   RECORD YEAR NORMAL DEPARTURE LAST
                VALUE   (LST)  VALUE       VALUE  FROM      YEAR
                                                  NORMAL
..................................................................
TEMPERATURE (F)
 YESTERDAY
  MAXIMUM         83    322 PM  96    1908  78      5       77
  MINIMUM         62   1159 PM  41    1932  57      5       58
  AVERAGE         73                        68      5       68

PRECIPITATION (IN)
  YESTERDAY        0.00          1.35 1977   0.12  -0.12     0.07
  MONTH TO DATE    3.51                      3.85  -0.34     4.41
  SINCE JUN 1      8.03                      7.92   0.11     8.98
  SINCE JAN 1     19.72                     22.99  -3.27    22.88

SNOWFALL (IN)
  YESTERDAY       MM            MM      MM  MM     MM       MM
  MONTH TO DATE   MM                        MM     MM       MM
  SINCE JUN 1     MM                        MM     MM       MM
  SINCE JUL 1     MM                        MM     MM       MM
  SNOW DEPTH      MM

DEGREE DAYS
 HEATING
  YESTERDAY        0                         1     -1        0
  MONTH TO DATE   21                        31    -10        9
  SINCE JUN 1    181                       140     41       85
  SINCE JUL 1     21                        24     -3        9

 COOLING
  YESTERDAY        8                         3      5        3
  MONTH TO DATE  104                       117    -13      174
  SINCE JUN 1    124                       166    -42      232
  SINCE JAN 1    158                       172    -14      234
..................................................................


WIND (MPH)
  HIGHEST WIND SPEED    17   HIGHEST WIND DIRECTION    NW (310)
  HIGHEST GUST SPEED    24   HIGHEST GUST DIRECTION    NW (310)
  AVERAGE WIND SPEED     4.4


SKY COVER
  POSSIBLE SUNSHINE  MM
  AVERAGE SKY COVER 0.3


WEATHER CONDITIONS
 THE FOLLOWING WEATHER WAS RECORDED YESTERDAY.
  FOG


RELATIVE HUMIDITY (PERCENT)
 HIGHEST   100           100 AM
 LOWEST     40           100 PM
 AVERAGE    70

..........................................................


THE MILLINOCKET ME CLIMATE NORMALS FOR TODAY
                         NORMAL    RECORD    YEAR
 MAXIMUM TEMPERATURE (F)   78        91      1908
 MINIMUM TEMPERATURE (F)   57        42      1961


SUNRISE AND SUNSET
AUGUST  1 2015........SUNRISE   518 AM EDT   SUNSET   804 PM EDT
AUGUST  2 2015........SUNRISE   519 AM EDT   SUNSET   802 PM EDT


-  INDICATES NEGATIVE NUMBERS.
R  INDICATES RECORD WAS SET OR TIED.
MM INDICATES DATA IS MISSING.
T  INDICATES TRACE AMOUNT.




$$
