000
CDUS41 KCAR 230528
CLIMLT


CLIMATE REPORT
NATIONAL WEATHER SERVICE CARIBOU, ME
127 AM EDT WED AUG 23 2017


...................................

...THE MILLINOCKET ME CLIMATE SUMMARY FOR AUGUST 22 2017...

CLIMATE NORMAL PERIOD 1981 TO 2010
CLIMATE RECORD PERIOD 1903 TO 2017


WEATHER ITEM   OBSERVED TIME   RECORD YEAR NORMAL DEPARTURE LAST
                VALUE   (LST)  VALUE       VALUE  FROM      YEAR
                                                  NORMAL
..................................................................
TEMPERATURE (F)
 YESTERDAY
  MAXIMUM         84    315 PM  93    1906  76      8       70
  MINIMUM         60    458 AM  36    1926  54      6       58
  AVERAGE         72                        65      7       64

PRECIPITATION (IN)
  YESTERDAY        T             2.17 1920   0.14  -0.14     1.17
  MONTH TO DATE    1.09                      2.74  -1.65     4.14
  SINCE JUN 1      8.91                     10.66  -1.75     9.29
  SINCE JAN 1     24.59                     25.73  -1.14    22.90

SNOWFALL (IN)
  YESTERDAY       MM            MM      MM  MM     MM       MM
  MONTH TO DATE   MM                        MM     MM       MM
  SINCE JUN 1     MM                        MM     MM       MM
  SINCE JUL 1     MM                        MM     MM       MM
  SNOW DEPTH      MM

DEGREE DAYS
 HEATING
  YESTERDAY        0                         2     -2        1
  MONTH TO DATE   26                        29     -3        4
  SINCE JUN 1    177                       169      8      153
  SINCE JUL 1     57                        53      4       37

 COOLING
  YESTERDAY        7                         2      5        0
  MONTH TO DATE   62                        61      1       79
  SINCE JUN 1    205                       227    -22      263
  SINCE JAN 1    214                       233    -19      269
..................................................................


WIND (MPH)
  HIGHEST WIND SPEED    14   HIGHEST WIND DIRECTION     S (160)
  HIGHEST GUST SPEED    22   HIGHEST GUST DIRECTION     S (180)
  AVERAGE WIND SPEED     4.8


SKY COVER
  POSSIBLE SUNSHINE  MM
  AVERAGE SKY COVER 0.3


WEATHER CONDITIONS
 THE FOLLOWING WEATHER WAS RECORDED YESTERDAY.
  LIGHT RAIN
  FOG


RELATIVE HUMIDITY (PERCENT)
 HIGHEST   100           200 AM
 LOWEST     51          1200 PM
 AVERAGE    76

..........................................................


THE MILLINOCKET ME CLIMATE NORMALS FOR TODAY
                         NORMAL    RECORD    YEAR
 MAXIMUM TEMPERATURE (F)   76        98      1976
 MINIMUM TEMPERATURE (F)   54        37      1959


SUNRISE AND SUNSET
AUGUST 23 2017........SUNRISE   545 AM EDT   SUNSET   729 PM EDT
AUGUST 24 2017........SUNRISE   546 AM EDT   SUNSET   727 PM EDT


-  INDICATES NEGATIVE NUMBERS.
R  INDICATES RECORD WAS SET OR TIED.
MM INDICATES DATA IS MISSING.
T  INDICATES TRACE AMOUNT.




$$
