000
CDUS41 KCAR 230533
CLIMLT


CLIMATE REPORT
NATIONAL WEATHER SERVICE CARIBOU, ME
131 AM EDT MON OCT 23 2017


...................................

...THE MILLINOCKET ME CLIMATE SUMMARY FOR OCTOBER 22 2017...

CLIMATE NORMAL PERIOD 1981 TO 2010
CLIMATE RECORD PERIOD 1903 TO 2017


WEATHER ITEM   OBSERVED TIME   RECORD YEAR NORMAL DEPARTURE LAST
                VALUE   (LST)  VALUE       VALUE  FROM      YEAR
                                                  NORMAL
..................................................................
TEMPERATURE (F)
 YESTERDAY
  MAXIMUM         61    237 PM  80    2007  52      9       63
  MINIMUM         41   1017 PM  13    1959  34      7       50
  AVERAGE         51                        43      8       57

PRECIPITATION (IN)
  YESTERDAY        0.00          1.47 1993   0.13  -0.13     1.31
  MONTH TO DATE    1.61                      3.00  -1.39     2.06
  SINCE SEP 1      5.03                      6.72  -1.69     3.25
  SINCE JAN 1     29.67                     33.65  -3.98    26.25

SNOWFALL (IN)
  YESTERDAY       MM            MM      MM  MM     MM       MM
  MONTH TO DATE   MM                        MM     MM       MM
  SINCE SEP 1     MM                        MM     MM       MM
  SINCE JUL 1     MM                        MM     MM       MM
  SNOW DEPTH      MM

DEGREE DAYS
 HEATING
  YESTERDAY       14                        22     -8        8
  MONTH TO DATE  267                       398   -131      308
  SINCE SEP 1    388                       647   -259      483
  SINCE JUL 1    487                       726   -239      523

 COOLING
  YESTERDAY        0                         0      0        0
  MONTH TO DATE    0                         0      0        0
  SINCE SEP 1     47                        17     30       43
  SINCE JAN 1    263                       268     -5      350
..................................................................


WIND (MPH)
  HIGHEST WIND SPEED     8   HIGHEST WIND DIRECTION    SE (150)
  HIGHEST GUST SPEED    11   HIGHEST GUST DIRECTION     E (70)
  AVERAGE WIND SPEED     2.4


SKY COVER
  POSSIBLE SUNSHINE  MM
  AVERAGE SKY COVER 0.1


WEATHER CONDITIONS
 THE FOLLOWING WEATHER WAS RECORDED YESTERDAY.
  NO SIGNIFICANT WEATHER WAS OBSERVED.


RELATIVE HUMIDITY (PERCENT)
 HIGHEST    83           800 PM
 LOWEST     33           100 PM
 AVERAGE    58

..........................................................


THE MILLINOCKET ME CLIMATE NORMALS FOR TODAY
                         NORMAL    RECORD    YEAR
 MAXIMUM TEMPERATURE (F)   52        80      1979
 MINIMUM TEMPERATURE (F)   34        19      1905


SUNRISE AND SUNSET
OCTOBER 23 2017.......SUNRISE   702 AM EDT   SUNSET   535 PM EDT
OCTOBER 24 2017.......SUNRISE   704 AM EDT   SUNSET   533 PM EDT


-  INDICATES NEGATIVE NUMBERS.
R  INDICATES RECORD WAS SET OR TIED.
MM INDICATES DATA IS MISSING.
T  INDICATES TRACE AMOUNT.




$$
