860
CDUS41 KCAR 080527
CLIMLT


CLIMATE REPORT
NATIONAL WEATHER SERVICE CARIBOU, ME
1226 AM EST MON FEB 8 2016


...................................

...THE MILLINOCKET ME CLIMATE SUMMARY FOR FEBRUARY 7 2016...

CLIMATE NORMAL PERIOD 1981 TO 2010
CLIMATE RECORD PERIOD 1903 TO 2016


WEATHER ITEM   OBSERVED TIME   RECORD YEAR NORMAL DEPARTURE LAST
                VALUE   (LST)  VALUE       VALUE  FROM      YEAR
                                                  NORMAL
..................................................................
TEMPERATURE (F)
 YESTERDAY
  MAXIMUM         31   1025 AM  47    2005  26      5       13
  MINIMUM         10   1130 PM -33    1934   6      4      -13
  AVERAGE         21                        16      5        0

PRECIPITATION (IN)
  YESTERDAY        T             1.31 1951   0.06  -0.06      T
  MONTH TO DATE    0.77                      0.41   0.36     0.10
  SINCE DEC 1      7.24                      6.87   0.37     7.94
  SINCE JAN 1      2.84                      3.34  -0.50     1.94

SNOWFALL (IN)
  YESTERDAY       MM            MM      MM  MM     MM       MM
  MONTH TO DATE   MM                        MM     MM       MM
  SINCE DEC 1     MM                        MM     MM       MM
  SINCE JUL 1     MM                        MM     MM       MM
  SNOW DEPTH      MM

DEGREE DAYS
 HEATING
  YESTERDAY       44                        49     -5       65
  MONTH TO DATE  247                       349   -102      439
  SINCE DEC 1   2524                      3252   -728     3241
  SINCE JUL 1   4065                      5095  -1030     4837

 COOLING
  YESTERDAY        0                         0      0        0
  MONTH TO DATE    0                         0      0        0
  SINCE DEC 1      0                         0      0        0
  SINCE JAN 1      0                         0      0        0
..................................................................


WIND (MPH)
  HIGHEST WIND SPEED    18   HIGHEST WIND DIRECTION    NW (310)
  HIGHEST GUST SPEED    26   HIGHEST GUST DIRECTION    NW (310)
  AVERAGE WIND SPEED     5.7


SKY COVER
  POSSIBLE SUNSHINE  MM
  AVERAGE SKY COVER 0.4


WEATHER CONDITIONS
 THE FOLLOWING WEATHER WAS RECORDED YESTERDAY.
  LIGHT SNOW


RELATIVE HUMIDITY (PERCENT)
 HIGHEST    81          1200 AM
 LOWEST     21           200 PM
 AVERAGE    51

..........................................................


THE MILLINOCKET ME CLIMATE NORMALS FOR TODAY
                         NORMAL    RECORD    YEAR
 MAXIMUM TEMPERATURE (F)   26        48      1951
 MINIMUM TEMPERATURE (F)    6       -31      1993


SUNRISE AND SUNSET
FEBRUARY  8 2016......SUNRISE   648 AM EST   SUNSET   451 PM EST
FEBRUARY  9 2016......SUNRISE   646 AM EST   SUNSET   452 PM EST


-  INDICATES NEGATIVE NUMBERS.
R  INDICATES RECORD WAS SET OR TIED.
MM INDICATES DATA IS MISSING.
T  INDICATES TRACE AMOUNT.




$$
