000
CDUS41 KCAR 060539
CLIMLT


CLIMATE REPORT
NATIONAL WEATHER SERVICE CARIBOU, ME
1236 AM EST FRI MAR 6 2015


...................................

...THE MILLINOCKET ME CLIMATE SUMMARY FOR MARCH 5 2015...

CLIMATE NORMAL PERIOD 1981 TO 2010
CLIMATE RECORD PERIOD 1903 TO 2015


WEATHER ITEM   OBSERVED TIME   RECORD YEAR NORMAL DEPARTURE LAST
                VALUE   (LST)  VALUE       VALUE  FROM      YEAR
                                                  NORMAL
..................................................................
TEMPERATURE (F)
 YESTERDAY
  MAXIMUM         32   1235 AM  54    1965  35     -3       18
  MINIMUM          2   1159 PM -16    1904  14    -12       -3
  AVERAGE         17                        24     -7        8

PRECIPITATION (IN)
  YESTERDAY        T             1.20 1925   0.07  -0.07      T
  MONTH TO DATE    0.30                      0.37  -0.07      T
  SINCE MAR 1      0.30                      0.37  -0.07      T
  SINCE JAN 1      3.53                      5.48  -1.95     5.19

SNOWFALL (IN)
  YESTERDAY       MM            MM      MM  MM     MM       MM
  MONTH TO DATE   MM                        MM     MM       MM
  SINCE MAR 1     MM                        MM     MM       MM
  SINCE JUL 1     MM                        MM     MM       MM
  SNOW DEPTH      MM

DEGREE DAYS
 HEATING
  YESTERDAY       48                        41      7       57
  MONTH TO DATE  223                       206     17      277
  SINCE MAR 1    223                       206     17      277
  SINCE JUL 1   6268                      6258     10     6315

 COOLING
  YESTERDAY        0                         0      0        0
  MONTH TO DATE    0                         0      0        0
  SINCE MAR 1      0                         0      0        0
  SINCE JAN 1      0                         0      0        0
..................................................................


WIND (MPH)
  HIGHEST WIND SPEED    22   HIGHEST WIND DIRECTION    NW (310)
  HIGHEST GUST SPEED    30   HIGHEST GUST DIRECTION    NW (310)
  AVERAGE WIND SPEED    10.8


SKY COVER
  POSSIBLE SUNSHINE  MM
  AVERAGE SKY COVER 0.1


WEATHER CONDITIONS
 THE FOLLOWING WEATHER WAS RECORDED YESTERDAY.
  LIGHT SNOW


RELATIVE HUMIDITY (PERCENT)
 HIGHEST    58           100 AM
 LOWEST     30           400 PM
 AVERAGE    44

..........................................................


THE MILLINOCKET ME CLIMATE NORMALS FOR TODAY
                         NORMAL    RECORD    YEAR
 MAXIMUM TEMPERATURE (F)   35        53      1922
 MINIMUM TEMPERATURE (F)   15       -14      1990


SUNRISE AND SUNSET
MARCH  6 2015.........SUNRISE   605 AM EST   SUNSET   528 PM EST
MARCH  7 2015.........SUNRISE   603 AM EST   SUNSET   529 PM EST


-  INDICATES NEGATIVE NUMBERS.
R  INDICATES RECORD WAS SET OR TIED.
MM INDICATES DATA IS MISSING.
T  INDICATES TRACE AMOUNT.




$$
