000
CDUS44 KSHV 242326
CLIMLU


CLIMATE REPORT
NATIONAL WEATHER SERVICE SHREVEPORT, LA
616 PM CDT FRI OCT 24 2014


...................................

...THE MONROE CLIMATE SUMMARY FOR OCTOBER 24 2014...
VALID TODAY AS OF 0600 PM LOCAL TIME.

CLIMATE NORMAL PERIOD 1981 TO 2010
CLIMATE RECORD PERIOD 1930 TO 2014


WEATHER ITEM   OBSERVED TIME   RECORD YEAR NORMAL DEPARTURE LAST
                VALUE   (LST)  VALUE       VALUE  FROM      YEAR
                                                  NORMAL
..................................................................
TEMPERATURE (F)
 TODAY
  MAXIMUM         75    245 PM  90    1934  77     -2       79
  MINIMUM         44    626 AM  31    1952  50     -6       45
  AVERAGE         60                        64     -4       62

PRECIPITATION (IN)
  TODAY            0.00          1.07 1986   0.16  -0.16     0.00
  MONTH TO DATE    3.19                      3.72  -0.53     2.86
  SINCE DEC 1     46.93                     48.12  -1.19    42.18
  SINCE JAN 1     43.67                     42.83   0.84    37.45

SNOWFALL (IN)
  TODAY            0.0
  MONTH TO DATE    0.0
  SINCE SEP 1      0.0
  SINCE JUL 1      0.0
  SNOW DEPTH       0

DEGREE DAYS
 HEATING
  TODAY            5                         4      1        3
  MONTH TO DATE   36                        52    -16       42
  SINCE SEP 1     36                        58    -22       42
  SINCE JUL 1     36                        58    -22       42

 COOLING
  TODAY            0                         3     -3        0
  MONTH TO DATE  122                       106     16      111
  SINCE SEP 1    514                       463     51      564
  SINCE JAN 1   2265                      2470   -205     2409
..................................................................


WIND (MPH)
  HIGHEST WIND SPEED    10   HIGHEST WIND DIRECTION     N (10)
  HIGHEST GUST SPEED    14   HIGHEST GUST DIRECTION    NW (310)
  AVERAGE WIND SPEED     2.4


SKY COVER
  POSSIBLE SUNSHINE  MM
  AVERAGE SKY COVER 0.1


WEATHER CONDITIONS
 THE FOLLOWING WEATHER WAS RECORDED TODAY.
  FOG
  FOG W/VISIBILITY <= 1/4 MILE
  HAZE


RELATIVE HUMIDITY (PERCENT)
 HIGHEST   100           400 AM
 LOWEST     38           200 PM
 AVERAGE    69

..........................................................


THE MONROE CLIMATE NORMALS FOR TOMORROW
                         NORMAL    RECORD    YEAR
 MAXIMUM TEMPERATURE (F)   76        93      1931
 MINIMUM TEMPERATURE (F)   50        32      1952


SUNRISE AND SUNSET
OCTOBER 24 2014.......SUNRISE   719 AM CDT   SUNSET   625 PM CDT
OCTOBER 25 2014.......SUNRISE   720 AM CDT   SUNSET   624 PM CDT


-  INDICATES NEGATIVE NUMBERS.
R  INDICATES RECORD WAS SET OR TIED.
MM INDICATES DATA IS MISSING.
T  INDICATES TRACE AMOUNT.




$$
