000
CDUS44 KSHV 170731
CLIMLU


CLIMATE REPORT
NATIONAL WEATHER SERVICE SHREVEPORT, LA
231 AM CDT THU APR 17 2014


...................................

...THE MONROE CLIMATE SUMMARY FOR APRIL 16 2014...

CLIMATE NORMAL PERIOD 1981 TO 2010
CLIMATE RECORD PERIOD 1930 TO 2014


WEATHER ITEM   OBSERVED TIME   RECORD YEAR NORMAL DEPARTURE LAST
                VALUE   (LST)  VALUE       VALUE  FROM      YEAR
                                                  NORMAL
..................................................................
TEMPERATURE (F)
 YESTERDAY
  MAXIMUM         62    514 PM  97    1931  78    -16       82
  MINIMUM         36R   616 AM  37    1961  54    -18       73
  AVERAGE         49                        66    -17       78

PRECIPITATION (IN)
  YESTERDAY        0.00          2.37 1938   0.15  -0.15      T
  MONTH TO DATE    7.86                      2.35   5.51     4.31
  SINCE DEC 1     19.89                     22.00  -2.11    25.25
  SINCE JAN 1     16.63                     16.71  -0.08    20.52

SNOWFALL (IN)
  YESTERDAY        0.0
  MONTH TO DATE    0.0
  SINCE MAR 1      0.0
  SINCE JUL 1      0.5
  SNOW DEPTH       0

DEGREE DAYS
 HEATING
  YESTERDAY       16                         2     14        0
  MONTH TO DATE   93                        61     32       86
  SINCE MAR 1    467                       311    156      451
  SINCE JUL 1   2793                      2205    588     2113

 COOLING
  YESTERDAY        0                         3     -3       13
  MONTH TO DATE   35                        41     -6       40
  SINCE MAR 1     42                        73    -31       48
  SINCE JAN 1     44                        84    -40       61
..................................................................


WIND (MPH)
  HIGHEST WIND SPEED    12   HIGHEST WIND DIRECTION     S (170)
  HIGHEST GUST SPEED    15   HIGHEST GUST DIRECTION     S (170)
  AVERAGE WIND SPEED     3.0


SKY COVER
  POSSIBLE SUNSHINE  MM
  AVERAGE SKY COVER 0.0


WEATHER CONDITIONS
 THE FOLLOWING WEATHER WAS RECORDED YESTERDAY.
  NO SIGNIFICANT WEATHER WAS OBSERVED.


RELATIVE HUMIDITY (PERCENT)
 HIGHEST    92           600 AM
 LOWEST     36           200 PM
 AVERAGE    64

..........................................................


THE MONROE CLIMATE NORMALS FOR TODAY
                         NORMAL    RECORD    YEAR
 MAXIMUM TEMPERATURE (F)   78        90      1981
 MINIMUM TEMPERATURE (F)   54        39      1999


SUNRISE AND SUNSET
APRIL 17 2014.........SUNRISE   636 AM CDT   SUNSET   739 PM CDT
APRIL 18 2014.........SUNRISE   635 AM CDT   SUNSET   740 PM CDT


-  INDICATES NEGATIVE NUMBERS.
R  INDICATES RECORD WAS SET OR TIED.
MM INDICATES DATA IS MISSING.
T  INDICATES TRACE AMOUNT.




$$
