000
CDUS44 KSHV 312213
CLIMLU


CLIMATE REPORT
NATIONAL WEATHER SERVICE SHREVEPORT, LA
513 PM CDT TUE MAY 31 2016


...................................

...THE MONROE CLIMATE SUMMARY FOR MAY 31 2016...
VALID TODAY AS OF 0500 PM LOCAL TIME.

CLIMATE NORMAL PERIOD 1981 TO 2010
CLIMATE RECORD PERIOD 1930 TO 2016


WEATHER ITEM   OBSERVED TIME   RECORD YEAR NORMAL DEPARTURE LAST
                VALUE   (LST)  VALUE       VALUE  FROM      YEAR
                                                  NORMAL
..................................................................
TEMPERATURE (F)
 TODAY
  MAXIMUM         90    226 PM 104    1998  89      1       83
  MINIMUM         70    552 AM  50    1984  67      3       69
  AVERAGE         80                        78      2       76

PRECIPITATION (IN)
  TODAY            0.00          3.33 1990   0.16  -0.16     0.12
  MONTH TO DATE    2.42                      5.19  -2.77     8.01
  SINCE DEC 1     50.12                     29.34  20.78    30.96
  SINCE JAN 1     43.73                     24.05  19.68    26.48

DEGREE DAYS
 HEATING
  TODAY            0                         0      0        0
  MONTH TO DATE    1                         3     -2        3
  SINCE MAR 1    167                       336   -169      311
  SINCE JUL 1   1595                      2230   -635     2515

 COOLING
  TODAY           15                        13      2       11
  MONTH TO DATE  232                       288    -56      278
  SINCE MAR 1    373                       424    -51      422
  SINCE JAN 1    381                       435    -54      422
..................................................................


WIND (MPH)
  HIGHEST WIND SPEED     9   HIGHEST WIND DIRECTION     S (180)
  HIGHEST GUST SPEED    14   HIGHEST GUST DIRECTION     S (180)
  AVERAGE WIND SPEED     1.9


SKY COVER
  POSSIBLE SUNSHINE  MM
  AVERAGE SKY COVER 0.1


WEATHER CONDITIONS
 THE FOLLOWING WEATHER WAS RECORDED TODAY.
  NO SIGNIFICANT WEATHER WAS OBSERVED.


RELATIVE HUMIDITY (PERCENT)
 HIGHEST   100          1200 AM
 LOWEST     53           300 PM
 AVERAGE    77

..........................................................


THE MONROE CLIMATE NORMALS FOR TOMORROW
                         NORMAL    RECORD    YEAR
 MAXIMUM TEMPERATURE (F)   89       103      1998
 MINIMUM TEMPERATURE (F)   67        51      1984


SUNRISE AND SUNSET
MAY 31 2016...........SUNRISE   602 AM CDT   SUNSET   810 PM CDT
JUNE  1 2016..........SUNRISE   601 AM CDT   SUNSET   811 PM CDT


-  INDICATES NEGATIVE NUMBERS.
R  INDICATES RECORD WAS SET OR TIED.
MM INDICATES DATA IS MISSING.
T  INDICATES TRACE AMOUNT.




$$
