000
CDUS44 KSHV 170831
CLIMLU


CLIMATE REPORT
NATIONAL WEATHER SERVICE SHREVEPORT, LA
231 AM CST WED DEC 17 2014


...................................

...THE MONROE CLIMATE SUMMARY FOR DECEMBER 16 2014...

CLIMATE NORMAL PERIOD 1981 TO 2010
CLIMATE RECORD PERIOD 1930 TO 2014


WEATHER ITEM   OBSERVED TIME   RECORD YEAR NORMAL DEPARTURE LAST
                VALUE   (LST)  VALUE       VALUE  FROM      YEAR
                                                  NORMAL
..................................................................
TEMPERATURE (F)
 YESTERDAY
  MAXIMUM         56    309 PM  79    1933  59     -3       62
  MINIMUM         37   1151 PM  15    1989  37      0       29
  AVERAGE         47                        48     -1       46

PRECIPITATION (IN)
  YESTERDAY        0.00          2.39 1971   0.18  -0.18     0.00
  MONTH TO DATE    0.68                      2.79  -2.11     2.07
  SINCE DEC 1      0.68                      2.79  -2.11     2.07
  SINCE JAN 1     48.29                     51.52  -3.23    49.12

SNOWFALL (IN)
  YESTERDAY        0.0
  MONTH TO DATE    0.0
  SINCE DEC 1      0.0
  SINCE JUL 1      0.0
  SNOW DEPTH       0

DEGREE DAYS
 HEATING
  YESTERDAY       18                        17      1       19
  MONTH TO DATE  197                       254    -57      309
  SINCE DEC 1    197                       254    -57      309
  SINCE JUL 1    671                       626     45      789

 COOLING
  YESTERDAY        0                         0      0        0
  MONTH TO DATE    1                         0      1        9
  SINCE DEC 1      1                         0      1        9
  SINCE JAN 1   2284                      2508   -224     2442
..................................................................


WIND (MPH)
  HIGHEST WIND SPEED    21   HIGHEST WIND DIRECTION    NW (300)
  HIGHEST GUST SPEED    27   HIGHEST GUST DIRECTION    NW (330)
  AVERAGE WIND SPEED     8.6


SKY COVER
  POSSIBLE SUNSHINE  MM
  AVERAGE SKY COVER 0.0


WEATHER CONDITIONS
 THE FOLLOWING WEATHER WAS RECORDED YESTERDAY.
  NO SIGNIFICANT WEATHER WAS OBSERVED.


RELATIVE HUMIDITY (PERCENT)
 HIGHEST    92          1000 PM
 LOWEST     43           100 PM
 AVERAGE    68

..........................................................


THE MONROE CLIMATE NORMALS FOR TODAY
                         NORMAL    RECORD    YEAR
 MAXIMUM TEMPERATURE (F)   58        79      1933
 MINIMUM TEMPERATURE (F)   37        17      1932


SUNRISE AND SUNSET
DECEMBER 17 2014......SUNRISE   704 AM CST   SUNSET   505 PM CST
DECEMBER 18 2014......SUNRISE   704 AM CST   SUNSET   505 PM CST


-  INDICATES NEGATIVE NUMBERS.
R  INDICATES RECORD WAS SET OR TIED.
MM INDICATES DATA IS MISSING.
T  INDICATES TRACE AMOUNT.




$$
