000
CDUS44 KSHV 230740
CLIMLU


CLIMATE REPORT
NATIONAL WEATHER SERVICE SHREVEPORT, LA
240 AM CDT WED JUL 23 2014


...................................

...THE MONROE CLIMATE SUMMARY FOR JULY 22 2014...

CLIMATE NORMAL PERIOD 1981 TO 2010
CLIMATE RECORD PERIOD 1930 TO 2014


WEATHER ITEM   OBSERVED TIME   RECORD YEAR NORMAL DEPARTURE LAST
                VALUE   (LST)  VALUE       VALUE  FROM      YEAR
                                                  NORMAL
..................................................................
TEMPERATURE (F)
 YESTERDAY
  MAXIMUM         92    320 PM 102    1963  94     -2       95
  MINIMUM         69    516 AM  66    2007  72     -3       75
                                      1971
  AVERAGE         81                        83     -2       85

PRECIPITATION (IN)
  YESTERDAY        0.00          2.70 1968   0.09  -0.09     0.00
  MONTH TO DATE    2.16                      2.70  -0.54     0.22
  SINCE DEC 1     35.26                     36.72  -1.46    35.41
  SINCE JAN 1     32.00                     31.43   0.57    30.68

SNOWFALL (IN)
  YESTERDAY        0.0
  MONTH TO DATE    0.0
  SINCE JUN 1      0.0
  SINCE JUL 1      0.0
  SNOW DEPTH       0

DEGREE DAYS
 HEATING
  YESTERDAY        0                         0      0        0
  MONTH TO DATE    0                         0      0        0
  SINCE JUN 1      0                         0      0        0
  SINCE JUL 1      0                         0      0        0

 COOLING
  YESTERDAY       16                        18     -2       20
  MONTH TO DATE  309                       396    -87      350
  SINCE JUN 1    785                       862    -77      794
  SINCE JAN 1   1115                      1297   -182     1144
..................................................................


WIND (MPH)
  HIGHEST WIND SPEED     9   HIGHEST WIND DIRECTION     N (10)
  HIGHEST GUST SPEED    13   HIGHEST GUST DIRECTION    NE (40)
  AVERAGE WIND SPEED     2.8


SKY COVER
  POSSIBLE SUNSHINE  MM
  AVERAGE SKY COVER 0.1


WEATHER CONDITIONS
 THE FOLLOWING WEATHER WAS RECORDED YESTERDAY.
  FOG
  FOG W/VISIBILITY <= 1/4 MILE


RELATIVE HUMIDITY (PERCENT)
 HIGHEST   100           100 AM
 LOWEST     47           200 PM
 AVERAGE    74

..........................................................


THE MONROE CLIMATE NORMALS FOR TODAY
                         NORMAL    RECORD    YEAR
 MAXIMUM TEMPERATURE (F)   94       103      1934
 MINIMUM TEMPERATURE (F)   72        63      2007
                                             1988


SUNRISE AND SUNSET
JULY 23 2014..........SUNRISE   617 AM CDT   SUNSET   812 PM CDT
JULY 24 2014..........SUNRISE   617 AM CDT   SUNSET   812 PM CDT


-  INDICATES NEGATIVE NUMBERS.
R  INDICATES RECORD WAS SET OR TIED.
MM INDICATES DATA IS MISSING.
T  INDICATES TRACE AMOUNT.




$$
