000
CDUS44 KSHV 282253
CLIMLU


CLIMATE REPORT
NATIONAL WEATHER SERVICE SHREVEPORT, LA
452 PM CST SAT FEB 28 2015


...................................

...THE MONROE CLIMATE SUMMARY FOR FEBRUARY 28 2015...
VALID TODAY AS OF 0400 PM LOCAL TIME.

CLIMATE NORMAL PERIOD 1981 TO 2010
CLIMATE RECORD PERIOD 1930 TO 2015


WEATHER ITEM   OBSERVED TIME   RECORD YEAR NORMAL DEPARTURE LAST
                VALUE   (LST)  VALUE       VALUE  FROM      YEAR
                                                  NORMAL
..................................................................
TEMPERATURE (F)
 TODAY
  MAXIMUM         50    359 PM  85    1932  65    -15       57
  MINIMUM         29    701 AM  20    2002  43    -14       29
  AVERAGE         40                        54    -14       43

PRECIPITATION (IN)
  TODAY            0.00          1.67 1933   0.17  -0.17      T
  MONTH TO DATE    4.85                      4.63   0.22     3.58
  SINCE DEC 1     14.24                     14.93  -0.69     7.69
  SINCE JAN 1      9.76                      9.64   0.12     4.43

SNOWFALL (IN)
  TODAY            0.0
  MONTH TO DATE    3.0
  SINCE DEC 1      3.0
  SINCE JUL 1      3.0
  SNOW DEPTH       0

DEGREE DAYS
 HEATING
  TODAY           25                        12     13       22
  MONTH TO DATE  627                       412    215      537
  SINCE DEC 1   1730                      1522    208     1846
  SINCE JUL 1   2204                      1894    310     2326

 COOLING
  TODAY            0                         0      0        0
  MONTH TO DATE    0                         7     -7        2
  SINCE DEC 1      1                        18    -17       13
  SINCE JAN 1      0                        11    -11        2
..................................................................


WIND (MPH)
  HIGHEST WIND SPEED    15   HIGHEST WIND DIRECTION    NE (60)
  HIGHEST GUST SPEED    19   HIGHEST GUST DIRECTION    NE (50)
  AVERAGE WIND SPEED     8.6


SKY COVER
  POSSIBLE SUNSHINE  MM
  AVERAGE SKY COVER 0.8


WEATHER CONDITIONS
 THE FOLLOWING WEATHER WAS RECORDED TODAY.
  NO SIGNIFICANT WEATHER WAS OBSERVED.


RELATIVE HUMIDITY (PERCENT)
 HIGHEST    85           500 AM
 LOWEST     56           200 PM
 AVERAGE    71

..........................................................


THE MONROE CLIMATE NORMALS FOR TOMORROW
                         NORMAL    RECORD    YEAR
 MAXIMUM TEMPERATURE (F)   65        86      2012
 MINIMUM TEMPERATURE (F)   43        24      1986


SUNRISE AND SUNSET
FEBRUARY 28 2015......SUNRISE   637 AM CST   SUNSET   605 PM CST
MARCH  1 2015.........SUNRISE   636 AM CST   SUNSET   605 PM CST


-  INDICATES NEGATIVE NUMBERS.
R  INDICATES RECORD WAS SET OR TIED.
MM INDICATES DATA IS MISSING.
T  INDICATES TRACE AMOUNT.




$$
