000
CDUS44 KSHV 220833
CLIMLU


CLIMATE REPORT
NATIONAL WEATHER SERVICE SHREVEPORT, LA
233 AM CST MON JAN 22 2018


...................................

...THE MONROE CLIMATE SUMMARY FOR JANUARY 21 2018...

CLIMATE NORMAL PERIOD 1981 TO 2010
CLIMATE RECORD PERIOD 1930 TO 2018


WEATHER ITEM   OBSERVED TIME   RECORD YEAR NORMAL DEPARTURE LAST
                VALUE   (LST)  VALUE       VALUE  FROM      YEAR
                                                  NORMAL
..................................................................
TEMPERATURE (F)
 YESTERDAY
  MAXIMUM         71    431 PM  80    1999  58     13       71
  MINIMUM         55    826 AM   8    1985  36     19       52
  AVERAGE         63                        46     17       62

PRECIPITATION (IN)
  YESTERDAY        T             2.53 1935   0.16  -0.16     0.31
  MONTH TO DATE    1.96                      3.35  -1.39     5.41
  SINCE DEC 1      5.48                      8.64  -3.16    10.24
  SINCE JAN 1      1.96                      3.35  -1.39     5.41

SNOWFALL (IN)
  YESTERDAY        0.0
  MONTH TO DATE    1.3
  SINCE DEC 1      1.3
  SINCE JUL 1      1.3
  SNOW DEPTH       0

DEGREE DAYS
 HEATING
  YESTERDAY        2                        19    -17        3
  MONTH TO DATE  537                       399    138      220
  SINCE DEC 1   1018                       929     89      668
  SINCE JUL 1   1322                      1301     21      881

 COOLING
  YESTERDAY        0                         0      0        0
  MONTH TO DATE    0                         0      0       17
  SINCE DEC 1     11                         7      4       37
  SINCE JAN 1      0                         0      0       17
..................................................................


WIND (MPH)
  HIGHEST WIND SPEED    16   HIGHEST WIND DIRECTION     S (170)
  HIGHEST GUST SPEED    25   HIGHEST GUST DIRECTION     S (160)
  AVERAGE WIND SPEED     7.7


SKY COVER
  POSSIBLE SUNSHINE  MM
  AVERAGE SKY COVER 0.9


WEATHER CONDITIONS
 THE FOLLOWING WEATHER WAS RECORDED YESTERDAY.
  LIGHT RAIN
  HAZE


RELATIVE HUMIDITY (PERCENT)
 HIGHEST    93           400 AM
 LOWEST     68           400 PM
 AVERAGE    81

..........................................................


THE MONROE CLIMATE NORMALS FOR TODAY
                         NORMAL    RECORD    YEAR
 MAXIMUM TEMPERATURE (F)   58        80      1938
 MINIMUM TEMPERATURE (F)   36        15      1935


SUNRISE AND SUNSET
JANUARY 22 2018.......SUNRISE   708 AM CST   SUNSET   532 PM CST
JANUARY 23 2018.......SUNRISE   707 AM CST   SUNSET   533 PM CST


-  INDICATES NEGATIVE NUMBERS.
R  INDICATES RECORD WAS SET OR TIED.
MM INDICATES DATA IS MISSING.
T  INDICATES TRACE AMOUNT.




$$
