713
CDUS44 KSHV 232151
CLIMLU


CLIMATE REPORT
NATIONAL WEATHER SERVICE SHREVEPORT, LA
451 PM CDT MON OCT 23 2017


...................................

...THE MONROE CLIMATE SUMMARY FOR OCTOBER 23 2017...
VALID TODAY AS OF 0400 PM LOCAL TIME.

CLIMATE NORMAL PERIOD 1981 TO 2010
CLIMATE RECORD PERIOD 1930 TO 2017


WEATHER ITEM   OBSERVED TIME   RECORD YEAR NORMAL DEPARTURE LAST
                VALUE   (LST)  VALUE       VALUE  FROM      YEAR
                                                  NORMAL
..................................................................
TEMPERATURE (F)
 TODAY
  MAXIMUM         75    256 PM  92    1934  77     -2       79
  MINIMUM         48    659 AM  33    1952  51     -3       42
  AVERAGE         62                        64     -2       61

PRECIPITATION (IN)
  TODAY            0.00          2.40 1986   0.17  -0.17     0.00
  MONTH TO DATE    0.87                      3.56  -2.69     0.54
  SINCE DEC 1     53.23                     47.96   5.27    67.36
  SINCE JAN 1     48.40                     42.67   5.73    60.97

SNOWFALL (IN)
  TODAY            0.0
  MONTH TO DATE    0.0
  SINCE SEP 1      0.0
  SINCE JUL 1      0.0
  SNOW DEPTH       0

DEGREE DAYS
 HEATING
  TODAY            3                         4     -1        4
  MONTH TO DATE   14                        48    -34       14
  SINCE SEP 1     14                        54    -40       14
  SINCE JUL 1     14                        54    -40       14

 COOLING
  TODAY            0                         3     -3        0
  MONTH TO DATE  173                       103     70      169
  SINCE SEP 1    529                       460     69      622
  SINCE JAN 1   2556                      2467     89     2676
..................................................................


WIND (MPH)
  HIGHEST WIND SPEED    14   HIGHEST WIND DIRECTION    NW (330)
  HIGHEST GUST SPEED    19   HIGHEST GUST DIRECTION     W (290)
  AVERAGE WIND SPEED     7.0


SKY COVER
  POSSIBLE SUNSHINE  MM
  AVERAGE SKY COVER 0.1


WEATHER CONDITIONS
 THE FOLLOWING WEATHER WAS RECORDED TODAY.
  NO SIGNIFICANT WEATHER WAS OBSERVED.


RELATIVE HUMIDITY (PERCENT)
 HIGHEST   100           200 AM
 LOWEST     31           200 PM
 AVERAGE    66

..........................................................


THE MONROE CLIMATE NORMALS FOR TOMORROW
                         NORMAL    RECORD    YEAR
 MAXIMUM TEMPERATURE (F)   77        91      1927
 MINIMUM TEMPERATURE (F)   50        31      1952


SUNRISE AND SUNSET
OCTOBER 23 2017.......SUNRISE   718 AM CDT   SUNSET   626 PM CDT
OCTOBER 24 2017.......SUNRISE   719 AM CDT   SUNSET   625 PM CDT


-  INDICATES NEGATIVE NUMBERS.
R  INDICATES RECORD WAS SET OR TIED.
MM INDICATES DATA IS MISSING.
T  INDICATES TRACE AMOUNT.




$$
