384
CDUS44 KSHV 270750
CLIMLU


CLIMATE REPORT
NATIONAL WEATHER SERVICE SHREVEPORT, LA
250 AM CDT THU APR 27 2017


...................................

...THE MONROE CLIMATE SUMMARY FOR APRIL 26 2017...

CLIMATE NORMAL PERIOD 1981 TO 2010
CLIMATE RECORD PERIOD 1930 TO 2017


WEATHER ITEM   OBSERVED TIME   RECORD YEAR NORMAL DEPARTURE LAST
                VALUE   (LST)  VALUE       VALUE  FROM      YEAR
                                                  NORMAL
..................................................................
TEMPERATURE (F)
 YESTERDAY
  MAXIMUM         85    226 PM  91    1989  81      4       85
  MINIMUM         57   1159 PM  44    1976  57      0       69
  AVERAGE         71                        69      2       77

PRECIPITATION (IN)
  YESTERDAY        1.35          3.72 2011   0.15   1.20     0.00
  MONTH TO DATE    4.07                      3.91   0.16     7.06
  SINCE DEC 1     22.59                     23.56  -0.97    45.24
  SINCE JAN 1     17.76                     18.27  -0.51    38.85

SNOWFALL (IN)
  YESTERDAY        0.0
  MONTH TO DATE    0.0
  SINCE MAR 1      0.0
  SINCE JUL 1      0.2
  SNOW DEPTH       0

DEGREE DAYS
 HEATING
  YESTERDAY        0                         1     -1        0
  MONTH TO DATE   24                        77    -53       34
  SINCE MAR 1    189                       327   -138      166
  SINCE JUL 1   1385                      2221   -836     1594

 COOLING
  YESTERDAY        6                         5      1       12
  MONTH TO DATE  122                        82     40       65
  SINCE MAR 1    213                       114     99      106
  SINCE JAN 1    272                       125    147      114
..................................................................


WIND (MPH)
  HIGHEST WIND SPEED    46   HIGHEST WIND DIRECTION     W (270)
  HIGHEST GUST SPEED    59   HIGHEST GUST DIRECTION     W (270)
  AVERAGE WIND SPEED    12.1


SKY COVER
  POSSIBLE SUNSHINE  MM
  AVERAGE SKY COVER 0.9


WEATHER CONDITIONS
 THE FOLLOWING WEATHER WAS RECORDED YESTERDAY.
  THUNDERSTORM
  RAIN
  LIGHT RAIN
  FOG


RELATIVE HUMIDITY (PERCENT)
 HIGHEST    93           900 PM
 LOWEST     58           100 PM
 AVERAGE    76

..........................................................


THE MONROE CLIMATE NORMALS FOR TODAY
                         NORMAL    RECORD    YEAR
 MAXIMUM TEMPERATURE (F)   81        95      1987
 MINIMUM TEMPERATURE (F)   57        45      1992


SUNRISE AND SUNSET
APRIL 27 2017.........SUNRISE   625 AM CDT   SUNSET   747 PM CDT
APRIL 28 2017.........SUNRISE   624 AM CDT   SUNSET   747 PM CDT


-  INDICATES NEGATIVE NUMBERS.
R  INDICATES RECORD WAS SET OR TIED.
MM INDICATES DATA IS MISSING.
T  INDICATES TRACE AMOUNT.




$$
