000
CDUS46 KPQR 190222
CLIMMV


CLIMATE REPORT
NATIONAL WEATHER SERVICE PORTLAND OREGON
622 PM PST SUN FEB 18 2018


...................................

...THE MCMINNVILLE OR CLIMATE SUMMARY FOR FEBRUARY 18 2018...
VALID TODAY AS OF 0600 PM LOCAL TIME.

CLIMATE NORMAL PERIOD 1981 TO 2010
CLIMATE RECORD PERIOD 1894 TO 2018


WEATHER ITEM   OBSERVED TIME   RECORD YEAR NORMAL DEPARTURE LAST
                VALUE   (LST)  VALUE       VALUE  FROM      YEAR
                                                  NORMAL
..................................................................
TEMPERATURE (F)
 TODAY
  MAXIMUM         44    204 PM  66    1977  51     -7       54
  MINIMUM         34   1009 AM  20    1955  35     -1       42
  AVERAGE         39                        43     -4       48

PRECIPITATION (IN)
  TODAY            0.21                      0.11   0.10     0.14
  MONTH TO DATE    0.83                      2.98  -2.15     9.39
  SINCE OCT 1     22.64                     25.11  -2.47    36.88
  SINCE JAN 1      7.10                      9.08  -1.98    13.07

DEGREE DAYS
 HEATING
  TODAY           26                                        17
  MONTH TO DATE  355                                       380
  SINCE DEC 1   1710                                      2158
  SINCE JUL 1   2683                                      3060

 COOLING
  TODAY            0                                         0
  MONTH TO DATE    0                                         0
  SINCE DEC 1      0                                         0
  SINCE JAN 1      0                                         0
..................................................................


WIND (MPH)
  HIGHEST WIND SPEED    23   HIGHEST WIND DIRECTION     W (250)
  HIGHEST GUST SPEED    33   HIGHEST GUST DIRECTION     W (250)
  AVERAGE WIND SPEED    10.4


SKY COVER
  POSSIBLE SUNSHINE  MM
  AVERAGE SKY COVER 0.4


WEATHER CONDITIONS
 THE FOLLOWING WEATHER WAS RECORDED TODAY.
  LIGHT RAIN
  LIGHT SNOW
  FOG


RELATIVE HUMIDITY (PERCENT)
 HIGHEST   100           700 AM
 LOWEST     70           200 PM
 AVERAGE    85

..........................................................


THE MCMINNVILLE OR CLIMATE NORMALS FOR TOMORROW
                         NORMAL    RECORD    YEAR
 MAXIMUM TEMPERATURE (F)   51        65      1916
 MINIMUM TEMPERATURE (F)   35        20      1955


SUNRISE AND SUNSET
FEBRUARY 18 2018......SUNRISE   709 AM PST   SUNSET   545 PM PST
FEBRUARY 19 2018......SUNRISE   707 AM PST   SUNSET   546 PM PST


-  INDICATES NEGATIVE NUMBERS.
R  INDICATES RECORD WAS SET OR TIED.
MM INDICATES DATA IS MISSING.
T  INDICATES TRACE AMOUNT.




$$
