000
CDUS46 KPQR 311145
CLIMMV


CLIMATE REPORT
NATIONAL WEATHER SERVICE PORTLAND OREGON
444 AM PDT MON AUG 31 2015


...................................

...THE MCMINNVILLE OR CLIMATE SUMMARY FOR AUGUST 30 2015...

CLIMATE NORMAL PERIOD 1981 TO 2010
CLIMATE RECORD PERIOD 1894 TO 2015


WEATHER ITEM   OBSERVED TIME   RECORD YEAR NORMAL DEPARTURE LAST
                VALUE   (LST)  VALUE       VALUE  FROM      YEAR
                                                  NORMAL
..................................................................
TEMPERATURE (F)
 YESTERDAY
  MAXIMUM         73    235 PM  98    1987  81     -8       73
  MINIMUM         59    952 PM  35    1907  49     10       55
  AVERAGE         66                        65      1       64

PRECIPITATION (IN)
  YESTERDAY        0.31          0.51 1896   0.03   0.28     0.13
  MONTH TO DATE    0.70                      0.55   0.15     0.14
  SINCE OCT 1     33.14                     38.33  -5.19    27.60
  SINCE JAN 1     16.90                     22.30  -5.40    22.64

DEGREE DAYS
 HEATING
  YESTERDAY        0                         2     -2        1
  MONTH TO DATE    0                        37    -37        2
  SINCE JUL 1      5                        81    -76        6

 COOLING
  YESTERDAY        1                         2     -1        0
  MONTH TO DATE  147                        79     68      204
  SINCE JAN 1    493                       179    314      444
..................................................................


WIND (MPH)
  HIGHEST WIND SPEED    20   HIGHEST WIND DIRECTION    SW (240)
  HIGHEST GUST SPEED    24   HIGHEST GUST DIRECTION    SW (230)
  AVERAGE WIND SPEED     8.8


SKY COVER
  POSSIBLE SUNSHINE  MM
  AVERAGE SKY COVER 0.8


WEATHER CONDITIONS
 THE FOLLOWING WEATHER WAS RECORDED YESTERDAY.
  HEAVY RAIN
  RAIN
  LIGHT RAIN
  FOG


RELATIVE HUMIDITY (PERCENT)
 HIGHEST    90          1200 AM
 LOWEST     47           300 PM
 AVERAGE    69

..........................................................


THE MCMINNVILLE OR CLIMATE NORMALS FOR TODAY
                         NORMAL    RECORD    YEAR
 MAXIMUM TEMPERATURE (F)   81       101      1987
 MINIMUM TEMPERATURE (F)   49        34      1905


SUNRISE AND SUNSET
AUGUST 31 2015........SUNRISE   533 AM PST   SUNSET   652 PM PST
SEPTEMBER  1 2015.....SUNRISE   534 AM PST   SUNSET   650 PM PST


-  INDICATES NEGATIVE NUMBERS.
R  INDICATES RECORD WAS SET OR TIED.
MM INDICATES DATA IS MISSING.
T  INDICATES TRACE AMOUNT.




$$
