682
CDUS46 KPQR 291143
CLIMMV


CLIMATE REPORT
NATIONAL WEATHER SERVICE PORTLAND OREGON
441 AM PDT SUN MAY 29 2016


...................................

...THE MCMINNVILLE OR CLIMATE SUMMARY FOR MAY 28 2016...

CLIMATE NORMAL PERIOD 1981 TO 2010
CLIMATE RECORD PERIOD 1894 TO 2016


WEATHER ITEM   OBSERVED TIME   RECORD YEAR NORMAL DEPARTURE LAST
                VALUE   (LST)  VALUE       VALUE  FROM      YEAR
                                                  NORMAL
..................................................................
TEMPERATURE (F)
 YESTERDAY
  MAXIMUM         73    400 PM 100    1983  70      3       85
  MINIMUM         40    400 AM  31    1966  45     -5       51
  AVERAGE         57                        57      0       68

PRECIPITATION (IN)
  YESTERDAY        0.00          1.02 1993   0.08  -0.08     0.00
  MONTH TO DATE    0.87                      2.04  -1.17     0.89
  SINCE OCT 1     47.63                     35.55  12.08    31.77
  SINCE JAN 1     22.56                     19.52   3.04    15.53

DEGREE DAYS
 HEATING
  YESTERDAY        8                         8      0        0
  MONTH TO DATE  164                       280   -116      182
  SINCE JUL 1   3693                      4678   -985     3528

 COOLING
  YESTERDAY        0                         0      0        3
  MONTH TO DATE    5                         0      5        3
  SINCE JAN 1     16                         0     16        3
..................................................................


WIND (MPH)
  HIGHEST WIND SPEED    14   HIGHEST WIND DIRECTION     W (260)
  HIGHEST GUST SPEED    19   HIGHEST GUST DIRECTION    SW (210)
  AVERAGE WIND SPEED     4.3


SKY COVER
  POSSIBLE SUNSHINE  MM
  AVERAGE SKY COVER 0.1


WEATHER CONDITIONS
 THE FOLLOWING WEATHER WAS RECORDED YESTERDAY.
  HAZE


RELATIVE HUMIDITY (PERCENT)
 HIGHEST    93           400 AM
 LOWEST     39           100 PM
 AVERAGE    66

..........................................................


THE MCMINNVILLE OR CLIMATE NORMALS FOR TODAY
                         NORMAL    RECORD    YEAR
 MAXIMUM TEMPERATURE (F)   70        99      1983
 MINIMUM TEMPERATURE (F)   45        29      1951


SUNRISE AND SUNSET
MAY 29 2016...........SUNRISE   430 AM PST   SUNSET   751 PM PST
MAY 30 2016...........SUNRISE   429 AM PST   SUNSET   752 PM PST


-  INDICATES NEGATIVE NUMBERS.
R  INDICATES RECORD WAS SET OR TIED.
MM INDICATES DATA IS MISSING.
T  INDICATES TRACE AMOUNT.




$$
