530
CDUS46 KPQR 301144
CLIMMV


CLIMATE REPORT
NATIONAL WEATHER SERVICE PORTLAND OREGON
443 AM PDT SUN APR 30 2017


...................................

...THE MCMINNVILLE OR CLIMATE SUMMARY FOR APRIL 29 2017...

CLIMATE NORMAL PERIOD 1981 TO 2010
CLIMATE RECORD PERIOD 1894 TO 2017


WEATHER ITEM   OBSERVED TIME   RECORD YEAR NORMAL DEPARTURE LAST
                VALUE   (LST)  VALUE       VALUE  FROM      YEAR
                                                  NORMAL
..................................................................
TEMPERATURE (F)
 YESTERDAY
  MAXIMUM         64    314 PM  89    1931  64      0       61
  MINIMUM         37    552 AM  30    1982  41     -4       46
  AVERAGE         51                        52     -1       54

PRECIPITATION (IN)
  YESTERDAY        0.11          0.70 1913   0.06   0.05     0.21
  MONTH TO DATE    4.38                      2.84   1.54     2.90
  SINCE OCT 1     50.49                     33.44  17.05    46.76
  SINCE JAN 1     26.68                     17.41   9.27    21.69

DEGREE DAYS
 HEATING
  YESTERDAY       14                        13      1       11
  MONTH TO DATE  436                       435      1      270
  SINCE JUL 1   4269                      4386   -117     3518

 COOLING
  YESTERDAY        0                         0      0        0
  MONTH TO DATE    0                         0      0       11
  SINCE JAN 1      0                         0      0       11
..................................................................


WIND (MPH)
  HIGHEST WIND SPEED    14   HIGHEST WIND DIRECTION     W (260)
  HIGHEST GUST SPEED    18   HIGHEST GUST DIRECTION     W (260)
  AVERAGE WIND SPEED     4.1


SKY COVER
  POSSIBLE SUNSHINE  MM
  AVERAGE SKY COVER 0.4


WEATHER CONDITIONS
 THE FOLLOWING WEATHER WAS RECORDED YESTERDAY.
  LIGHT RAIN
  FOG


RELATIVE HUMIDITY (PERCENT)
 HIGHEST    92           400 AM
 LOWEST     37           600 PM
 AVERAGE    65

..........................................................


THE MCMINNVILLE OR CLIMATE NORMALS FOR TODAY
                         NORMAL    RECORD    YEAR
 MAXIMUM TEMPERATURE (F)   64        85      2014
 MINIMUM TEMPERATURE (F)   41        27      1964


SUNRISE AND SUNSET
APRIL 30 2017.........SUNRISE   502 AM PST   SUNSET   718 PM PST
MAY  1 2017...........SUNRISE   501 AM PST   SUNSET   719 PM PST


-  INDICATES NEGATIVE NUMBERS.
R  INDICATES RECORD WAS SET OR TIED.
MM INDICATES DATA IS MISSING.
T  INDICATES TRACE AMOUNT.




$$
