000
CDUS46 KPQR 211141
CLIMMV


CLIMATE REPORT
NATIONAL WEATHER SERVICE PORTLAND OREGON
441 AM PDT SAT OCT 21 2017


...................................

...THE MCMINNVILLE OR CLIMATE SUMMARY FOR OCTOBER 20 2017...

CLIMATE NORMAL PERIOD 1981 TO 2010
CLIMATE RECORD PERIOD 1894 TO 2017


WEATHER ITEM   OBSERVED TIME   RECORD YEAR NORMAL DEPARTURE LAST
                VALUE   (LST)  VALUE       VALUE  FROM      YEAR
                                                  NORMAL
..................................................................
TEMPERATURE (F)
 YESTERDAY
  MAXIMUM         56    231 PM  76    1999  61     -5       63
  MINIMUM         47   1002 PM  26    1961  40      7       51
  AVERAGE         52                        50      2       57

PRECIPITATION (IN)
  YESTERDAY        0.35          1.61 1946   0.13   0.22     0.10
  MONTH TO DATE    1.49                      1.77  -0.28     7.79
  SINCE OCT 1      1.49                      1.77  -0.28     7.79
  SINCE JAN 1     33.23                     25.48   7.75    33.06

DEGREE DAYS
 HEATING
  YESTERDAY       13                        15     -2        8
  MONTH TO DATE  245                       230     15      191
  SINCE JUL 1    345                       446   -101      349

 COOLING
  YESTERDAY        0                         0      0        0
  MONTH TO DATE    0                         0      0        0
  SINCE JAN 1    507                       214    293      363
..................................................................


WIND (MPH)
  HIGHEST WIND SPEED    22   HIGHEST WIND DIRECTION    SW (220)
  HIGHEST GUST SPEED    32   HIGHEST GUST DIRECTION     E (90)
  AVERAGE WIND SPEED    10.2


SKY COVER
  POSSIBLE SUNSHINE  MM
  AVERAGE SKY COVER 0.7


WEATHER CONDITIONS
 THE FOLLOWING WEATHER WAS RECORDED YESTERDAY.
  LIGHT RAIN
  FOG


RELATIVE HUMIDITY (PERCENT)
 HIGHEST   100           100 AM
 LOWEST     66           200 PM
 AVERAGE    83

..........................................................


THE MCMINNVILLE OR CLIMATE NORMALS FOR TODAY
                         NORMAL    RECORD    YEAR
 MAXIMUM TEMPERATURE (F)   60        80      1929
 MINIMUM TEMPERATURE (F)   40        26      1928


SUNRISE AND SUNSET
OCTOBER 21 2017.......SUNRISE   637 AM PST   SUNSET   517 PM PST
OCTOBER 22 2017.......SUNRISE   638 AM PST   SUNSET   515 PM PST


-  INDICATES NEGATIVE NUMBERS.
R  INDICATES RECORD WAS SET OR TIED.
MM INDICATES DATA IS MISSING.
T  INDICATES TRACE AMOUNT.




$$
