000
CDUS46 KPQR 201143
CLIMMV


CLIMATE REPORT
NATIONAL WEATHER SERVICE PORTLAND OREGON
442 AM PDT MON OCT 20 2014


...................................

...THE MCMINNVILLE OR CLIMATE SUMMARY FOR OCTOBER 19 2014...

CLIMATE NORMAL PERIOD 1981 TO 2010
CLIMATE RECORD PERIOD 1894 TO 2014


WEATHER ITEM   OBSERVED TIME   RECORD YEAR NORMAL DEPARTURE LAST
                VALUE   (LST)  VALUE       VALUE  FROM      YEAR
                                                  NORMAL
..................................................................
TEMPERATURE (F)
 YESTERDAY
  MAXIMUM         73    353 PM  81    1940  61     12       69
  MINIMUM         54    127 AM  26    1949  40     14       34
  AVERAGE         64                        51     13       52

PRECIPITATION (IN)
  YESTERDAY        0.03          1.43 1971   0.12  -0.09     0.00
  MONTH TO DATE    1.56                      1.64  -0.08     0.70
  SINCE OCT 1      1.56                      1.64  -0.08     0.70
  SINCE JAN 1     25.34                     25.35  -0.01    17.95

DEGREE DAYS
 HEATING
  YESTERDAY        1                        14    -13       13
  MONTH TO DATE   78                       215   -137      250
  SINCE JUL 1    118                       431   -313      385

 COOLING
  YESTERDAY        0                         0      0        0
  MONTH TO DATE   11                         0     11        0
  SINCE JAN 1    529                       214    315      405
..................................................................


WIND (MPH)
  HIGHEST WIND SPEED    13   HIGHEST WIND DIRECTION     W (270)
  HIGHEST GUST SPEED    18   HIGHEST GUST DIRECTION    SW (230)
  AVERAGE WIND SPEED     3.6


SKY COVER
  POSSIBLE SUNSHINE  MM
  AVERAGE SKY COVER 0.7


WEATHER CONDITIONS
 THE FOLLOWING WEATHER WAS RECORDED YESTERDAY.
  FOG
  FOG W/VISIBILITY <= 1/4 MILE


RELATIVE HUMIDITY (PERCENT)
 HIGHEST   100          1200 AM
 LOWEST     57           200 PM
 AVERAGE    79

..........................................................


THE MCMINNVILLE OR CLIMATE NORMALS FOR TODAY
                         NORMAL    RECORD    YEAR
 MAXIMUM TEMPERATURE (F)   61        76      1999
 MINIMUM TEMPERATURE (F)   40        26      1961


SUNRISE AND SUNSET
OCTOBER 20 2014.......SUNRISE   635 AM PST   SUNSET   519 PM PST
OCTOBER 21 2014.......SUNRISE   637 AM PST   SUNSET   517 PM PST


-  INDICATES NEGATIVE NUMBERS.
R  INDICATES RECORD WAS SET OR TIED.
MM INDICATES DATA IS MISSING.
T  INDICATES TRACE AMOUNT.




$$
