550
CDUS46 KPQR 251155
CLIMMV


CLIMATE REPORT
NATIONAL WEATHER SERVICE PORTLAND OREGON
454 AM PDT SAT MAR 25 2017


...................................

...THE MCMINNVILLE OR CLIMATE SUMMARY FOR MARCH 24 2017...

CLIMATE NORMAL PERIOD 1981 TO 2010
CLIMATE RECORD PERIOD 1894 TO 2017


WEATHER ITEM   OBSERVED TIME   RECORD YEAR NORMAL DEPARTURE LAST
                VALUE   (LST)  VALUE       VALUE  FROM      YEAR
                                                  NORMAL
..................................................................
TEMPERATURE (F)
 YESTERDAY
  MAXIMUM         55    218 PM  74    1979  57     -2       55
  MINIMUM         42   1112 PM  26    1980  38      4       41
  AVERAGE         49                        48      1       48

PRECIPITATION (IN)
  YESTERDAY        0.54          1.30 1976   0.13   0.41     0.03
  MONTH TO DATE    6.11                      3.20   2.91     6.16
  SINCE OCT 1     45.10                     29.77  15.33    43.67
  SINCE JAN 1     21.29                     13.74   7.55    18.60

DEGREE DAYS
 HEATING
  YESTERDAY       16                        17     -1       17
  MONTH TO DATE  425                       454    -29      385
  SINCE JUL 1   3721                      3833   -112     3145

 COOLING
  YESTERDAY        0                         0      0        0
  MONTH TO DATE    0                         0      0        0
  SINCE JAN 1      0                         0      0        0
..................................................................


WIND (MPH)
  HIGHEST WIND SPEED    21   HIGHEST WIND DIRECTION     S (200)
  HIGHEST GUST SPEED    26   HIGHEST GUST DIRECTION     S (190)
  AVERAGE WIND SPEED     9.5


SKY COVER
  POSSIBLE SUNSHINE  MM
  AVERAGE SKY COVER 0.9


WEATHER CONDITIONS
 THE FOLLOWING WEATHER WAS RECORDED YESTERDAY.
  HEAVY RAIN
  LIGHT RAIN
  FOG


RELATIVE HUMIDITY (PERCENT)
 HIGHEST    93          1200 AM
 LOWEST     77           400 PM
 AVERAGE    85

..........................................................


THE MCMINNVILLE OR CLIMATE NORMALS FOR TODAY
                         NORMAL    RECORD    YEAR
 MAXIMUM TEMPERATURE (F)   58        72      1966
 MINIMUM TEMPERATURE (F)   38        19      1920


SUNRISE AND SUNSET
MARCH 25 2017.........SUNRISE   605 AM PST   SUNSET   632 PM PST
MARCH 26 2017.........SUNRISE   604 AM PST   SUNSET   633 PM PST


-  INDICATES NEGATIVE NUMBERS.
R  INDICATES RECORD WAS SET OR TIED.
MM INDICATES DATA IS MISSING.
T  INDICATES TRACE AMOUNT.




$$
