000
CDUS46 KPQR 140221
CLIMMV


CLIMATE REPORT
NATIONAL WEATHER SERVICE PORTLAND OREGON
720 PM PDT SUN JUL 13 2014


...................................

...THE MCMINNVILLE OR CLIMATE SUMMARY FOR JULY 13 2014...
VALID TODAY AS OF 0700 PM LOCAL TIME.

CLIMATE NORMAL PERIOD 1981 TO 2010
CLIMATE RECORD PERIOD 1894 TO 2014


WEATHER ITEM   OBSERVED TIME   RECORD YEAR NORMAL DEPARTURE LAST
                VALUE   (LST)  VALUE       VALUE  FROM      YEAR
                                                  NORMAL
..................................................................
TEMPERATURE (F)
 TODAY
  MAXIMUM         MM        MM 106    1923  81     MM       82
  MINIMUM         MM        MM  36    1970  51     MM       44
  AVERAGE         MM                        66     MM       63

PRECIPITATION (IN)
  TODAY            0.02          0.52 1920   0.01   0.01     0.00
  MONTH TO DATE    0.02                      0.35  -0.33     0.00
  SINCE OCT 1     27.10                     37.63 -10.53    31.54
  SINCE JAN 1     22.14                     21.60   0.54    10.40

DEGREE DAYS
 HEATING
  TODAY           MM                         1     MM        2
  MONTH TO DATE    0                        27    -27       10
  SINCE JUL 1      0                        27    -27       10

 COOLING
  TODAY           MM                         2     MM        0
  MONTH TO DATE  100                        24     76       49
  SINCE JAN 1    130                        46     84      102
..................................................................


WIND (MPH)
  HIGHEST WIND SPEED    12   HIGHEST WIND DIRECTION    SW (210)
  HIGHEST GUST SPEED    MM   HIGHEST GUST DIRECTION    MM
  AVERAGE WIND SPEED     6.6


SKY COVER
  POSSIBLE SUNSHINE  MM
  AVERAGE SKY COVER 0.0


WEATHER CONDITIONS
 THE FOLLOWING WEATHER WAS RECORDED TODAY.
  THUNDERSTORM
  LIGHT RAIN


RELATIVE HUMIDITY (PERCENT)
 HIGHEST    93           400 AM
 LOWEST     70           600 PM
 AVERAGE    82

..........................................................


THE MCMINNVILLE OR CLIMATE NORMALS FOR TOMORROW
                         NORMAL    RECORD    YEAR
 MAXIMUM TEMPERATURE (F)   82       105      1923
 MINIMUM TEMPERATURE (F)   51        37      1903


SUNRISE AND SUNSET
JULY 13 2014..........SUNRISE   438 AM PST   SUNSET   758 PM PST
JULY 14 2014..........SUNRISE   439 AM PST   SUNSET   758 PM PST


-  INDICATES NEGATIVE NUMBERS.
R  INDICATES RECORD WAS SET OR TIED.
MM INDICATES DATA IS MISSING.
T  INDICATES TRACE AMOUNT.




$$
