000
CDUS44 KMOB 192236
CLIMOB


CLIMATE REPORT
NATIONAL WEATHER SERVICE MOBILE AL
533 PM CDT SAT APR 19 2014


...................................

...THE MOBILE CLIMATE SUMMARY FOR APRIL 19 2014...
VALID TODAY AS OF 0500 PM LOCAL TIME.

CLIMATE NORMAL PERIOD 1981 TO 2010
CLIMATE RECORD PERIOD 1842 TO 2014


WEATHER ITEM   OBSERVED TIME   RECORD YEAR NORMAL DEPARTURE LAST
                VALUE   (LST)  VALUE       VALUE  FROM      YEAR
                                                  NORMAL
..................................................................
TEMPERATURE (F)
 TODAY
  MAXIMUM         79    352 PM  88    1908  78      1       75
  MINIMUM         52    533 AM  37    1983  56     -4       42
  AVERAGE         66                        67     -1       59

PRECIPITATION (IN)
  TODAY            0.01          7.30 1882   0.15  -0.14     1.07
  MONTH TO DATE    6.26                      3.14   3.12     4.88
  SINCE MAR 1     12.76                      9.28   3.48     5.68
  SINCE JAN 1     19.88                     20.05  -0.17    19.86

DEGREE DAYS
 HEATING
  TODAY            0                         1     -1        6
  MONTH TO DATE   65                        51     14       45
  SINCE MAR 1    341                       240    101      355
  SINCE JUL 1   2044                      1682    362     1531

 COOLING
  TODAY            1                         4     -3        0
  MONTH TO DATE   31                        52    -21       59
  SINCE MAR 1     32                        91    -59       76
  SINCE JAN 1     44                       107    -63      103
..................................................................


WIND (MPH)
  HIGHEST WIND SPEED    22   HIGHEST WIND DIRECTION     N (340)
  HIGHEST GUST SPEED    30   HIGHEST GUST DIRECTION     N (340)
  AVERAGE WIND SPEED    12.2


SKY COVER
  POSSIBLE SUNSHINE  MM
  AVERAGE SKY COVER 0.3


WEATHER CONDITIONS
 THE FOLLOWING WEATHER WAS RECORDED TODAY.
  LIGHT RAIN


RELATIVE HUMIDITY (PERCENT)
 HIGHEST   100           200 AM
 LOWEST     36           200 PM
 AVERAGE    68

..........................................................


THE MOBILE CLIMATE NORMALS FOR TOMORROW
                         NORMAL    RECORD    YEAR
 MAXIMUM TEMPERATURE (F)   78        88      2006
                                             1968
 MINIMUM TEMPERATURE (F)   57        40      1953


SUNRISE AND SUNSET
APRIL 19 2014.........SUNRISE   621 AM CDT   SUNSET   724 PM CDT
APRIL 20 2014.........SUNRISE   620 AM CDT   SUNSET   724 PM CDT


-  INDICATES NEGATIVE NUMBERS.
R  INDICATES RECORD WAS SET OR TIED.
MM INDICATES DATA IS MISSING.
T  INDICATES TRACE AMOUNT.




$$
