151
CDUS44 KMOB 300645
CLIMOB


CLIMATE REPORT
NATIONAL WEATHER SERVICE MOBILE AL
145 AM CDT TUE AUG 30 2016


...................................

...THE MOBILE CLIMATE SUMMARY FOR AUGUST 29 2016...

CLIMATE NORMAL PERIOD 1981 TO 2010
CLIMATE RECORD PERIOD 1842 TO 2016


WEATHER ITEM   OBSERVED TIME   RECORD YEAR NORMAL DEPARTURE LAST
                VALUE   (LST)  VALUE       VALUE  FROM      YEAR
                                                  NORMAL
..................................................................
TEMPERATURE (F)
 YESTERDAY
  MAXIMUM         92    410 PM 105    2000  90      2       90
  MINIMUM         73    240 AM  61    1992  72      1       67
  AVERAGE         83                        81      2       79

PRECIPITATION (IN)
  YESTERDAY        0.00          3.48 2012   0.18  -0.18     0.00
  MONTH TO DATE    4.59                      6.60  -2.01     3.21
  SINCE MAR 1     37.52                     36.03   1.49    41.02
  SINCE JAN 1     46.97                     46.80   0.17    47.07

DEGREE DAYS
 COOLING
  YESTERDAY       18                        16      2       14
  MONTH TO DATE  510                       487     23      492
  SINCE JUN 1   1553                      1453    100     1548
  SINCE JAN 1   2012                      1898    114     2148
..................................................................


WIND (MPH)
  HIGHEST WIND SPEED    16   HIGHEST WIND DIRECTION     E (80)
  HIGHEST GUST SPEED    22   HIGHEST GUST DIRECTION     E (90)
  AVERAGE WIND SPEED     7.4


SKY COVER
  POSSIBLE SUNSHINE  MM
  AVERAGE SKY COVER 0.2


WEATHER CONDITIONS
 THE FOLLOWING WEATHER WAS RECORDED YESTERDAY.
  NO SIGNIFICANT WEATHER WAS OBSERVED.


RELATIVE HUMIDITY (PERCENT)
 HIGHEST   100           100 AM
 LOWEST     49           400 PM
 AVERAGE    75

..........................................................


THE MOBILE CLIMATE NORMALS FOR TODAY
                         NORMAL    RECORD    YEAR
 MAXIMUM TEMPERATURE (F)   90       102      1954
                                             1951
 MINIMUM TEMPERATURE (F)   72        61      1992


SUNRISE AND SUNSET
AUGUST 30 2016........SUNRISE   629 AM CDT   SUNSET   718 PM CDT
AUGUST 31 2016........SUNRISE   629 AM CDT   SUNSET   717 PM CDT


-  INDICATES NEGATIVE NUMBERS.
R  INDICATES RECORD WAS SET OR TIED.
MM INDICATES DATA IS MISSING.
T  INDICATES TRACE AMOUNT.




$$
