000
CDUS44 KMOB 300645
CLIMOB


CLIMATE REPORT
NATIONAL WEATHER SERVICE MOBILE AL
145 AM CDT THU MAR 30 2017


...................................

...THE MOBILE CLIMATE SUMMARY FOR MARCH 29 2017...

CLIMATE NORMAL PERIOD 1981 TO 2010
CLIMATE RECORD PERIOD 1842 TO 2017


WEATHER ITEM   OBSERVED TIME   RECORD YEAR NORMAL DEPARTURE LAST
                VALUE   (LST)  VALUE       VALUE  FROM      YEAR
                                                  NORMAL
..................................................................
TEMPERATURE (F)
 YESTERDAY
  MAXIMUM         82    115 PM  85    1879  74      8       79
  MINIMUM         64    535 AM  33    1955  51     13       55
  AVERAGE         73                        63     10       67

PRECIPITATION (IN)
  YESTERDAY        0.00          3.02 2000   0.19  -0.19      T
  MONTH TO DATE    2.60                      5.76  -3.16    10.11
  SINCE MAR 1      2.60                      5.76  -3.16    10.11
  SINCE JAN 1     14.81                     16.53  -1.72    19.56

SNOWFALL (IN)
  YESTERDAY        0.0          MM      MM   0.0    0.0      0.0
  MONTH TO DATE    0.0                       0.1   -0.1      0.0
  SINCE MAR 1      0.0                       0.1   -0.1      0.0
  SINCE JUL 1      0.0                       0.2   -0.2      0.0
  SNOW DEPTH       0

DEGREE DAYS
 HEATING
  YESTERDAY        0                         4     -4        0
  MONTH TO DATE  119                       180    -61       96
  SINCE MAR 1    119                       180    -61       96
  SINCE JUL 1    890                      1622   -732     1194

 COOLING
  YESTERDAY        8                         2      6        2
  MONTH TO DATE   85                        33     52       59
  SINCE MAR 1     85                        33     52       59
  SINCE JAN 1    160                        49    111       73
..................................................................


WIND (MPH)
  HIGHEST WIND SPEED    18   HIGHEST WIND DIRECTION    SE (150)
  HIGHEST GUST SPEED    25   HIGHEST GUST DIRECTION     S (170)
  AVERAGE WIND SPEED     9.0


SKY COVER
  POSSIBLE SUNSHINE  MM
  AVERAGE SKY COVER 0.5


WEATHER CONDITIONS
 THE FOLLOWING WEATHER WAS RECORDED YESTERDAY.
  FOG


RELATIVE HUMIDITY (PERCENT)
 HIGHEST    93          1200 AM
 LOWEST     51          1200 PM
 AVERAGE    72

..........................................................


THE MOBILE CLIMATE NORMALS FOR TODAY
                         NORMAL    RECORD    YEAR
 MAXIMUM TEMPERATURE (F)   74        90      1946
 MINIMUM TEMPERATURE (F)   52        35      1894


SUNRISE AND SUNSET
MARCH 30 2017.........SUNRISE   644 AM CDT   SUNSET   711 PM CDT
MARCH 31 2017.........SUNRISE   643 AM CDT   SUNSET   712 PM CDT


-  INDICATES NEGATIVE NUMBERS.
R  INDICATES RECORD WAS SET OR TIED.
MM INDICATES DATA IS MISSING.
T  INDICATES TRACE AMOUNT.




$$
