000
CDUS44 KMOB 290641
CLIMOB


CLIMATE REPORT
NATIONAL WEATHER SERVICE MOBILE AL
129 AM CDT FRI APR 29 2016


...................................

...THE MOBILE CLIMATE SUMMARY FOR APRIL 28 2016...

CLIMATE NORMAL PERIOD 1981 TO 2010
CLIMATE RECORD PERIOD 1842 TO 2016


WEATHER ITEM   OBSERVED TIME   RECORD YEAR NORMAL DEPARTURE LAST
                VALUE   (LST)  VALUE       VALUE  FROM      YEAR
                                                  NORMAL
..................................................................
TEMPERATURE (F)
 YESTERDAY
  MAXIMUM         80    512 PM  91    1971  80      0       79
  MINIMUM         66   1138 PM  42    1992  59      7       56
  AVERAGE         73                        70      3       68

PRECIPITATION (IN)
  YESTERDAY        0.01          2.89 1998   0.16  -0.15     0.23
  MONTH TO DATE    4.67                      4.50   0.17    13.90
  SINCE MAR 1     14.83                     10.64   4.19    17.86
  SINCE JAN 1     24.28                     21.41   2.87    23.91

DEGREE DAYS
 HEATING
  YESTERDAY        0                         1     -1        0
  MONTH TO DATE   21                        60    -39        3
  SINCE MAR 1    117                       249   -132      117
  SINCE JUL 1   1215                      1691   -476     1819

 COOLING
  YESTERDAY        8                         5      3        3
  MONTH TO DATE   82                        92    -10      179
  SINCE MAR 1    152                       131     21      275
  SINCE JAN 1    166                       147     19      279
..................................................................


WIND (MPH)
  HIGHEST WIND SPEED    15   HIGHEST WIND DIRECTION     S (160)
  HIGHEST GUST SPEED    17   HIGHEST GUST DIRECTION     S (170)
  AVERAGE WIND SPEED     4.4


SKY COVER
  POSSIBLE SUNSHINE  MM
  AVERAGE SKY COVER 0.5


WEATHER CONDITIONS
 THE FOLLOWING WEATHER WAS RECORDED YESTERDAY.
  THUNDERSTORM
  LIGHT RAIN


RELATIVE HUMIDITY (PERCENT)
 HIGHEST   100           200 AM
 LOWEST     62           400 PM
 AVERAGE    81

..........................................................


THE MOBILE CLIMATE NORMALS FOR TODAY
                         NORMAL    RECORD    YEAR
 MAXIMUM TEMPERATURE (F)   81        91      1970
 MINIMUM TEMPERATURE (F)   59        46      2008


SUNRISE AND SUNSET
APRIL 29 2016.........SUNRISE   611 AM CDT   SUNSET   730 PM CDT
APRIL 30 2016.........SUNRISE   610 AM CDT   SUNSET   731 PM CDT


-  INDICATES NEGATIVE NUMBERS.
R  INDICATES RECORD WAS SET OR TIED.
MM INDICATES DATA IS MISSING.
T  INDICATES TRACE AMOUNT.




$$
