000
CDUS44 KMOB 102325
CLIMOB


CLIMATE REPORT
NATIONAL WEATHER SERVICE MOBILE AL
525 PM CST SUN DEC 10 2017


...................................

...THE MOBILE CLIMATE SUMMARY FOR DECEMBER 10 2017...
VALID TODAY AS OF 0500 PM LOCAL TIME.

CLIMATE NORMAL PERIOD 1981 TO 2010
CLIMATE RECORD PERIOD 1842 TO 2017


WEATHER ITEM   OBSERVED TIME   RECORD YEAR NORMAL DEPARTURE LAST
                VALUE   (LST)  VALUE       VALUE  FROM      YEAR
                                                  NORMAL
..................................................................
TEMPERATURE (F)
 TODAY
  MAXIMUM         57    328 PM  80    2012  64     -7       54
                                      1972
                                      1943
  MINIMUM         29    531 AM  22    1995  43    -14       29
  AVERAGE         43                        53    -10       42

PRECIPITATION (IN)
  TODAY            0.00          3.60 1961   0.16  -0.16     0.00
  MONTH TO DATE    1.80                      1.61   0.19     3.42
  SINCE MAR 1     69.00                     51.93  17.07    48.23
  SINCE JAN 1     81.21                     62.70  18.51    57.68

DEGREE DAYS
 HEATING
  TODAY           22                        12     10       23
  MONTH TO DATE  124                       113     11      113
  SINCE DEC 1    124                       113     11      113
  SINCE JUL 1    340                       371    -31      247

 COOLING
  TODAY            0                         0      0        0
  MONTH TO DATE    2                         8     -6        0
  SINCE DEC 1      2                         8     -6        0
  SINCE JAN 1   2781                      2511    270     2807
..................................................................


WIND (MPH)
  HIGHEST WIND SPEED     9   HIGHEST WIND DIRECTION    NW (320)
  HIGHEST GUST SPEED    15   HIGHEST GUST DIRECTION     W (280)
  AVERAGE WIND SPEED     2.7


SKY COVER
  POSSIBLE SUNSHINE  MM
  AVERAGE SKY COVER 0.0


WEATHER CONDITIONS
 THE FOLLOWING WEATHER WAS RECORDED TODAY.
  NO SIGNIFICANT WEATHER WAS OBSERVED.


RELATIVE HUMIDITY (PERCENT)
 HIGHEST    92           200 AM
 LOWEST     35           300 PM
 AVERAGE    64

..........................................................


THE MOBILE CLIMATE NORMALS FOR TOMORROW
                         NORMAL    RECORD    YEAR
 MAXIMUM TEMPERATURE (F)   63        78      2015
 MINIMUM TEMPERATURE (F)   43        22      1957


SUNRISE AND SUNSET
DECEMBER 10 2017......SUNRISE   640 AM CST   SUNSET   452 PM CST
DECEMBER 11 2017......SUNRISE   640 AM CST   SUNSET   452 PM CST


-  INDICATES NEGATIVE NUMBERS.
R  INDICATES RECORD WAS SET OR TIED.
MM INDICATES DATA IS MISSING.
T  INDICATES TRACE AMOUNT.




$$
