000
CDUS44 KMOB 290645
CLIMOB


CLIMATE REPORT
NATIONAL WEATHER SERVICE MOBILE AL
145 AM CDT THU JUN 29 2017


...................................

...THE MOBILE CLIMATE SUMMARY FOR JUNE 28 2017...

CLIMATE NORMAL PERIOD 1981 TO 2010
CLIMATE RECORD PERIOD 1842 TO 2017


WEATHER ITEM   OBSERVED TIME   RECORD YEAR NORMAL DEPARTURE LAST
                VALUE   (LST)  VALUE       VALUE  FROM      YEAR
                                                  NORMAL
..................................................................
TEMPERATURE (F)
 YESTERDAY
  MAXIMUM         87    224 PM 100    1969  90     -3       90
                                      1954
                                      1877
  MINIMUM         72    327 AM  62    1958  72      0       74
  AVERAGE         80                        81     -1       82

PRECIPITATION (IN)
  YESTERDAY        0.12          4.16 1946   0.23  -0.11     2.35
  MONTH TO DATE   12.07                      5.65   6.42     7.13
  SINCE MAR 1     31.85                     21.72  10.13    25.84
  SINCE JAN 1     44.06                     32.49  11.57    35.29

DEGREE DAYS
 COOLING
  YESTERDAY       15                        16     -1       17
  MONTH TO DATE  390                       411    -21      447
  SINCE JUN 1    390                       411    -21      447
  SINCE JAN 1    991                       856    135      906
..................................................................


WIND (MPH)
  HIGHEST WIND SPEED    20   HIGHEST WIND DIRECTION    SE (150)
  HIGHEST GUST SPEED    24   HIGHEST GUST DIRECTION    SE (150)
  AVERAGE WIND SPEED     6.8


SKY COVER
  POSSIBLE SUNSHINE  MM
  AVERAGE SKY COVER 0.7


WEATHER CONDITIONS
 THE FOLLOWING WEATHER WAS RECORDED YESTERDAY.
  THUNDERSTORM
  HEAVY RAIN
  LIGHT RAIN
  FOG


RELATIVE HUMIDITY (PERCENT)
 HIGHEST    93           800 PM
 LOWEST     61           200 PM
 AVERAGE    77

..........................................................


THE MOBILE CLIMATE NORMALS FOR TODAY
                         NORMAL    RECORD    YEAR
 MAXIMUM TEMPERATURE (F)   90       102      1954
 MINIMUM TEMPERATURE (F)   72        64      1961


SUNRISE AND SUNSET
JUNE 29 2017..........SUNRISE   553 AM CDT   SUNSET   800 PM CDT
JUNE 30 2017..........SUNRISE   554 AM CDT   SUNSET   800 PM CDT


-  INDICATES NEGATIVE NUMBERS.
R  INDICATES RECORD WAS SET OR TIED.
MM INDICATES DATA IS MISSING.
T  INDICATES TRACE AMOUNT.




$$
