000
CDUS44 KMOB 262250
CLIMOB


CLIMATE REPORT
NATIONAL WEATHER SERVICE MOBILE AL
549 PM CDT THU MAY 26 2016


...................................

...THE MOBILE CLIMATE SUMMARY FOR MAY 26 2016...
VALID TODAY AS OF 0500 PM LOCAL TIME.

CLIMATE NORMAL PERIOD 1981 TO 2010
CLIMATE RECORD PERIOD 1842 TO 2016


WEATHER ITEM   OBSERVED TIME   RECORD YEAR NORMAL DEPARTURE LAST
                VALUE   (LST)  VALUE       VALUE  FROM      YEAR
                                                  NORMAL
..................................................................
TEMPERATURE (F)
 TODAY
  MAXIMUM         87   1241 PM  96    1962  87      0       81
                                      1953
                                      1878
  MINIMUM         65   1225 AM  48    1979  66     -1       67
  AVERAGE         76                        76      0       74

PRECIPITATION (IN)
  TODAY            0.00          3.28 1991   0.16  -0.16     0.40
  MONTH TO DATE    2.48                      4.25  -1.77     7.41
  SINCE MAR 1     18.53                     15.18   3.35    25.27
  SINCE JAN 1     27.98                     25.95   2.03    31.32

DEGREE DAYS
 COOLING
  TODAY           11                        12     -1        9
  MONTH TO DATE  205                       226    -21      257
  SINCE MAR 1    377                       369      8      532
  SINCE JAN 1    391                       385      6      536
..................................................................


WIND (MPH)
  HIGHEST WIND SPEED    18   HIGHEST WIND DIRECTION     S (160)
  HIGHEST GUST SPEED    22   HIGHEST GUST DIRECTION    SE (120)
  AVERAGE WIND SPEED     6.2


SKY COVER
  POSSIBLE SUNSHINE  MM
  AVERAGE SKY COVER 0.6


WEATHER CONDITIONS
 THE FOLLOWING WEATHER WAS RECORDED TODAY.
  FOG


RELATIVE HUMIDITY (PERCENT)
 HIGHEST   100           100 AM
 LOWEST     57          1200 PM
 AVERAGE    79

..........................................................


THE MOBILE CLIMATE NORMALS FOR TOMORROW
                         NORMAL    RECORD    YEAR
 MAXIMUM TEMPERATURE (F)   87       100      1953
 MINIMUM TEMPERATURE (F)   67        49      1961


SUNRISE AND SUNSET
MAY 26 2016...........SUNRISE   552 AM CDT   SUNSET   748 PM CDT
MAY 27 2016...........SUNRISE   552 AM CDT   SUNSET   749 PM CDT


-  INDICATES NEGATIVE NUMBERS.
R  INDICATES RECORD WAS SET OR TIED.
MM INDICATES DATA IS MISSING.
T  INDICATES TRACE AMOUNT.




$$
