000
CDUS44 KMOB 290626
CLIMOB


CLIMATE REPORT
NATIONAL WEATHER SERVICE MOBILE AL
126 AM CDT THU SEP 29 2016


...................................

...THE MOBILE CLIMATE SUMMARY FOR SEPTEMBER 28 2016...

CLIMATE NORMAL PERIOD 1981 TO 2010
CLIMATE RECORD PERIOD 1842 TO 2016


WEATHER ITEM   OBSERVED TIME   RECORD YEAR NORMAL DEPARTURE LAST
                VALUE   (LST)  VALUE       VALUE  FROM      YEAR
                                                  NORMAL
..................................................................
TEMPERATURE (F)
 YESTERDAY
  MAXIMUM         88    246 PM  94    1953  84      4       82
  MINIMUM         69    644 AM  48    1967  64      5       70
  AVERAGE         79                        74      5       76

PRECIPITATION (IN)
  YESTERDAY        0.00          8.60 1998   0.16  -0.16     0.29
  MONTH TO DATE    5.24                      4.80   0.44     9.84
  SINCE MAR 1     42.76                     41.19   1.57    50.86
  SINCE JAN 1     52.21                     51.96   0.25    56.91

DEGREE DAYS
 HEATING
  YESTERDAY        0                         0      0        0
  MONTH TO DATE    0                         0      0        0
  SINCE SEP 1      0                         0      0        0
  SINCE JUL 1      0                         0      0        0

 COOLING
  YESTERDAY       14                         9      5       11
  MONTH TO DATE  458                       359     99      357
  SINCE SEP 1    458                       359     99      357
  SINCE JAN 1   2508                      2286    222     2537
..................................................................


WIND (MPH)
  HIGHEST WIND SPEED     9   HIGHEST WIND DIRECTION    SW (230)
  HIGHEST GUST SPEED    15   HIGHEST GUST DIRECTION     W (250)
  AVERAGE WIND SPEED     4.1


SKY COVER
  POSSIBLE SUNSHINE  MM
  AVERAGE SKY COVER 0.2


WEATHER CONDITIONS
 THE FOLLOWING WEATHER WAS RECORDED YESTERDAY.
  NO SIGNIFICANT WEATHER WAS OBSERVED.


RELATIVE HUMIDITY (PERCENT)
 HIGHEST   100          1200 AM
 LOWEST     46           100 PM
 AVERAGE    73

..........................................................


THE MOBILE CLIMATE NORMALS FOR TODAY
                         NORMAL    RECORD    YEAR
 MAXIMUM TEMPERATURE (F)   84        94      1904
 MINIMUM TEMPERATURE (F)   64        42      1967


SUNRISE AND SUNSET
SEPTEMBER 29 2016.....SUNRISE   646 AM CDT   SUNSET   640 PM CDT
SEPTEMBER 30 2016.....SUNRISE   646 AM CDT   SUNSET   639 PM CDT


-  INDICATES NEGATIVE NUMBERS.
R  INDICATES RECORD WAS SET OR TIED.
MM INDICATES DATA IS MISSING.
T  INDICATES TRACE AMOUNT.




$$
