000
CDUS44 KMOB 060645
CLIMOB


CLIMATE REPORT
NATIONAL WEATHER SERVICE MOBILE AL
1245 AM CST SAT FEB 6 2016


...................................

...THE MOBILE CLIMATE SUMMARY FOR FEBRUARY 5 2016...

CLIMATE NORMAL PERIOD 1981 TO 2010
CLIMATE RECORD PERIOD 1842 TO 2016


WEATHER ITEM   OBSERVED TIME   RECORD YEAR NORMAL DEPARTURE LAST
                VALUE   (LST)  VALUE       VALUE  FROM      YEAR
                                                  NORMAL
..................................................................
TEMPERATURE (F)
 YESTERDAY
  MAXIMUM         55    350 PM  80    1921  63     -8       58
  MINIMUM         29    656 AM  11    1996  41    -12       37
  AVERAGE         42                        52    -10       48

PRECIPITATION (IN)
  YESTERDAY        0.00          2.42 1896   0.18  -0.18     0.06
  MONTH TO DATE    1.18                      0.93   0.25     0.96
  SINCE MAR 1     82.79                     61.96  20.83    70.44
  SINCE JAN 1      7.47                      6.58   0.89     4.85

SNOWFALL (IN)
  YESTERDAY        0.0          MM      MM   0.0    0.0      0.0
  MONTH TO DATE    0.0                       0.0    0.0      0.0
  SINCE MAR 1      0.0                       0.1   -0.1       T
  SINCE JUL 1      0.0                       T      0.0       T
  SNOW DEPTH       0

DEGREE DAYS
 HEATING
  YESTERDAY       23                        13     10       17
  MONTH TO DATE   43                        68    -25       92
  SINCE DEC 1    706                       931   -225      915
  SINCE JUL 1    832                      1189   -357     1308

 COOLING
  YESTERDAY        0                         0      0        0
  MONTH TO DATE    8                         0      8        0
  SINCE DEC 1     79                        22     57        6
  SINCE JAN 1      8                         7      1        3
..................................................................


WIND (MPH)
  HIGHEST WIND SPEED    18   HIGHEST WIND DIRECTION     N (20)
  HIGHEST GUST SPEED    25   HIGHEST GUST DIRECTION     N (10)
  AVERAGE WIND SPEED     7.8


SKY COVER
  POSSIBLE SUNSHINE  MM
  AVERAGE SKY COVER 0.0


WEATHER CONDITIONS
 THE FOLLOWING WEATHER WAS RECORDED YESTERDAY.
  NO SIGNIFICANT WEATHER WAS OBSERVED.


RELATIVE HUMIDITY (PERCENT)
 HIGHEST    92           600 AM
 LOWEST     24           200 PM
 AVERAGE    58

..........................................................


THE MOBILE CLIMATE NORMALS FOR TODAY
                         NORMAL    RECORD    YEAR
 MAXIMUM TEMPERATURE (F)   63        78      1994
                                             1914
 MINIMUM TEMPERATURE (F)   42        22      1984


SUNRISE AND SUNSET
FEBRUARY  6 2016......SUNRISE   641 AM CST   SUNSET   533 PM CST
FEBRUARY  7 2016......SUNRISE   641 AM CST   SUNSET   534 PM CST


-  INDICATES NEGATIVE NUMBERS.
R  INDICATES RECORD WAS SET OR TIED.
MM INDICATES DATA IS MISSING.
T  INDICATES TRACE AMOUNT.




$$
