000
CDUS44 KMOB 230645
CLIMOB


CLIMATE REPORT
NATIONAL WEATHER SERVICE MOBILE AL
145 AM CDT WED APR 23 2014


...................................

...THE MOBILE CLIMATE SUMMARY FOR APRIL 22 2014...

CLIMATE NORMAL PERIOD 1981 TO 2010
CLIMATE RECORD PERIOD 1842 TO 2014


WEATHER ITEM   OBSERVED TIME   RECORD YEAR NORMAL DEPARTURE LAST
                VALUE   (LST)  VALUE       VALUE  FROM      YEAR
                                                  NORMAL
..................................................................
TEMPERATURE (F)
 YESTERDAY
  MAXIMUM         81    123 PM  92    1987  79      2       79
  MINIMUM         55    549 AM  42    1993  57     -2       50
  AVERAGE         68                        68      0       65

PRECIPITATION (IN)
  YESTERDAY        0.00          4.32 1983   0.15  -0.15     0.00
  MONTH TO DATE    6.26                      3.59   2.67     4.88
  SINCE MAR 1     12.76                      9.73   3.03     5.68
  SINCE JAN 1     19.88                     20.50  -0.62    19.86

DEGREE DAYS
 HEATING
  YESTERDAY        0                         1     -1        0
  MONTH TO DATE   68                        54     14       60
  SINCE MAR 1    344                       243    101      370
  SINCE JUL 1   2047                      1685    362     1546

 COOLING
  YESTERDAY        3                         4     -1        0
  MONTH TO DATE   34                        64    -30       59
  SINCE MAR 1     35                       103    -68       76
  SINCE JAN 1     47                       119    -72      103
..................................................................


WIND (MPH)
  HIGHEST WIND SPEED    15   HIGHEST WIND DIRECTION    NW (300)
  HIGHEST GUST SPEED    22   HIGHEST GUST DIRECTION    NW (300)
  AVERAGE WIND SPEED     5.0


SKY COVER
  POSSIBLE SUNSHINE  MM
  AVERAGE SKY COVER 0.4


WEATHER CONDITIONS
 THE FOLLOWING WEATHER WAS RECORDED YESTERDAY.
  FOG


RELATIVE HUMIDITY (PERCENT)
 HIGHEST   100          1200 AM
 LOWEST     45           200 PM
 AVERAGE    73

..........................................................


THE MOBILE CLIMATE NORMALS FOR TODAY
                         NORMAL    RECORD    YEAR
 MAXIMUM TEMPERATURE (F)   79        90      1883
 MINIMUM TEMPERATURE (F)   57        43      1927


SUNRISE AND SUNSET
APRIL 23 2014.........SUNRISE   617 AM CDT   SUNSET   726 PM CDT
APRIL 24 2014.........SUNRISE   616 AM CDT   SUNSET   727 PM CDT


-  INDICATES NEGATIVE NUMBERS.
R  INDICATES RECORD WAS SET OR TIED.
MM INDICATES DATA IS MISSING.
T  INDICATES TRACE AMOUNT.




$$
