000
CDUS44 KMOB 250636
CLIMOB


CLIMATE REPORT
NATIONAL WEATHER SERVICE MOBILE AL
125 AM CDT MON MAY 25 2015


...................................

...THE MOBILE CLIMATE SUMMARY FOR MAY 24 2015...

CLIMATE NORMAL PERIOD 1981 TO 2010
CLIMATE RECORD PERIOD 1842 TO 2015


WEATHER ITEM   OBSERVED TIME   RECORD YEAR NORMAL DEPARTURE LAST
                VALUE   (LST)  VALUE       VALUE  FROM      YEAR
                                                  NORMAL
..................................................................
TEMPERATURE (F)
 YESTERDAY
  MAXIMUM         86   1108 AM  97    2005  86      0       87
                                      1878
  MINIMUM         73    518 AM  52    1951  66      7       67
                                      1883
  AVERAGE         80                        76      4       77

PRECIPITATION (IN)
  YESTERDAY        0.44          1.88 1976   0.17   0.27     0.00
  MONTH TO DATE    6.71                      3.92   2.79     4.76
  SINCE MAR 1     24.57                     14.85   9.72    29.35
  SINCE JAN 1     30.62                     25.62   5.00    36.47

DEGREE DAYS
 COOLING
  YESTERDAY       15                        11      4       12
  MONTH TO DATE  237                       203     34      153
  SINCE MAR 1    512                       346    166      256
  SINCE JAN 1    516                       362    154      268
..................................................................


WIND (MPH)
  HIGHEST WIND SPEED    30   HIGHEST WIND DIRECTION     S (160)
  HIGHEST GUST SPEED    38   HIGHEST GUST DIRECTION    SE (150)
  AVERAGE WIND SPEED    13.6


SKY COVER
  POSSIBLE SUNSHINE  MM
  AVERAGE SKY COVER 0.6


WEATHER CONDITIONS
 THE FOLLOWING WEATHER WAS RECORDED YESTERDAY.
  THUNDERSTORM
  HEAVY RAIN
  RAIN
  LIGHT RAIN
  FOG
  HAZE


RELATIVE HUMIDITY (PERCENT)
 HIGHEST   100           400 AM
 LOWEST     65          1100 AM
 AVERAGE    83

..........................................................


THE MOBILE CLIMATE NORMALS FOR TODAY
                         NORMAL    RECORD    YEAR
 MAXIMUM TEMPERATURE (F)   86        97      1962
 MINIMUM TEMPERATURE (F)   66        53      1979


SUNRISE AND SUNSET
MAY 25 2015...........SUNRISE   553 AM CDT   SUNSET   747 PM CDT
MAY 26 2015...........SUNRISE   553 AM CDT   SUNSET   748 PM CDT


-  INDICATES NEGATIVE NUMBERS.
R  INDICATES RECORD WAS SET OR TIED.
MM INDICATES DATA IS MISSING.
T  INDICATES TRACE AMOUNT.




$$
