000
CDUS44 KMOB 202231
CLIMOB


CLIMATE REPORT
NATIONAL WEATHER SERVICE MOBILE AL
531 PM CDT SAT SEP 20 2014


...................................

...THE MOBILE CLIMATE SUMMARY FOR SEPTEMBER 20 2014...
VALID TODAY AS OF 0500 PM LOCAL TIME.

CLIMATE NORMAL PERIOD 1981 TO 2010
CLIMATE RECORD PERIOD 1842 TO 2014


WEATHER ITEM   OBSERVED TIME   RECORD YEAR NORMAL DEPARTURE LAST
                VALUE   (LST)  VALUE       VALUE  FROM      YEAR
                                                  NORMAL
..................................................................
TEMPERATURE (F)
 TODAY
  MAXIMUM         84    331 PM 100    1925  86     -2       90
  MINIMUM         68    615 AM  50    1981  67      1       73
  AVERAGE         76                        76      0       82

PRECIPITATION (IN)
  TODAY            0.00          7.61 1926   0.17  -0.17     0.06
  MONTH TO DATE    4.62                      3.47   1.15     2.96
  SINCE MAR 1     54.90                     39.86  15.04    40.48
  SINCE JAN 1     62.02                     50.63  11.39    54.66

DEGREE DAYS
 COOLING
  TODAY           11                        12     -1       17
  MONTH TO DATE  318                       277     41      335
  SINCE SEP 1    318                       277     41      335
  SINCE JAN 1   2066                      2204   -138     2165
..................................................................


WIND (MPH)
  HIGHEST WIND SPEED    15   HIGHEST WIND DIRECTION    NE (50)
  HIGHEST GUST SPEED    23   HIGHEST GUST DIRECTION    NE (50)
  AVERAGE WIND SPEED     8.8


SKY COVER
  POSSIBLE SUNSHINE  MM
  AVERAGE SKY COVER 0.2


WEATHER CONDITIONS
 THE FOLLOWING WEATHER WAS RECORDED TODAY.
  NO SIGNIFICANT WEATHER WAS OBSERVED.


RELATIVE HUMIDITY (PERCENT)
 HIGHEST    97           300 AM
 LOWEST     61           100 PM
 AVERAGE    79

..........................................................


THE MOBILE CLIMATE NORMALS FOR TOMORROW
                         NORMAL    RECORD    YEAR
 MAXIMUM TEMPERATURE (F)   86        99      1925
 MINIMUM TEMPERATURE (F)   67        51      1918


SUNRISE AND SUNSET
SEPTEMBER 20 2014.....SUNRISE   640 AM CDT   SUNSET   652 PM CDT
SEPTEMBER 21 2014.....SUNRISE   641 AM CDT   SUNSET   651 PM CDT


-  INDICATES NEGATIVE NUMBERS.
R  INDICATES RECORD WAS SET OR TIED.
MM INDICATES DATA IS MISSING.
T  INDICATES TRACE AMOUNT.




$$
