000
CDUS44 KMOB 010631
CLIMOB


CLIMATE REPORT
NATIONAL WEATHER SERVICE MOBILE AL
1229 AM CST SUN FEB 1 2015


...................................

...THE MOBILE CLIMATE SUMMARY FOR JANUARY 31 2015...

CLIMATE NORMAL PERIOD 1981 TO 2010
CLIMATE RECORD PERIOD 1842 TO 2015


WEATHER ITEM   OBSERVED TIME   RECORD YEAR NORMAL DEPARTURE LAST
                VALUE   (LST)  VALUE       VALUE  FROM      YEAR
                                                  NORMAL
..................................................................
TEMPERATURE (F)
 YESTERDAY
  MAXIMUM         61    329 PM  80    1957  62     -1       61
  MINIMUM         34    658 AM  20    1966  41     -7       26
  AVERAGE         48                        51     -3       44

PRECIPITATION (IN)
  YESTERDAY        0.00          3.83 1908   0.19  -0.19     0.00
  MONTH TO DATE    3.89                      5.65  -1.76     2.92
  SINCE MAR 1     69.48                     61.03   8.45    58.02
  SINCE JAN 1      3.89                      5.65  -1.76     2.92

SNOWFALL (IN)
  YESTERDAY        0.0          MM      MM   0.0    0.0      0.0
  MONTH TO DATE    T                         0.0    0.0      1.3
  SINCE MAR 1      T                         0.1   -0.1      1.3
  SINCE JUL 1      T                         T      0.0      1.3
  SNOW DEPTH       0

DEGREE DAYS
 HEATING
  YESTERDAY       17                        14      3       21
  MONTH TO DATE  506                       459     47      687
  SINCE DEC 1    823                       863    -40     1081
  SINCE JUL 1   1216                      1121     95     1365

 COOLING
  YESTERDAY        0                         0      0        0
  MONTH TO DATE    3                         7     -4        0
  SINCE DEC 1      6                        22    -16       27
  SINCE JAN 1      3                         7     -4        0
..................................................................


WIND (MPH)
  HIGHEST WIND SPEED    14   HIGHEST WIND DIRECTION     E (90)
  HIGHEST GUST SPEED    16   HIGHEST GUST DIRECTION     E (90)
  AVERAGE WIND SPEED     7.3


SKY COVER
  POSSIBLE SUNSHINE  MM
  AVERAGE SKY COVER 0.3


WEATHER CONDITIONS
 THE FOLLOWING WEATHER WAS RECORDED YESTERDAY.
  HAZE


RELATIVE HUMIDITY (PERCENT)
 HIGHEST    86          1100 PM
 LOWEST     23           200 PM
 AVERAGE    55

..........................................................


THE MOBILE CLIMATE NORMALS FOR TODAY
                         NORMAL    RECORD    YEAR
 MAXIMUM TEMPERATURE (F)   62        80      1989
 MINIMUM TEMPERATURE (F)   41        17      1951


SUNRISE AND SUNSET
FEBRUARY  1 2015......SUNRISE   644 AM CST   SUNSET   529 PM CST
FEBRUARY  2 2015......SUNRISE   644 AM CST   SUNSET   530 PM CST


-  INDICATES NEGATIVE NUMBERS.
R  INDICATES RECORD WAS SET OR TIED.
MM INDICATES DATA IS MISSING.
T  INDICATES TRACE AMOUNT.




$$
