000
CDUS44 KMOB 222238
CLIMOB


CLIMATE REPORT
NATIONAL WEATHER SERVICE MOBILE AL
537 PM CDT TUE AUG 22 2017


...................................

...THE MOBILE CLIMATE SUMMARY FOR AUGUST 22 2017...
VALID TODAY AS OF 0500 PM LOCAL TIME.

CLIMATE NORMAL PERIOD 1981 TO 2010
CLIMATE RECORD PERIOD 1842 TO 2017


WEATHER ITEM   OBSERVED TIME   RECORD YEAR NORMAL DEPARTURE LAST
                VALUE   (LST)  VALUE       VALUE  FROM      YEAR
                                                  NORMAL
..................................................................
TEMPERATURE (F)
 TODAY
  MAXIMUM         87    932 AM 102    1968  91     -4       93
  MINIMUM         75    543 AM  59    1956  73      2       72
  AVERAGE         81                        82     -1       83

PRECIPITATION (IN)
  TODAY            0.19          2.79 1879   0.22  -0.03     0.00
  MONTH TO DATE    6.57                      5.25   1.32     4.29
  SINCE MAR 1     44.03                     34.68   9.35    37.22
  SINCE JAN 1     56.24                     45.45  10.79    46.67

DEGREE DAYS
 COOLING
  TODAY           16                        17     -1       18
  MONTH TO DATE  377                       374      3      380
  SINCE JUN 1   1339                      1340     -1     1423
  SINCE JAN 1   1940                      1785    155     1882
..................................................................


WIND (MPH)
  HIGHEST WIND SPEED    13   HIGHEST WIND DIRECTION     N (360)
  HIGHEST GUST SPEED    16   HIGHEST GUST DIRECTION     N (10)
  AVERAGE WIND SPEED     2.8


SKY COVER
  POSSIBLE SUNSHINE  MM
  AVERAGE SKY COVER 0.5


WEATHER CONDITIONS
 THE FOLLOWING WEATHER WAS RECORDED TODAY.
  HEAVY RAIN
  LIGHT RAIN
  FOG
  HAZE


RELATIVE HUMIDITY (PERCENT)
 HIGHEST    94           200 AM
 LOWEST     70           400 PM
 AVERAGE    82

..........................................................


THE MOBILE CLIMATE NORMALS FOR TOMORROW
                         NORMAL    RECORD    YEAR
 MAXIMUM TEMPERATURE (F)   91        99      1924
 MINIMUM TEMPERATURE (F)   73        63      2009
                                             1956


SUNRISE AND SUNSET
AUGUST 22 2017........SUNRISE   624 AM CDT   SUNSET   727 PM CDT
AUGUST 23 2017........SUNRISE   624 AM CDT   SUNSET   726 PM CDT


-  INDICATES NEGATIVE NUMBERS.
R  INDICATES RECORD WAS SET OR TIED.
MM INDICATES DATA IS MISSING.
T  INDICATES TRACE AMOUNT.




$$
