000
CDUS46 KSTO 190038
CLIMOD


CLIMATE REPORT
NATIONAL WEATHER SERVICE SACRAMENTO, CA
438 PM PST THU DEC 18 2014


...................................

...THE MODESTO CA CLIMATE SUMMARY FOR DECEMBER 18 2014...
VALID TODAY AS OF 0400 PM LOCAL TIME.

CLIMATE NORMAL PERIOD 1981 TO 2010
CLIMATE RECORD PERIOD 1931 TO 2014


WEATHER ITEM   OBSERVED TIME   RECORD YEAR NORMAL DEPARTURE LAST
                VALUE   (LST)  VALUE       VALUE  FROM      YEAR
                                                  NORMAL
..................................................................
TEMPERATURE (F)
 TODAY
  MAXIMUM         61    233 PM  67    1958  55      6       65
  MINIMUM         50    759 AM  26    1935  39     11       44
  AVERAGE         56

PRECIPITATION (IN)
  TODAY            0.05          0.55 2005   0.07  -0.02      T
  MONTH TO DATE    5.28                      1.07   4.21     0.25
  SINCE JUL 1      7.31                      3.39   3.92     1.49
  SINCE JAN 1     12.82                     12.14   0.68     4.70

SNOWFALL (IN)
  TODAY            0.0           0.0  2001
  MONTH TO DATE    0.0
  SINCE DEC 1      0.0
  SINCE JUL 1      0.0

DEGREE DAYS
 HEATING
  TODAY            9                        18     -9       10
  MONTH TO DATE  172                       299   -127      380
  SINCE DEC 1    172                       299   -127      380
  SINCE JUL 1    470                       660   -190      751

 COOLING
  TODAY            0                         0      0        0
  MONTH TO DATE    0                         0      0        0
  SINCE DEC 1      0                         0      0        0
  SINCE JAN 1   1855                      1699    156     1718
..................................................................


WIND (MPH)
  RESULTANT WIND SPEED   7   RESULTANT WIND DIRECTION  SE (140)
  HIGHEST WIND SPEED    12   HIGHEST WIND DIRECTION    SE (150)
  HIGHEST GUST SPEED    16   HIGHEST GUST DIRECTION    SE (140)


SKY COVER
  POSSIBLE SUNSHINE  MM
  AVERAGE SKY COVER 0.5


WEATHER CONDITIONS
 THE FOLLOWING WEATHER WAS RECORDED TODAY.
  LIGHT RAIN
  FOG


RELATIVE HUMIDITY (PERCENT)
 HIGHEST    89           100 AM
 LOWEST     60           200 PM
 AVERAGE    75

..........................................................


THE MODESTO CA CLIMATE NORMALS FOR TOMORROW
                         NORMAL    RECORD    YEAR
 MAXIMUM TEMPERATURE (F)   55        65      2005
                                             1981
 MINIMUM TEMPERATURE (F)   39        24      1965


SUNRISE AND SUNSET
DECEMBER 18 2014......SUNRISE   713 AM PST   SUNSET   448 PM PST
DECEMBER 19 2014......SUNRISE   714 AM PST   SUNSET   448 PM PST


-  INDICATES NEGATIVE NUMBERS.
R  INDICATES RECORD WAS SET OR TIED.
MM INDICATES DATA IS MISSING.
T  INDICATES TRACE AMOUNT.




$$
