149
CDUS46 KSTO 250836
CLIMOD


CLIMATE REPORT
NATIONAL WEATHER SERVICE SACRAMENTO, CA
136 AM PDT THU AUG 25 2016


...................................

...THE MODESTO CA CLIMATE SUMMARY FOR AUGUST 24 2016...

CLIMATE NORMAL PERIOD 1981 TO 2010
CLIMATE RECORD PERIOD 1931 TO 2016


WEATHER ITEM   OBSERVED TIME   RECORD YEAR NORMAL DEPARTURE LAST
                VALUE   (LST)  VALUE       VALUE  FROM      YEAR
                                                  NORMAL
..................................................................
TEMPERATURE (F)
 YESTERDAY
  MAXIMUM         93    457 PM 106    1931  93      0       95
  MINIMUM         59    605 AM  47    1949  62     -3       62
  AVERAGE         76

PRECIPITATION (IN)
  YESTERDAY        0.00          0.00 2002   0.01  -0.01     0.00
  MONTH TO DATE    0.00                      0.02  -0.02      T
  SINCE OCT 1     15.61                     12.85   2.76    10.25
  SINCE JAN 1     11.20                      8.77   2.43     2.85

SNOWFALL (IN)
  YESTERDAY        0.0          MM      MM
  MONTH TO DATE    0.0
  SINCE JUN 1      0.0
  SINCE JUL 1      0.0
  SNOW DEPTH       0

DEGREE DAYS
 HEATING
  YESTERDAY        0                         0      0        0
  MONTH TO DATE    0                         0      0        0
  SINCE JUN 1      2                         3     -1        0
  SINCE JUL 1      0                         0      0        0

 COOLING
  YESTERDAY       11                        12     -1       14
  MONTH TO DATE  359                       318     41      338
  SINCE JUN 1   1288                      1054    234     1253
  SINCE JAN 1   1536                      1253    283     1431
..................................................................


WIND (MPH)
  RESULTANT WIND SPEED   8   RESULTANT WIND DIRECTION  NW (330)
  HIGHEST WIND SPEED    14   HIGHEST WIND DIRECTION    NW (320)
  HIGHEST GUST SPEED    24   HIGHEST GUST DIRECTION    SW (240)


SKY COVER
  POSSIBLE SUNSHINE  MM
  AVERAGE SKY COVER 0.0


WEATHER CONDITIONS
 THE FOLLOWING WEATHER WAS RECORDED YESTERDAY.
  NO SIGNIFICANT WEATHER WAS OBSERVED.


RELATIVE HUMIDITY (PERCENT)
 HIGHEST    78           600 AM
 LOWEST     20           500 PM
 AVERAGE    49

..........................................................


THE MODESTO CA CLIMATE NORMALS FOR TODAY
                         NORMAL    RECORD    YEAR
 MAXIMUM TEMPERATURE (F)   93       107      2010
 MINIMUM TEMPERATURE (F)   62        48      1963


SUNRISE AND SUNSET
AUGUST 25 2016........SUNRISE   629 AM PDT   SUNSET   742 PM PDT
AUGUST 26 2016........SUNRISE   629 AM PDT   SUNSET   741 PM PDT


-  INDICATES NEGATIVE NUMBERS.
R  INDICATES RECORD WAS SET OR TIED.
MM INDICATES DATA IS MISSING.
T  INDICATES TRACE AMOUNT.




$$
