000
CDUS46 KSTO 260836
CLIMOD


CLIMATE REPORT
NATIONAL WEATHER SERVICE SACRAMENTO, CA
136 AM PDT THU MAY 26 2016


...................................

...THE MODESTO CA CLIMATE SUMMARY FOR MAY 25 2016...

CLIMATE NORMAL PERIOD 1981 TO 2010
CLIMATE RECORD PERIOD 1931 TO 2016


WEATHER ITEM   OBSERVED TIME   RECORD YEAR NORMAL DEPARTURE LAST
                VALUE   (LST)  VALUE       VALUE  FROM      YEAR
                                                  NORMAL
..................................................................
TEMPERATURE (F)
 YESTERDAY
  MAXIMUM         81    411 PM  99    1979  85     -4       85
  MINIMUM         55    530 AM  42    1962  56     -1       54
  AVERAGE         68

PRECIPITATION (IN)
  YESTERDAY        0.00          1.06 1931   0.02  -0.02     0.00
  MONTH TO DATE    0.25                      0.54  -0.29     0.27
  SINCE OCT 1     15.61                     12.62   2.99    10.25
  SINCE JAN 1     11.20                      8.54   2.66     2.85

SNOWFALL (IN)
  YESTERDAY        0.0          MM      MM
  MONTH TO DATE    0.0
  SINCE MAR 1      0.0
  SINCE JUL 1      0.0
  SNOW DEPTH       0

DEGREE DAYS
 HEATING
  YESTERDAY        0                         1     -1        0
  MONTH TO DATE   16                        32    -16       23
  SINCE MAR 1    242                       398   -156      200
  SINCE JUL 1   1834                      2166   -332     1612

 COOLING
  YESTERDAY        3                         6     -3        5
  MONTH TO DATE  121                       114      7       54
  SINCE MAR 1    175                       158     17      137
  SINCE JAN 1    175                       158     17      137
..................................................................


WIND (MPH)
  RESULTANT WIND SPEED  10   RESULTANT WIND DIRECTION  NW (320)
  HIGHEST WIND SPEED    22   HIGHEST WIND DIRECTION     W (290)
  HIGHEST GUST SPEED    27   HIGHEST GUST DIRECTION    NW (300)


SKY COVER
  POSSIBLE SUNSHINE  MM
  AVERAGE SKY COVER 0.0


WEATHER CONDITIONS
 THE FOLLOWING WEATHER WAS RECORDED YESTERDAY.
  NO SIGNIFICANT WEATHER WAS OBSERVED.


RELATIVE HUMIDITY (PERCENT)
 HIGHEST    77           100 AM
 LOWEST     30           200 PM
 AVERAGE    54

..........................................................


THE MODESTO CA CLIMATE NORMALS FOR TODAY
                         NORMAL    RECORD    YEAR
 MAXIMUM TEMPERATURE (F)   85       102      1951
 MINIMUM TEMPERATURE (F)   57        43      1962


SUNRISE AND SUNSET
MAY 26 2016...........SUNRISE   546 AM PDT   SUNSET   816 PM PDT
MAY 27 2016...........SUNRISE   546 AM PDT   SUNSET   817 PM PDT


-  INDICATES NEGATIVE NUMBERS.
R  INDICATES RECORD WAS SET OR TIED.
MM INDICATES DATA IS MISSING.
T  INDICATES TRACE AMOUNT.




$$
