000
CDUS46 KSTO 100851
CLIMOD


CLIMATE REPORT
NATIONAL WEATHER SERVICE SACRAMENTO, CA
1251 AM PST SAT DEC 10 2016


...................................

...THE MODESTO CA CLIMATE SUMMARY FOR DECEMBER 9 2016...

CLIMATE NORMAL PERIOD 1981 TO 2010
CLIMATE RECORD PERIOD 1931 TO 2016


WEATHER ITEM   OBSERVED TIME   RECORD YEAR NORMAL DEPARTURE LAST
                VALUE   (LST)  VALUE       VALUE  FROM      YEAR
                                                  NORMAL
..................................................................
TEMPERATURE (F)
 YESTERDAY
  MAXIMUM         67    318 PM  71    1939  57     10       63
  MINIMUM         53    733 AM  22    1972  40     13       50
  AVERAGE         60

PRECIPITATION (IN)
  YESTERDAY        0.03          1.22 1954   0.06  -0.03     0.00
  MONTH TO DATE    0.41                      0.50  -0.09     0.29
  SINCE OCT 1      3.40                      2.54   0.86     2.71
  SINCE JAN 1     14.60                     11.57   3.03     5.56

SNOWFALL (IN)
  YESTERDAY        0.0          MM      MM
  MONTH TO DATE    0.0
  SINCE DEC 1      0.0
  SINCE JUL 1      0.0
  SNOW DEPTH       0

DEGREE DAYS
 HEATING
  YESTERDAY        5                        17    -12        8
  MONTH TO DATE  134                       142     -8      120
  SINCE DEC 1    134                       142     -8      120
  SINCE JUL 1    347                       503   -156      491

 COOLING
  YESTERDAY        0                         0      0        0
  MONTH TO DATE    0                         0      0        0
  SINCE DEC 1      0                         0      0        0
  SINCE JAN 1   1982                      1699    283     2087
..................................................................


WIND (MPH)
  RESULTANT WIND SPEED   4   RESULTANT WIND DIRECTION  SE (140)
  HIGHEST WIND SPEED    10   HIGHEST WIND DIRECTION    SE (150)
  HIGHEST GUST SPEED    14   HIGHEST GUST DIRECTION    SE (140)


SKY COVER
  POSSIBLE SUNSHINE  MM
  AVERAGE SKY COVER 0.5


WEATHER CONDITIONS
 THE FOLLOWING WEATHER WAS RECORDED YESTERDAY.
  LIGHT RAIN
  FOG
  HAZE


RELATIVE HUMIDITY (PERCENT)
 HIGHEST    93          1200 AM
 LOWEST     63           100 PM
 AVERAGE    78

..........................................................


THE MODESTO CA CLIMATE NORMALS FOR TODAY
                         NORMAL    RECORD    YEAR
 MAXIMUM TEMPERATURE (F)   57        70      1937
 MINIMUM TEMPERATURE (F)   40        24      1972


SUNRISE AND SUNSET
DECEMBER 10 2016......SUNRISE   708 AM PST   SUNSET   445 PM PST
DECEMBER 11 2016......SUNRISE   709 AM PST   SUNSET   446 PM PST


-  INDICATES NEGATIVE NUMBERS.
R  INDICATES RECORD WAS SET OR TIED.
MM INDICATES DATA IS MISSING.
T  INDICATES TRACE AMOUNT.




$$
