000
CDUS46 KSTO 270836
CLIMOD


CLIMATE REPORT
NATIONAL WEATHER SERVICE SACRAMENTO, CA
136 AM PDT WED MAY 27 2015


...................................

...THE MODESTO CA CLIMATE SUMMARY FOR MAY 26 2015...

CLIMATE NORMAL PERIOD 1981 TO 2010
CLIMATE RECORD PERIOD 1931 TO 2015


WEATHER ITEM   OBSERVED TIME   RECORD YEAR NORMAL DEPARTURE LAST
                VALUE   (LST)  VALUE       VALUE  FROM      YEAR
                                                  NORMAL
..................................................................
TEMPERATURE (F)
 YESTERDAY
  MAXIMUM         83    420 PM 102    1951  85     -2       95
  MINIMUM         53    511 AM  43    1962  57     -4       63
  AVERAGE         68

PRECIPITATION (IN)
  YESTERDAY        0.00          0.36 1946   0.02  -0.02     0.00
  MONTH TO DATE    0.27                      0.56  -0.29     0.01
  SINCE OCT 1     10.25                     12.64  -2.39     6.87
  SINCE JAN 1      2.85                      8.56  -5.71     5.51

SNOWFALL (IN)
  YESTERDAY        0.0          MM      MM
  MONTH TO DATE    0.0
  SINCE MAR 1      0.0
  SINCE JUL 1      0.0
  SNOW DEPTH       0

DEGREE DAYS
 HEATING
  YESTERDAY        0                         1     -1        0
  MONTH TO DATE   23                        33    -10       12
  SINCE MAR 1    200                       399   -199      271
  SINCE JUL 1   1612                      2167   -555     1969

 COOLING
  YESTERDAY        3                         6     -3       14
  MONTH TO DATE   57                       120    -63      157
  SINCE MAR 1    140                       164    -24      218
  SINCE JAN 1    140                       164    -24      218
..................................................................


WIND (MPH)
  RESULTANT WIND SPEED   8   RESULTANT WIND DIRECTION  NW (330)
  HIGHEST WIND SPEED    14   HIGHEST WIND DIRECTION    NW (330)
  HIGHEST GUST SPEED    19   HIGHEST GUST DIRECTION    NW (330)


SKY COVER
  POSSIBLE SUNSHINE  MM
  AVERAGE SKY COVER 0.0


WEATHER CONDITIONS
 THE FOLLOWING WEATHER WAS RECORDED YESTERDAY.
  NO SIGNIFICANT WEATHER WAS OBSERVED.


RELATIVE HUMIDITY (PERCENT)
 HIGHEST    83           200 AM
 LOWEST     28           300 PM
 AVERAGE    56

..........................................................


THE MODESTO CA CLIMATE NORMALS FOR TODAY
                         NORMAL    RECORD    YEAR
 MAXIMUM TEMPERATURE (F)   85       100      1984
 MINIMUM TEMPERATURE (F)   57        46      1961


SUNRISE AND SUNSET
MAY 27 2015...........SUNRISE   546 AM PDT   SUNSET   816 PM PDT
MAY 28 2015...........SUNRISE   546 AM PDT   SUNSET   817 PM PDT


-  INDICATES NEGATIVE NUMBERS.
R  INDICATES RECORD WAS SET OR TIED.
MM INDICATES DATA IS MISSING.
T  INDICATES TRACE AMOUNT.




$$
