000
CDUS46 KSTO 200837
CLIMOD


CLIMATE REPORT
NATIONAL WEATHER SERVICE SACRAMENTO, CA
1237 AM PST FRI JAN 20 2017


...................................

...THE MODESTO CA CLIMATE SUMMARY FOR JANUARY 19 2017...

CLIMATE NORMAL PERIOD 1981 TO 2010
CLIMATE RECORD PERIOD 1931 TO 2017


WEATHER ITEM   OBSERVED TIME   RECORD YEAR NORMAL DEPARTURE LAST
                VALUE   (LST)  VALUE       VALUE  FROM      YEAR
                                                  NORMAL
..................................................................
TEMPERATURE (F)
 YESTERDAY
  MAXIMUM         60    220 PM  74    1981  56      4       58
  MINIMUM         46    429 AM  26    1947  40      6       52
  AVERAGE         53

PRECIPITATION (IN)
  YESTERDAY        0.01          0.93 2010   0.08  -0.07     0.75
  MONTH TO DATE    4.03                      1.57   2.46     4.37
  SINCE OCT 1      9.06                      5.65   3.41     8.78
  SINCE JAN 1      4.03                      1.57   2.46     4.37

SNOWFALL (IN)
  YESTERDAY        0.0          MM      MM
  MONTH TO DATE    0.0
  SINCE DEC 1      0.0
  SINCE JUL 1      0.0
  SNOW DEPTH       0

DEGREE DAYS
 HEATING
  YESTERDAY       12                        17     -5       10
  MONTH TO DATE  306                       340    -34      281
  SINCE DEC 1    822                       876    -54      818
  SINCE JUL 1   1035                      1237   -202     1189

 COOLING
  YESTERDAY        0                         0      0        0
  MONTH TO DATE    0                         0      0        0
  SINCE DEC 1      0                         0      0        0
  SINCE JAN 1      0                         0      0        0
..................................................................


WIND (MPH)
  RESULTANT WIND SPEED   7   RESULTANT WIND DIRECTION  SE (150)
  HIGHEST WIND SPEED    12   HIGHEST WIND DIRECTION     S (170)
  HIGHEST GUST SPEED    17   HIGHEST GUST DIRECTION     S (170)


SKY COVER
  POSSIBLE SUNSHINE  MM
  AVERAGE SKY COVER 0.6


WEATHER CONDITIONS
 THE FOLLOWING WEATHER WAS RECORDED YESTERDAY.
  LIGHT RAIN


RELATIVE HUMIDITY (PERCENT)
 HIGHEST    86           400 AM
 LOWEST     57           100 PM
 AVERAGE    72

..........................................................


THE MODESTO CA CLIMATE NORMALS FOR TODAY
                         NORMAL    RECORD    YEAR
 MAXIMUM TEMPERATURE (F)   56        69      2014
                                             2009
 MINIMUM TEMPERATURE (F)   40        24      1937


SUNRISE AND SUNSET
JANUARY 20 2017.......SUNRISE   715 AM PST   SUNSET   515 PM PST
JANUARY 21 2017.......SUNRISE   715 AM PST   SUNSET   516 PM PST


-  INDICATES NEGATIVE NUMBERS.
R  INDICATES RECORD WAS SET OR TIED.
MM INDICATES DATA IS MISSING.
T  INDICATES TRACE AMOUNT.




$$
