000
CDUS46 KSTO 181444
CLIMOD


CLIMATE REPORT
NATIONAL WEATHER SERVICE SACRAMENTO, CA
743 AM PDT FRI APR 18 2014


...................................

...THE MODESTO CA CLIMATE SUMMARY FOR APRIL 17 2014...

CLIMATE NORMAL PERIOD 1981 TO 2010
CLIMATE RECORD PERIOD 1931 TO 2014


WEATHER ITEM   OBSERVED TIME   RECORD YEAR NORMAL DEPARTURE LAST
                VALUE   (LST)  VALUE       VALUE  FROM      YEAR
                                                  NORMAL
..................................................................
TEMPERATURE (F)
 YESTERDAY
  MAXIMUM         86    349 PM  92    1954  75     11       72
  MINIMUM         52    442 AM  37    1933  49      3       45
  AVERAGE         69

PRECIPITATION (IN)
  YESTERDAY        0.00          1.63 2000   0.03  -0.03     0.00
  MONTH TO DATE    0.59                      0.61  -0.02     0.34
  SINCE JUL 1      6.63                     12.00  -5.37     8.88
  SINCE JAN 1      5.14                      7.64  -2.50     3.00

SNOWFALL (IN)
  YESTERDAY        0.0          MM      MM
  MONTH TO DATE    0.0
  SINCE MAR 1      0.0
  SINCE JUL 1      0.0
  SNOW DEPTH       0

DEGREE DAYS
 HEATING
  YESTERDAY        0                         4     -4        6
  MONTH TO DATE   65                        89    -24       53
  SINCE MAR 1    226                       326   -100      222
  SINCE JUL 1   1924                      2094   -170     2135

 COOLING
  YESTERDAY        4                         1      3        0
  MONTH TO DATE   36                        13     23        4
  SINCE MAR 1     36                        18     18        9
  SINCE JAN 1     36                        18     18        9
..................................................................


WIND (MPH)
  RESULTANT WIND SPEED   3   RESULTANT WIND DIRECTION  NW (320)
  HIGHEST WIND SPEED    18   HIGHEST WIND DIRECTION     W (290)
  HIGHEST GUST SPEED    22   HIGHEST GUST DIRECTION     N (350)


SKY COVER
  POSSIBLE SUNSHINE  MM
  AVERAGE SKY COVER 0.0


WEATHER CONDITIONS
 THE FOLLOWING WEATHER WAS RECORDED YESTERDAY.
  NO SIGNIFICANT WEATHER WAS OBSERVED.


RELATIVE HUMIDITY (PERCENT)
 HIGHEST    83           500 AM
 LOWEST     23           300 PM
 AVERAGE    53

..........................................................


THE MODESTO CA CLIMATE NORMALS FOR TODAY
                         NORMAL    RECORD    YEAR
 MAXIMUM TEMPERATURE (F)   75        92      1954
 MINIMUM TEMPERATURE (F)   50        35      1933


SUNRISE AND SUNSET
APRIL 18 2014.........SUNRISE   625 AM PDT   SUNSET   742 PM PDT
APRIL 19 2014.........SUNRISE   623 AM PDT   SUNSET   743 PM PDT


-  INDICATES NEGATIVE NUMBERS.
R  INDICATES RECORD WAS SET OR TIED.
MM INDICATES DATA IS MISSING.
T  INDICATES TRACE AMOUNT.




$$
