000
CDUS46 KSTO 290035
CLIMOD


CLIMATE REPORT
NATIONAL WEATHER SERVICE SACRAMENTO, CA
435 PM PST FRI NOV 28 2014


...................................

...THE MODESTO CA CLIMATE SUMMARY FOR NOVEMBER 28 2014...
VALID TODAY AS OF 0400 PM LOCAL TIME.

CLIMATE NORMAL PERIOD 1981 TO 2010
CLIMATE RECORD PERIOD 1931 TO 2014


WEATHER ITEM   OBSERVED TIME   RECORD YEAR NORMAL DEPARTURE LAST
                VALUE   (LST)  VALUE       VALUE  FROM      YEAR
                                                  NORMAL
..................................................................
TEMPERATURE (F)
 TODAY
  MAXIMUM         65    206 PM  74    1932  60      5       69
  MINIMUM         37    730 AM   1    2013  42     -5       44
  AVERAGE         51

PRECIPITATION (IN)
  TODAY            0.00          2.25 1970   0.05  -0.05     0.00
  MONTH TO DATE    0.43                      1.25  -0.82     1.11
  SINCE JUL 1      1.41                      2.21  -0.80     1.24
  SINCE JAN 1      6.92                     10.96  -4.04     4.45

SNOWFALL (IN)
  TODAY            0.0           0.0  2002
                                      2001
  MONTH TO DATE    0.0
  SINCE SEP 1      0.0
  SINCE JUL 1      0.0

DEGREE DAYS
 HEATING
  TODAY           14                        14      0        8
  MONTH TO DATE  244                       269    -25      272
  SINCE SEP 1    272                       332    -60      348
  SINCE JUL 1    272                       332    -60      348

 COOLING
  TODAY            0                         0      0        0
  MONTH TO DATE    0                         0      0        0
  SINCE SEP 1    426                       360     66      246
  SINCE JAN 1   1855                      1696    159     1718
..................................................................


WIND (MPH)
  RESULTANT WIND SPEED   3   RESULTANT WIND DIRECTION  SE (120)
  HIGHEST WIND SPEED     7   HIGHEST WIND DIRECTION    SW (240)
  HIGHEST GUST SPEED     9   HIGHEST GUST DIRECTION    SW (240)


SKY COVER
  POSSIBLE SUNSHINE  MM
  AVERAGE SKY COVER 0.1


WEATHER CONDITIONS
 THE FOLLOWING WEATHER WAS RECORDED TODAY.
  FOG
  FOG W/VISIBILITY <= 1/4 MILE
  HAZE


RELATIVE HUMIDITY (PERCENT)
 HIGHEST    96          1200 AM
 LOWEST     52           200 PM
 AVERAGE    74

..........................................................


THE MODESTO CA CLIMATE NORMALS FOR TOMORROW
                         NORMAL    RECORD    YEAR
 MAXIMUM TEMPERATURE (F)   60        74      1995
 MINIMUM TEMPERATURE (F)   42        29      1975


SUNRISE AND SUNSET
NOVEMBER 28 2014......SUNRISE   657 AM PST   SUNSET   446 PM PST
NOVEMBER 29 2014......SUNRISE   658 AM PST   SUNSET   446 PM PST


-  INDICATES NEGATIVE NUMBERS.
R  INDICATES RECORD WAS SET OR TIED.
MM INDICATES DATA IS MISSING.
T  INDICATES TRACE AMOUNT.




$$
