000
CDUS46 KSTO 290839
CLIMOD


CLIMATE REPORT
NATIONAL WEATHER SERVICE SACRAMENTO, CA
139 AM PDT FRI APR 29 2016


...................................

...THE MODESTO CA CLIMATE SUMMARY FOR APRIL 28 2016...

CLIMATE NORMAL PERIOD 1981 TO 2010
CLIMATE RECORD PERIOD 1931 TO 2016


WEATHER ITEM   OBSERVED TIME   RECORD YEAR NORMAL DEPARTURE LAST
                VALUE   (LST)  VALUE       VALUE  FROM      YEAR
                                                  NORMAL
..................................................................
TEMPERATURE (F)
 YESTERDAY
  MAXIMUM         81    435 PM  95    2007  78      3       90
  MINIMUM         54    538 AM  35    1970  52      2       60
  AVERAGE         68

PRECIPITATION (IN)
  YESTERDAY        0.00          0.88 1942   0.03  -0.03     0.00
  MONTH TO DATE    1.57                      0.92   0.65     0.63
  SINCE OCT 1     15.36                     12.03   3.33     9.98
  SINCE JAN 1     10.95                      7.95   3.00     2.58

SNOWFALL (IN)
  YESTERDAY        0.0          MM      MM
  MONTH TO DATE    0.0
  SINCE MAR 1      0.0
  SINCE JUL 1      0.0
  SNOW DEPTH       0

DEGREE DAYS
 HEATING
  YESTERDAY        0                         3     -3        0
  MONTH TO DATE   51                       126    -75       83
  SINCE MAR 1    226                       363   -137      177
  SINCE JUL 1   1818                      2131   -313     1589

 COOLING
  YESTERDAY        3                         2      1       10
  MONTH TO DATE   48                        33     15       35
  SINCE MAR 1     48                        38     10       67
  SINCE JAN 1     48                        38     10       67
..................................................................


WIND (MPH)
  RESULTANT WIND SPEED  11   RESULTANT WIND DIRECTION  NW (320)
  HIGHEST WIND SPEED    21   HIGHEST WIND DIRECTION    NW (310)
  HIGHEST GUST SPEED    29   HIGHEST GUST DIRECTION     W (290)


SKY COVER
  POSSIBLE SUNSHINE  MM
  AVERAGE SKY COVER 0.0


WEATHER CONDITIONS
 THE FOLLOWING WEATHER WAS RECORDED YESTERDAY.
  HAZE


RELATIVE HUMIDITY (PERCENT)
 HIGHEST    72          1200 AM
 LOWEST     18           400 PM
 AVERAGE    45

..........................................................


THE MODESTO CA CLIMATE NORMALS FOR TODAY
                         NORMAL    RECORD    YEAR
 MAXIMUM TEMPERATURE (F)   79        97      1981
 MINIMUM TEMPERATURE (F)   52        35      1942


SUNRISE AND SUNSET
APRIL 29 2016.........SUNRISE   610 AM PDT   SUNSET   753 PM PDT
APRIL 30 2016.........SUNRISE   609 AM PDT   SUNSET   754 PM PDT


-  INDICATES NEGATIVE NUMBERS.
R  INDICATES RECORD WAS SET OR TIED.
MM INDICATES DATA IS MISSING.
T  INDICATES TRACE AMOUNT.




$$
