000
CDUS46 KSTO 270834
CLIMOD


CLIMATE REPORT
NATIONAL WEATHER SERVICE SACRAMENTO, CA
134 AM PDT TUE SEP 27 2016


...................................

...THE MODESTO CA CLIMATE SUMMARY FOR SEPTEMBER 26 2016...

CLIMATE NORMAL PERIOD 1981 TO 2010
CLIMATE RECORD PERIOD 1931 TO 2016


WEATHER ITEM   OBSERVED TIME   RECORD YEAR NORMAL DEPARTURE LAST
                VALUE   (LST)  VALUE       VALUE  FROM      YEAR
                                                  NORMAL
..................................................................
TEMPERATURE (F)
 YESTERDAY
  MAXIMUM        101    325 PM 104    1963  87     14       97
  MINIMUM         60    625 AM  40    1948  57      3       67
  AVERAGE         81

PRECIPITATION (IN)
  YESTERDAY        0.00          0.52 1939   0.02  -0.02     0.00
  MONTH TO DATE    T                         0.20  -0.20      T
  SINCE OCT 1     15.61                     13.05   2.56    10.25
  SINCE JAN 1     11.20                      8.97   2.23     2.85

SNOWFALL (IN)
  YESTERDAY        0.0          MM      MM
  MONTH TO DATE    0.0
  SINCE SEP 1      0.0
  SINCE JUL 1      0.0
  SNOW DEPTH       0

DEGREE DAYS
 HEATING
  YESTERDAY        0                         0      0        0
  MONTH TO DATE    3                         0      3        0
  SINCE SEP 1      3                         0      3        0
  SINCE JUL 1      3                         0      3        0

 COOLING
  YESTERDAY       16                         7      9       17
  MONTH TO DATE  251                       248      3      307
  SINCE SEP 1    251                       248      3      307
  SINCE JAN 1   1868                      1584    284     1854
..................................................................


WIND (MPH)
  RESULTANT WIND SPEED   2   RESULTANT WIND DIRECTION   E (80)
  HIGHEST WIND SPEED    12   HIGHEST WIND DIRECTION    NW (300)
  HIGHEST GUST SPEED    14   HIGHEST GUST DIRECTION    NW (320)


SKY COVER
  POSSIBLE SUNSHINE  MM
  AVERAGE SKY COVER 0.2


WEATHER CONDITIONS
 THE FOLLOWING WEATHER WAS RECORDED YESTERDAY.
  HAZE


RELATIVE HUMIDITY (PERCENT)
 HIGHEST    72           500 AM
 LOWEST     15           400 PM
 AVERAGE    44

..........................................................


THE MODESTO CA CLIMATE NORMALS FOR TODAY
                         NORMAL    RECORD    YEAR
 MAXIMUM TEMPERATURE (F)   86       100      1963
 MINIMUM TEMPERATURE (F)   57        42      1934


SUNRISE AND SUNSET
SEPTEMBER 27 2016.....SUNRISE   656 AM PDT   SUNSET   652 PM PDT
SEPTEMBER 28 2016.....SUNRISE   657 AM PDT   SUNSET   651 PM PDT


-  INDICATES NEGATIVE NUMBERS.
R  INDICATES RECORD WAS SET OR TIED.
MM INDICATES DATA IS MISSING.
T  INDICATES TRACE AMOUNT.




$$
