000
CDUS43 KBIS 280738
CLIMOT


CLIMATE REPORT
NATIONAL WEATHER SERVICE BISMARCK ND
238 AM CDT THU MAY 28 2015


...................................

...THE MINOT ND CLIMATE SUMMARY FOR MAY 27 2015...

CLIMATE NORMAL PERIOD 1981 TO 2010
CLIMATE RECORD PERIOD 1897 TO 2015


WEATHER ITEM   OBSERVED TIME   RECORD YEAR NORMAL DEPARTURE LAST
                VALUE   (LST)  VALUE       VALUE  FROM      YEAR
                                                  NORMAL
..................................................................
TEMPERATURE (F)
 YESTERDAY
  MAXIMUM         79    305 PM  99    1934  70      9       78
  MINIMUM         55    535 AM  23    2008  47      8       51
  AVERAGE         67                        58      9       65

PRECIPITATION (IN)
  YESTERDAY        0.06          1.96 2010   0.09  -0.03     0.00
  MONTH TO DATE    2.58                      2.11   0.47     1.60
  SINCE MAR 1      3.54                      4.09  -0.55     3.45
  SINCE JAN 1      4.01                      5.00  -0.99     3.81

DEGREE DAYS
 COOLING
  YESTERDAY        2                         1      1        0
  MONTH TO DATE    7                         5      2       24
  SINCE MAR 1      7                         6      1       24
  SINCE JAN 1      7                         6      1       24
..................................................................


WIND (MPH)
  HIGHEST WIND SPEED    21   HIGHEST WIND DIRECTION    SE (130)
  HIGHEST GUST SPEED    26   HIGHEST GUST DIRECTION    SE (130)
  AVERAGE WIND SPEED     9.1


SKY COVER
  POSSIBLE SUNSHINE  MM
  AVERAGE SKY COVER 0.1


WEATHER CONDITIONS
 THE FOLLOWING WEATHER WAS RECORDED YESTERDAY.
  THUNDERSTORM
  LIGHT RAIN


RELATIVE HUMIDITY (PERCENT)
 HIGHEST    84          1100 PM
 LOWEST     36           400 PM
 AVERAGE    60

..........................................................


THE MINOT ND CLIMATE NORMALS FOR TODAY
                         NORMAL    RECORD    YEAR
 MAXIMUM TEMPERATURE (F)   70        99      1919
 MINIMUM TEMPERATURE (F)   47        20      1947


SUNRISE AND SUNSET
MAY 28 2015...........SUNRISE   552 AM CDT   SUNSET   933 PM CDT
MAY 29 2015...........SUNRISE   551 AM CDT   SUNSET   934 PM CDT


-  INDICATES NEGATIVE NUMBERS.
R  INDICATES RECORD WAS SET OR TIED.
MM INDICATES DATA IS MISSING.
T  INDICATES TRACE AMOUNT.




$$
