000
CDUS43 KBIS 240038
CLIMOT


CLIMATE REPORT
NATIONAL WEATHER SERVICE BISMARCK ND
737 PM CDT MON MAY 23 2016


...................................

...THE MINOT ND CLIMATE SUMMARY FOR MAY 23 2016...
VALID TODAY AS OF 0700 PM LOCAL TIME.

CLIMATE NORMAL PERIOD 1981 TO 2010
CLIMATE RECORD PERIOD 1897 TO 2016


WEATHER ITEM   OBSERVED TIME   RECORD YEAR NORMAL DEPARTURE LAST
                VALUE   (LST)  VALUE       VALUE  FROM      YEAR
                                                  NORMAL
..................................................................
TEMPERATURE (F)
 TODAY
  MAXIMUM         82    401 PM  91    2006  69     13       76
  MINIMUM         53    519 AM  22    1918  45      8       46
  AVERAGE         68                        57     11       61

PRECIPITATION (IN)
  TODAY            0.00          0.90 1933   0.09  -0.09     0.00
  MONTH TO DATE    0.34                      1.75  -1.41     2.51
  SINCE MAR 1      2.92                      3.73  -0.81     3.47
  SINCE JAN 1      3.50                      4.64  -1.14     3.94

DEGREE DAYS
 HEATING
  TODAY            0                         8     -8        4
  MONTH TO DATE  124                       271   -147      324
  SINCE MAR 1   1509                      2061   -552     1907
  SINCE JUL 1   6941                      8637  -1696     8595

 COOLING
  TODAY            3                         1      2        0
  MONTH TO DATE   40                         1     39        0
  SINCE MAR 1     40                         2     38        0
  SINCE JAN 1     40                         2     38        0
..................................................................


WIND (MPH)
  RESULTANT WIND SPEED  10   RESULTANT WIND DIRECTION  SW (210)
  HIGHEST WIND SPEED    26   HIGHEST WIND DIRECTION    SW (210)
  HIGHEST GUST SPEED    35   HIGHEST GUST DIRECTION    SW (220)
  AVERAGE WIND SPEED    10.5


SKY COVER
  POSSIBLE SUNSHINE  MM
  AVERAGE SKY COVER 0.2


WEATHER CONDITIONS
 THE FOLLOWING WEATHER WAS RECORDED TODAY.
  NO SIGNIFICANT WEATHER WAS OBSERVED.


RELATIVE HUMIDITY (PERCENT)
 HIGHEST    66           500 AM
 LOWEST     16          1200 PM
 AVERAGE    41

..........................................................


THE MINOT ND CLIMATE NORMALS FOR TOMORROW
                         NORMAL    RECORD    YEAR
 MAXIMUM TEMPERATURE (F)   69        91      1977
 MINIMUM TEMPERATURE (F)   46        24      1924


SUNRISE AND SUNSET
MAY 23 2016...........SUNRISE   556 AM CDT   SUNSET   929 PM CDT
MAY 24 2016...........SUNRISE   555 AM CDT   SUNSET   930 PM CDT


-  INDICATES NEGATIVE NUMBERS.
R  INDICATES RECORD WAS SET OR TIED.
MM INDICATES DATA IS MISSING.
T  INDICATES TRACE AMOUNT.




$$
