167
CDUS43 KBIS 230910
CLIMOT


CLIMATE REPORT
NATIONAL WEATHER SERVICE BISMARCK ND
310 AM CST MON JAN 23 2017


...................................

...THE MINOT ND CLIMATE SUMMARY FOR JANUARY 22 2017...

CLIMATE NORMAL PERIOD 1981 TO 2010
CLIMATE RECORD PERIOD 1897 TO 2017


WEATHER ITEM   OBSERVED TIME   RECORD YEAR NORMAL DEPARTURE LAST
                VALUE   (LST)  VALUE       VALUE  FROM      YEAR
                                                  NORMAL
..................................................................
TEMPERATURE (F)
 YESTERDAY
  MAXIMUM         34    407 PM  54    1942  21     13       32
  MINIMUM         30   1159 PM -40    1922   4     26        2
  AVERAGE         32                        12     20       17

PRECIPITATION (IN)
  YESTERDAY        0.00          0.67 1982   0.01  -0.01      T
  MONTH TO DATE    0.05                      0.38  -0.33     0.21
  SINCE DEC 1      0.67                      0.76  -0.09     0.52
  SINCE JAN 1      0.05                      0.38  -0.33     0.21

DEGREE DAYS
 HEATING
  YESTERDAY       33                        53    -20       48
  MONTH TO DATE 1228                      1166     62     1155
  SINCE DEC 1   2872                      2703    169     2400
  SINCE JUL 1   4387                      4761   -374     4101
..................................................................


WIND (MPH)
  HIGHEST WIND SPEED    23   HIGHEST WIND DIRECTION     W (290)
  HIGHEST GUST SPEED    27   HIGHEST GUST DIRECTION     W (280)
  AVERAGE WIND SPEED    11.6


SKY COVER
  POSSIBLE SUNSHINE  MM
  AVERAGE SKY COVER 1.0


WEATHER CONDITIONS
 THE FOLLOWING WEATHER WAS RECORDED YESTERDAY.
  FOG


RELATIVE HUMIDITY (PERCENT)
 HIGHEST    92          1200 AM
 LOWEST     78           500 AM
 AVERAGE    85

..........................................................


THE MINOT ND CLIMATE NORMALS FOR TODAY
                         NORMAL    RECORD    YEAR
 MAXIMUM TEMPERATURE (F)   21        54      1944
 MINIMUM TEMPERATURE (F)    4       -46      1922


SUNRISE AND SUNSET
JANUARY 23 2017.......SUNRISE   824 AM CST   SUNSET   531 PM CST
JANUARY 24 2017.......SUNRISE   823 AM CST   SUNSET   532 PM CST


-  INDICATES NEGATIVE NUMBERS.
R  INDICATES RECORD WAS SET OR TIED.
MM INDICATES DATA IS MISSING.
T  INDICATES TRACE AMOUNT.




$$
