000
CDUS43 KBIS 080744
CLIMOT


CLIMATE REPORT
NATIONAL WEATHER SERVICE BISMARCK ND
144 AM CST THU DEC 8 2016


...................................

...THE MINOT ND CLIMATE SUMMARY FOR DECEMBER 7 2016...

CLIMATE NORMAL PERIOD 1981 TO 2010
CLIMATE RECORD PERIOD 1897 TO 2016


WEATHER ITEM   OBSERVED TIME   RECORD YEAR NORMAL DEPARTURE LAST
                VALUE   (LST)  VALUE       VALUE  FROM      YEAR
                                                  NORMAL
..................................................................
TEMPERATURE (F)
 YESTERDAY
  MAXIMUM          7    255 PM  57    1939  26    -19       51
  MINIMUM          4    735 AM -25    1927  10     -6       35
  AVERAGE          6                        18    -12       43

PRECIPITATION (IN)
  YESTERDAY        T             0.60 1916   0.01  -0.01     0.00
  MONTH TO DATE    0.43                      0.09   0.34     0.00
  SINCE DEC 1      0.43                      0.09   0.34     0.00
  SINCE JAN 1     18.54                     16.90   1.64    14.35

DEGREE DAYS
 HEATING
  YESTERDAY       59                        47     12       22
  MONTH TO DATE  308                       322    -14      190
  SINCE DEC 1    308                       322    -14      190
  SINCE JUL 1   1823                      2380   -557     1891
..................................................................


WIND (MPH)
  HIGHEST WIND SPEED    41   HIGHEST WIND DIRECTION     W (280)
  HIGHEST GUST SPEED    48   HIGHEST GUST DIRECTION     W (270)
  AVERAGE WIND SPEED    32.7


SKY COVER
  POSSIBLE SUNSHINE  MM
  AVERAGE SKY COVER 0.9


WEATHER CONDITIONS
 THE FOLLOWING WEATHER WAS RECORDED YESTERDAY.
  HEAVY SNOW
  SNOW
  LIGHT SNOW
  FOG
  FOG W/VISIBILITY <= 1/4 MILE
  BLOWING SNOW


RELATIVE HUMIDITY (PERCENT)
 HIGHEST    88          1200 AM
 LOWEST     76          1100 AM
 AVERAGE    82

..........................................................


THE MINOT ND CLIMATE NORMALS FOR TODAY
                         NORMAL    RECORD    YEAR
 MAXIMUM TEMPERATURE (F)   26        54      2015
                                             1939
 MINIMUM TEMPERATURE (F)    9       -29      1919


SUNRISE AND SUNSET
DECEMBER  8 2016......SUNRISE   823 AM CST   SUNSET   451 PM CST
DECEMBER  9 2016......SUNRISE   824 AM CST   SUNSET   451 PM CST


-  INDICATES NEGATIVE NUMBERS.
R  INDICATES RECORD WAS SET OR TIED.
MM INDICATES DATA IS MISSING.
T  INDICATES TRACE AMOUNT.




$$
