000
CDUS43 KBIS 240724
CLIMOT


CLIMATE REPORT
NATIONAL WEATHER SERVICE BISMARCK ND
224 AM CDT THU JUL 24 2014


...................................

...THE MINOT ND CLIMATE SUMMARY FOR JULY 23 2014...

CLIMATE NORMAL PERIOD 1981 TO 2010
CLIMATE RECORD PERIOD 1905 TO 2014


WEATHER ITEM   OBSERVED TIME   RECORD YEAR NORMAL DEPARTURE LAST
                VALUE   (LST)  VALUE       VALUE  FROM      YEAR
                                                  NORMAL
..................................................................
TEMPERATURE (F)
 YESTERDAY
  MAXIMUM         77    500 PM 103    2007  83     -6       72
  MINIMUM         63    623 AM  42    1918  58      5       57
  AVERAGE         70                        70      0       65

PRECIPITATION (IN)
  YESTERDAY        0.22          2.86 1970   0.07   0.15     0.00
  MONTH TO DATE    1.06                      1.94  -0.88     4.14
  SINCE JUN 1      6.40                      5.52   0.88     8.74
  SINCE JAN 1     10.21                     10.91  -0.70    17.11

DEGREE DAYS
 COOLING
  YESTERDAY        5                         6     -1        0
  MONTH TO DATE   89                       120    -31      119
  SINCE JUN 1    111                       193    -82      183
  SINCE JAN 1    152                       209    -57      193
..................................................................


WIND (MPH)
  HIGHEST WIND SPEED    18   HIGHEST WIND DIRECTION     E (100)
  HIGHEST GUST SPEED    24   HIGHEST GUST DIRECTION     E (90)
  AVERAGE WIND SPEED    11.2


SKY COVER
  POSSIBLE SUNSHINE  MM
  AVERAGE SKY COVER 0.6


WEATHER CONDITIONS
 THE FOLLOWING WEATHER WAS RECORDED YESTERDAY.
  HEAVY RAIN
  RAIN
  LIGHT RAIN
  FOG


RELATIVE HUMIDITY (PERCENT)
 HIGHEST    93           400 AM
 LOWEST     64           400 PM
 AVERAGE    79

..........................................................


THE MINOT ND CLIMATE NORMALS FOR TODAY
                         NORMAL    RECORD    YEAR
 MAXIMUM TEMPERATURE (F)   83       106      1931
 MINIMUM TEMPERATURE (F)   58        41      1916


SUNRISE AND SUNSET
JULY 24 2014..........SUNRISE   610 AM CDT   SUNSET   932 PM CDT
JULY 25 2014..........SUNRISE   612 AM CDT   SUNSET   931 PM CDT


-  INDICATES NEGATIVE NUMBERS.
R  INDICATES RECORD WAS SET OR TIED.
MM INDICATES DATA IS MISSING.
T  INDICATES TRACE AMOUNT.




$$
