822
CDUS43 KBIS 212328
CLIMOT


CLIMATE REPORT
NATIONAL WEATHER SERVICE BISMARCK ND
527 PM CST SUN JAN 21 2018


...................................

...THE MINOT ND CLIMATE SUMMARY FOR JANUARY 21 2018...
VALID TODAY AS OF 0500 PM LOCAL TIME.

CLIMATE NORMAL PERIOD 1981 TO 2010
CLIMATE RECORD PERIOD 1897 TO 2018


WEATHER ITEM   OBSERVED TIME   RECORD YEAR NORMAL DEPARTURE LAST
                VALUE   (LST)  VALUE       VALUE  FROM      YEAR
                                                  NORMAL
..................................................................
TEMPERATURE (F)
 TODAY
  MAXIMUM         32    359 PM  56    1942  21     11       31
                                      1927
  MINIMUM         13    848 AM -31    1954   3     10       27
                                      1927
  AVERAGE         23                        12     11       29

PRECIPITATION (IN)
  TODAY            0.00          0.30 1906   0.02  -0.02      T
                                      1952
  MONTH TO DATE    0.07                      0.37  -0.30     0.06
  SINCE DEC 1      0.12                      0.75  -0.63     0.68
  SINCE JAN 1      0.07                      0.37  -0.30     0.06

DEGREE DAYS
 HEATING
  TODAY           42                        53    -11       36
  MONTH TO DATE 1087                      1113    -26     1195
  SINCE DEC 1   2556                      2650    -94     2839
  SINCE JUL 1   4434                      4708   -274     4354

 COOLING
  TODAY            0                         0      0        0
  MONTH TO DATE    0                         0      0        0
  SINCE DEC 1      0                         0      0        0
  SINCE JAN 1      0                         0      0        0
..................................................................


WIND (MPH)
  RESULTANT WIND SPEED   6   RESULTANT WIND DIRECTION  SW (220)
  HIGHEST WIND SPEED    12   HIGHEST WIND DIRECTION    SW (230)
  HIGHEST GUST SPEED    13   HIGHEST GUST DIRECTION    SW (210)
  AVERAGE WIND SPEED     6.6


SKY COVER
  POSSIBLE SUNSHINE  MM
  AVERAGE SKY COVER 0.0


WEATHER CONDITIONS
 THE FOLLOWING WEATHER WAS RECORDED TODAY.
  NO SIGNIFICANT WEATHER WAS OBSERVED.


RELATIVE HUMIDITY (PERCENT)
 HIGHEST    88           700 AM
 LOWEST     63           400 PM
 AVERAGE    76

..........................................................


THE MINOT ND CLIMATE NORMALS FOR TOMORROW
                         NORMAL    RECORD    YEAR
 MAXIMUM TEMPERATURE (F)   21        54      1942
 MINIMUM TEMPERATURE (F)    4       -40      1922


SUNRISE AND SUNSET
JANUARY 21 2018.......SUNRISE   826 AM CST   SUNSET   527 PM CST
JANUARY 22 2018.......SUNRISE   825 AM CST   SUNSET   529 PM CST


-  INDICATES NEGATIVE NUMBERS.
R  INDICATES RECORD WAS SET OR TIED.
MM INDICATES DATA IS MISSING.
T  INDICATES TRACE AMOUNT.




$$
