000
CDUS43 KBIS 170738
CLIMOT


CLIMATE REPORT
NATIONAL WEATHER SERVICE BISMARCK ND
238 AM CDT WED SEP 17 2014


...................................

...THE MINOT ND CLIMATE SUMMARY FOR SEPTEMBER 16 2014...

CLIMATE NORMAL PERIOD 1981 TO 2010
CLIMATE RECORD PERIOD 1905 TO 2014


WEATHER ITEM   OBSERVED TIME   RECORD YEAR NORMAL DEPARTURE LAST
                VALUE   (LST)  VALUE       VALUE  FROM      YEAR
                                                  NORMAL
..................................................................
TEMPERATURE (F)
 YESTERDAY
  MAXIMUM         74    447 PM  96    1908  69      5       72
  MINIMUM         47    638 AM  24    1959  46      1       41
  AVERAGE         61                        58      3       57

PRECIPITATION (IN)
  YESTERDAY        0.00          2.08 1954   0.04  -0.04     0.00
  MONTH TO DATE    0.29                      0.79  -0.50     1.07
  SINCE SEP 1      0.29                      0.79  -0.50     1.07
  SINCE JAN 1     14.93                     14.23   0.70    21.25

DEGREE DAYS
 HEATING
  YESTERDAY        4                         8     -4        8
  MONTH TO DATE  143                        94     49       32
  SINCE SEP 1    143                        94     49       32
  SINCE JUL 1    211                       165     46      101

 COOLING
  YESTERDAY        0                         1     -1        0
  MONTH TO DATE    0                        25    -25       46
  SINCE SEP 1      0                        25    -25       46
  SINCE JAN 1    305                       436   -131      417
..................................................................


WIND (MPH)
  HIGHEST WIND SPEED    13   HIGHEST WIND DIRECTION    SW (210)
  HIGHEST GUST SPEED    15   HIGHEST GUST DIRECTION    SW (220)
  AVERAGE WIND SPEED     6.0


SKY COVER
  POSSIBLE SUNSHINE  MM
  AVERAGE SKY COVER 0.0


WEATHER CONDITIONS
 THE FOLLOWING WEATHER WAS RECORDED YESTERDAY.
  NO SIGNIFICANT WEATHER WAS OBSERVED.


RELATIVE HUMIDITY (PERCENT)
 HIGHEST    77          1000 PM
 LOWEST     33           400 PM
 AVERAGE    55

..........................................................


THE MINOT ND CLIMATE NORMALS FOR TODAY
                         NORMAL    RECORD    YEAR
 MAXIMUM TEMPERATURE (F)   69        94      1989
 MINIMUM TEMPERATURE (F)   45        22      1959


SUNRISE AND SUNSET
SEPTEMBER 17 2014.....SUNRISE   725 AM CDT   SUNSET   753 PM CDT
SEPTEMBER 18 2014.....SUNRISE   726 AM CDT   SUNSET   751 PM CDT


-  INDICATES NEGATIVE NUMBERS.
R  INDICATES RECORD WAS SET OR TIED.
MM INDICATES DATA IS MISSING.
T  INDICATES TRACE AMOUNT.




$$
