000
CDUS43 KBIS 250739
CLIMOT


CLIMATE REPORT
NATIONAL WEATHER SERVICE BISMARCK ND
238 AM CDT MON JUL 25 2016


...................................

...THE MINOT ND CLIMATE SUMMARY FOR JULY 24 2016...

CLIMATE NORMAL PERIOD 1981 TO 2010
CLIMATE RECORD PERIOD 1897 TO 2016


WEATHER ITEM   OBSERVED TIME   RECORD YEAR NORMAL DEPARTURE LAST
                VALUE   (LST)  VALUE       VALUE  FROM      YEAR
                                                  NORMAL
..................................................................
TEMPERATURE (F)
 YESTERDAY
  MAXIMUM         84    549 PM 106    1931  83      1       85
  MINIMUM         65    610 AM  41    1916  58      7       58
  AVERAGE         75                        71      4       72

PRECIPITATION (IN)
  YESTERDAY        0.00          1.09 1963   0.07  -0.07     0.00
  MONTH TO DATE    2.72                      2.01   0.71     1.96
  SINCE JUN 1      5.46                      5.59  -0.13     5.99
  SINCE JAN 1     10.61                     10.98  -0.37    10.12

DEGREE DAYS
 COOLING
  YESTERDAY       10                         6      4        7
  MONTH TO DATE  187                       126     61      145
  SINCE JUN 1    318                       199    119      219
  SINCE JAN 1    358                       215    143      226
..................................................................


WIND (MPH)
  HIGHEST WIND SPEED    25   HIGHEST WIND DIRECTION     W (270)
  HIGHEST GUST SPEED    34   HIGHEST GUST DIRECTION     W (270)
  AVERAGE WIND SPEED    12.1


SKY COVER
  POSSIBLE SUNSHINE  MM
  AVERAGE SKY COVER 0.0


WEATHER CONDITIONS
 THE FOLLOWING WEATHER WAS RECORDED YESTERDAY.
  NO SIGNIFICANT WEATHER WAS OBSERVED.


RELATIVE HUMIDITY (PERCENT)
 HIGHEST    73           200 AM
 LOWEST     37           200 PM
 AVERAGE    55

..........................................................


THE MINOT ND CLIMATE NORMALS FOR TODAY
                         NORMAL    RECORD    YEAR
 MAXIMUM TEMPERATURE (F)   83       106      1931
 MINIMUM TEMPERATURE (F)   58        43      1911


SUNRISE AND SUNSET
JULY 25 2016..........SUNRISE   612 AM CDT   SUNSET   930 PM CDT
JULY 26 2016..........SUNRISE   614 AM CDT   SUNSET   929 PM CDT


-  INDICATES NEGATIVE NUMBERS.
R  INDICATES RECORD WAS SET OR TIED.
MM INDICATES DATA IS MISSING.
T  INDICATES TRACE AMOUNT.




$$
