000
CDUS43 KBIS 210732
CLIMOT


CLIMATE REPORT
NATIONAL WEATHER SERVICE BISMARCK ND
132 AM CST SUN DEC 21 2014


...................................

...THE MINOT ND CLIMATE SUMMARY FOR DECEMBER 20 2014...

CLIMATE NORMAL PERIOD 1981 TO 2010
CLIMATE RECORD PERIOD 1905 TO 2014


WEATHER ITEM   OBSERVED TIME   RECORD YEAR NORMAL DEPARTURE LAST
                VALUE   (LST)  VALUE       VALUE  FROM      YEAR
                                                  NORMAL
..................................................................
TEMPERATURE (F)
 YESTERDAY
  MAXIMUM         34   1017 PM  50    2004  22     12        6
  MINIMUM         21   1132 AM -44    1916   6     15      -10
  AVERAGE         28                        14     14       -2

PRECIPITATION (IN)
  YESTERDAY        0.01          0.30 1967   0.01   0.00      T
  MONTH TO DATE    0.01                      0.23  -0.22     0.15
  SINCE DEC 1      0.01                      0.23  -0.22     0.15
  SINCE JAN 1     15.96                     17.04  -1.08    24.96

DEGREE DAYS
 HEATING
  YESTERDAY       37                        51    -14       67
  MONTH TO DATE  892                       966    -74     1228
  SINCE DEC 1    892                       966    -74     1228
  SINCE JUL 1   3071                      3024     47     3283
..................................................................


WIND (MPH)
  HIGHEST WIND SPEED    10   HIGHEST WIND DIRECTION    SW (210)
  HIGHEST GUST SPEED    11   HIGHEST GUST DIRECTION    SW (210)
  AVERAGE WIND SPEED     5.7


SKY COVER
  POSSIBLE SUNSHINE  MM
  AVERAGE SKY COVER 0.8


WEATHER CONDITIONS
 THE FOLLOWING WEATHER WAS RECORDED YESTERDAY.
  LT FREEZING RAIN
  LIGHT SNOW
  FOG
  FOG W/VISIBILITY <= 1/4 MILE


RELATIVE HUMIDITY (PERCENT)
 HIGHEST    96          1200 AM
 LOWEST     85           300 PM
 AVERAGE    91

..........................................................


THE MINOT ND CLIMATE NORMALS FOR TODAY
                         NORMAL    RECORD    YEAR
 MAXIMUM TEMPERATURE (F)   22        49      1979
 MINIMUM TEMPERATURE (F)    6       -44      1916


SUNRISE AND SUNSET
DECEMBER 21 2014......SUNRISE   833 AM CST   SUNSET   453 PM CST
DECEMBER 22 2014......SUNRISE   834 AM CST   SUNSET   454 PM CST


-  INDICATES NEGATIVE NUMBERS.
R  INDICATES RECORD WAS SET OR TIED.
MM INDICATES DATA IS MISSING.
T  INDICATES TRACE AMOUNT.




$$
