140
CDUS41 KPHI 252128
CLIMPO


CLIMATE REPORT
NATIONAL WEATHER SERVICE MOUNT HOLLY NJ
527 PM EDT TUE JUL 25 2017


...................................

...THE MOUNT POCONO PA CLIMATE SUMMARY FOR JULY 25 2017...
VALID TODAY AS OF 0500 PM LOCAL TIME.

CLIMATE NORMAL PERIOD 1981 TO 2010
CLIMATE RECORD PERIOD 1901 TO 2017


WEATHER ITEM   OBSERVED TIME   RECORD YEAR NORMAL DEPARTURE LAST
                VALUE   (LST)  VALUE       VALUE  FROM      YEAR
                                                  NORMAL
..................................................................
TEMPERATURE (F)
 TODAY
  MAXIMUM         66    146 PM  90    1999  78    -12       88
  MINIMUM         60    536 AM  40    1932  58      2       65
  AVERAGE         63                        68     -5       77

PRECIPITATION (IN)
  TODAY            0.08          1.92 1916   0.17  -0.09     0.44
  MONTH TO DATE    5.60                      3.55   2.05     3.80
  SINCE JUN 1      9.40                      7.93   1.47     5.58
  SINCE JAN 1     26.30                     25.43   0.87    23.01

DEGREE DAYS
 HEATING
  TODAY            2                         1      1        0
  MONTH TO DATE    6                        25    -19       16
  SINCE JUN 1    133                       125      8      108
  SINCE JUL 1      6                        25    -19       16

 COOLING
  TODAY            0                         4     -4       12
  MONTH TO DATE   99                        99      0      123
  SINCE JUN 1    160                       161     -1      148
  SINCE JAN 1    178                       180     -2      177
..................................................................


WIND (MPH)
  HIGHEST WIND SPEED    13   HIGHEST WIND DIRECTION    NW (330)
  HIGHEST GUST SPEED    17   HIGHEST GUST DIRECTION    NW (330)
  AVERAGE WIND SPEED     5.6


SKY COVER
  POSSIBLE SUNSHINE  MM
  AVERAGE SKY COVER 1.0


WEATHER CONDITIONS
 THE FOLLOWING WEATHER WAS RECORDED TODAY.
  LIGHT RAIN
  FOG
  FOG W/VISIBILITY <= 1/4 MILE


RELATIVE HUMIDITY (PERCENT)
 HIGHEST   100          1200 AM
 LOWEST     84          1200 PM
 AVERAGE    92

..........................................................


THE MOUNT POCONO PA CLIMATE NORMALS FOR TOMORROW
                         NORMAL    RECORD    YEAR
 MAXIMUM TEMPERATURE (F)   78        89      1949
 MINIMUM TEMPERATURE (F)   58        38      1920


SUNRISE AND SUNSET
JULY 25 2017..........SUNRISE   551 AM EDT   SUNSET   825 PM EDT
JULY 26 2017..........SUNRISE   552 AM EDT   SUNSET   824 PM EDT


-  INDICATES NEGATIVE NUMBERS.
R  INDICATES RECORD WAS SET OR TIED.
MM INDICATES DATA IS MISSING.
T  INDICATES TRACE AMOUNT.




$$
