404
CDUS41 KPHI 230547
CLIMPO


CLIMATE REPORT
NATIONAL WEATHER SERVICE MOUNT HOLLY NJ
1247 AM EST THU NOV 23 2017


...................................

...THE MOUNT POCONO PA CLIMATE SUMMARY FOR NOVEMBER 22 2017...

CLIMATE NORMAL PERIOD 1981 TO 2010
CLIMATE RECORD PERIOD 1901 TO 2017


WEATHER ITEM   OBSERVED TIME   RECORD YEAR NORMAL DEPARTURE LAST
                VALUE   (LST)  VALUE       VALUE  FROM      YEAR
                                                  NORMAL
..................................................................
TEMPERATURE (F)
 YESTERDAY
  MAXIMUM         43    945 AM  66    1931  43      0       30
  MINIMUM         25   1159 PM   5    1969  30     -5       26
  AVERAGE         34                        36     -2       28

PRECIPITATION (IN)
  YESTERDAY        T             2.83 1952   0.15  -0.15      T
  MONTH TO DATE    0.97                      3.19  -2.22     0.54
  SINCE SEP 1     10.43                     12.51  -2.08     6.42
  SINCE JAN 1     41.04                     43.49  -2.45    36.01

DEGREE DAYS
 HEATING
  YESTERDAY       31                        29      2       37
  MONTH TO DATE  609                       546     63      508
  SINCE SEP 1   1105                      1271   -166     1135
  SINCE JUL 1   1203                      1334   -131     1167

 COOLING
  YESTERDAY        0                         0      0        0
  MONTH TO DATE    0                         0      0        0
  SINCE SEP 1     58                        18     40       51
  SINCE JAN 1    287                       314    -27      397
..................................................................


WIND (MPH)
  HIGHEST WIND SPEED    26   HIGHEST WIND DIRECTION    NW (310)
  HIGHEST GUST SPEED    36   HIGHEST GUST DIRECTION    NW (320)
  AVERAGE WIND SPEED    11.8


SKY COVER
  POSSIBLE SUNSHINE  MM
  AVERAGE SKY COVER 0.8


WEATHER CONDITIONS
 THE FOLLOWING WEATHER WAS RECORDED YESTERDAY.
  LIGHT RAIN
  FOG


RELATIVE HUMIDITY (PERCENT)
 HIGHEST   100           200 AM
 LOWEST     69           600 PM
 AVERAGE    85

..........................................................


THE MOUNT POCONO PA CLIMATE NORMALS FOR TODAY
                         NORMAL    RECORD    YEAR
 MAXIMUM TEMPERATURE (F)   43        70      1931
 MINIMUM TEMPERATURE (F)   29         6      2000
                                             1964


SUNRISE AND SUNSET
NOVEMBER 23 2017......SUNRISE   659 AM EST   SUNSET   437 PM EST
NOVEMBER 24 2017......SUNRISE   700 AM EST   SUNSET   436 PM EST


-  INDICATES NEGATIVE NUMBERS.
R  INDICATES RECORD WAS SET OR TIED.
MM INDICATES DATA IS MISSING.
T  INDICATES TRACE AMOUNT.




$$
