000
CDUS41 KPHI 280630
CLIMPO


CLIMATE REPORT
NATIONAL WEATHER SERVICE MOUNT HOLLY NJ
228 AM EDT THU MAY 28 2015


...................................

...THE MOUNT POCONO PA CLIMATE SUMMARY FOR MAY 27 2015...

CLIMATE NORMAL PERIOD 1981 TO 2010
CLIMATE RECORD PERIOD 1901 TO 2015


WEATHER ITEM   OBSERVED TIME   RECORD YEAR NORMAL DEPARTURE LAST
                VALUE   (LST)  VALUE       VALUE  FROM      YEAR
                                                  NORMAL
..................................................................
TEMPERATURE (F)
 YESTERDAY
  MAXIMUM         81   1250 PM  88    1914  68     13       80
  MINIMUM         64   1159 PM  29    1969  48     16       58
  AVERAGE         73                        58     15       69

PRECIPITATION (IN)
  YESTERDAY        0.17          2.79 1946   0.17   0.00     0.02
  MONTH TO DATE    0.72                      3.73  -3.01     4.31
  SINCE MAR 1      5.95                     11.58  -5.63    12.37
  SINCE JAN 1      9.30                     16.84  -7.54    18.76

SNOWFALL (IN)
  YESTERDAY       MM            MM      MM  MM     MM       MM
  MONTH TO DATE   MM                        MM     MM       MM
  SINCE MAR 1     MM                        MM     MM       MM
  SINCE JUL 1     MM                        MM     MM       MM
  SNOW DEPTH      MM

DEGREE DAYS
 HEATING
  YESTERDAY        0                         8     -8        0
  MONTH TO DATE  168                       293   -125      224
  SINCE MAR 1   1859                      1864     -5     1998
  SINCE JUL 1   7294                      6987    307     7425

 COOLING
  YESTERDAY        8                         1      7        4
  MONTH TO DATE   45                         9     36        7
  SINCE MAR 1     45                        13     32        7
  SINCE JAN 1     45                        13     32        7
..................................................................


WIND (MPH)
  HIGHEST WIND SPEED    21   HIGHEST WIND DIRECTION     W (250)
  HIGHEST GUST SPEED    26   HIGHEST GUST DIRECTION     W (260)
  AVERAGE WIND SPEED     8.2


SKY COVER
  POSSIBLE SUNSHINE  MM
  AVERAGE SKY COVER 0.6


WEATHER CONDITIONS
 THE FOLLOWING WEATHER WAS RECORDED YESTERDAY.
  THUNDERSTORM
  HEAVY RAIN
  RAIN
  LIGHT RAIN
  FOG


RELATIVE HUMIDITY (PERCENT)
 HIGHEST    93           800 PM
 LOWEST     58          1200 PM
 AVERAGE    76

..........................................................


THE MOUNT POCONO PA CLIMATE NORMALS FOR TODAY
                         NORMAL    RECORD    YEAR
 MAXIMUM TEMPERATURE (F)   68        86      2012
 MINIMUM TEMPERATURE (F)   49        30      1983


SUNRISE AND SUNSET
MAY 28 2015...........SUNRISE   534 AM EDT   SUNSET   825 PM EDT
MAY 29 2015...........SUNRISE   533 AM EDT   SUNSET   825 PM EDT


-  INDICATES NEGATIVE NUMBERS.
R  INDICATES RECORD WAS SET OR TIED.
MM INDICATES DATA IS MISSING.
T  INDICATES TRACE AMOUNT.




$$
