000
CDUS41 KPHI 280627
CLIMPO


CLIMATE REPORT
NATIONAL WEATHER SERVICE MOUNT HOLLY NJ
227 AM EDT THU AUG 28 2014


...................................

...THE MOUNT POCONO PA CLIMATE SUMMARY FOR AUGUST 27 2014...

CLIMATE NORMAL PERIOD 1981 TO 2010
CLIMATE RECORD PERIOD 1901 TO 2014


WEATHER ITEM   OBSERVED TIME   RECORD YEAR NORMAL DEPARTURE LAST
                VALUE   (LST)  VALUE       VALUE  FROM      YEAR
                                                  NORMAL
..................................................................
TEMPERATURE (F)
 YESTERDAY
  MAXIMUM         84    303 PM  92    1948  75      9       81
  MINIMUM         57    251 AM  34    1910  56      1       63
  AVERAGE         71                        65      6       72

PRECIPITATION (IN)
  YESTERDAY        0.05          1.36 1927   0.10  -0.05     0.01
  MONTH TO DATE    2.52                      4.06  -1.54     4.68
  SINCE JUN 1      9.66                     13.08  -3.42    20.68
  SINCE JAN 1     28.42                     30.58  -2.16    34.69

SNOWFALL (IN)
  YESTERDAY       MM            MM      MM  MM     MM       MM
  MONTH TO DATE   MM                        MM     MM       MM
  SINCE JUN 1     MM                        MM     MM       MM
  SINCE JUL 1     MM                        MM     MM       MM
  SNOW DEPTH      MM

DEGREE DAYS
 HEATING
  YESTERDAY        0                         2     -2        0
  MONTH TO DATE   39                        31      8       53
  SINCE JUN 1    118                       153    -35      140
  SINCE JUL 1     63                        53     10       64

 COOLING
  YESTERDAY        6                         2      4        7
  MONTH TO DATE   35                        90    -55       54
  SINCE JUN 1    203                       273    -70      361
  SINCE JAN 1    210                       292    -82      393
..................................................................


WIND (MPH)
  HIGHEST WIND SPEED    13   HIGHEST WIND DIRECTION     W (280)
  HIGHEST GUST SPEED    18   HIGHEST GUST DIRECTION    NW (330)
  AVERAGE WIND SPEED     5.5


SKY COVER
  POSSIBLE SUNSHINE  MM
  AVERAGE SKY COVER 0.2


WEATHER CONDITIONS
 THE FOLLOWING WEATHER WAS RECORDED YESTERDAY.
  LIGHT RAIN
  FOG


RELATIVE HUMIDITY (PERCENT)
 HIGHEST    93           100 AM
 LOWEST     55          1200 PM
 AVERAGE    74

..........................................................


THE MOUNT POCONO PA CLIMATE NORMALS FOR TODAY
                         NORMAL    RECORD    YEAR
 MAXIMUM TEMPERATURE (F)   74        90      1953
 MINIMUM TEMPERATURE (F)   56        33      1941


SUNRISE AND SUNSET
AUGUST 28 2014........SUNRISE   624 AM EDT   SUNSET   741 PM EDT
AUGUST 29 2014........SUNRISE   625 AM EDT   SUNSET   739 PM EDT


-  INDICATES NEGATIVE NUMBERS.
R  INDICATES RECORD WAS SET OR TIED.
MM INDICATES DATA IS MISSING.
T  INDICATES TRACE AMOUNT.




$$
