000
CDUS41 KPHI 012139
CLIMPO


CLIMATE REPORT
NATIONAL WEATHER SERVICE MOUNT HOLLY NJ
538 PM EDT SUN MAY 1 2016


...................................

...THE MOUNT POCONO PA CLIMATE SUMMARY FOR MAY 1 2016...
VALID TODAY AS OF 0500 PM LOCAL TIME.

CLIMATE NORMAL PERIOD 1981 TO 2010
CLIMATE RECORD PERIOD 1901 TO 2016


WEATHER ITEM   OBSERVED TIME   RECORD YEAR NORMAL DEPARTURE LAST
                VALUE   (LST)  VALUE       VALUE  FROM      YEAR
                                                  NORMAL
..................................................................
TEMPERATURE (F)
 TODAY
  MAXIMUM         46   1207 AM  85    2010  61    -15       60
  MINIMUM         36    858 AM  18    1914  41     -5       38
  AVERAGE         41                        51    -10       49

PRECIPITATION (IN)
  TODAY            0.41          2.00 1921   0.11   0.30     0.01
  MONTH TO DATE    0.41                      0.11   0.30     0.01
  SINCE MAR 1      3.95                      7.96  -4.01     5.24
  SINCE JAN 1     11.93                     13.22  -1.29     8.59

SNOWFALL (IN)
  TODAY           MM            MM      MM  MM     MM       MM
  MONTH TO DATE   MM                        MM     MM       MM
  SINCE MAR 1     MM                        MM     MM       MM
  SINCE JUL 1     MM                        MM     MM       MM
  SNOW DEPTH      MM

DEGREE DAYS
 HEATING
  TODAY           24                        14     10       16
  MONTH TO DATE   24                        14     10       16
  SINCE MAR 1   1397                      1585   -188     1707
  SINCE JUL 1   5682                      6708  -1026     7142

 COOLING
  TODAY            0                         0      0        0
  MONTH TO DATE    0                         0      0        0
  SINCE MAR 1      0                         4     -4        0
  SINCE JAN 1      0                         4     -4        0
..................................................................


WIND (MPH)
  HIGHEST WIND SPEED    17   HIGHEST WIND DIRECTION    SE (140)
  HIGHEST GUST SPEED    23   HIGHEST GUST DIRECTION    SE (140)
  AVERAGE WIND SPEED    10.9


SKY COVER
  POSSIBLE SUNSHINE  MM
  AVERAGE SKY COVER 1.0


WEATHER CONDITIONS
 THE FOLLOWING WEATHER WAS RECORDED TODAY.
  RAIN
  LIGHT RAIN
  FOG
  FOG W/VISIBILITY <= 1/4 MILE


RELATIVE HUMIDITY (PERCENT)
 HIGHEST   100           900 AM
 LOWEST     76          1200 AM
 AVERAGE    88

..........................................................


THE MOUNT POCONO PA CLIMATE NORMALS FOR TOMORROW
                         NORMAL    RECORD    YEAR
 MAXIMUM TEMPERATURE (F)   62        83      1913
 MINIMUM TEMPERATURE (F)   41        20      1903


SUNRISE AND SUNSET
MAY  1 2016...........SUNRISE   559 AM EDT   SUNSET   759 PM EDT
MAY  2 2016...........SUNRISE   557 AM EDT   SUNSET   800 PM EDT


-  INDICATES NEGATIVE NUMBERS.
R  INDICATES RECORD WAS SET OR TIED.
MM INDICATES DATA IS MISSING.
T  INDICATES TRACE AMOUNT.




$$
