000
CDUS41 KPHI 250629
CLIMPO


CLIMATE REPORT
NATIONAL WEATHER SERVICE MOUNT HOLLY NJ
229 AM EDT WED MAY 25 2016


...................................

...THE MOUNT POCONO PA CLIMATE SUMMARY FOR MAY 24 2016...

CLIMATE NORMAL PERIOD 1981 TO 2010
CLIMATE RECORD PERIOD 1901 TO 2016


WEATHER ITEM   OBSERVED TIME   RECORD YEAR NORMAL DEPARTURE LAST
                VALUE   (LST)  VALUE       VALUE  FROM      YEAR
                                                  NORMAL
..................................................................
TEMPERATURE (F)
 YESTERDAY
  MAXIMUM         72   1225 PM  84    1992  67      5       75
  MINIMUM         41   1155 PM  26    1905  47     -6       43
  AVERAGE         57                        57      0       59

PRECIPITATION (IN)
  YESTERDAY        0.00          1.69 1979   0.18  -0.18     0.00
  MONTH TO DATE    3.42                      3.20   0.22     0.55
  SINCE MAR 1      6.96                     11.05  -4.09     5.78
  SINCE JAN 1     14.94                     16.31  -1.37     9.13

SNOWFALL (IN)
  YESTERDAY       MM            MM      MM  MM     MM       MM
  MONTH TO DATE   MM                        MM     MM       MM
  SINCE MAR 1     MM                        MM     MM       MM
  SINCE JUL 1     MM                        MM     MM       MM
  SNOW DEPTH      MM

DEGREE DAYS
 HEATING
  YESTERDAY        8                         8      0        6
  MONTH TO DATE  386                       269    117      168
  SINCE MAR 1   1759                      1840    -81     1859
  SINCE JUL 1   6044                      6963   -919     7294

 COOLING
  YESTERDAY        0                         1     -1        0
  MONTH TO DATE    0                         6     -6       23
  SINCE MAR 1      0                        10    -10       23
  SINCE JAN 1      0                        10    -10       23
..................................................................


WIND (MPH)
  HIGHEST WIND SPEED    23   HIGHEST WIND DIRECTION    NW (300)
  HIGHEST GUST SPEED    30   HIGHEST GUST DIRECTION    NW (300)
  AVERAGE WIND SPEED     8.2


SKY COVER
  POSSIBLE SUNSHINE  MM
  AVERAGE SKY COVER 0.3


WEATHER CONDITIONS
 THE FOLLOWING WEATHER WAS RECORDED YESTERDAY.
  NO SIGNIFICANT WEATHER WAS OBSERVED.


RELATIVE HUMIDITY (PERCENT)
 HIGHEST   100          1000 PM
 LOWEST     23           400 PM
 AVERAGE    62

..........................................................


THE MOUNT POCONO PA CLIMATE NORMALS FOR TODAY
                         NORMAL    RECORD    YEAR
 MAXIMUM TEMPERATURE (F)   67        85      2007
 MINIMUM TEMPERATURE (F)   48        25      1956


SUNRISE AND SUNSET
MAY 25 2016...........SUNRISE   535 AM EDT   SUNSET   823 PM EDT
MAY 26 2016...........SUNRISE   534 AM EDT   SUNSET   824 PM EDT


-  INDICATES NEGATIVE NUMBERS.
R  INDICATES RECORD WAS SET OR TIED.
MM INDICATES DATA IS MISSING.
T  INDICATES TRACE AMOUNT.




$$
