000
CDUS41 KPHI 270628
CLIMPO


CLIMATE REPORT
NATIONAL WEATHER SERVICE MOUNT HOLLY NJ
128 AM EST MON FEB 27 2017


...................................

...THE MOUNT POCONO PA CLIMATE SUMMARY FOR FEBRUARY 26 2017...

CLIMATE NORMAL PERIOD 1981 TO 2010
CLIMATE RECORD PERIOD 1901 TO 2017


WEATHER ITEM   OBSERVED TIME   RECORD YEAR NORMAL DEPARTURE LAST
                VALUE   (LST)  VALUE       VALUE  FROM      YEAR
                                                  NORMAL
..................................................................
TEMPERATURE (F)
 YESTERDAY
  MAXIMUM         32   1247 AM  63    1976  37     -5       26
  MINIMUM         24    934 AM  -6    1910  20      4       19
  AVERAGE         28                        28      0       23

PRECIPITATION (IN)
  YESTERDAY        T             1.20 1929   0.09  -0.09      T
  MONTH TO DATE    2.03                      2.20  -0.17     4.70
  SINCE DEC 1      7.15                      8.92  -1.77    11.76
  SINCE JAN 1      4.96                      5.05  -0.09     7.93

DEGREE DAYS
 HEATING
  YESTERDAY       37                        37      0       42
  MONTH TO DATE  861                      1019   -158      969
  SINCE DEC 1   3162                      3471   -309     2933
  SINCE JUL 1   4555                      5050   -495     4200

 COOLING
  YESTERDAY        0                         0      0        0
  MONTH TO DATE    0                         0      0        0
  SINCE DEC 1      0                         0      0        0
  SINCE JAN 1      0                         0      0        0
..................................................................


WIND (MPH)
  HIGHEST WIND SPEED    25   HIGHEST WIND DIRECTION     W (290)
  HIGHEST GUST SPEED    35   HIGHEST GUST DIRECTION    NW (310)
  AVERAGE WIND SPEED    13.4


SKY COVER
  POSSIBLE SUNSHINE  MM
  AVERAGE SKY COVER 0.8


WEATHER CONDITIONS
 THE FOLLOWING WEATHER WAS RECORDED YESTERDAY.
  LIGHT SNOW


RELATIVE HUMIDITY (PERCENT)
 HIGHEST    92           100 AM
 LOWEST     49           300 PM
 AVERAGE    71

..........................................................


THE MOUNT POCONO PA CLIMATE NORMALS FOR TODAY
                         NORMAL    RECORD    YEAR
 MAXIMUM TEMPERATURE (F)   37        63      1976
 MINIMUM TEMPERATURE (F)   20        -9      1993


SUNRISE AND SUNSET
FEBRUARY 27 2017......SUNRISE   639 AM EST   SUNSET   550 PM EST
FEBRUARY 28 2017......SUNRISE   637 AM EST   SUNSET   552 PM EST


-  INDICATES NEGATIVE NUMBERS.
R  INDICATES RECORD WAS SET OR TIED.
MM INDICATES DATA IS MISSING.
T  INDICATES TRACE AMOUNT.




$$
