000
CDUS41 KPHI 190601
CLIMPO


CLIMATE REPORT
NATIONAL WEATHER SERVICE MOUNT HOLLY NJ
1259 AM EST MON FEB 19 2018


...................................

...THE MOUNT POCONO PA CLIMATE SUMMARY FOR FEBRUARY 18 2018...

CLIMATE NORMAL PERIOD 1981 TO 2010
CLIMATE RECORD PERIOD 1901 TO 2018


WEATHER ITEM   OBSERVED TIME   RECORD YEAR NORMAL DEPARTURE LAST
                VALUE   (LST)  VALUE       VALUE  FROM      YEAR
                                                  NORMAL
..................................................................
TEMPERATURE (F)
 YESTERDAY
  MAXIMUM         35    448 PM  63    1981  35      0       56
  MINIMUM         19   1142 PM -14    1979  18      1       26
  AVERAGE         27                        26      1       41

PRECIPITATION (IN)
  YESTERDAY        0.01          1.33 1998   0.10  -0.09     0.00
  MONTH TO DATE    2.74                      1.47   1.27     1.27
  SINCE DEC 1      8.90                      8.19   0.71     6.39
  SINCE JAN 1      7.66                      4.32   3.34     4.20

DEGREE DAYS
 HEATING
  YESTERDAY       38                        38      0       24
  MONTH TO DATE  671                       719    -48      684
  SINCE DEC 1   3271                      3171    100     2985
  SINCE JUL 1   4709                      4750    -41     4378

 COOLING
  YESTERDAY        0                         0      0        0
  MONTH TO DATE    0                         0      0        0
  SINCE DEC 1      0                         0      0        0
  SINCE JAN 1      0                         0      0        0
..................................................................


WIND (MPH)
  HIGHEST WIND SPEED    29   HIGHEST WIND DIRECTION    NW (310)
  HIGHEST GUST SPEED    39   HIGHEST GUST DIRECTION    NW (320)
  AVERAGE WIND SPEED    11.4


SKY COVER
  POSSIBLE SUNSHINE   0 PERCENT
  AVERAGE SKY COVER 0.0


WEATHER CONDITIONS
 THE FOLLOWING WEATHER WAS RECORDED YESTERDAY.
  LIGHT SNOW


RELATIVE HUMIDITY (PERCENT)
 HIGHEST    99
 LOWEST     99
 AVERAGE    99

..........................................................


THE MOUNT POCONO PA CLIMATE NORMALS FOR TODAY
                         NORMAL    RECORD    YEAR
 MAXIMUM TEMPERATURE (F)   35        58      1981
 MINIMUM TEMPERATURE (F)   19       -10      1903


SUNRISE AND SUNSET
FEBRUARY 19 2018......SUNRISE   651 AM EST   SUNSET   541 PM EST
FEBRUARY 20 2018......SUNRISE   649 AM EST   SUNSET   542 PM EST


-  INDICATES NEGATIVE NUMBERS.
R  INDICATES RECORD WAS SET OR TIED.
MM INDICATES DATA IS MISSING.
T  INDICATES TRACE AMOUNT.




$$
