000
CDUS41 KBTV 260530
CLIMPV


CLIMATE REPORT
NATIONAL WEATHER SERVICE BURLINGTON VT
129 AM EDT THU MAR 26 2015


...................................

...THE MONTPELIER VT CLIMATE SUMMARY FOR MARCH 25 2015...

CLIMATE NORMAL PERIOD 1981 TO 2010
CLIMATE RECORD PERIOD 1948 TO 2015


WEATHER ITEM   OBSERVED TIME   RECORD YEAR NORMAL DEPARTURE LAST
                VALUE   (LST)  VALUE       VALUE  FROM      YEAR
                                                  NORMAL
..................................................................
TEMPERATURE (F)
 YESTERDAY
  MAXIMUM         45    258 PM  64    1996  42      3       29
  MINIMUM          9    600 AM  -8    2014  23    -14       -8
  AVERAGE         27                        32     -5       11

PRECIPITATION (IN)
  YESTERDAY        T             0.69        0.08  -0.08     0.00
  MONTH TO DATE    0.36                      1.90  -1.54     1.77
  SINCE MAR 1      0.36                      1.90  -1.54     1.77
  SINCE JAN 1      3.23                      6.39  -3.16     6.08

DEGREE DAYS
 HEATING
  YESTERDAY       38                        32      6       54
  MONTH TO DATE 1106                       932    174     1232
  SINCE MAR 1   1106                       932    174     1232
  SINCE JUL 1   7444                      6840    604     7397

 COOLING
  YESTERDAY        0                         0      0        0
  MONTH TO DATE    0                         0      0        0
  SINCE MAR 1      0                         0      0        0
  SINCE JAN 1      0                         0      0        0
..................................................................


WIND (MPH)
  HIGHEST WIND SPEED    23   HIGHEST WIND DIRECTION     S (170)
  HIGHEST GUST SPEED    30   HIGHEST GUST DIRECTION     S (160)
  AVERAGE WIND SPEED     8.7


SKY COVER
  AVERAGE SKY COVER 0.3


WEATHER CONDITIONS
 THE FOLLOWING WEATHER WAS RECORDED YESTERDAY.
  NO SIGNIFICANT WEATHER WAS OBSERVED.


RELATIVE HUMIDITY (PERCENT)
 HIGHEST    92           500 AM
 LOWEST     30           500 PM
 AVERAGE    61

..........................................................


THE MONTPELIER VT CLIMATE NORMALS FOR TODAY
                         NORMAL    RECORD    YEAR
 MAXIMUM TEMPERATURE (F)   43        65      1986
 MINIMUM TEMPERATURE (F)   23       -12      1960


SUNRISE AND SUNSET
MARCH 26 2015.........SUNRISE   643 AM EDT   SUNSET   710 PM EDT
MARCH 27 2015.........SUNRISE   641 AM EDT   SUNSET   711 PM EDT


-  INDICATES NEGATIVE NUMBERS.
R  INDICATES RECORD WAS SET OR TIED.
MM INDICATES DATA IS MISSING.
T  INDICATES TRACE AMOUNT.




$$
