000
CDUS41 KBTV 290531
CLIMPV


CLIMATE REPORT
NATIONAL WEATHER SERVICE BURLINGTON VT
129 AM EDT FRI MAY 29 2015


...................................

...THE MONTPELIER VT CLIMATE SUMMARY FOR MAY 28 2015...

CLIMATE NORMAL PERIOD 1981 TO 2010
CLIMATE RECORD PERIOD 1948 TO 2015


WEATHER ITEM   OBSERVED TIME   RECORD YEAR NORMAL DEPARTURE LAST
                VALUE   (LST)  VALUE       VALUE  FROM      YEAR
                                                  NORMAL
..................................................................
TEMPERATURE (F)
 YESTERDAY
  MAXIMUM         78    110 PM  88    1978  69      9       53
  MINIMUM         59   1159 PM  32    2013  46     13       41
  AVERAGE         69                        58     11       47

PRECIPITATION (IN)
  YESTERDAY        T             0.58        0.12  -0.12     0.08
  MONTH TO DATE    2.25                      3.02  -0.77     3.11
  SINCE MAR 1      5.15                      8.07  -2.92     8.26
  SINCE JAN 1      8.02                     12.56  -4.54    12.57

DEGREE DAYS
 HEATING
  YESTERDAY        0                         8     -8       18
  MONTH TO DATE  204                       333   -129      298
  SINCE MAR 1   2278                      2129    149     2477
  SINCE JUL 1   8616                      8037    579     8642

 COOLING
  YESTERDAY        4                         1      3        0
  MONTH TO DATE   28                         4     24        1
  SINCE MAR 1     28                         5     23        1
  SINCE JAN 1     28                         5     23        1
..................................................................


WIND (MPH)
  HIGHEST WIND SPEED    20   HIGHEST WIND DIRECTION    SW (230)
  HIGHEST GUST SPEED    31   HIGHEST GUST DIRECTION    SW (230)
  AVERAGE WIND SPEED     8.4


SKY COVER
  AVERAGE SKY COVER 0.6


WEATHER CONDITIONS
 THE FOLLOWING WEATHER WAS RECORDED YESTERDAY.
  NO SIGNIFICANT WEATHER WAS OBSERVED.


RELATIVE HUMIDITY (PERCENT)
 HIGHEST    93          1200 AM
 LOWEST     47           100 PM
 AVERAGE    70

..........................................................


THE MONTPELIER VT CLIMATE NORMALS FOR TODAY
                         NORMAL    RECORD    YEAR
 MAXIMUM TEMPERATURE (F)   70        87      1978
 MINIMUM TEMPERATURE (F)   46        32      1970


SUNRISE AND SUNSET
MAY 29 2015...........SUNRISE   512 AM EDT   SUNSET   824 PM EDT
MAY 30 2015...........SUNRISE   511 AM EDT   SUNSET   825 PM EDT


-  INDICATES NEGATIVE NUMBERS.
R  INDICATES RECORD WAS SET OR TIED.
MM INDICATES DATA IS MISSING.
T  INDICATES TRACE AMOUNT.




$$
