000
CDUS41 KBTV 100537
CLIMPV


CLIMATE REPORT
NATIONAL WEATHER SERVICE BURLINGTON VT
1233 AM EST WED FEB 10 2016


...................................

...THE MONTPELIER VT CLIMATE SUMMARY FOR FEBRUARY 9 2016...

CLIMATE NORMAL PERIOD 1981 TO 2010
CLIMATE RECORD PERIOD 1948 TO 2016


WEATHER ITEM   OBSERVED TIME   RECORD YEAR NORMAL DEPARTURE LAST
                VALUE   (LST)  VALUE       VALUE  FROM      YEAR
                                                  NORMAL
..................................................................
TEMPERATURE (F)
 YESTERDAY
  MAXIMUM         24    611 PM  49    1990  29     -5       16
  MINIMUM         16    834 AM -18    1959   8      8       11
  AVERAGE         20                        19      1       14

PRECIPITATION (IN)
  YESTERDAY        0.02          0.73        0.07  -0.05     0.13
  MONTH TO DATE    0.35                      0.69  -0.34     0.83
  SINCE DEC 1      5.30                      5.88  -0.58     6.18
  SINCE JAN 1      1.61                      3.14  -1.53     2.61

DEGREE DAYS
 HEATING
  YESTERDAY       45                        46     -1       51
  MONTH TO DATE  323                       424   -101      519
  SINCE DEC 1   2627                      3223   -596     3369
  SINCE JUL 1   4270                      5069   -799     5187

 COOLING
  YESTERDAY        0                         0      0        0
  MONTH TO DATE    0                         0      0        0
  SINCE DEC 1      0                         0      0        0
  SINCE JAN 1      0                         0      0        0
..................................................................


WIND (MPH)
  HIGHEST WIND SPEED    12   HIGHEST WIND DIRECTION     S (170)
  HIGHEST GUST SPEED    15   HIGHEST GUST DIRECTION     S (170)
  AVERAGE WIND SPEED     2.1


SKY COVER
  AVERAGE SKY COVER 1.0


WEATHER CONDITIONS
 THE FOLLOWING WEATHER WAS RECORDED YESTERDAY.
  LIGHT SNOW
  FOG
  HAZE


RELATIVE HUMIDITY (PERCENT)
 HIGHEST    92          1200 AM
 LOWEST     60           300 PM
 AVERAGE    76

..........................................................


THE MONTPELIER VT CLIMATE NORMALS FOR TODAY
                         NORMAL    RECORD    YEAR
 MAXIMUM TEMPERATURE (F)   29        50      1966
 MINIMUM TEMPERATURE (F)    8       -23      1984


SUNRISE AND SUNSET
FEBRUARY 10 2016......SUNRISE   658 AM EST   SUNSET   512 PM EST
FEBRUARY 11 2016......SUNRISE   656 AM EST   SUNSET   513 PM EST


-  INDICATES NEGATIVE NUMBERS.
R  INDICATES RECORD WAS SET OR TIED.
MM INDICATES DATA IS MISSING.
T  INDICATES TRACE AMOUNT.




$$
