000
CDUS41 KBTV 250535
CLIMPV


CLIMATE REPORT
NATIONAL WEATHER SERVICE BURLINGTON VT
131 AM EDT SAT MAR 25 2017


...................................

...THE MONTPELIER VT CLIMATE SUMMARY FOR MARCH 24 2017...

CLIMATE NORMAL PERIOD 1981 TO 2010
CLIMATE RECORD PERIOD 1948 TO 2017


WEATHER ITEM   OBSERVED TIME   RECORD YEAR NORMAL DEPARTURE LAST
                VALUE   (LST)  VALUE       VALUE  FROM      YEAR
                                                  NORMAL
..................................................................
TEMPERATURE (F)
 YESTERDAY
  MAXIMUM         31   1159 PM  65    1979  42    -11       35
  MINIMUM         17   1233 AM  -6    2014  22     -5       25
  AVERAGE         24                        32     -8       30

PRECIPITATION (IN)
  YESTERDAY        0.47          0.85        0.08   0.39     0.12
  MONTH TO DATE    1.81                      1.82  -0.01     1.96
  SINCE MAR 1      1.81                      1.82  -0.01     1.96
  SINCE JAN 1      5.73                      6.31  -0.58     7.13

DEGREE DAYS
 HEATING
  YESTERDAY       41                        33      8       35
  MONTH TO DATE 1048                       900    148      785
  SINCE MAR 1   1048                       900    148      785
  SINCE JUL 1   6269                      6808   -539     5939

 COOLING
  YESTERDAY        0                         0      0        0
  MONTH TO DATE    0                         0      0        0
  SINCE MAR 1      0                         0      0        0
  SINCE JAN 1      0                         0      0        0
..................................................................


WIND (MPH)
  HIGHEST WIND SPEED    15   HIGHEST WIND DIRECTION     S (180)
  HIGHEST GUST SPEED    18   HIGHEST GUST DIRECTION     S (180)
  AVERAGE WIND SPEED     4.2


SKY COVER
  AVERAGE SKY COVER 1.0


WEATHER CONDITIONS
 THE FOLLOWING WEATHER WAS RECORDED YESTERDAY.
  FREEZING RAIN
  LT FREEZING RAIN
  SNOW
  LIGHT SNOW
  FOG


RELATIVE HUMIDITY (PERCENT)
 HIGHEST   100           600 PM
 LOWEST     42           700 AM
 AVERAGE    71

..........................................................


THE MONTPELIER VT CLIMATE NORMALS FOR TODAY
                         NORMAL    RECORD    YEAR
 MAXIMUM TEMPERATURE (F)   42        64      1996
 MINIMUM TEMPERATURE (F)   23        -8      2014


SUNRISE AND SUNSET
MARCH 25 2017.........SUNRISE   644 AM EDT   SUNSET   709 PM EDT
MARCH 26 2017.........SUNRISE   642 AM EDT   SUNSET   710 PM EDT


-  INDICATES NEGATIVE NUMBERS.
R  INDICATES RECORD WAS SET OR TIED.
MM INDICATES DATA IS MISSING.
T  INDICATES TRACE AMOUNT.




$$
