000
CDUS41 KBTV 010552
CLIMPV


CLIMATE REPORT
NATIONAL WEATHER SERVICE BURLINGTON VT
1249 AM EST SUN MAR 1 2015


...................................

...THE MONTPELIER VT CLIMATE SUMMARY FOR FEBRUARY 28 2015...

CLIMATE NORMAL PERIOD 1981 TO 2010
CLIMATE RECORD PERIOD 1948 TO 2015


WEATHER ITEM   OBSERVED TIME   RECORD YEAR NORMAL DEPARTURE LAST
                VALUE   (LST)  VALUE       VALUE  FROM      YEAR
                                                  NORMAL
..................................................................
TEMPERATURE (F)
 YESTERDAY
  MAXIMUM         22    336 PM  49    1998  34    -12       12
                                      1954
  MINIMUM        -12    628 AM -14    1964  13    -25       -6
  AVERAGE          5                        23    -18        3

PRECIPITATION (IN)
  YESTERDAY        0.00          0.82        0.07  -0.07     0.00
  MONTH TO DATE    1.09                      2.04  -0.95     2.48
  SINCE DEC 1      6.44                      7.23  -0.79     6.36
  SINCE JAN 1      2.87                      4.49  -1.62     4.31

DEGREE DAYS
 HEATING
  YESTERDAY       60                        42     18       62
  MONTH TO DATE 1670                      1262    408     1358
  SINCE DEC 1   4520                      4062    458     4261
  SINCE JUL 1   6338                      5908    430     6165

 COOLING
  YESTERDAY        0                         0      0        0
  MONTH TO DATE    0                         0      0        0
  SINCE DEC 1      0                         0      0        0
  SINCE JAN 1      0                         0      0        0
..................................................................


WIND (MPH)
  HIGHEST WIND SPEED    10   HIGHEST WIND DIRECTION    NW (310)
  HIGHEST GUST SPEED    14   HIGHEST GUST DIRECTION    NW (300)
  AVERAGE WIND SPEED     2.3


SKY COVER
  AVERAGE SKY COVER 0.0


WEATHER CONDITIONS
 THE FOLLOWING WEATHER WAS RECORDED YESTERDAY.
  FOG
  HAZE


RELATIVE HUMIDITY (PERCENT)
 HIGHEST    86           600 AM
 LOWEST     36           300 PM
 AVERAGE    61

..........................................................


THE MONTPELIER VT CLIMATE NORMALS FOR TODAY
                         NORMAL    RECORD    YEAR
 MAXIMUM TEMPERATURE (F)   34        53      1991
 MINIMUM TEMPERATURE (F)   13       -12      1992


SUNRISE AND SUNSET
MARCH  1 2015.........SUNRISE   628 AM EST   SUNSET   538 PM EST
MARCH  2 2015.........SUNRISE   626 AM EST   SUNSET   539 PM EST


-  INDICATES NEGATIVE NUMBERS.
R  INDICATES RECORD WAS SET OR TIED.
MM INDICATES DATA IS MISSING.
T  INDICATES TRACE AMOUNT.




$$
