000
CDUS41 KBTV 230542
CLIMPV


CLIMATE REPORT
NATIONAL WEATHER SERVICE BURLINGTON VT
139 AM EDT FRI JUN 23 2017


...................................

...THE MONTPELIER VT CLIMATE SUMMARY FOR JUNE 22 2017...

CLIMATE NORMAL PERIOD 1981 TO 2010
CLIMATE RECORD PERIOD 1948 TO 2017


WEATHER ITEM   OBSERVED TIME   RECORD YEAR NORMAL DEPARTURE LAST
                VALUE   (LST)  VALUE       VALUE  FROM      YEAR
                                                  NORMAL
..................................................................
TEMPERATURE (F)
 YESTERDAY
  MAXIMUM         74    255 PM  89    1989  76     -2       65
  MINIMUM         50    437 AM  39    1950  53     -3       45
  AVERAGE         62                        65     -3       55

PRECIPITATION (IN)
  YESTERDAY        0.00          0.63        0.12  -0.12     0.60
  MONTH TO DATE    3.88                      2.81   1.07     2.23
  SINCE JUN 1      3.88                      2.81   1.07     2.23
  SINCE JAN 1     19.08                     15.72   3.36    14.51

DEGREE DAYS
 HEATING
  YESTERDAY        3                         3      0       10
  MONTH TO DATE  117                       104     13      121
  SINCE JUN 1    117                       104     13      121
  SINCE JUL 1   7576                      8164   -588     7383

 COOLING
  YESTERDAY        0                         2     -2        0
  MONTH TO DATE   50                        33     17       13
  SINCE JUN 1     50                        33     17       13
  SINCE JAN 1     67                        43     24       42
..................................................................


WIND (MPH)
  HIGHEST WIND SPEED    12   HIGHEST WIND DIRECTION     W (260)
  HIGHEST GUST SPEED    18   HIGHEST GUST DIRECTION     W (260)
  AVERAGE WIND SPEED     4.1


SKY COVER
  AVERAGE SKY COVER 0.4


WEATHER CONDITIONS
 THE FOLLOWING WEATHER WAS RECORDED YESTERDAY.
  NO SIGNIFICANT WEATHER WAS OBSERVED.


RELATIVE HUMIDITY (PERCENT)
 HIGHEST   100           200 AM
 LOWEST     46           300 PM
 AVERAGE    73

..........................................................


THE MONTPELIER VT CLIMATE NORMALS FOR TODAY
                         NORMAL    RECORD    YEAR
 MAXIMUM TEMPERATURE (F)   76        90      1975
 MINIMUM TEMPERATURE (F)   53        38      1984


SUNRISE AND SUNSET
JUNE 23 2017..........SUNRISE   507 AM EDT   SUNSET   838 PM EDT
JUNE 24 2017..........SUNRISE   508 AM EDT   SUNSET   838 PM EDT


-  INDICATES NEGATIVE NUMBERS.
R  INDICATES RECORD WAS SET OR TIED.
MM INDICATES DATA IS MISSING.
T  INDICATES TRACE AMOUNT.




$$
