000
CDUS41 KBTV 010839
CLIMPV


CLIMATE REPORT
NATIONAL WEATHER SERVICE BURLINGTON VT
437 AM EDT SUN MAY 1 2016


...................................

...THE MONTPELIER VT CLIMATE SUMMARY FOR APRIL 30 2016...

CLIMATE NORMAL PERIOD 1981 TO 2010
CLIMATE RECORD PERIOD 1948 TO 2016


WEATHER ITEM   OBSERVED TIME   RECORD YEAR NORMAL DEPARTURE LAST
                VALUE   (LST)  VALUE       VALUE  FROM      YEAR
                                                  NORMAL
..................................................................
TEMPERATURE (F)
 YESTERDAY
  MAXIMUM         61    400 PM  81    2004  60      1       59
  MINIMUM         32    505 AM  25    1978  37     -5       37
  AVERAGE         47                        49     -2       48

PRECIPITATION (IN)
  YESTERDAY        0.00          0.51        0.10  -0.10     0.00
  MONTH TO DATE    2.27                      2.66  -0.39     2.06
  SINCE MAR 1      4.77                      5.05  -0.28     2.90
  SINCE JAN 1      9.94                      9.54   0.40     5.77

DEGREE DAYS
 HEATING
  YESTERDAY       18                        17      1       17
  MONTH TO DATE  798                       678    120      753
  SINCE MAR 1   1761                      1796    -35     2074
  SINCE JUL 1   6915                      7704   -789     8412

 COOLING
  YESTERDAY        0                         0      0        0
  MONTH TO DATE    0                         1     -1        0
  SINCE MAR 1      0                         1     -1        0
  SINCE JAN 1      0                         1     -1        0
..................................................................


WIND (MPH)
  HIGHEST WIND SPEED    14   HIGHEST WIND DIRECTION    NW (310)
  HIGHEST GUST SPEED    17   HIGHEST GUST DIRECTION    NW (310)
  AVERAGE WIND SPEED     2.9


SKY COVER
  AVERAGE SKY COVER 0.1


WEATHER CONDITIONS
 THE FOLLOWING WEATHER WAS RECORDED YESTERDAY.
  NO SIGNIFICANT WEATHER WAS OBSERVED.


RELATIVE HUMIDITY (PERCENT)
 HIGHEST    64           600 AM
 LOWEST     19           300 PM
 AVERAGE    42

..........................................................


THE MONTPELIER VT CLIMATE NORMALS FOR TODAY
                         NORMAL    RECORD    YEAR
 MAXIMUM TEMPERATURE (F)   61        86      1970
 MINIMUM TEMPERATURE (F)   37        24      2008


SUNRISE AND SUNSET
MAY  1 2016...........SUNRISE   541 AM EDT   SUNSET   755 PM EDT
MAY  2 2016...........SUNRISE   539 AM EDT   SUNSET   756 PM EDT


-  INDICATES NEGATIVE NUMBERS.
R  INDICATES RECORD WAS SET OR TIED.
MM INDICATES DATA IS MISSING.
T  INDICATES TRACE AMOUNT.




$$
