000
CDUS41 KBTV 220520
CLIMPV


CLIMATE REPORT
NATIONAL WEATHER SERVICE BURLINGTON VT
118 AM EDT TUE AUG 22 2017


...................................

...THE MONTPELIER VT CLIMATE SUMMARY FOR AUGUST 21 2017...

CLIMATE NORMAL PERIOD 1981 TO 2010
CLIMATE RECORD PERIOD 1948 TO 2017


WEATHER ITEM   OBSERVED TIME   RECORD YEAR NORMAL DEPARTURE LAST
                VALUE   (LST)  VALUE       VALUE  FROM      YEAR
                                                  NORMAL
..................................................................
TEMPERATURE (F)
 YESTERDAY
  MAXIMUM         81   1216 PM  90    1979  76      5       80
  MINIMUM         53    449 AM  38    1953  53      0       62
  AVERAGE         67                        65      2       71

PRECIPITATION (IN)
  YESTERDAY        0.00          1.40        0.11  -0.11     0.91
  MONTH TO DATE    2.58                      2.97  -0.39     5.26
  SINCE JUN 1     15.90                     10.85   5.05    12.04
  SINCE JAN 1     31.10                     23.76   7.34    24.32

DEGREE DAYS
 HEATING
  YESTERDAY        0                         2     -2        0
  MONTH TO DATE   28                        38    -10        5
  SINCE JUN 1    220                       199     21      169
  SINCE JUL 1     74                        78     -4       37

 COOLING
  YESTERDAY        2                         2      0        6
  MONTH TO DATE   40                        58    -18       86
  SINCE JUN 1    173                       216    -43      221
  SINCE JAN 1    190                       226    -36      250
..................................................................


WIND (MPH)
  HIGHEST WIND SPEED    12   HIGHEST WIND DIRECTION     W (270)
  HIGHEST GUST SPEED    16   HIGHEST GUST DIRECTION     W (270)
  AVERAGE WIND SPEED     2.9


SKY COVER
  AVERAGE SKY COVER 0.0


WEATHER CONDITIONS
 THE FOLLOWING WEATHER WAS RECORDED YESTERDAY.
  FOG


RELATIVE HUMIDITY (PERCENT)
 HIGHEST   100           100 AM
 LOWEST     45          1200 PM
 AVERAGE    73

..........................................................


THE MONTPELIER VT CLIMATE NORMALS FOR TODAY
                         NORMAL    RECORD    YEAR
 MAXIMUM TEMPERATURE (F)   76        91      1955
 MINIMUM TEMPERATURE (F)   53        39      1957


SUNRISE AND SUNSET
AUGUST 22 2017........SUNRISE   602 AM EDT   SUNSET   743 PM EDT
AUGUST 23 2017........SUNRISE   603 AM EDT   SUNSET   742 PM EDT


-  INDICATES NEGATIVE NUMBERS.
R  INDICATES RECORD WAS SET OR TIED.
MM INDICATES DATA IS MISSING.
T  INDICATES TRACE AMOUNT.




$$
