000
CDUS41 KBTV 290531
CLIMPV


CLIMATE REPORT
NATIONAL WEATHER SERVICE BURLINGTON VT
129 AM EDT SAT APR 29 2017


...................................

...THE MONTPELIER VT CLIMATE SUMMARY FOR APRIL 28 2017...

CLIMATE NORMAL PERIOD 1981 TO 2010
CLIMATE RECORD PERIOD 1948 TO 2017


WEATHER ITEM   OBSERVED TIME   RECORD YEAR NORMAL DEPARTURE LAST
                VALUE   (LST)  VALUE       VALUE  FROM      YEAR
                                                  NORMAL
..................................................................
TEMPERATURE (F)
 YESTERDAY
  MAXIMUM         76    347 PM  90    1990  60     16       47
  MINIMUM         58    514 AM  22    2016  36     22       22
  AVERAGE         67                        48     19       35

PRECIPITATION (IN)
  YESTERDAY        T             1.11        0.09  -0.09     0.00
  MONTH TO DATE    3.21                      2.46   0.75     2.27
  SINCE MAR 1      5.81                      4.85   0.96     4.77
  SINCE JAN 1      9.73                      9.34   0.39     9.94

DEGREE DAYS
 HEATING
  YESTERDAY        0                        17    -17       30
  MONTH TO DATE  519                       644   -125      756
  SINCE MAR 1   1800                      1761     39     1719
  SINCE JUL 1   7021                      7669   -648     6873

 COOLING
  YESTERDAY        2                         0      2        0
  MONTH TO DATE    3                         0      3        0
  SINCE MAR 1      3                         0      3        0
  SINCE JAN 1      3                         0      3        0
..................................................................


WIND (MPH)
  HIGHEST WIND SPEED    16   HIGHEST WIND DIRECTION    SW (230)
  HIGHEST GUST SPEED    23   HIGHEST GUST DIRECTION     W (270)
  AVERAGE WIND SPEED     7.3


SKY COVER
  AVERAGE SKY COVER 0.4


WEATHER CONDITIONS
 THE FOLLOWING WEATHER WAS RECORDED YESTERDAY.
  LIGHT RAIN


RELATIVE HUMIDITY (PERCENT)
 HIGHEST    97           700 AM
 LOWEST     18           800 PM
 AVERAGE    58

..........................................................


THE MONTPELIER VT CLIMATE NORMALS FOR TODAY
                         NORMAL    RECORD    YEAR
 MAXIMUM TEMPERATURE (F)   60        83      1986
 MINIMUM TEMPERATURE (F)   36        23      2016


SUNRISE AND SUNSET
APRIL 29 2017.........SUNRISE   544 AM EDT   SUNSET   752 PM EDT
APRIL 30 2017.........SUNRISE   543 AM EDT   SUNSET   753 PM EDT


-  INDICATES NEGATIVE NUMBERS.
R  INDICATES RECORD WAS SET OR TIED.
MM INDICATES DATA IS MISSING.
T  INDICATES TRACE AMOUNT.




$$
