000
CDUS43 KMPX 162231
CLIMPX


CLIMATE REPORT
NATIONAL WEATHER SERVICE CHANHASSEN MN
430 PM CST SAT DEC 16 2017


...................................

...THE CHANHASSEN MN CLIMATE SUMMARY FOR DECEMBER 16 2017...
VALID TODAY AS OF 0400 PM LOCAL TIME.

CLIMATE NORMAL PERIOD 1981 TO 2010
CLIMATE RECORD PERIOD 1995 TO 2017


WEATHER ITEM   OBSERVED TIME   RECORD YEAR NORMAL DEPARTURE LAST
                VALUE   (LST)  VALUE       VALUE  FROM      YEAR
                                                  NORMAL
..................................................................
TEMPERATURE (F)
 TODAY
  MAXIMUM         MM        MM  46    2006  25     MM       12
  MINIMUM         MM        MM -14          10     MM        3
  AVERAGE         MM                        18     MM        8

PRECIPITATION (IN)
  TODAY            0.00          0.37 2000   0.04  -0.04     0.27
  MONTH TO DATE    0.51                      0.66  -0.15     1.06
  SINCE DEC 1      0.51                      0.66  -0.15     1.06
  SINCE JAN 1     37.73                     30.57   7.16    39.34

SNOWFALL (IN)
  TODAY            0.0           7.0  2000   0.5   -0.5      4.4
  MONTH TO DATE    4.3                       7.2   -2.9     17.3
  SINCE DEC 1      4.3                       7.2   -2.9     17.3
  SINCE JUL 1      6.1                      13.0   -6.9     22.4
  SNOW DEPTH       2

DEGREE DAYS
 HEATING
  TODAY           MM                        47     MM       57
  MONTH TO DATE  603                       714   -111      784
  SINCE DEC 1    603                       714   -111      784
  SINCE JUL 1   2216                      2421   -205     2007

 COOLING
  TODAY           MM                         0     MM        0
  MONTH TO DATE    0                         0      0        0
  SINCE DEC 1      0                         0      0        0
  SINCE JAN 1    478                       605   -127      631
..................................................................


WIND (MPH)
  HIGHEST WIND SPEED    MM   HIGHEST WIND DIRECTION    MM
  HIGHEST GUST SPEED    MM   HIGHEST GUST DIRECTION    MM
  AVERAGE WIND SPEED    MM


SKY COVER
  POSSIBLE SUNSHINE  MM
  AVERAGE SKY COVER  MM


WEATHER CONDITIONS
 THE FOLLOWING WEATHER WAS RECORDED TODAY.
  NO SIGNIFICANT WEATHER WAS OBSERVED.


RELATIVE HUMIDITY (PERCENT)
 HIGHEST    MM
 LOWEST     MM
 AVERAGE    MM

..........................................................


THE CHANHASSEN MN CLIMATE NORMALS FOR TOMORROW
                         NORMAL    RECORD    YEAR
 MAXIMUM TEMPERATURE (F)   25        45      2001
 MINIMUM TEMPERATURE (F)   10       -16      2016


SUNRISE AND SUNSET
DECEMBER 16 2017......SUNRISE   746 AM CST   SUNSET   434 PM CST
DECEMBER 17 2017......SUNRISE   747 AM CST   SUNSET   434 PM CST


-  INDICATES NEGATIVE NUMBERS.
R  INDICATES RECORD WAS SET OR TIED.
MM INDICATES DATA IS MISSING.
T  INDICATES TRACE AMOUNT.




$$
