000
CDUS43 KMPX 310711
CLIMPX


CLIMATE REPORT
NATIONAL WEATHER SERVICE CHANHASSEN MN
110 AM CST SAT JAN 31 2015


...................................

...THE CHANHASSEN MN CLIMATE SUMMARY FOR JANUARY 30 2015...

CLIMATE NORMAL PERIOD 1981 TO 2010
CLIMATE RECORD PERIOD 1995 TO 2015


WEATHER ITEM   OBSERVED TIME   RECORD YEAR NORMAL DEPARTURE LAST
                VALUE   (LST)  VALUE       VALUE  FROM      YEAR
                                                  NORMAL
..................................................................
TEMPERATURE (F)
 YESTERDAY
  MAXIMUM         26        MM  MM      MM  24      2       27
  MINIMUM          9        MM  MM      MM   6      3       -6
  AVERAGE         18                        15      3       11

PRECIPITATION (IN)
  YESTERDAY        0.00         MM      MM   0.02  -0.02     0.34
  MONTH TO DATE    0.37                      0.84  -0.47     1.32
  SINCE DEC 1      1.34                      2.09  -0.75     2.58
  SINCE JAN 1      0.37                      0.84  -0.47     1.32

SNOWFALL (IN)
  YESTERDAY        0.0          MM      MM   0.3   -0.3      4.5
  MONTH TO DATE    4.5                      10.0   -5.5     18.3
  SINCE DEC 1     11.2                      23.9  -12.7     35.1
  SINCE JUL 1     19.3                      29.7  -10.4     36.9
  SNOW DEPTH       T

DEGREE DAYS
 HEATING
  YESTERDAY       47                        50     -3       54
  MONTH TO DATE 1440                      1522    -82     1753
  SINCE DEC 1   2739                      2976   -237     3460
  SINCE JUL 1   4676                      4683     -7     5182

 COOLING
  YESTERDAY        0                         0      0        0
  MONTH TO DATE    0                         0      0        0
  SINCE DEC 1      0                         0      0        0
  SINCE JAN 1      0                         0      0        0
..................................................................


WIND (MPH)
  HIGHEST WIND SPEED    MM   HIGHEST WIND DIRECTION    MM
  HIGHEST GUST SPEED    MM   HIGHEST GUST DIRECTION    MM
  AVERAGE WIND SPEED    MM


SKY COVER
  POSSIBLE SUNSHINE  MM
  AVERAGE SKY COVER  MM


WEATHER CONDITIONS
 THE FOLLOWING WEATHER WAS RECORDED YESTERDAY.
  NO SIGNIFICANT WEATHER WAS OBSERVED.


RELATIVE HUMIDITY (PERCENT)
 HIGHEST    MM
 LOWEST     MM
 AVERAGE    MM

..........................................................


THE CHANHASSEN MN CLIMATE NORMALS FOR TODAY
                         NORMAL    RECORD    YEAR
 MAXIMUM TEMPERATURE (F)   24        MM        MM
 MINIMUM TEMPERATURE (F)    6        MM        MM


SUNRISE AND SUNSET
JANUARY 31 2015.......SUNRISE   735 AM CST   SUNSET   521 PM CST
FEBRUARY  1 2015......SUNRISE   734 AM CST   SUNSET   522 PM CST


-  INDICATES NEGATIVE NUMBERS.
R  INDICATES RECORD WAS SET OR TIED.
MM INDICATES DATA IS MISSING.
T  INDICATES TRACE AMOUNT.




$$
