000
CDUS43 KMPX 120732
CLIMPX


CLIMATE REPORT
NATIONAL WEATHER SERVICE CHANHASSEN MN
232 AM CDT SAT JUL 12 2014


...................................

...THE CHANHASSEN MN CLIMATE SUMMARY FOR JULY 11 2014...

CLIMATE NORMAL PERIOD 1981 TO 2010
CLIMATE RECORD PERIOD 1995 TO 2014


WEATHER ITEM   OBSERVED NORMAL DEPARTURE LAST
                VALUE   VALUE  FROM      YEAR
                               NORMAL
...............................................
TEMPERATURE (F)
 YESTERDAY
  MAXIMUM         79     82     -3       83
  MINIMUM         64     62      2       58
  AVERAGE         72     72      0       71

PRECIPITATION (IN)
  YESTERDAY        1.62   0.11   1.51     0.00
  MONTH TO DATE    2.46   1.33   1.13     0.81
  SINCE JUN 1     12.88   5.35   7.53     7.09
  SINCE JAN 1     28.78  15.60  13.18    22.59

SNOWFALL (IN)
  YESTERDAY        0.0    0.0    0.0      0.0
  MONTH TO DATE    0.0    0.0    0.0      0.0
  SINCE JUN 1      0.0    0.0    0.0      0.0
  SINCE JUL 1      0.0    0.0    0.0      0.0
  SNOW DEPTH       0

DEGREE DAYS
 HEATING
  YESTERDAY        0      0      0        0
  MONTH TO DATE    4      0      4        0
  SINCE JUN 1     37     49    -12       62
  SINCE JUL 1      4      0      4        0

 COOLING
  YESTERDAY        7      8     -1        6
  MONTH TO DATE   46     78    -32      104
  SINCE JUN 1    158    205    -47      216
  SINCE JAN 1    195    238    -43      239
...............................................







THE CHANHASSEN MN CLIMATE NORMALS FOR TODAY
                         NORMAL
 MAXIMUM TEMPERATURE (F)   82
 MINIMUM TEMPERATURE (F)   62



-  INDICATES NEGATIVE NUMBERS.
R  INDICATES RECORD WAS SET OR TIED.
MM INDICATES DATA IS MISSING.
T  INDICATES TRACE AMOUNT.




$$
