000
CDUS43 KMQT 270523
CLIMQT


CLIMATE REPORT
NATIONAL WEATHER SERVICE MARQUETTE MI
122 AM EDT TUE SEP 27 2016


...................................

...THE MARQUETTE MI CLIMATE SUMMARY FOR SEPTEMBER 26 2016...

CLIMATE NORMAL PERIOD 1981 TO 2010
CLIMATE RECORD PERIOD 1961 TO 2016


WEATHER ITEM   OBSERVED RECORD YEAR NORMAL DEPARTURE LAST
                VALUE   VALUE       VALUE  FROM      YEAR
                                           NORMAL
...........................................................
TEMPERATURE (F)
 YESTERDAY
  MAXIMUM         58     79    2008  61     -3       75
                               1983
  MINIMUM         47     25    1965  42      5       55
  AVERAGE         53                 52      1       65

PRECIPITATION (IN)
  YESTERDAY        0.02   0.96 1972   0.14  -0.12     0.00
  MONTH TO DATE    4.98               3.18   1.80     1.52
  SINCE SEP 1      4.98               3.18   1.80     1.52
  SINCE JAN 1     32.75              25.55   7.20    19.73

SNOWFALL (IN)
  YESTERDAY        0.0    0.1  1980   0.0    0.0      0.0
  MONTH TO DATE    0.0                0.0    0.0      0.0
  SINCE SEP 1      0.0                0.0    0.0      0.0
  SINCE JUL 1      T                  0.0    0.0      0.0
  SNOW DEPTH       0

DEGREE DAYS
 HEATING
  YESTERDAY       12                 14     -2        0
  MONTH TO DATE  131                238   -107      115
  SINCE SEP 1    131                238   -107      115
  SINCE JUL 1    231                423   -192      283

 COOLING
  YESTERDAY        0                  0      0        0
  MONTH TO DATE   10                 21    -11       64
  SINCE SEP 1     10                 21    -11       64
  SINCE JAN 1    246                241      5      246
...........................................................


WIND (MPH)
  HIGHEST WIND SPEED    MM   HIGHEST WIND DIRECTION    MM
  HIGHEST GUST SPEED    32   HIGHEST GUST DIRECTION    SW (225)
  AVERAGE WIND SPEED    MM


SKY COVER
  POSSIBLE SUNSHINE  MM
  AVERAGE SKY COVER  MM


WEATHER CONDITIONS
 THE FOLLOWING WEATHER WAS RECORDED YESTERDAY.
  LIGHT RAIN


RELATIVE HUMIDITY (PERCENT)
 HIGHEST    MM
 LOWEST     MM
 AVERAGE    MM

..........................................................


THE MARQUETTE MI CLIMATE NORMALS FOR TODAY
                         NORMAL    RECORD    YEAR
 MAXIMUM TEMPERATURE (F)   61        79      2014
 MINIMUM TEMPERATURE (F)   41        21      1965


SUNRISE AND SUNSET
SEPTEMBER 27 2016.....SUNRISE   744 AM EDT   SUNSET   737 PM EDT
SEPTEMBER 28 2016.....SUNRISE   745 AM EDT   SUNSET   735 PM EDT


-  INDICATES NEGATIVE NUMBERS.
R  INDICATES RECORD WAS SET OR TIED.
MM INDICATES DATA IS MISSING.
T  INDICATES TRACE AMOUNT.




$$

JLA
