000
CDUS43 KMQT 270520
CLIMQT


CLIMATE REPORT
NATIONAL WEATHER SERVICE MARQUETTE MI
1218 AM EST MON FEB 27 2017


...................................

...THE MARQUETTE MI CLIMATE SUMMARY FOR FEBRUARY 26 2017...

CLIMATE NORMAL PERIOD 1981 TO 2010
CLIMATE RECORD PERIOD 1961 TO 2017


WEATHER ITEM   OBSERVED RECORD YEAR NORMAL DEPARTURE LAST
                VALUE   VALUE       VALUE  FROM      YEAR
                                           NORMAL
...........................................................
TEMPERATURE (F)
 YESTERDAY
  MAXIMUM         30     56    2000  29      1       34
  MINIMUM          4    -26    1963   7     -3       13
  AVERAGE         17                 18     -1       24

PRECIPITATION (IN)
  YESTERDAY        0.02   0.83 2002   0.08  -0.06      T
  MONTH TO DATE    2.74               1.96   0.78     2.03
  SINCE DEC 1      6.67               6.94  -0.27     8.86
  SINCE JAN 1      4.48               4.37   0.11     3.99

SNOWFALL (IN)
  YESTERDAY        0.6   19.4  2002   1.2   -0.6       T
  MONTH TO DATE   34.4               33.2    1.2     30.0
  SINCE DEC 1    106.6              119.2  -12.6     86.4
  SINCE JUL 1    120.8              149.7  -28.9     94.3
  SNOW DEPTH      14

DEGREE DAYS
 HEATING
  YESTERDAY       48                 47      1       41
  MONTH TO DATE 1112               1294   -182     1224
  SINCE DEC 1   3976               4329   -353     3812
  SINCE JUL 1   5601               6531   -930     5644

 COOLING
  YESTERDAY        0                  0      0        0
  MONTH TO DATE    0                  0      0        0
  SINCE DEC 1      0                  0      0        0
  SINCE JAN 1      0                  0      0        0
...........................................................


WIND (MPH)
  HIGHEST WIND SPEED    MM   HIGHEST WIND DIRECTION    MM
  HIGHEST GUST SPEED    31   HIGHEST GUST DIRECTION     W (270)
  AVERAGE WIND SPEED    MM


SKY COVER
  POSSIBLE SUNSHINE  MM
  AVERAGE SKY COVER  MM


WEATHER CONDITIONS
 THE FOLLOWING WEATHER WAS RECORDED YESTERDAY.
  HEAVY SNOW
  SNOW
  LIGHT SNOW
  BLOWING SNOW


RELATIVE HUMIDITY (PERCENT)
 HIGHEST    MM
 LOWEST     MM
 AVERAGE    MM

..........................................................


THE MARQUETTE MI CLIMATE NORMALS FOR TODAY
                         NORMAL    RECORD    YEAR
 MAXIMUM TEMPERATURE (F)   29        50      2016
 MINIMUM TEMPERATURE (F)    8       -25      2014


SUNRISE AND SUNSET
FEBRUARY 27 2017......SUNRISE   733 AM EST   SUNSET   634 PM EST
FEBRUARY 28 2017......SUNRISE   731 AM EST   SUNSET   635 PM EST


-  INDICATES NEGATIVE NUMBERS.
R  INDICATES RECORD WAS SET OR TIED.
MM INDICATES DATA IS MISSING.
T  INDICATES TRACE AMOUNT.




$$
JLA
