000
CDUS41 KLWX 240528
CLIMRB


CLIMATE REPORT
NATIONAL WEATHER SERVICE BALTIMORE MD/WASHINGTON DC
1226 AM EST TUE JAN 24 2017


...................................

...THE MARTINSBURG WV CLIMATE SUMMARY FOR JANUARY 23 2017...

CLIMATE NORMAL PERIOD 1981 TO 2010
CLIMATE RECORD PERIOD 1926 TO 2017


WEATHER ITEM   OBSERVED TIME   RECORD YEAR NORMAL DEPARTURE LAST
                VALUE   (LST)  VALUE       VALUE  FROM      YEAR
                                                  NORMAL
..................................................................
TEMPERATURE (F)
 YESTERDAY
  MAXIMUM         49    300 AM  72    1927  40      9       30
  MINIMUM         34   1032 PM  -6    2014  22     12       20
                                      1936
  AVERAGE         42                        31     11       25

PRECIPITATION (IN)
  YESTERDAY        1.27R         1.15 1998   0.08   1.19    MM
  MONTH TO DATE    3.43                      1.78   1.65     1.36
  SINCE DEC 1      5.22                      4.49   0.73     4.02
  SINCE JAN 1      3.43                      1.78   1.65     1.36

DEGREE DAYS
 HEATING
  YESTERDAY       23                        34    -11       40
  MONTH TO DATE  635                       782   -147      807
  SINCE DEC 1   1515                      1738   -223     1391
  SINCE JUL 1   2319                      2808   -489     2249

 COOLING
  YESTERDAY        0                         0      0        0
  MONTH TO DATE    0                         0      0        0
  SINCE DEC 1      0                         0      0        0
  SINCE JAN 1      0                         0      0        0
..................................................................


WIND (MPH)
  HIGHEST WIND SPEED    22   HIGHEST WIND DIRECTION     N (20)
  HIGHEST GUST SPEED    33   HIGHEST GUST DIRECTION     E (90)
  AVERAGE WIND SPEED    11.5


SKY COVER
  POSSIBLE SUNSHINE  MM
  AVERAGE SKY COVER 0.9


WEATHER CONDITIONS
 THE FOLLOWING WEATHER WAS RECORDED YESTERDAY.
  RAIN
  LIGHT RAIN
  LIGHT SNOW
  FOG


RELATIVE HUMIDITY (PERCENT)
 HIGHEST   100           800 AM
 LOWEST     92           700 AM
 AVERAGE    96

..........................................................


THE MARTINSBURG WV CLIMATE NORMALS FOR TODAY
                         NORMAL    RECORD    YEAR
 MAXIMUM TEMPERATURE (F)   40        74      1967
 MINIMUM TEMPERATURE (F)   22        -4      1963


SUNRISE AND SUNSET
JANUARY 24 2017.......SUNRISE   725 AM EST   SUNSET   523 PM EST
JANUARY 25 2017.......SUNRISE   725 AM EST   SUNSET   524 PM EST


-  INDICATES NEGATIVE NUMBERS.
R  INDICATES RECORD WAS SET OR TIED.
MM INDICATES DATA IS MISSING.
T  INDICATES TRACE AMOUNT.




$$
