000
CDUS41 KLWX 170536
CLIMRB


CLIMATE REPORT
NATIONAL WEATHER SERVICE BALTIMORE MD/WASHINGTON DC
136 AM EDT THU AUG 17 2017


...................................

...THE MARTINSBURG WV CLIMATE SUMMARY FOR AUGUST 16 2017...

CLIMATE NORMAL PERIOD 1981 TO 2010
CLIMATE RECORD PERIOD 1926 TO 2017


WEATHER ITEM   OBSERVED TIME   RECORD YEAR NORMAL DEPARTURE LAST
                VALUE   (LST)  VALUE       VALUE  FROM      YEAR
                                                  NORMAL
..................................................................
TEMPERATURE (F)
 YESTERDAY
  MAXIMUM         88    400 PM 101    1997  84      4       91
  MINIMUM         64        MM  48    2014  62      2       70
  AVERAGE         76                        73      3       81

PRECIPITATION (IN)
  YESTERDAY        0.00          1.74 1947   0.09  -0.09     0.21
  MONTH TO DATE    1.69                      1.64   0.05     1.04
  SINCE JUN 1      9.19                      9.07   0.12     4.11
  SINCE JAN 1     26.41                     24.80   1.61    15.70

DEGREE DAYS
 HEATING
  YESTERDAY        0                         0      0        0
  MONTH TO DATE    0                         0      0        0
  SINCE JUN 1     10                        25    -15        5
  SINCE JUL 1      0                         1     -1        0

 COOLING
  YESTERDAY       11                         8      3       16
  MONTH TO DATE  111                       141    -30      210
  SINCE JUN 1    692                       627     65      829
  SINCE JAN 1    799                       684    115      902
..................................................................


WIND (MPH)
  HIGHEST WIND SPEED     9   HIGHEST WIND DIRECTION     E (80)
  HIGHEST GUST SPEED    MM   HIGHEST GUST DIRECTION    MM
  AVERAGE WIND SPEED     2.0


SKY COVER
  POSSIBLE SUNSHINE  MM
  AVERAGE SKY COVER 0.4


WEATHER CONDITIONS
 THE FOLLOWING WEATHER WAS RECORDED YESTERDAY.
  FOG
  FOG W/VISIBILITY <= 1/4 MILE


RELATIVE HUMIDITY (PERCENT)
 HIGHEST   100           100 AM
 LOWEST     48           500 PM
 AVERAGE    74

..........................................................


THE MARTINSBURG WV CLIMATE NORMALS FOR TODAY
                         NORMAL    RECORD    YEAR
 MAXIMUM TEMPERATURE (F)   84       102      1988
 MINIMUM TEMPERATURE (F)   62        46      1979


SUNRISE AND SUNSET
AUGUST 17 2017........SUNRISE   627 AM EDT   SUNSET   804 PM EDT
AUGUST 18 2017........SUNRISE   628 AM EDT   SUNSET   803 PM EDT


-  INDICATES NEGATIVE NUMBERS.
R  INDICATES RECORD WAS SET OR TIED.
MM INDICATES DATA IS MISSING.
T  INDICATES TRACE AMOUNT.




$$
