000
CDUS41 KLWX 250528
CLIMRB


CLIMATE REPORT
NATIONAL WEATHER SERVICE BALTIMORE MD/WASHINGTON DC
128 AM EDT WED MAY 25 2016


...................................

...THE MARTINSBURG WV CLIMATE SUMMARY FOR MAY 24 2016...

CLIMATE NORMAL PERIOD 1981 TO 2010
CLIMATE RECORD PERIOD 1926 TO 2016


WEATHER ITEM   OBSERVED TIME   RECORD YEAR NORMAL DEPARTURE LAST
                VALUE   (LST)  VALUE       VALUE  FROM      YEAR
                                                  NORMAL
..................................................................
TEMPERATURE (F)
 YESTERDAY
  MAXIMUM         83    251 PM  96    1941  75      8       81
  MINIMUM         47    508 AM  31    1963  52     -5       45
  AVERAGE         65                        63      2       63

PRECIPITATION (IN)
  YESTERDAY        0.00          0.80 1938   0.14  -0.14     0.00
  MONTH TO DATE    4.48                      3.18   1.30     1.95
  SINCE MAR 1      7.32                     10.04  -2.72     7.57
  SINCE JAN 1     11.41                     14.82  -3.41     9.86

DEGREE DAYS
 HEATING
  YESTERDAY        0                         4     -4        2
  MONTH TO DATE  182                       147     35       65
  SINCE MAR 1   1058                      1248   -190     1092
  SINCE JUL 1   4473                      5204   -731     5015

 COOLING
  YESTERDAY        0                         2     -2        0
  MONTH TO DATE    4                        32    -28       82
  SINCE MAR 1     16                        41    -25       83
  SINCE JAN 1     16                        41    -25       83
..................................................................


WIND (MPH)
  HIGHEST WIND SPEED    20   HIGHEST WIND DIRECTION    NW (320)
  HIGHEST GUST SPEED    27   HIGHEST GUST DIRECTION     W (270)
  AVERAGE WIND SPEED     4.6


SKY COVER
  POSSIBLE SUNSHINE  MM
  AVERAGE SKY COVER 0.2


WEATHER CONDITIONS
 THE FOLLOWING WEATHER WAS RECORDED YESTERDAY.
  FOG
  FOG W/VISIBILITY <= 1/4 MILE


RELATIVE HUMIDITY (PERCENT)
 HIGHEST   100           300 AM
 LOWEST     26           300 PM
 AVERAGE    63

..........................................................


THE MARTINSBURG WV CLIMATE NORMALS FOR TODAY
                         NORMAL    RECORD    YEAR
 MAXIMUM TEMPERATURE (F)   75        94      1933
 MINIMUM TEMPERATURE (F)   52        33      1967


SUNRISE AND SUNSET
MAY 25 2016...........SUNRISE   550 AM EDT   SUNSET   828 PM EDT
MAY 26 2016...........SUNRISE   550 AM EDT   SUNSET   829 PM EDT


-  INDICATES NEGATIVE NUMBERS.
R  INDICATES RECORD WAS SET OR TIED.
MM INDICATES DATA IS MISSING.
T  INDICATES TRACE AMOUNT.




$$
