000
CDUS41 KLWX 022123
CLIMRB


CLIMATE REPORT
NATIONAL WEATHER SERVICE BALTIMORE MD/WASHINGTON DC
423 PM EST FRI DEC 2 2016


...................................

...THE MARTINSBURG WV CLIMATE SUMMARY FOR DECEMBER 2 2016...
VALID TODAY AS OF 0400 PM LOCAL TIME.

CLIMATE NORMAL PERIOD 1981 TO 2010
CLIMATE RECORD PERIOD 1926 TO 2016


WEATHER ITEM   OBSERVED TIME   RECORD YEAR NORMAL DEPARTURE LAST
                VALUE   (LST)  VALUE       VALUE  FROM      YEAR
                                                  NORMAL
..................................................................
TEMPERATURE (F)
 TODAY
  MAXIMUM         45   1138 AM  69    1998  47     -2       51
  MINIMUM         38    742 AM   7    1967  29      9       42
  AVERAGE         42                        38      4       47

PRECIPITATION (IN)
  TODAY            0.00          2.00 1991   0.11  -0.11     0.27
  MONTH TO DATE    0.01                      0.21  -0.20     0.61
  SINCE DEC 1      0.01                      0.21  -0.20     0.61
  SINCE JAN 1     23.25                     36.20 -12.95    27.35

DEGREE DAYS
 HEATING
  TODAY           23                        27     -4       18
  MONTH TO DATE   37                        53    -16       44
  SINCE DEC 1     37                        53    -16       44
  SINCE JUL 1    841                      1123   -282      902

 COOLING
  TODAY            0                         0      0        0
  MONTH TO DATE    0                         0      0        0
  SINCE DEC 1      0                         0      0        0
  SINCE JAN 1   1296                       895    401     1113
..................................................................


WIND (MPH)
  HIGHEST WIND SPEED    22   HIGHEST WIND DIRECTION     W (280)
  HIGHEST GUST SPEED    33   HIGHEST GUST DIRECTION     W (270)
  AVERAGE WIND SPEED    12.7


SKY COVER
  POSSIBLE SUNSHINE  MM
  AVERAGE SKY COVER 0.8


WEATHER CONDITIONS
 THE FOLLOWING WEATHER WAS RECORDED TODAY.
  HAZE


RELATIVE HUMIDITY (PERCENT)
 HIGHEST    59           600 AM
 LOWEST     45           300 AM
 AVERAGE    52

..........................................................


THE MARTINSBURG WV CLIMATE NORMALS FOR TOMORROW
                         NORMAL    RECORD    YEAR
 MAXIMUM TEMPERATURE (F)   47        75      1998
 MINIMUM TEMPERATURE (F)   29        10      1976


SUNRISE AND SUNSET
DECEMBER  2 2016......SUNRISE   714 AM EST   SUNSET   449 PM EST
DECEMBER  3 2016......SUNRISE   715 AM EST   SUNSET   448 PM EST


-  INDICATES NEGATIVE NUMBERS.
R  INDICATES RECORD WAS SET OR TIED.
MM INDICATES DATA IS MISSING.
T  INDICATES TRACE AMOUNT.




$$
