000
CDUS41 KLWX 030522
CLIMRB


CLIMATE REPORT
NATIONAL WEATHER SERVICE BALTIMORE MD/WASHINGTON DC
122 AM EDT MON AUG 3 2015


...................................

...THE MARTINSBURG WV CLIMATE SUMMARY FOR AUGUST 2 2015...

CLIMATE NORMAL PERIOD 1981 TO 2010
CLIMATE RECORD PERIOD 1926 TO 2015


WEATHER ITEM   OBSERVED TIME   RECORD YEAR NORMAL DEPARTURE LAST
                VALUE   (LST)  VALUE       VALUE  FROM      YEAR
                                                  NORMAL
..................................................................
TEMPERATURE (F)
 YESTERDAY
  MAXIMUM         87    254 PM 103    1991  85      2       81
  MINIMUM         58    259 AM  51    1992  63     -5       60
  AVERAGE         73                        74     -1       71

PRECIPITATION (IN)
  YESTERDAY        0.00          3.00 1946   0.11  -0.11     0.00
  MONTH TO DATE    0.00                      0.22  -0.22      T
  SINCE JUN 1      6.65                      7.65  -1.00     7.37
  SINCE JAN 1     17.59                     23.38  -5.79    22.24

DEGREE DAYS
 HEATING
  YESTERDAY        0                         0      0        0
  MONTH TO DATE    0                         0      0        0
  SINCE JUN 1     15                        25    -10        5
  SINCE JUL 1      0                         1     -1        3

 COOLING
  YESTERDAY        8                         9     -1        6
  MONTH TO DATE   18                        18      0       11
  SINCE JUN 1    583                       504     79      548
  SINCE JAN 1    731                       561    170      629
..................................................................


WIND (MPH)
  HIGHEST WIND SPEED    12   HIGHEST WIND DIRECTION     S (190)
  HIGHEST GUST SPEED    18   HIGHEST GUST DIRECTION     S (170)
  AVERAGE WIND SPEED     5.0


SKY COVER
  POSSIBLE SUNSHINE  MM
  AVERAGE SKY COVER 0.1


WEATHER CONDITIONS
 THE FOLLOWING WEATHER WAS RECORDED YESTERDAY.
  NO SIGNIFICANT WEATHER WAS OBSERVED.


RELATIVE HUMIDITY (PERCENT)
 HIGHEST    87           300 AM
 LOWEST     35           200 PM
 AVERAGE    61

..........................................................


THE MARTINSBURG WV CLIMATE NORMALS FOR TODAY
                         NORMAL    RECORD    YEAR
 MAXIMUM TEMPERATURE (F)   85       101      1943
 MINIMUM TEMPERATURE (F)   63        47      1959


SUNRISE AND SUNSET
AUGUST  3 2015........SUNRISE   613 AM EDT   SUNSET   822 PM EDT
AUGUST  4 2015........SUNRISE   614 AM EDT   SUNSET   821 PM EDT


-  INDICATES NEGATIVE NUMBERS.
R  INDICATES RECORD WAS SET OR TIED.
MM INDICATES DATA IS MISSING.
T  INDICATES TRACE AMOUNT.




$$
