000
CDUS44 KHUN 242122
CLIMSL


CLIMATE REPORT
NATIONAL WEATHER SERVICE HUNTSVILLE AL
421 PM CDT SAT SEP 24 2016


...................................

...THE MUSCLE SHOALS CLIMATE SUMMARY FOR SEPTEMBER 24 2016...
VALID TODAY AS OF 0400 PM LOCAL TIME.

CLIMATE NORMAL PERIOD 1981 TO 2010
CLIMATE RECORD PERIOD 1893 TO 2016


WEATHER ITEM   OBSERVED TIME   RECORD YEAR NORMAL DEPARTURE LAST
                VALUE   (LST)  VALUE       VALUE  FROM      YEAR
                                                  NORMAL
..................................................................
TEMPERATURE (F)
 TODAY
  MAXIMUM         98    145 PM 100    1931  82     16       88
  MINIMUM         65    605 AM  40    1928  58      7       59
                                      1918
  AVERAGE         82                        70     12       74

PRECIPITATION (IN)
  TODAY            0.00          2.62 1936   0.13  -0.13     0.00
  MONTH TO DATE    0.50                      2.96  -2.46     0.48
  SINCE SEP 1      0.50                      2.96  -2.46     0.48
  SINCE JAN 1     32.13                     38.67  -6.54    37.02

SNOWFALL (IN)
  TODAY            0.0
  MONTH TO DATE    0.0
  SINCE SEP 1      0.0
  SINCE JUL 1      0.0
  SNOW DEPTH       0

DEGREE DAYS
 HEATING
  TODAY            0                         1     -1        0
  MONTH TO DATE    0                         6     -6        5
  SINCE SEP 1      0                         6     -6        5
  SINCE JUL 1      0                         6     -6        5

 COOLING
  TODAY           17                         6     11        9
  MONTH TO DATE  365                       230    135      218
  SINCE SEP 1    365                       230    135      218
  SINCE JAN 1   2168                      1773    395     1871
..................................................................


WIND (MPH)
  HIGHEST WIND SPEED    10   HIGHEST WIND DIRECTION     N (340)
  HIGHEST GUST SPEED    14   HIGHEST GUST DIRECTION     N (340)
  AVERAGE WIND SPEED     1.9


SKY COVER
  POSSIBLE SUNSHINE  MM
  AVERAGE SKY COVER 0.0


WEATHER CONDITIONS
 THE FOLLOWING WEATHER WAS RECORDED TODAY.
  NO SIGNIFICANT WEATHER WAS OBSERVED.


RELATIVE HUMIDITY (PERCENT)
 HIGHEST    93           500 AM
 LOWEST     27           200 PM
 AVERAGE    60

..........................................................


THE MUSCLE SHOALS CLIMATE NORMALS FOR TOMORROW
                         NORMAL    RECORD    YEAR
 MAXIMUM TEMPERATURE (F)   81        97      1933
 MINIMUM TEMPERATURE (F)   58        40      1928


SUNRISE AND SUNSET
SEPTEMBER 24 2016.....SUNRISE   640 AM CDT   SUNSET   644 PM CDT
SEPTEMBER 25 2016.....SUNRISE   641 AM CDT   SUNSET   642 PM CDT


-  INDICATES NEGATIVE NUMBERS.
R  INDICATES RECORD WAS SET OR TIED.
MM INDICATES DATA IS MISSING.
T  INDICATES TRACE AMOUNT.




$$
