000
CDUS44 KHUN 290701
CLIMSL


CLIMATE REPORT
NATIONAL WEATHER SERVICE HUNTSVILLE AL
201 AM CDT SAT APR 29 2017


...................................

...THE MUSCLE SHOALS CLIMATE SUMMARY FOR APRIL 28 2017...

CLIMATE NORMAL PERIOD 1981 TO 2010
CLIMATE RECORD PERIOD 1893 TO 2017


WEATHER ITEM   OBSERVED TIME   RECORD YEAR NORMAL DEPARTURE LAST
                VALUE   (LST)  VALUE       VALUE  FROM      YEAR
                                                  NORMAL
..................................................................
TEMPERATURE (F)
 YESTERDAY
  MAXIMUM         85    447 PM  90    1925  77      8       87
                                      1917
                                      1915
  MINIMUM         54    404 AM  35    1920  53      1       61
                                      1913
  AVERAGE         70                        65      5       74

PRECIPITATION (IN)
  YESTERDAY        0.00          2.21 2014   0.15  -0.15     0.00
  MONTH TO DATE    3.22                      4.07  -0.85     2.82
  SINCE MAR 1      8.22                      8.83  -0.61     7.34
  SINCE JAN 1     15.46                     18.10  -2.64    14.47

SNOWFALL (IN)
  YESTERDAY        0.0
  MONTH TO DATE    0.0
  SINCE MAR 1      T
  SINCE JUL 1      T
  SNOW DEPTH       0

DEGREE DAYS
 HEATING
  YESTERDAY        0                         3     -3        0
  MONTH TO DATE   60                       156    -96       97
  SINCE MAR 1    380                       534   -154      333
  SINCE JUL 1   2060                      3069  -1009     2334

 COOLING
  YESTERDAY        5                         3      2        9
  MONTH TO DATE   91                        46     45       51
  SINCE MAR 1    116                        58     58       75
  SINCE JAN 1    124                        59     65       75
..................................................................


WIND (MPH)
  HIGHEST WIND SPEED    22   HIGHEST WIND DIRECTION     S (200)
  HIGHEST GUST SPEED    28   HIGHEST GUST DIRECTION    SW (210)
  AVERAGE WIND SPEED     8.4


SKY COVER
  POSSIBLE SUNSHINE  MM
  AVERAGE SKY COVER 0.4


WEATHER CONDITIONS
 THE FOLLOWING WEATHER WAS RECORDED YESTERDAY.
  NO SIGNIFICANT WEATHER WAS OBSERVED.


RELATIVE HUMIDITY (PERCENT)
 HIGHEST    93           300 AM
 LOWEST     58           600 PM
 AVERAGE    76

..........................................................


THE MUSCLE SHOALS CLIMATE NORMALS FOR TODAY
                         NORMAL    RECORD    YEAR
 MAXIMUM TEMPERATURE (F)   77        90      1915
 MINIMUM TEMPERATURE (F)   54        35      1928


SUNRISE AND SUNSET
APRIL 29 2017.........SUNRISE   602 AM CDT   SUNSET   734 PM CDT
APRIL 30 2017.........SUNRISE   601 AM CDT   SUNSET   735 PM CDT


-  INDICATES NEGATIVE NUMBERS.
R  INDICATES RECORD WAS SET OR TIED.
MM INDICATES DATA IS MISSING.
T  INDICATES TRACE AMOUNT.




$$
