000
CDUS44 KHUN 300702
CLIMSL


CLIMATE REPORT
NATIONAL WEATHER SERVICE HUNTSVILLE AL
201 AM CDT WED JUL 30 2014


...................................

...THE MUSCLE SHOALS CLIMATE SUMMARY FOR JULY 29 2014...

CLIMATE NORMAL PERIOD 1981 TO 2010
CLIMATE RECORD PERIOD 1893 TO 2014


WEATHER ITEM   OBSERVED TIME   RECORD YEAR NORMAL DEPARTURE LAST
                VALUE   (LST)  VALUE       VALUE  FROM      YEAR
                                                  NORMAL
..................................................................
TEMPERATURE (F)
 YESTERDAY
  MAXIMUM         80    338 PM 108    1930  91    -11       84
  MINIMUM         60   1159 PM  55    1937  70    -10       65
  AVERAGE         70                        81    -11       75

PRECIPITATION (IN)
  YESTERDAY        0.00          2.17 1898   0.11  -0.11     0.00
  MONTH TO DATE    5.02                      4.07   0.95     7.13
  SINCE JUN 1     12.49                      8.83   3.66    11.81
  SINCE JAN 1     29.28                     32.33  -3.05    36.72

SNOWFALL (IN)
  YESTERDAY        0.0
  MONTH TO DATE    0.0
  SINCE JUN 1      0.0
  SINCE JUL 1      0.0
  SNOW DEPTH       0

DEGREE DAYS
 HEATING
  YESTERDAY        0                         0      0        0
  MONTH TO DATE    0                         0      0        0
  SINCE JUN 1      0                         1     -1        0
  SINCE JUL 1      0                         0      0        0

 COOLING
  YESTERDAY        5                        16    -11       10
  MONTH TO DATE  352                       450    -98      393
  SINCE JUN 1    753                       812    -59      799
  SINCE JAN 1   1010                      1056    -46     1039
..................................................................


WIND (MPH)
  HIGHEST WIND SPEED    14   HIGHEST WIND DIRECTION     N (340)
  HIGHEST GUST SPEED    22   HIGHEST GUST DIRECTION    NW (330)
  AVERAGE WIND SPEED     4.9


SKY COVER
  POSSIBLE SUNSHINE  MM
  AVERAGE SKY COVER 0.1


WEATHER CONDITIONS
 THE FOLLOWING WEATHER WAS RECORDED YESTERDAY.
  NO SIGNIFICANT WEATHER WAS OBSERVED.


RELATIVE HUMIDITY (PERCENT)
 HIGHEST    84           500 AM
 LOWEST     39           100 PM
 AVERAGE    62

..........................................................


THE MUSCLE SHOALS CLIMATE NORMALS FOR TODAY
                         NORMAL    RECORD    YEAR
 MAXIMUM TEMPERATURE (F)   91       103      1986
 MINIMUM TEMPERATURE (F)   70        56      1914


SUNRISE AND SUNSET
JULY 30 2014..........SUNRISE   559 AM CDT   SUNSET   754 PM CDT
JULY 31 2014..........SUNRISE   600 AM CDT   SUNSET   754 PM CDT


-  INDICATES NEGATIVE NUMBERS.
R  INDICATES RECORD WAS SET OR TIED.
MM INDICATES DATA IS MISSING.
T  INDICATES TRACE AMOUNT.




$$
