000
CDUS44 KHUN 260807
CLIMSL


CLIMATE REPORT
NATIONAL WEATHER SERVICE HUNTSVILLE AL
207 AM CST FRI DEC 26 2014


...................................

...THE MUSCLE SHOALS CLIMATE SUMMARY FOR DECEMBER 25 2014...

CLIMATE NORMAL PERIOD 1981 TO 2010
CLIMATE RECORD PERIOD 1893 TO 2014


WEATHER ITEM   OBSERVED TIME   RECORD YEAR NORMAL DEPARTURE LAST
                VALUE   (LST)  VALUE       VALUE  FROM      YEAR
                                                  NORMAL
..................................................................
TEMPERATURE (F)
 YESTERDAY
  MAXIMUM         53    317 PM  75    1987  51      2       49
                                      1901
  MINIMUM         34   1156 PM   1    1983  32      2       21
  AVERAGE         44                        42      2       35

PRECIPITATION (IN)
  YESTERDAY        0.00          3.50 1914   0.16  -0.16     0.00
  MONTH TO DATE    4.00                      4.77  -0.77     4.16
  SINCE DEC 1      4.00                      4.77  -0.77     4.16
  SINCE JAN 1     51.14                     52.29  -1.15    54.61

SNOWFALL (IN)
  YESTERDAY        0.0
  MONTH TO DATE    0.0
  SINCE DEC 1      0.0
  SINCE JUL 1      T
  SNOW DEPTH       0

DEGREE DAYS
 HEATING
  YESTERDAY       21                        23     -2       30
  MONTH TO DATE  434                       530    -96      496
  SINCE DEC 1    434                       530    -96      496
  SINCE JUL 1   1086                      1092     -6     1113

 COOLING
  YESTERDAY        0                         0      0        0
  MONTH TO DATE    0                         0      0        8
  SINCE DEC 1      0                         0      0        8
  SINCE JAN 1   1861                      1871    -10     1903
..................................................................


WIND (MPH)
  HIGHEST WIND SPEED    13   HIGHEST WIND DIRECTION    SW (210)
  HIGHEST GUST SPEED    16   HIGHEST GUST DIRECTION     S (190)
  AVERAGE WIND SPEED     5.1


SKY COVER
  POSSIBLE SUNSHINE  MM
  AVERAGE SKY COVER 0.4


WEATHER CONDITIONS
 THE FOLLOWING WEATHER WAS RECORDED YESTERDAY.
  NO SIGNIFICANT WEATHER WAS OBSERVED.


RELATIVE HUMIDITY (PERCENT)
 HIGHEST    85          1000 PM
 LOWEST     46           300 PM
 AVERAGE    66

..........................................................


THE MUSCLE SHOALS CLIMATE NORMALS FOR TODAY
                         NORMAL    RECORD    YEAR
 MAXIMUM TEMPERATURE (F)   51        73      1971
 MINIMUM TEMPERATURE (F)   32         3      1983


SUNRISE AND SUNSET
DECEMBER 26 2014......SUNRISE   656 AM CST   SUNSET   446 PM CST
DECEMBER 27 2014......SUNRISE   656 AM CST   SUNSET   447 PM CST


-  INDICATES NEGATIVE NUMBERS.
R  INDICATES RECORD WAS SET OR TIED.
MM INDICATES DATA IS MISSING.
T  INDICATES TRACE AMOUNT.




$$
