000
CDUS44 KHUN 280712
CLIMSL


CLIMATE REPORT
NATIONAL WEATHER SERVICE HUNTSVILLE AL
211 AM CDT SUN AUG 28 2016


...................................

...THE MUSCLE SHOALS CLIMATE SUMMARY FOR AUGUST 27 2016...

CLIMATE NORMAL PERIOD 1981 TO 2010
CLIMATE RECORD PERIOD 1893 TO 2016


WEATHER ITEM   OBSERVED TIME   RECORD YEAR NORMAL DEPARTURE LAST
                VALUE   (LST)  VALUE       VALUE  FROM      YEAR
                                                  NORMAL
..................................................................
TEMPERATURE (F)
 YESTERDAY
  MAXIMUM         94    221 PM 105    1943  90      4       84
  MINIMUM         70    538 AM  52    1927  68      2       61
                                      1917
  AVERAGE         82                        79      3       73

PRECIPITATION (IN)
  YESTERDAY        0.00          2.15 1932   0.10  -0.10     0.00
  MONTH TO DATE    5.41                      2.75   2.66     5.56
  SINCE JUN 1     15.15                     11.81   3.34    12.65
  SINCE JAN 1     31.63                     35.31  -3.68    36.54

SNOWFALL (IN)
  YESTERDAY        0.0
  MONTH TO DATE    0.0
  SINCE JUN 1      0.0
  SINCE JUL 1      0.0
  SNOW DEPTH       0

DEGREE DAYS
 HEATING
  YESTERDAY        0                         0      0        0
  MONTH TO DATE    0                         0      0        0
  SINCE JUN 1      0                         1     -1        0
  SINCE JUL 1      0                         0      0        0

 COOLING
  YESTERDAY       17                        14      3        8
  MONTH TO DATE  459                       407     52      360
  SINCE JUN 1   1467                      1246    221     1360
  SINCE JAN 1   1734                      1490    244     1614
..................................................................


WIND (MPH)
  HIGHEST WIND SPEED    12   HIGHEST WIND DIRECTION     S (190)
  HIGHEST GUST SPEED    13   HIGHEST GUST DIRECTION     S (200)
  AVERAGE WIND SPEED     2.6


SKY COVER
  POSSIBLE SUNSHINE  MM
  AVERAGE SKY COVER 0.1


WEATHER CONDITIONS
 THE FOLLOWING WEATHER WAS RECORDED YESTERDAY.
  THUNDERSTORM
  FOG
  FOG W/VISIBILITY <= 1/4 MILE


RELATIVE HUMIDITY (PERCENT)
 HIGHEST    93          1200 AM
 LOWEST     44           200 PM
 AVERAGE    69

..........................................................


THE MUSCLE SHOALS CLIMATE NORMALS FOR TODAY
                         NORMAL    RECORD    YEAR
 MAXIMUM TEMPERATURE (F)   90       104      1909
 MINIMUM TEMPERATURE (F)   67        54      1967
                                             1927
                                             1917


SUNRISE AND SUNSET
AUGUST 28 2016........SUNRISE   621 AM CDT   SUNSET   722 PM CDT
AUGUST 29 2016........SUNRISE   622 AM CDT   SUNSET   720 PM CDT


-  INDICATES NEGATIVE NUMBERS.
R  INDICATES RECORD WAS SET OR TIED.
MM INDICATES DATA IS MISSING.
T  INDICATES TRACE AMOUNT.




$$
