000
CDUS43 KMKX 182234
CLIMSN


CLIMATE REPORT
NATIONAL WEATHER SERVICE IN MILWAUKEE
429 PM CST SUN FEB 18 2018


...................................

...THE MADISON WI CLIMATE SUMMARY FOR FEBRUARY 18 2018...
VALID TODAY AS OF 0400 PM LOCAL TIME.

CLIMATE NORMAL PERIOD 1981 TO 2010
CLIMATE RECORD PERIOD 1871 TO 2018


WEATHER ITEM   OBSERVED TIME   RECORD YEAR NORMAL DEPARTURE LAST
                VALUE   (LST)  VALUE       VALUE  FROM      YEAR
                                                  NORMAL
..................................................................
TEMPERATURE (F)
 TODAY
  MAXIMUM         36    258 PM  62    2017  32      4       62
  MINIMUM         11    548 AM -19    1936  16     -5       31
  AVERAGE         24                        24      0       47

PRECIPITATION (IN)
  TODAY            0.00          0.69 1882   0.06  -0.06     0.00
  MONTH TO DATE    0.90                      0.87   0.03     0.28
  SINCE DEC 1      3.31                      3.84  -0.53     5.07
  SINCE JAN 1      2.58                      2.10   0.48     3.04

SNOWFALL (IN)
  TODAY            0.0           4.6  2000   0.4   -0.4      0.0
  MONTH TO DATE   13.3                       7.1    6.2       T
  SINCE DEC 1     27.2                      33.5   -6.3     33.8
  SINCE JUL 1     27.5                      37.6  -10.1     33.8
  SNOW DEPTH       2

DEGREE DAYS
 HEATING
  TODAY           41                        41      0       18
  MONTH TO DATE  894                       781    113      661
  SINCE DEC 1   3600                      3515     85     3243
  SINCE JUL 1   4959                      5094   -135     4265

 COOLING
  TODAY            0                         0      0        0
  MONTH TO DATE    0                         0      0        0
  SINCE DEC 1      0                         0      0        0
  SINCE JAN 1      0                         0      0        0
..................................................................


WIND (MPH)
  HIGHEST WIND SPEED    29   HIGHEST WIND DIRECTION     S (170)
  HIGHEST GUST SPEED    36   HIGHEST GUST DIRECTION     S (190)
  AVERAGE WIND SPEED     9.3


SKY COVER
  POSSIBLE SUNSHINE  MM
  AVERAGE SKY COVER 0.5


WEATHER CONDITIONS
 THE FOLLOWING WEATHER WAS RECORDED TODAY.
  FOG


RELATIVE HUMIDITY (PERCENT)
 HIGHEST   100           800 AM
 LOWEST     64           300 PM
 AVERAGE    82

..........................................................


THE MADISON WI CLIMATE NORMALS FOR TOMORROW
                         NORMAL    RECORD    YEAR
 MAXIMUM TEMPERATURE (F)   32        62      2017
 MINIMUM TEMPERATURE (F)   16       -15      1979


SUNRISE AND SUNSET
FEBRUARY 18 2018......SUNRISE   651 AM CST   SUNSET   532 PM CST
FEBRUARY 19 2018......SUNRISE   649 AM CST   SUNSET   534 PM CST


-  INDICATES NEGATIVE NUMBERS.
R  INDICATES RECORD WAS SET OR TIED.
MM INDICATES DATA IS MISSING.
T  INDICATES TRACE AMOUNT.




$$
