000
CDUS43 KMKX 210649
CLIMSN


CLIMATE REPORT
NATIONAL WEATHER SERVICE IN MILWAUKEE
149 AM CDT SUN SEP 21 2014


...................................

...THE MADISON WI CLIMATE SUMMARY FOR SEPTEMBER 20 2014...

CLIMATE NORMAL PERIOD 1981 TO 2010
CLIMATE RECORD PERIOD 1871 TO 2014


WEATHER ITEM   OBSERVED TIME   RECORD YEAR NORMAL DEPARTURE LAST
                VALUE   (LST)  VALUE       VALUE  FROM      YEAR
                                                  NORMAL
..................................................................
TEMPERATURE (F)
 YESTERDAY
  MAXIMUM         78    335 PM  89    1908  70      8       70
                                      1895
                                      1891
  MINIMUM         61   1159 PM  28    1956  48     13       55
  AVERAGE         70                        59     11       63

PRECIPITATION (IN)
  YESTERDAY        0.11          3.34 1878   0.11   0.00      T
  MONTH TO DATE    1.79                      2.16  -0.37     3.02
  SINCE SEP 1      1.79                      2.16  -0.37     3.02
  SINCE JAN 1     29.60                     26.98   2.62    39.50

SNOWFALL (IN)
  YESTERDAY        0.0           0.0    MM   0.0    0.0      0.0
  MONTH TO DATE    0.0                       0.0    0.0      0.0
  SINCE SEP 1      0.0                       0.0    0.0      0.0
  SINCE JUL 1      0.0                       0.0    0.0      0.0
  SNOW DEPTH       0

DEGREE DAYS
 HEATING
  YESTERDAY        0                         7     -7        2
  MONTH TO DATE  118                        83     35       55
  SINCE SEP 1    118                        83     35       55
  SINCE JUL 1    135                       120     15       85

 COOLING
  YESTERDAY        5                         1      4        0
  MONTH TO DATE   39                        44     -5       92
  SINCE SEP 1     39                        44     -5       92
  SINCE JAN 1    615                       557     58      705
..................................................................


WIND (MPH)
  HIGHEST WIND SPEED    21   HIGHEST WIND DIRECTION    NW (300)
  HIGHEST GUST SPEED    30   HIGHEST GUST DIRECTION    NW (310)
  AVERAGE WIND SPEED     6.5


SKY COVER
  POSSIBLE SUNSHINE  MM
  AVERAGE SKY COVER 0.7


WEATHER CONDITIONS
 THE FOLLOWING WEATHER WAS RECORDED YESTERDAY.
  THUNDERSTORM
  LIGHT RAIN
  FOG
  HAZE


RELATIVE HUMIDITY (PERCENT)
 HIGHEST    90          1000 PM
 LOWEST     56           300 PM
 AVERAGE    73

..........................................................


THE MADISON WI CLIMATE NORMALS FOR TODAY
                         NORMAL    RECORD    YEAR
 MAXIMUM TEMPERATURE (F)   70        90      1908
                                             1891
 MINIMUM TEMPERATURE (F)   48        33      1991
                                             1982
                                             1974


SUNRISE AND SUNSET
SEPTEMBER 21 2014.....SUNRISE   643 AM CDT   SUNSET   656 PM CDT
SEPTEMBER 22 2014.....SUNRISE   645 AM CDT   SUNSET   655 PM CDT


-  INDICATES NEGATIVE NUMBERS.
R  INDICATES RECORD WAS SET OR TIED.
MM INDICATES DATA IS MISSING.
T  INDICATES TRACE AMOUNT.




$$
