366
CDUS43 KMKX 070646
CLIMSN


CLIMATE REPORT
NATIONAL WEATHER SERVICE IN MILWAUKEE
1245 AM CST WED DEC 7 2016


...................................

...THE MADISON WI CLIMATE SUMMARY FOR DECEMBER 6 2016...

CLIMATE NORMAL PERIOD 1981 TO 2010
CLIMATE RECORD PERIOD 1871 TO 2016


WEATHER ITEM   OBSERVED TIME   RECORD YEAR NORMAL DEPARTURE LAST
                VALUE   (LST)  VALUE       VALUE  FROM      YEAR
                                                  NORMAL
..................................................................
TEMPERATURE (F)
 YESTERDAY
  MAXIMUM         35    219 PM  56    1998  33      2       38
  MINIMUM         24   1159 PM -11    1972  19      5       30
  AVERAGE         30                        26      4       34

PRECIPITATION (IN)
  YESTERDAY        0.01          1.32 1884   0.07  -0.06     0.00
  MONTH TO DATE    0.47                      0.43   0.04     0.16
  SINCE DEC 1      0.47                      0.43   0.04     0.16
  SINCE JAN 1     44.00                     33.17  10.83    36.42

SNOWFALL (IN)
  YESTERDAY        T             5.7  1994   0.4   -0.4      0.0
  MONTH TO DATE    5.7                       2.4    3.3      1.0
  SINCE DEC 1      5.7                       2.4    3.3      1.0
  SINCE JUL 1      5.7                       6.5   -0.8      5.1
  SNOW DEPTH       2

DEGREE DAYS
 HEATING
  YESTERDAY       35                        39     -4       31
  MONTH TO DATE  193                       227    -34      176
  SINCE DEC 1    193                       227    -34      176
  SINCE JUL 1   1215                      1806   -591     1367

 COOLING
  YESTERDAY        0                         0      0        0
  MONTH TO DATE    0                         0      0        0
  SINCE DEC 1      0                         0      0        0
  SINCE JAN 1    780                       568    212      666
..................................................................


WIND (MPH)
  HIGHEST WIND SPEED    15   HIGHEST WIND DIRECTION     W (280)
  HIGHEST GUST SPEED    26   HIGHEST GUST DIRECTION    SW (240)
  AVERAGE WIND SPEED     8.5


SKY COVER
  POSSIBLE SUNSHINE  MM
  AVERAGE SKY COVER 0.9


WEATHER CONDITIONS
 THE FOLLOWING WEATHER WAS RECORDED YESTERDAY.
  LT FREEZING RAIN
  LIGHT SNOW
  FOG


RELATIVE HUMIDITY (PERCENT)
 HIGHEST   100           300 AM
 LOWEST     56           300 PM
 AVERAGE    78

..........................................................


THE MADISON WI CLIMATE NORMALS FOR TODAY
                         NORMAL    RECORD    YEAR
 MAXIMUM TEMPERATURE (F)   33        60      1916
 MINIMUM TEMPERATURE (F)   19       -15      1972


SUNRISE AND SUNSET
DECEMBER  7 2016......SUNRISE   716 AM CST   SUNSET   422 PM CST
DECEMBER  8 2016......SUNRISE   717 AM CST   SUNSET   422 PM CST


-  INDICATES NEGATIVE NUMBERS.
R  INDICATES RECORD WAS SET OR TIED.
MM INDICATES DATA IS MISSING.
T  INDICATES TRACE AMOUNT.




$$
