000
CDUS43 KMKX 010653
CLIMSN


CLIMATE REPORT
NATIONAL WEATHER SERVICE IN MILWAUKEE
152 AM CDT SAT OCT 1 2016


...................................

...THE MADISON WI CLIMATE SUMMARY FOR SEPTEMBER 30 2016...

CLIMATE NORMAL PERIOD 1981 TO 2010
CLIMATE RECORD PERIOD 1871 TO 2016


WEATHER ITEM   OBSERVED TIME   RECORD YEAR NORMAL DEPARTURE LAST
                VALUE   (LST)  VALUE       VALUE  FROM      YEAR
                                                  NORMAL
..................................................................
TEMPERATURE (F)
 YESTERDAY
  MAXIMUM         64    104 PM  88    1971  66     -2       62
  MINIMUM         56    447 AM  28    1993  44     12       40
                                      1883
  AVERAGE         60                        55      5       51

PRECIPITATION (IN)
  YESTERDAY        0.09          1.72 1881   0.08   0.01     0.00
  MONTH TO DATE    8.46                      3.13   5.33     5.99
  SINCE SEP 1      8.46                      3.13   5.33     5.99
  SINCE JAN 1     36.70                     27.95   8.75    28.78

SNOWFALL (IN)
  YESTERDAY        0.0           0.0    MM   0.0    0.0      0.0
  MONTH TO DATE    0.0                       0.0    0.0      0.0
  SINCE SEP 1      0.0                       0.0    0.0      0.0
  SINCE JUL 1      0.0                       0.0    0.0      0.0
  SNOW DEPTH       0

DEGREE DAYS
 HEATING
  YESTERDAY        5                        11     -6       14
  MONTH TO DATE   42                       173   -131       66
  SINCE SEP 1     42                       171   -129       66
  SINCE JUL 1     49                       208   -159       98

 COOLING
  YESTERDAY        0                         1     -1        0
  MONTH TO DATE   76                        51     25      136
  SINCE SEP 1     76                        51     25      136
  SINCE JAN 1    771                       564    207      665
..................................................................


WIND (MPH)
  HIGHEST WIND SPEED    20   HIGHEST WIND DIRECTION    NE (40)
  HIGHEST GUST SPEED    25   HIGHEST GUST DIRECTION    NE (50)
  AVERAGE WIND SPEED    10.3


SKY COVER
  POSSIBLE SUNSHINE  MM
  AVERAGE SKY COVER 1.0


WEATHER CONDITIONS
 THE FOLLOWING WEATHER WAS RECORDED YESTERDAY.
  LIGHT RAIN
  FOG


RELATIVE HUMIDITY (PERCENT)
 HIGHEST    93          1200 AM
 LOWEST     78           500 PM
 AVERAGE    86

..........................................................


THE MADISON WI CLIMATE NORMALS FOR TODAY
                         NORMAL    RECORD    YEAR
 MAXIMUM TEMPERATURE (F)   65        90      1976
 MINIMUM TEMPERATURE (F)   44        27      1974


SUNRISE AND SUNSET
OCTOBER  1 2016.......SUNRISE   655 AM CDT   SUNSET   638 PM CDT
OCTOBER  2 2016.......SUNRISE   656 AM CDT   SUNSET   636 PM CDT


-  INDICATES NEGATIVE NUMBERS.
R  INDICATES RECORD WAS SET OR TIED.
MM INDICATES DATA IS MISSING.
T  INDICATES TRACE AMOUNT.




$$
