000
CDUS43 KMKX 220657
CLIMSN


CLIMATE REPORT
NATIONAL WEATHER SERVICE IN MILWAUKEE
156 AM CDT MON MAY 22 2017


...................................

...THE MADISON WI CLIMATE SUMMARY FOR MAY 21 2017...

CLIMATE NORMAL PERIOD 1981 TO 2010
CLIMATE RECORD PERIOD 1871 TO 2017


WEATHER ITEM   OBSERVED TIME   RECORD YEAR NORMAL DEPARTURE LAST
                VALUE   (LST)  VALUE       VALUE  FROM      YEAR
                                                  NORMAL
..................................................................
TEMPERATURE (F)
 YESTERDAY
  MAXIMUM         56   1008 AM  89    1972  70    -14       78
  MINIMUM         48    629 PM  30    2002  48      0       43
                                      1997
  AVERAGE         52                        59     -7       61

PRECIPITATION (IN)
  YESTERDAY        0.01          3.66 2004   0.12  -0.11     0.00
  MONTH TO DATE    2.13                      2.31  -0.18     1.49
  SINCE MAR 1     10.26                      7.91   2.35     7.56
  SINCE JAN 1     14.96                     10.59   4.37     9.06

SNOWFALL (IN)
  YESTERDAY        0.0           T    1969   0.0    0.0      0.0
  MONTH TO DATE    0.0                       0.2   -0.2      0.0
  SINCE MAR 1      8.3                       9.8   -1.5      8.2
  SINCE JUL 1     44.0                      50.9   -6.9     32.7
  SNOW DEPTH       0

DEGREE DAYS
 HEATING
  YESTERDAY       13                         7      6        4
  MONTH TO DATE  229                       207     22      246
  SINCE MAR 1   1621                      1728   -107     1584
  SINCE JUL 1   6133                      7214  -1081     6184

 COOLING
  YESTERDAY        0                         1     -1        0
  MONTH TO DATE   15                        11      4        0
  SINCE MAR 1     15                        15      0        0
  SINCE JAN 1     15                        15      0        0
..................................................................


WIND (MPH)
  HIGHEST WIND SPEED    16   HIGHEST WIND DIRECTION    SW (230)
  HIGHEST GUST SPEED    24   HIGHEST GUST DIRECTION     W (250)
  AVERAGE WIND SPEED     7.7


SKY COVER
  POSSIBLE SUNSHINE  MM
  AVERAGE SKY COVER 0.9


WEATHER CONDITIONS
 THE FOLLOWING WEATHER WAS RECORDED YESTERDAY.
  LIGHT RAIN
  FOG
  FOG W/VISIBILITY <= 1/4 MILE


RELATIVE HUMIDITY (PERCENT)
 HIGHEST   100          1200 AM
 LOWEST     66           800 AM
 AVERAGE    83

..........................................................


THE MADISON WI CLIMATE NORMALS FOR TODAY
                         NORMAL    RECORD    YEAR
 MAXIMUM TEMPERATURE (F)   70        92      1975
 MINIMUM TEMPERATURE (F)   48        27      1967


SUNRISE AND SUNSET
MAY 22 2017...........SUNRISE   527 AM CDT   SUNSET   822 PM CDT
MAY 23 2017...........SUNRISE   526 AM CDT   SUNSET   823 PM CDT


-  INDICATES NEGATIVE NUMBERS.
R  INDICATES RECORD WAS SET OR TIED.
MM INDICATES DATA IS MISSING.
T  INDICATES TRACE AMOUNT.




$$
