000
CDUS45 KMSO 192333
CLIMSO


CLIMATE REPORT
NATIONAL WEATHER SERVICE MISSOULA, MT
432 PM MST MON FEB 19 2018


...................................

...THE MISSOULA MT CLIMATE SUMMARY FOR FEBRUARY 19 2018...
VALID TODAY AS OF 0400 PM LOCAL TIME.

CLIMATE NORMAL PERIOD 1981 TO 2010
CLIMATE RECORD PERIOD 1893 TO 2018


WEATHER ITEM   OBSERVED TIME   RECORD YEAR NORMAL DEPARTURE LAST
                VALUE   (LST)  VALUE       VALUE  FROM      YEAR
                                                  NORMAL
..................................................................
TEMPERATURE (F)
 TODAY
  MAXIMUM         12    249 PM  59    1995  40    -28       46
  MINIMUM          4    947 AM  -2    2006  22    -18       33
                                      1932
  AVERAGE          8                        31    -23       40

PRECIPITATION (IN)
  TODAY            0.00          0.29 1968   0.02  -0.02     0.05
  MONTH TO DATE    1.47                      0.46   1.01     1.47
  SINCE OCT 1      6.03                      4.24   1.79     7.11
  SINCE JAN 1      2.21                      1.31   0.90     2.45

SNOWFALL (IN)
  TODAY            0.0
  MONTH TO DATE   14.1
  SINCE JAN 1     19.5
  SINCE JUL 1     46.8
  SNOW DEPTH       6

DEGREE DAYS
 HEATING
  TODAY           57                        34     23       25
  MONTH TO DATE  706                       684     22      716
  SINCE DEC 1   3094                      3177    -83     3713
  SINCE JUL 1   4984                      5073    -89     5467

 COOLING
  TODAY            0                         0      0        0
  MONTH TO DATE    0                         0      0        0
  SINCE DEC 1      0                         0      0        0
  SINCE JAN 1      0                         0      0        0
..................................................................


WIND (MPH)
  HIGHEST WIND SPEED    21   HIGHEST WIND DIRECTION    SE (130)
  HIGHEST GUST SPEED    24   HIGHEST GUST DIRECTION    SE (130)
  AVERAGE WIND SPEED    12.4


SKY COVER
  POSSIBLE SUNSHINE  MM
  AVERAGE SKY COVER 0.8


WEATHER CONDITIONS
 THE FOLLOWING WEATHER WAS RECORDED TODAY.
  NO SIGNIFICANT WEATHER WAS OBSERVED.


RELATIVE HUMIDITY (PERCENT)
 HIGHEST    68           200 AM
 LOWEST     45          1100 AM
 AVERAGE    57

..........................................................


THE MISSOULA MT CLIMATE NORMALS FOR TOMORROW
                         NORMAL    RECORD    YEAR
 MAXIMUM TEMPERATURE (F)   40        59      1995
 MINIMUM TEMPERATURE (F)   22        -3      1918


SUNRISE AND SUNSET
FEBRUARY 19 2018......SUNRISE   734 AM MST   SUNSET   607 PM MST
FEBRUARY 20 2018......SUNRISE   732 AM MST   SUNSET   609 PM MST


-  INDICATES NEGATIVE NUMBERS.
R  INDICATES RECORD WAS SET OR TIED.
MM INDICATES DATA IS MISSING.
T  INDICATES TRACE AMOUNT.




$$
