000
CDUS45 KMSO 262235
CLIMSO


CLIMATE REPORT
NATIONAL WEATHER SERVICE MISSOULA, MT
435 PM MDT WED APR 26 2017


...................................

...THE MISSOULA MT CLIMATE SUMMARY FOR APRIL 26 2017...
VALID TODAY AS OF 0400 PM LOCAL TIME.

CLIMATE NORMAL PERIOD 1981 TO 2010
CLIMATE RECORD PERIOD 1893 TO 2017


WEATHER ITEM   OBSERVED TIME   RECORD YEAR NORMAL DEPARTURE LAST
                VALUE   (LST)  VALUE       VALUE  FROM      YEAR
                                                  NORMAL
..................................................................
TEMPERATURE (F)
 TODAY
  MAXIMUM         52    254 PM  84    1916  61     -9       60
  MINIMUM         40    446 AM  23    1962  34      6       45
                                      1907
  AVERAGE         46                        48     -2       53

PRECIPITATION (IN)
  TODAY            0.12          0.63 2012   0.04   0.08     0.01
  MONTH TO DATE    1.30                      1.06   0.24     1.16
  SINCE OCT 1     11.24                      6.54   4.70     6.49
  SINCE JAN 1      6.58                      3.61   2.97     3.10

SNOWFALL (IN)
  TODAY            0.1
  MONTH TO DATE    1.0
  SINCE JAN 1     35.6
  SINCE JUL 1     64.7
  SNOW DEPTH       0

DEGREE DAYS
 HEATING
  TODAY           19                        17      2       12
  MONTH TO DATE  540                       515     25      365
  SINCE MAR 1   1297                      1329    -32     1143
  SINCE JUL 1   7073                      6698    375     6327

 COOLING
  TODAY            0                         0      0        0
  MONTH TO DATE    0                         0      0        0
  SINCE MAR 1      0                         0      0        0
  SINCE JAN 1      0                         0      0        0
..................................................................


WIND (MPH)
  HIGHEST WIND SPEED     9   HIGHEST WIND DIRECTION     N (20)
  HIGHEST GUST SPEED    12   HIGHEST GUST DIRECTION    NW (330)
  AVERAGE WIND SPEED     2.3


SKY COVER
  POSSIBLE SUNSHINE  MM
  AVERAGE SKY COVER 1.0


WEATHER CONDITIONS
 THE FOLLOWING WEATHER WAS RECORDED TODAY.
  RAIN
  LIGHT RAIN
  FOG


RELATIVE HUMIDITY (PERCENT)
 HIGHEST    93           500 AM
 LOWEST     59           300 PM
 AVERAGE    76

..........................................................


THE MISSOULA MT CLIMATE NORMALS FOR TOMORROW
                         NORMAL    RECORD    YEAR
 MAXIMUM TEMPERATURE (F)   62        85      1987
 MINIMUM TEMPERATURE (F)   35        24      1955


SUNRISE AND SUNSET
APRIL 26 2017.........SUNRISE   629 AM MDT   SUNSET   840 PM MDT
APRIL 27 2017.........SUNRISE   627 AM MDT   SUNSET   842 PM MDT


-  INDICATES NEGATIVE NUMBERS.
R  INDICATES RECORD WAS SET OR TIED.
MM INDICATES DATA IS MISSING.
T  INDICATES TRACE AMOUNT.




$$
