000
CDUS45 KMSO 070737
CLIMSO


CLIMATE REPORT
NATIONAL WEATHER SERVICE MISSOULA, MT
137 AM MDT TUE JUL 7 2015


...................................

...THE MISSOULA MT CLIMATE SUMMARY FOR JULY 6 2015...

CLIMATE NORMAL PERIOD 1981 TO 2010
CLIMATE RECORD PERIOD 1893 TO 2015


WEATHER ITEM   OBSERVED TIME   RECORD YEAR NORMAL DEPARTURE LAST
                VALUE   (LST)  VALUE       VALUE  FROM      YEAR
                                                  NORMAL
..................................................................
TEMPERATURE (F)
 YESTERDAY
  MAXIMUM         84    551 PM 107    2007  83      1       93
  MINIMUM         51    510 AM  36    1952  50      1       53
  AVERAGE         68                        67      1       73

PRECIPITATION (IN)
  YESTERDAY        0.00          0.91 1909   0.04  -0.04     0.00
  MONTH TO DATE    T                         0.24  -0.24      T
  SINCE OCT 1      9.74                     11.02  -1.28    10.55
  SINCE JAN 1      4.43                      8.09  -3.66     8.84

SNOWFALL (IN)
  YESTERDAY        0.0
  MONTH TO DATE    0.0
  SINCE JAN 1     13.3
  SINCE JUL 1      0.0
  SNOW DEPTH       0

DEGREE DAYS
 HEATING
  YESTERDAY        0                         2     -2        0
  MONTH TO DATE    0                        13    -13        0
  SINCE JUN 1     47                       173   -126      177
  SINCE JUL 1      0                        13    -13        0

 COOLING
  YESTERDAY        3                         4     -1        8
  MONTH TO DATE   61                        19     42       45
  SINCE JUN 1    203                        56    147       53
  SINCE JAN 1    203                        62    141       53
..................................................................


WIND (MPH)
  HIGHEST WIND SPEED    20   HIGHEST WIND DIRECTION     N (20)
  HIGHEST GUST SPEED    25   HIGHEST GUST DIRECTION    NE (30)
  AVERAGE WIND SPEED     7.4


SKY COVER
  POSSIBLE SUNSHINE  MM
  AVERAGE SKY COVER 0.1


WEATHER CONDITIONS
 THE FOLLOWING WEATHER WAS RECORDED YESTERDAY.
  NO SIGNIFICANT WEATHER WAS OBSERVED.


RELATIVE HUMIDITY (PERCENT)
 HIGHEST    71           500 AM
 LOWEST     12           500 PM
 AVERAGE    42

..........................................................


THE MISSOULA MT CLIMATE NORMALS FOR TODAY
                         NORMAL    RECORD    YEAR
 MAXIMUM TEMPERATURE (F)   83        99      1989
                                             1968
 MINIMUM TEMPERATURE (F)   50        31      1971
                                             1893


SUNRISE AND SUNSET
JULY  7 2015..........SUNRISE   550 AM MDT   SUNSET   932 PM MDT
JULY  8 2015..........SUNRISE   550 AM MDT   SUNSET   932 PM MDT


-  INDICATES NEGATIVE NUMBERS.
R  INDICATES RECORD WAS SET OR TIED.
MM INDICATES DATA IS MISSING.
T  INDICATES TRACE AMOUNT.




$$
