000
CDUS43 KMPX 060737
CLIMSP


CLIMATE REPORT
NATIONAL WEATHER SERVICE CHANHASSEN MN
236 AM CDT FRI MAY 6 2016


...................................

...THE TWIN CITIES MN CLIMATE SUMMARY FOR MAY 5 2016...

CLIMATE NORMAL PERIOD 1981 TO 2010
CLIMATE RECORD PERIOD 1871 TO 2016


WEATHER ITEM   OBSERVED TIME   RECORD YEAR NORMAL DEPARTURE LAST
                VALUE   (LST)  VALUE       VALUE  FROM      YEAR
                                                  NORMAL
..................................................................
TEMPERATURE (F)
 YESTERDAY
  MAXIMUM         79    517 PM  89    2000  66     13       70
  MINIMUM         45    347 AM  27    1989  45      0       51
  AVERAGE         62                        56      6       61

PRECIPITATION (IN)
  YESTERDAY        T             1.84 1991   0.11  -0.11     0.02
  MONTH TO DATE    T                         0.55  -0.55     0.08
  SINCE MAR 1      5.10                      5.10   0.00     3.17
  SINCE JAN 1      6.50                      6.77  -0.27     3.86

SNOWFALL (IN)
  YESTERDAY        0.0           0.3  1991   0.0    0.0      0.0
  MONTH TO DATE    0.0                       0.0    0.0      0.0
  SINCE MAR 1      5.9                      12.7   -6.8      7.1
  SINCE JUL 1     36.7                      54.4  -17.7     32.4
  SNOW DEPTH       0

DEGREE DAYS
 HEATING
  YESTERDAY        3                        10     -7        4
  MONTH TO DATE   41                        52    -11       15
  SINCE MAR 1   1278                      1580   -302     1372
  SINCE JUL 1   6143                      7370  -1227     7337

 COOLING
  YESTERDAY        0                         1     -1        0
  MONTH TO DATE    0                         3     -3        6
  SINCE MAR 1      8                         8      0        6
  SINCE JAN 1      8                         8      0        6
..................................................................


WIND (MPH)
  HIGHEST WIND SPEED    15   HIGHEST WIND DIRECTION     W (250)
  HIGHEST GUST SPEED    21   HIGHEST GUST DIRECTION     W (260)
  AVERAGE WIND SPEED     6.8


SKY COVER
  POSSIBLE SUNSHINE  MM
  AVERAGE SKY COVER 0.3


WEATHER CONDITIONS
 THE FOLLOWING WEATHER WAS RECORDED YESTERDAY.
  LIGHT RAIN


RELATIVE HUMIDITY (PERCENT)
 HIGHEST    45           300 AM
 LOWEST     20           200 PM
 AVERAGE    33

..........................................................


THE TWIN CITIES MN CLIMATE NORMALS FOR TODAY
                         NORMAL    RECORD    YEAR
 MAXIMUM TEMPERATURE (F)   67        89      1934
                                             1896
 MINIMUM TEMPERATURE (F)   46        25      1989


SUNRISE AND SUNSET
MAY  6 2016...........SUNRISE   555 AM CDT   SUNSET   825 PM CDT
MAY  7 2016...........SUNRISE   553 AM CDT   SUNSET   826 PM CDT


-  INDICATES NEGATIVE NUMBERS.
R  INDICATES RECORD WAS SET OR TIED.
MM INDICATES DATA IS MISSING.
T  INDICATES TRACE AMOUNT.




$$
