000
CDUS43 KMPX 310711
CLIMSP


CLIMATE REPORT
NATIONAL WEATHER SERVICE CHANHASSEN MN
110 AM CST SAT JAN 31 2015


...................................

...THE TWIN CITIES MN CLIMATE SUMMARY FOR JANUARY 30 2015...

CLIMATE NORMAL PERIOD 1981 TO 2010
CLIMATE RECORD PERIOD 1871 TO 2015


WEATHER ITEM   OBSERVED TIME   RECORD YEAR NORMAL DEPARTURE LAST
                VALUE   (LST)  VALUE       VALUE  FROM      YEAR
                                                  NORMAL
..................................................................
TEMPERATURE (F)
 YESTERDAY
  MAXIMUM         27    956 PM  48    1989  25      2       28
                                      1879
  MINIMUM         11    625 AM -30    1887   8      3       -4
  AVERAGE         19                        16      3       12

PRECIPITATION (IN)
  YESTERDAY        0.00          0.49 1878   0.02  -0.02     0.44
  MONTH TO DATE    0.34                      0.87  -0.53     1.42
  SINCE DEC 1      1.20                      2.03  -0.83     2.88
  SINCE JAN 1      0.34                      0.87  -0.53     1.42

SNOWFALL (IN)
  YESTERDAY        0.0           6.4  2014   0.4   -0.4      6.4
  MONTH TO DATE    5.4                      11.9   -6.5     22.7
  SINCE DEC 1     11.0                      23.8  -12.8     38.6
  SINCE JUL 1     20.4                      33.7  -13.3     39.7
  SNOW DEPTH       T

DEGREE DAYS
 HEATING
  YESTERDAY       46                        49     -3       53
  MONTH TO DATE 1377                      1486   -109     1697
  SINCE DEC 1   2630                      2890   -260     3319
  SINCE JUL 1   4423                      4509    -86     4820

 COOLING
  YESTERDAY        0                         0      0        0
  MONTH TO DATE    0                         0      0        0
  SINCE DEC 1      0                         0      0        0
  SINCE JAN 1      0                         0      0        0
..................................................................


WIND (MPH)
  HIGHEST WIND SPEED    14   HIGHEST WIND DIRECTION     S (170)
  HIGHEST GUST SPEED    19   HIGHEST GUST DIRECTION     S (170)
  AVERAGE WIND SPEED     6.9


SKY COVER
  POSSIBLE SUNSHINE  MM
  AVERAGE SKY COVER 0.4


WEATHER CONDITIONS
 THE FOLLOWING WEATHER WAS RECORDED YESTERDAY.
  NO SIGNIFICANT WEATHER WAS OBSERVED.


RELATIVE HUMIDITY (PERCENT)
 HIGHEST    81          1100 PM
 LOWEST     55           200 PM
 AVERAGE    68

..........................................................


THE TWIN CITIES MN CLIMATE NORMALS FOR TODAY
                         NORMAL    RECORD    YEAR
 MAXIMUM TEMPERATURE (F)   25        46      2009
                                             1995
 MINIMUM TEMPERATURE (F)    8       -27      1887


SUNRISE AND SUNSET
JANUARY 31 2015.......SUNRISE   734 AM CST   SUNSET   519 PM CST
FEBRUARY  1 2015......SUNRISE   733 AM CST   SUNSET   521 PM CST


-  INDICATES NEGATIVE NUMBERS.
R  INDICATES RECORD WAS SET OR TIED.
MM INDICATES DATA IS MISSING.
T  INDICATES TRACE AMOUNT.




$$
