000
CDUS43 KMPX 050901
CLIMSP


CLIMATE REPORT
NATIONAL WEATHER SERVICE CHANHASSEN MN
300 AM CST MON DEC 5 2016


...................................

...THE TWIN CITIES MN CLIMATE SUMMARY FOR DECEMBER 4 2016...

CLIMATE NORMAL PERIOD 1981 TO 2010
CLIMATE RECORD PERIOD 1871 TO 2016


WEATHER ITEM   OBSERVED TIME   RECORD YEAR NORMAL DEPARTURE LAST
                VALUE   (LST)  VALUE       VALUE  FROM      YEAR
                                                  NORMAL
..................................................................
TEMPERATURE (F)
 YESTERDAY
  MAXIMUM         38    725 PM  56    1941  31      7       47
  MINIMUM         31    354 AM -15    1886  16     15       22
  AVERAGE         35                        24     11       35

PRECIPITATION (IN)
  YESTERDAY        0.13          0.58 1877   0.05   0.08     0.00
  MONTH TO DATE    0.13                      0.18  -0.05     0.09
  SINCE DEC 1      0.13                      0.18  -0.05     0.09
  SINCE JAN 1     38.31                     29.63   8.68    33.91

SNOWFALL (IN)
  YESTERDAY        2.4           4.2  1947   0.4    2.0      0.0
  MONTH TO DATE    2.4                       1.6    0.8      0.1
  SINCE DEC 1      2.4                       1.6    0.8      0.1
  SINCE JUL 1      4.7                      11.5   -6.8      5.2
  SNOW DEPTH       2

DEGREE DAYS
 HEATING
  YESTERDAY       30                        41    -11       30
  MONTH TO DATE  126                       162    -36      134
  SINCE DEC 1    126                       162    -36      134
  SINCE JUL 1   1170                      1781   -611     1309

 COOLING
  YESTERDAY        0                         0      0        0
  MONTH TO DATE    0                         0      0        0
  SINCE DEC 1      0                         0      0        0
  SINCE JAN 1    964                       753    211      809
..................................................................


WIND (MPH)
  HIGHEST WIND SPEED    18   HIGHEST WIND DIRECTION     W (280)
  HIGHEST GUST SPEED    25   HIGHEST GUST DIRECTION     W (260)
  AVERAGE WIND SPEED     9.1


SKY COVER
  POSSIBLE SUNSHINE  MM
  AVERAGE SKY COVER 1.0


WEATHER CONDITIONS
 THE FOLLOWING WEATHER WAS RECORDED YESTERDAY.
  LIGHT SNOW
  FOG


RELATIVE HUMIDITY (PERCENT)
 HIGHEST    96          1100 AM
 LOWEST     75          1000 PM
 AVERAGE    86

..........................................................


THE TWIN CITIES MN CLIMATE NORMALS FOR TODAY
                         NORMAL    RECORD    YEAR
 MAXIMUM TEMPERATURE (F)   30        63      2001
 MINIMUM TEMPERATURE (F)   16       -14      1873


SUNRISE AND SUNSET
DECEMBER  5 2016......SUNRISE   735 AM CST   SUNSET   432 PM CST
DECEMBER  6 2016......SUNRISE   736 AM CST   SUNSET   432 PM CST


-  INDICATES NEGATIVE NUMBERS.
R  INDICATES RECORD WAS SET OR TIED.
MM INDICATES DATA IS MISSING.
T  INDICATES TRACE AMOUNT.




$$
