000
CDUS43 KMPX 290059
CLIMSP


CLIMATE REPORT
NATIONAL WEATHER SERVICE CHANHASSEN MN
659 PM CST FRI NOV 28 2014


...................................

...THE TWIN CITIES MN CLIMATE SUMMARY FOR NOVEMBER 28 2014...
VALID TODAY AS OF 0600 PM LOCAL TIME.

CLIMATE NORMAL PERIOD 1981 TO 2010
CLIMATE RECORD PERIOD 1871 TO 2014


WEATHER ITEM   OBSERVED TIME   RECORD YEAR NORMAL DEPARTURE LAST
                VALUE   (LST)  VALUE       VALUE  FROM      YEAR
                                                  NORMAL
..................................................................
TEMPERATURE (F)
 TODAY
  MAXIMUM         23    411 PM  58    1941  34    -11       29
  MINIMUM          6    101 AM -21    1887  19    -13       15
  AVERAGE         15                        27    -12       22

PRECIPITATION (IN)
  TODAY            0.08          1.08 1987   0.06   0.02     0.00
  MONTH TO DATE    0.88                      1.67  -0.79     0.52
  SINCE SEP 1      3.55                      7.18  -3.63     4.87
  SINCE JAN 1     34.55                     29.35   5.20    31.31

SNOWFALL (IN)
  TODAY            0.9           7.5  1905   0.4    0.5      0.0
  MONTH TO DATE    9.4                       8.4    1.0      1.1
  SINCE SEP 1      9.4                       9.0    0.4      1.1
  SINCE JUL 1      9.4                       9.0    0.4      1.1
  SNOW DEPTH       3

DEGREE DAYS
 HEATING
  TODAY           50                        38     12       43
  MONTH TO DATE 1093                       861    232      876
  SINCE SEP 1   1700                      1522    178     1421
  SINCE JUL 1   1707                      1541    166     1429

 COOLING
  TODAY            0                         0      0        0
  MONTH TO DATE    0                         0      0        0
  SINCE SEP 1     63                        72     -9      134
  SINCE JAN 1    759                       753      6      983
..................................................................


WIND (MPH)
  HIGHEST WIND SPEED    16   HIGHEST WIND DIRECTION    SE (120)
  HIGHEST GUST SPEED    19   HIGHEST GUST DIRECTION     E (110)
  AVERAGE WIND SPEED     9.8


SKY COVER
  POSSIBLE SUNSHINE  MM
  AVERAGE SKY COVER 1.0


WEATHER CONDITIONS
 THE FOLLOWING WEATHER WAS RECORDED TODAY.
  LT FREEZING RAIN
  LIGHT SNOW
  SLEET
  FOG


RELATIVE HUMIDITY (PERCENT)
 HIGHEST    88           100 AM
 LOWEST     73          1000 AM
 AVERAGE    81

..........................................................


THE TWIN CITIES MN CLIMATE NORMALS FOR TOMORROW
                         NORMAL    RECORD    YEAR
 MAXIMUM TEMPERATURE (F)   33        62      1998
 MINIMUM TEMPERATURE (F)   19       -25      1875


SUNRISE AND SUNSET
NOVEMBER 28 2014......SUNRISE   727 AM CST   SUNSET   434 PM CST
NOVEMBER 29 2014......SUNRISE   728 AM CST   SUNSET   434 PM CST


-  INDICATES NEGATIVE NUMBERS.
R  INDICATES RECORD WAS SET OR TIED.
MM INDICATES DATA IS MISSING.
T  INDICATES TRACE AMOUNT.




$$
