348
CDUS43 KMPX 240637
CLIMSP


CLIMATE REPORT
NATIONAL WEATHER SERVICE CHANHASSEN MN
137 AM CDT TUE MAY 24 2016


...................................

...THE TWIN CITIES MN CLIMATE SUMMARY FOR MAY 23 2016...

CLIMATE NORMAL PERIOD 1981 TO 2010
CLIMATE RECORD PERIOD 1871 TO 2016


WEATHER ITEM   OBSERVED TIME   RECORD YEAR NORMAL DEPARTURE LAST
                VALUE   (LST)  VALUE       VALUE  FROM      YEAR
                                                  NORMAL
..................................................................
TEMPERATURE (F)
 YESTERDAY
  MAXIMUM         84    111 PM  89    2012  71     13       73
  MINIMUM         66   1159 PM  28    1963  51     15       51
  AVERAGE         75                        61     14       62

PRECIPITATION (IN)
  YESTERDAY        T             1.56 1975   0.10  -0.10      T
  MONTH TO DATE    1.25                      2.49  -1.24     1.74
  SINCE MAR 1      6.35                      7.04  -0.69     4.83
  SINCE JAN 1      7.75                      8.71  -0.96     5.52

SNOWFALL (IN)
  YESTERDAY        0.0           0.0    MM   0.0    0.0      0.0
  MONTH TO DATE    0.0                       0.0    0.0      0.0
  SINCE MAR 1      5.9                      12.7   -6.8      7.1
  SINCE JUL 1     36.7                      54.4  -17.7     32.4
  SNOW DEPTH       0

DEGREE DAYS
 HEATING
  YESTERDAY        0                         5     -5        3
  MONTH TO DATE  174                       183     -9      168
  SINCE MAR 1   1411                      1711   -300     1525
  SINCE JUL 1   6276                      7501  -1225     7490

 COOLING
  YESTERDAY       10                         2      8        0
  MONTH TO DATE   27                        22      5       14
  SINCE MAR 1     35                        27      8       14
  SINCE JAN 1     35                        27      8       14
..................................................................


WIND (MPH)
  HIGHEST WIND SPEED    28   HIGHEST WIND DIRECTION     S (170)
  HIGHEST GUST SPEED    36   HIGHEST GUST DIRECTION     S (180)
  AVERAGE WIND SPEED    13.6


SKY COVER
  POSSIBLE SUNSHINE  MM
  AVERAGE SKY COVER 0.8


WEATHER CONDITIONS
 THE FOLLOWING WEATHER WAS RECORDED YESTERDAY.
  THUNDERSTORM
  LIGHT RAIN


RELATIVE HUMIDITY (PERCENT)
 HIGHEST    78           900 PM
 LOWEST     31          1200 AM
 AVERAGE    55

..........................................................


THE TWIN CITIES MN CLIMATE NORMALS FOR TODAY
                         NORMAL    RECORD    YEAR
 MAXIMUM TEMPERATURE (F)   72        95      2010
 MINIMUM TEMPERATURE (F)   51        32      1925


SUNRISE AND SUNSET
MAY 24 2016...........SUNRISE   535 AM CDT   SUNSET   845 PM CDT
MAY 25 2016...........SUNRISE   534 AM CDT   SUNSET   846 PM CDT


-  INDICATES NEGATIVE NUMBERS.
R  INDICATES RECORD WAS SET OR TIED.
MM INDICATES DATA IS MISSING.
T  INDICATES TRACE AMOUNT.




$$
