000
CDUS43 KMPX 240625
CLIMSP


CLIMATE REPORT
NATIONAL WEATHER SERVICE CHANHASSEN MN
1224 AM CST FRI NOV 24 2017


...................................

...THE TWIN CITIES MN CLIMATE SUMMARY FOR NOVEMBER 23 2017...

CLIMATE NORMAL PERIOD 1981 TO 2010
CLIMATE RECORD PERIOD 1871 TO 2017


WEATHER ITEM   OBSERVED TIME   RECORD YEAR NORMAL DEPARTURE LAST
                VALUE   (LST)  VALUE       VALUE  FROM      YEAR
                                                  NORMAL
..................................................................
TEMPERATURE (F)
 YESTERDAY
  MAXIMUM         49   1101 PM  55    1905  37     12       35
  MINIMUM         23    706 AM  -6    1898  22      1       33
  AVERAGE         36                        29      7       34

PRECIPITATION (IN)
  YESTERDAY        0.00          0.89 1983   0.06  -0.06     0.06
  MONTH TO DATE    0.39                      1.39  -1.00     1.60
  SINCE SEP 1      5.92                      6.90  -0.98    10.48
  SINCE JAN 1     31.57                     29.07   2.50    36.80

SNOWFALL (IN)
  YESTERDAY        0.0          11.4  1983   0.3   -0.3      0.3
  MONTH TO DATE    0.6                       6.3   -5.7      2.3
  SINCE SEP 1      0.7                       6.9   -6.2      2.3
  SINCE JUL 1      0.7                       6.9   -6.2      2.3
  SNOW DEPTH       0

DEGREE DAYS
 HEATING
  YESTERDAY       29                        36     -7       31
  MONTH TO DATE  754                       675     79      433
  SINCE SEP 1   1236                      1336   -100      852
  SINCE JUL 1   1243                      1355   -112      855

 COOLING
  YESTERDAY        0                         0      0        0
  MONTH TO DATE    0                         0      0        0
  SINCE SEP 1    142                        72     70       93
  SINCE JAN 1    830                       753     77      964
..................................................................


WIND (MPH)
  HIGHEST WIND SPEED    13   HIGHEST WIND DIRECTION     S (200)
  HIGHEST GUST SPEED    20   HIGHEST GUST DIRECTION     S (200)
  AVERAGE WIND SPEED     4.6


SKY COVER
  POSSIBLE SUNSHINE  MM
  AVERAGE SKY COVER 0.3


WEATHER CONDITIONS
 THE FOLLOWING WEATHER WAS RECORDED YESTERDAY.
  NO SIGNIFICANT WEATHER WAS OBSERVED.


RELATIVE HUMIDITY (PERCENT)
 HIGHEST    96           500 AM
 LOWEST     45           100 PM
 AVERAGE    71

..........................................................


THE TWIN CITIES MN CLIMATE NORMALS FOR TODAY
                         NORMAL    RECORD    YEAR
 MAXIMUM TEMPERATURE (F)   36        59      2011
                                             1990
 MINIMUM TEMPERATURE (F)   22       -10      1893


SUNRISE AND SUNSET
NOVEMBER 24 2017......SUNRISE   722 AM CST   SUNSET   437 PM CST
NOVEMBER 25 2017......SUNRISE   724 AM CST   SUNSET   436 PM CST


-  INDICATES NEGATIVE NUMBERS.
R  INDICATES RECORD WAS SET OR TIED.
MM INDICATES DATA IS MISSING.
T  INDICATES TRACE AMOUNT.




$$
