000
CDUS41 KBTV 270556
CLIMSS


CLIMATE REPORT
NATIONAL WEATHER SERVICE BURLINGTON VT
151 AM EDT THU AUG 27 2015


...................................

...THE MASSENA NY CLIMATE SUMMARY FOR AUGUST 26 2015...

CLIMATE NORMAL PERIOD 1981 TO 2010
CLIMATE RECORD PERIOD 1948 TO 2015


WEATHER ITEM   OBSERVED TIME   RECORD YEAR NORMAL DEPARTURE LAST
                VALUE   (LST)  VALUE       VALUE  FROM      YEAR
                                                  NORMAL
..................................................................
TEMPERATURE (F)
 YESTERDAY
  MAXIMUM         75   1251 PM  92    1949  76     -1       83
  MINIMUM         56    507 AM  37    1987  54      2       58
  AVERAGE         66                        65      1       71

PRECIPITATION (IN)
  YESTERDAY        0.00          1.28        0.10  -0.10      T
  MONTH TO DATE    3.24                      2.97   0.27     3.35
  SINCE JUN 1     11.78                     10.06   1.72    13.75
  SINCE JAN 1     17.77                     21.99  -4.22    23.68

DEGREE DAYS
 HEATING
  YESTERDAY        0                         2     -2        0
  MONTH TO DATE    7                        36    -29       30
  SINCE JUN 1    130                       155    -25       90
  SINCE JUL 1     29                        59    -30       52

 COOLING
  YESTERDAY        1                         2     -1        6
  MONTH TO DATE  118                        90     28       66
  SINCE JUN 1    321                       310     11      257
  SINCE JAN 1    366                       324     42      272
..................................................................


WIND (MPH)
  HIGHEST WIND SPEED    16   HIGHEST WIND DIRECTION    SW (220)
  HIGHEST GUST SPEED    21   HIGHEST GUST DIRECTION    SW (230)
  AVERAGE WIND SPEED     7.0


SKY COVER
  AVERAGE SKY COVER 0.9


WEATHER CONDITIONS
 THE FOLLOWING WEATHER WAS RECORDED YESTERDAY.
  NO SIGNIFICANT WEATHER WAS OBSERVED.


RELATIVE HUMIDITY (PERCENT)
 HIGHEST    93           600 AM
 LOWEST     53           100 PM
 AVERAGE    73

..........................................................


THE MASSENA NY CLIMATE NORMALS FOR TODAY
                         NORMAL    RECORD    YEAR
 MAXIMUM TEMPERATURE (F)   76        93      1949
 MINIMUM TEMPERATURE (F)   54        38      1989


SUNRISE AND SUNSET
AUGUST 27 2015........SUNRISE   615 AM EDT   SUNSET   746 PM EDT
AUGUST 28 2015........SUNRISE   616 AM EDT   SUNSET   744 PM EDT


-  INDICATES NEGATIVE NUMBERS.
R  INDICATES RECORD WAS SET OR TIED.
MM INDICATES DATA IS MISSING.
T  INDICATES TRACE AMOUNT.




$$
