000
CDUS41 KBTV 170537
CLIMSS


CLIMATE REPORT
NATIONAL WEATHER SERVICE BURLINGTON VT
1233 AM EST SUN DEC 17 2017


...................................

...THE MASSENA NY CLIMATE SUMMARY FOR DECEMBER 16 2017...

CLIMATE NORMAL PERIOD 1981 TO 2010
CLIMATE RECORD PERIOD 1948 TO 2017


WEATHER ITEM   OBSERVED TIME   RECORD YEAR NORMAL DEPARTURE LAST
                VALUE   (LST)  VALUE       VALUE  FROM      YEAR
                                                  NORMAL
..................................................................
TEMPERATURE (F)
 YESTERDAY
  MAXIMUM         23   1019 AM  54    1992  30     -7        8
  MINIMUM         -6   1159 PM -21    2013  14    -20      -14
  AVERAGE          9                        22    -13       -3

PRECIPITATION (IN)
  YESTERDAY        T             0.82        0.07  -0.07      T
  MONTH TO DATE    0.30                      1.34  -1.04     0.76
  SINCE DEC 1      0.30                      1.34  -1.04     0.76
  SINCE JAN 1     38.35                     33.87   4.48    28.64

DEGREE DAYS
 HEATING
  YESTERDAY       56                        43     13       68
  MONTH TO DATE  626                       636    -10      616
  SINCE DEC 1    626                       636    -10      616
  SINCE JUL 1   2025                      2405   -380     2022

 COOLING
  YESTERDAY        0                         0      0        0
  MONTH TO DATE    0                         0      0        0
  SINCE DEC 1      0                         0      0        0
  SINCE JAN 1    399                       363     36      527
..................................................................


WIND (MPH)
  HIGHEST WIND SPEED    18   HIGHEST WIND DIRECTION    NW (300)
  HIGHEST GUST SPEED    23   HIGHEST GUST DIRECTION    NW (300)
  AVERAGE WIND SPEED     7.2


SKY COVER
  AVERAGE SKY COVER 0.5


WEATHER CONDITIONS
 THE FOLLOWING WEATHER WAS RECORDED YESTERDAY.
  LIGHT SNOW
  FOG


RELATIVE HUMIDITY (PERCENT)
 HIGHEST    92           500 AM
 LOWEST     56           300 PM
 AVERAGE    74

..........................................................


THE MASSENA NY CLIMATE NORMALS FOR TODAY
                         NORMAL    RECORD    YEAR
 MAXIMUM TEMPERATURE (F)   30        54      1996
 MINIMUM TEMPERATURE (F)   13       -25      2013


SUNRISE AND SUNSET
DECEMBER 17 2017......SUNRISE   732 AM EST   SUNSET   419 PM EST
DECEMBER 18 2017......SUNRISE   733 AM EST   SUNSET   420 PM EST


-  INDICATES NEGATIVE NUMBERS.
R  INDICATES RECORD WAS SET OR TIED.
MM INDICATES DATA IS MISSING.
T  INDICATES TRACE AMOUNT.




$$
