000
CDUS41 KBTV 290540
CLIMSS


CLIMATE REPORT
NATIONAL WEATHER SERVICE BURLINGTON VT
136 AM EDT FRI APR 29 2016


...................................

...THE MASSENA NY CLIMATE SUMMARY FOR APRIL 28 2016...

CLIMATE NORMAL PERIOD 1981 TO 2010
CLIMATE RECORD PERIOD 1948 TO 2016


WEATHER ITEM   OBSERVED TIME   RECORD YEAR NORMAL DEPARTURE LAST
                VALUE   (LST)  VALUE       VALUE  FROM      YEAR
                                                  NORMAL
..................................................................
TEMPERATURE (F)
 YESTERDAY
  MAXIMUM         47    500 PM  83    1962  61    -14       68
  MINIMUM         27    340 AM  25    1975  38    -11       42
  AVERAGE         37                        49    -12       55

PRECIPITATION (IN)
  YESTERDAY        0.00          0.91        0.09  -0.09     0.00
  MONTH TO DATE    1.66                      2.62  -0.96     2.48
  SINCE MAR 1      3.89                      4.71  -0.82     3.02
  SINCE JAN 1      8.55                      8.66  -0.11     4.44

DEGREE DAYS
 HEATING
  YESTERDAY       28                        16     12       10
  MONTH TO DATE  715                       619     96      613
  SINCE MAR 1   1721                      1763    -42     1908
  SINCE JUL 1   6767                      7750   -983     8074

 COOLING
  YESTERDAY        0                         0      0        0
  MONTH TO DATE    0                         0      0        0
  SINCE MAR 1      0                         0      0        0
  SINCE JAN 1      0                         0      0        0
..................................................................


WIND (MPH)
  HIGHEST WIND SPEED    15   HIGHEST WIND DIRECTION     N (350)
  HIGHEST GUST SPEED    20   HIGHEST GUST DIRECTION     N (350)
  AVERAGE WIND SPEED     6.0


SKY COVER
  AVERAGE SKY COVER 0.0


WEATHER CONDITIONS
 THE FOLLOWING WEATHER WAS RECORDED YESTERDAY.
  NO SIGNIFICANT WEATHER WAS OBSERVED.


RELATIVE HUMIDITY (PERCENT)
 HIGHEST    63           500 AM
 LOWEST     28           200 PM
 AVERAGE    46

..........................................................


THE MASSENA NY CLIMATE NORMALS FOR TODAY
                         NORMAL    RECORD    YEAR
 MAXIMUM TEMPERATURE (F)   61        82      1990
 MINIMUM TEMPERATURE (F)   38        24      2001


SUNRISE AND SUNSET
APRIL 29 2016.........SUNRISE   551 AM EDT   SUNSET   803 PM EDT
APRIL 30 2016.........SUNRISE   550 AM EDT   SUNSET   804 PM EDT


-  INDICATES NEGATIVE NUMBERS.
R  INDICATES RECORD WAS SET OR TIED.
MM INDICATES DATA IS MISSING.
T  INDICATES TRACE AMOUNT.




$$
