000
CDUS41 KBTV 090542
CLIMSS


CLIMATE REPORT
NATIONAL WEATHER SERVICE BURLINGTON VT
1240 AM EST TUE FEB 9 2016


...................................

...THE MASSENA NY CLIMATE SUMMARY FOR FEBRUARY 8 2016...

CLIMATE NORMAL PERIOD 1981 TO 2010
CLIMATE RECORD PERIOD 1948 TO 2016


WEATHER ITEM   OBSERVED TIME   RECORD YEAR NORMAL DEPARTURE LAST
                VALUE   (LST)  VALUE       VALUE  FROM      YEAR
                                                  NORMAL
..................................................................
TEMPERATURE (F)
 YESTERDAY
  MAXIMUM         22    219 PM  48    1990  26     -4        8
  MINIMUM         17    813 AM -30    1959   6     11        1
  AVERAGE         20                        16      4        5

PRECIPITATION (IN)
  YESTERDAY        T             0.42        0.06  -0.06     0.01
  MONTH TO DATE    0.59                      0.46   0.13     0.12
  SINCE DEC 1      3.77                      5.07  -1.30     2.38
  SINCE JAN 1      1.12                      2.64  -1.52     1.40

DEGREE DAYS
 HEATING
  YESTERDAY       45                        49     -4       60
  MONTH TO DATE  266                       396   -130      486
  SINCE DEC 1   2551                      3290   -739     3345
  SINCE JUL 1   4025                      5059  -1034     4906

 COOLING
  YESTERDAY        0                         0      0        0
  MONTH TO DATE    0                         0      0        0
  SINCE DEC 1      0                         0      0        0
  SINCE JAN 1      0                         0      0        0
..................................................................


WIND (MPH)
  HIGHEST WIND SPEED    24   HIGHEST WIND DIRECTION    NE (60)
  HIGHEST GUST SPEED    30   HIGHEST GUST DIRECTION    NE (60)
  AVERAGE WIND SPEED    17.1


SKY COVER
  AVERAGE SKY COVER 0.4


WEATHER CONDITIONS
 THE FOLLOWING WEATHER WAS RECORDED YESTERDAY.
  LIGHT SNOW


RELATIVE HUMIDITY (PERCENT)
 HIGHEST    73          1100 PM
 LOWEST     52          1200 PM
 AVERAGE    63

..........................................................


THE MASSENA NY CLIMATE NORMALS FOR TODAY
                         NORMAL    RECORD    YEAR
 MAXIMUM TEMPERATURE (F)   27        54      1990
 MINIMUM TEMPERATURE (F)    6       -31      1959


SUNRISE AND SUNSET
FEBRUARY  9 2016......SUNRISE   710 AM EST   SUNSET   518 PM EST
FEBRUARY 10 2016......SUNRISE   708 AM EST   SUNSET   520 PM EST


-  INDICATES NEGATIVE NUMBERS.
R  INDICATES RECORD WAS SET OR TIED.
MM INDICATES DATA IS MISSING.
T  INDICATES TRACE AMOUNT.




$$
