000
CDUS41 KBTV 280534
CLIMSS


CLIMATE REPORT
NATIONAL WEATHER SERVICE BURLINGTON VT
133 AM EDT THU AUG 28 2014


...................................

...THE MASSENA NY CLIMATE SUMMARY FOR AUGUST 27 2014...

CLIMATE NORMAL PERIOD 1981 TO 2010
CLIMATE RECORD PERIOD 1948 TO 2014


WEATHER ITEM   OBSERVED TIME   RECORD YEAR NORMAL DEPARTURE LAST
                VALUE   (LST)  VALUE       VALUE  FROM      YEAR
                                                  NORMAL
..................................................................
TEMPERATURE (F)
 YESTERDAY
  MAXIMUM         78    204 PM  93    1949  76      2       77
  MINIMUM         63   1035 PM  38    1989  54      9       62
  AVERAGE         71                        65      6       70

PRECIPITATION (IN)
  YESTERDAY        T             0.90        0.11  -0.11      T
  MONTH TO DATE    3.35                      3.08   0.27     3.22
  SINCE JUN 1     13.75                     10.17   3.58    14.43
  SINCE JAN 1     23.68                     22.10   1.58    22.73

DEGREE DAYS
 HEATING
  YESTERDAY        0                         3     -3        0
  MONTH TO DATE   30                        39     -9       34
  SINCE JUN 1     90                       158    -68      172
  SINCE JUL 1     52                        62    -10       56

 COOLING
  YESTERDAY        6                         2      4        5
  MONTH TO DATE   72                        92    -20       69
  SINCE JUN 1    263                       312    -49      341
  SINCE JAN 1    278                       326    -48      364
..................................................................


WIND (MPH)
  HIGHEST WIND SPEED    15   HIGHEST WIND DIRECTION    SW (220)
  HIGHEST GUST SPEED    20   HIGHEST GUST DIRECTION    SW (240)
  AVERAGE WIND SPEED     6.8


SKY COVER
  AVERAGE SKY COVER 0.4


WEATHER CONDITIONS
 THE FOLLOWING WEATHER WAS RECORDED YESTERDAY.
  LIGHT RAIN


RELATIVE HUMIDITY (PERCENT)
 HIGHEST    87           400 AM
 LOWEST     56           100 PM
 AVERAGE    72

..........................................................


THE MASSENA NY CLIMATE NORMALS FOR TODAY
                         NORMAL    RECORD    YEAR
 MAXIMUM TEMPERATURE (F)   76        92      1953
 MINIMUM TEMPERATURE (F)   53        36      1957


SUNRISE AND SUNSET
AUGUST 28 2014........SUNRISE   617 AM EDT   SUNSET   744 PM EDT
AUGUST 29 2014........SUNRISE   618 AM EDT   SUNSET   742 PM EDT


-  INDICATES NEGATIVE NUMBERS.
R  INDICATES RECORD WAS SET OR TIED.
MM INDICATES DATA IS MISSING.
T  INDICATES TRACE AMOUNT.




$$
