000
CDUS41 KBTV 270601
CLIMSS


CLIMATE REPORT
NATIONAL WEATHER SERVICE BURLINGTON VT
100 AM EST TUE JAN 27 2015


...................................

...THE MASSENA NY CLIMATE SUMMARY FOR JANUARY 26 2015...

CLIMATE NORMAL PERIOD 1981 TO 2010
CLIMATE RECORD PERIOD 1948 TO 2015


WEATHER ITEM   OBSERVED TIME   RECORD YEAR NORMAL DEPARTURE LAST
                VALUE   (LST)  VALUE       VALUE  FROM      YEAR
                                                  NORMAL
..................................................................
TEMPERATURE (F)
 YESTERDAY
  MAXIMUM          7    335 PM  63    1950  24    -17        9
  MINIMUM        -15    759 AM -27    1966   4    -19       -8
  AVERAGE         -4                        14    -18        1

PRECIPITATION (IN)
  YESTERDAY        0.00          0.94        0.06  -0.06      T
  MONTH TO DATE    1.16                      1.87  -0.71     1.38
  SINCE DEC 1      2.14                      4.30  -2.16     3.01
  SINCE JAN 1      1.16                      1.87  -0.71     1.38

DEGREE DAYS
 HEATING
  YESTERDAY       69                        51     18       64
  MONTH TO DATE 1397                      1313     84     1325
  SINCE DEC 1   2577                      2643    -66     2785
  SINCE JUL 1   4138                      4412   -274     4536

 COOLING
  YESTERDAY        0                         0      0        0
  MONTH TO DATE    0                         0      0        0
  SINCE DEC 1      0                         0      0        0
  SINCE JAN 1      0                         0      0        0
..................................................................


WIND (MPH)
  HIGHEST WIND SPEED    22   HIGHEST WIND DIRECTION    NE (40)
  HIGHEST GUST SPEED    26   HIGHEST GUST DIRECTION    NE (60)
  AVERAGE WIND SPEED    10.3


SKY COVER
  AVERAGE SKY COVER 0.2


WEATHER CONDITIONS
 THE FOLLOWING WEATHER WAS RECORDED YESTERDAY.
  NO SIGNIFICANT WEATHER WAS OBSERVED.


RELATIVE HUMIDITY (PERCENT)
 HIGHEST    83           100 AM
 LOWEST     60           400 PM
 AVERAGE    72

..........................................................


THE MASSENA NY CLIMATE NORMALS FOR TODAY
                         NORMAL    RECORD    YEAR
 MAXIMUM TEMPERATURE (F)   24        55      1996
 MINIMUM TEMPERATURE (F)    4       -29      2003


SUNRISE AND SUNSET
JANUARY 27 2015.......SUNRISE   725 AM EST   SUNSET   500 PM EST
JANUARY 28 2015.......SUNRISE   724 AM EST   SUNSET   501 PM EST


-  INDICATES NEGATIVE NUMBERS.
R  INDICATES RECORD WAS SET OR TIED.
MM INDICATES DATA IS MISSING.
T  INDICATES TRACE AMOUNT.




$$
