000
CDUS41 KBTV 240542
CLIMSS


CLIMATE REPORT
NATIONAL WEATHER SERVICE BURLINGTON VT
139 AM EDT MON JUL 24 2017


...................................

...THE MASSENA NY CLIMATE SUMMARY FOR JULY 23 2017...

CLIMATE NORMAL PERIOD 1981 TO 2010
CLIMATE RECORD PERIOD 1948 TO 2017


WEATHER ITEM   OBSERVED TIME   RECORD YEAR NORMAL DEPARTURE LAST
                VALUE   (LST)  VALUE       VALUE  FROM      YEAR
                                                  NORMAL
..................................................................
TEMPERATURE (F)
 YESTERDAY
  MAXIMUM         75    235 PM  92    2012  80     -5       83
                                      1952
  MINIMUM         59    202 AM  47    1962  58      1       60
  AVERAGE         67                        69     -2       72

PRECIPITATION (IN)
  YESTERDAY        0.00          1.62        0.13  -0.13      T
  MONTH TO DATE    3.29                      2.62   0.67     2.09
  SINCE JUN 1      9.39                      6.14   3.25     6.78
  SINCE JAN 1     24.04                     18.07   5.97    16.12

DEGREE DAYS
 HEATING
  YESTERDAY        0                         1     -1        0
  MONTH TO DATE    0                        23    -23        9
  SINCE JUN 1     94                       119    -25       74
  SINCE JUL 1      0                        23    -23        9

 COOLING
  YESTERDAY        2                         5     -3        7
  MONTH TO DATE  110                       112     -2      121
  SINCE JUN 1    188                       187      1      188
  SINCE JAN 1    204                       201      3      234
..................................................................


WIND (MPH)
  HIGHEST WIND SPEED    17   HIGHEST WIND DIRECTION    NE (30)
  HIGHEST GUST SPEED    20   HIGHEST GUST DIRECTION    NE (50)
  AVERAGE WIND SPEED     9.2


SKY COVER
  AVERAGE SKY COVER 0.5


WEATHER CONDITIONS
 THE FOLLOWING WEATHER WAS RECORDED YESTERDAY.
  NO SIGNIFICANT WEATHER WAS OBSERVED.


RELATIVE HUMIDITY (PERCENT)
 HIGHEST    90           100 AM
 LOWEST     44           300 PM
 AVERAGE    67

..........................................................


THE MASSENA NY CLIMATE NORMALS FOR TODAY
                         NORMAL    RECORD    YEAR
 MAXIMUM TEMPERATURE (F)   80        92      1989
 MINIMUM TEMPERATURE (F)   58        46      2002
                                             1981


SUNRISE AND SUNSET
JULY 24 2017..........SUNRISE   536 AM EDT   SUNSET   835 PM EDT
JULY 25 2017..........SUNRISE   537 AM EDT   SUNSET   834 PM EDT


-  INDICATES NEGATIVE NUMBERS.
R  INDICATES RECORD WAS SET OR TIED.
MM INDICATES DATA IS MISSING.
T  INDICATES TRACE AMOUNT.




$$
