000
CDUS41 KBTV 280523
CLIMSS


CLIMATE REPORT
NATIONAL WEATHER SERVICE BURLINGTON VT
121 AM EDT WED SEP 28 2016


...................................

...THE MASSENA NY CLIMATE SUMMARY FOR SEPTEMBER 27 2016...

CLIMATE NORMAL PERIOD 1981 TO 2010
CLIMATE RECORD PERIOD 1948 TO 2016


WEATHER ITEM   OBSERVED TIME   RECORD YEAR NORMAL DEPARTURE LAST
                VALUE   (LST)  VALUE       VALUE  FROM      YEAR
                                                  NORMAL
..................................................................
TEMPERATURE (F)
 YESTERDAY
  MAXIMUM         70   1123 AM  82    2003  65      5       75
  MINIMUM         48    845 PM  26    1956  43      5       38
  AVERAGE         59                        54      5       57

PRECIPITATION (IN)
  YESTERDAY        0.03          2.62        0.13  -0.10     0.00
  MONTH TO DATE    1.38                      3.28  -1.90     2.91
  SINCE SEP 1      1.38                      3.28  -1.90     2.91
  SINCE JAN 1     22.49                     25.82  -3.33    20.68

DEGREE DAYS
 HEATING
  YESTERDAY        6                        11     -5        8
  MONTH TO DATE  117                       186    -69       86
  SINCE SEP 1    117                       186    -69       86
  SINCE JUL 1    128                       261   -133      120

 COOLING
  YESTERDAY        0                         0      0        0
  MONTH TO DATE   47                        24     23       79
  SINCE SEP 1     47                        24     23       79
  SINCE JAN 1    527                       360    167      452
..................................................................


WIND (MPH)
  HIGHEST WIND SPEED    25   HIGHEST WIND DIRECTION    SW (220)
  HIGHEST GUST SPEED    30   HIGHEST GUST DIRECTION    SW (220)
  AVERAGE WIND SPEED     4.6


SKY COVER
  AVERAGE SKY COVER 0.6


WEATHER CONDITIONS
 THE FOLLOWING WEATHER WAS RECORDED YESTERDAY.
  LIGHT RAIN
  FOG
  FOG W/VISIBILITY <= 1/4 MILE


RELATIVE HUMIDITY (PERCENT)
 HIGHEST    93           500 AM
 LOWEST     45           400 PM
 AVERAGE    69

..........................................................


THE MASSENA NY CLIMATE NORMALS FOR TODAY
                         NORMAL    RECORD    YEAR
 MAXIMUM TEMPERATURE (F)   64        85      1959
 MINIMUM TEMPERATURE (F)   43        24      1956


SUNRISE AND SUNSET
SEPTEMBER 28 2016.....SUNRISE   654 AM EDT   SUNSET   645 PM EDT
SEPTEMBER 29 2016.....SUNRISE   655 AM EDT   SUNSET   643 PM EDT


-  INDICATES NEGATIVE NUMBERS.
R  INDICATES RECORD WAS SET OR TIED.
MM INDICATES DATA IS MISSING.
T  INDICATES TRACE AMOUNT.




$$
