000
CDUS41 KBTV 230520
CLIMSS


CLIMATE REPORT
NATIONAL WEATHER SERVICE BURLINGTON VT
118 AM EDT SUN APR 23 2017


...................................

...THE MASSENA NY CLIMATE SUMMARY FOR APRIL 22 2017...

CLIMATE NORMAL PERIOD 1981 TO 2010
CLIMATE RECORD PERIOD 1948 TO 2017


WEATHER ITEM   OBSERVED TIME   RECORD YEAR NORMAL DEPARTURE LAST
                VALUE   (LST)  VALUE       VALUE  FROM      YEAR
                                                  NORMAL
..................................................................
TEMPERATURE (F)
 YESTERDAY
  MAXIMUM         50        MM  80    1973  58     -8       63
  MINIMUM         32        MM  19    1975  36     -4       44
  AVERAGE         41                        47     -6       54

PRECIPITATION (IN)
  YESTERDAY        T             1.80        0.10  -0.10     0.14
  MONTH TO DATE    3.31                      2.06   1.25     1.63
  SINCE MAR 1      5.43                      4.15   1.28     3.86
  SINCE JAN 1      8.86                      8.10   0.76     8.52

DEGREE DAYS
 HEATING
  YESTERDAY       24                        18      6       11
  MONTH TO DATE  413                       517   -104      565
  SINCE MAR 1   1669                      1661      8     1571
  SINCE JUL 1   6595                      7648  -1053     6617

 COOLING
  YESTERDAY        0                         0      0        0
  MONTH TO DATE    0                         0      0        0
  SINCE MAR 1      0                         0      0        0
  SINCE JAN 1      0                         0      0        0
..................................................................


WIND (MPH)
  HIGHEST WIND SPEED    13   HIGHEST WIND DIRECTION     W (270)
  HIGHEST GUST SPEED    MM   HIGHEST GUST DIRECTION    MM
  AVERAGE WIND SPEED     6.4


SKY COVER
  AVERAGE SKY COVER 0.9


WEATHER CONDITIONS
 THE FOLLOWING WEATHER WAS RECORDED YESTERDAY.
  LIGHT RAIN
  FOG


RELATIVE HUMIDITY (PERCENT)
 HIGHEST    92          1000 PM
 LOWEST     56           500 PM
 AVERAGE    74

..........................................................


THE MASSENA NY CLIMATE NORMALS FOR TODAY
                         NORMAL    RECORD    YEAR
 MAXIMUM TEMPERATURE (F)   58        80      2007
 MINIMUM TEMPERATURE (F)   36        25      1956


SUNRISE AND SUNSET
APRIL 23 2017.........SUNRISE   601 AM EDT   SUNSET   755 PM EDT
APRIL 24 2017.........SUNRISE   559 AM EDT   SUNSET   756 PM EDT


-  INDICATES NEGATIVE NUMBERS.
R  INDICATES RECORD WAS SET OR TIED.
MM INDICATES DATA IS MISSING.
T  INDICATES TRACE AMOUNT.




$$
