000
CDUS41 KBTV 240524
CLIMSS


CLIMATE REPORT
NATIONAL WEATHER SERVICE BURLINGTON VT
122 AM EDT WED AUG 24 2016


...................................

...THE MASSENA NY CLIMATE SUMMARY FOR AUGUST 23 2016...

CLIMATE NORMAL PERIOD 1981 TO 2010
CLIMATE RECORD PERIOD 1948 TO 2016


WEATHER ITEM   OBSERVED TIME   RECORD YEAR NORMAL DEPARTURE LAST
                VALUE   (LST)  VALUE       VALUE  FROM      YEAR
                                                  NORMAL
..................................................................
TEMPERATURE (F)
 YESTERDAY
  MAXIMUM         81    226 PM  88    1949  77      4       81
  MINIMUM         50    120 AM  37    1957  54     -4       53
  AVERAGE         66                        66      0       67

PRECIPITATION (IN)
  YESTERDAY        0.00          1.60        0.11  -0.11     0.00
  MONTH TO DATE    2.20                      2.66  -0.46     3.24
  SINCE JUN 1      9.86                      9.75   0.11    11.78
  SINCE JAN 1     19.20                     21.68  -2.48    17.77

DEGREE DAYS
 HEATING
  YESTERDAY        0                         2     -2        0
  MONTH TO DATE    2                        30    -28        7
  SINCE JUN 1     76                       149    -73      130
  SINCE JUL 1     11                        53    -42       29

 COOLING
  YESTERDAY        1                         3     -2        2
  MONTH TO DATE  156                        83     73      111
  SINCE JUN 1    384                       303     81      314
  SINCE JAN 1    430                       317    113      359
..................................................................


WIND (MPH)
  HIGHEST WIND SPEED    22   HIGHEST WIND DIRECTION    SW (220)
  HIGHEST GUST SPEED    29   HIGHEST GUST DIRECTION    SW (210)
  AVERAGE WIND SPEED    10.5


SKY COVER
  AVERAGE SKY COVER 0.1


WEATHER CONDITIONS
 THE FOLLOWING WEATHER WAS RECORDED YESTERDAY.
  FOG


RELATIVE HUMIDITY (PERCENT)
 HIGHEST    96           200 AM
 LOWEST     43          1200 PM
 AVERAGE    70

..........................................................


THE MASSENA NY CLIMATE NORMALS FOR TODAY
                         NORMAL    RECORD    YEAR
 MAXIMUM TEMPERATURE (F)   77        88      1999
 MINIMUM TEMPERATURE (F)   54        41      1971


SUNRISE AND SUNSET
AUGUST 24 2016........SUNRISE   613 AM EDT   SUNSET   750 PM EDT
AUGUST 25 2016........SUNRISE   614 AM EDT   SUNSET   748 PM EDT


-  INDICATES NEGATIVE NUMBERS.
R  INDICATES RECORD WAS SET OR TIED.
MM INDICATES DATA IS MISSING.
T  INDICATES TRACE AMOUNT.




$$
