000
CDUS41 KBTV 220606
CLIMSS


CLIMATE REPORT
NATIONAL WEATHER SERVICE BURLINGTON VT
104 AM EST MON DEC 22 2014


...................................

...THE MASSENA NY CLIMATE SUMMARY FOR DECEMBER 21 2014...

CLIMATE NORMAL PERIOD 1981 TO 2010
CLIMATE RECORD PERIOD 1948 TO 2014


WEATHER ITEM   OBSERVED TIME   RECORD YEAR NORMAL DEPARTURE LAST
                VALUE   (LST)  VALUE       VALUE  FROM      YEAR
                                                  NORMAL
..................................................................
TEMPERATURE (F)
 YESTERDAY
  MAXIMUM         22    339 PM  62    1957  28     -6       23
  MINIMUM         13    501 AM -30    1970  11      2       20
  AVERAGE         18                        20     -2       22

PRECIPITATION (IN)
  YESTERDAY        0.00          1.29        0.07  -0.07     0.51
  MONTH TO DATE    0.48                      1.70  -1.22     1.04
  SINCE DEC 1      0.48                      1.70  -1.22     1.04
  SINCE JAN 1     30.64                     34.23  -3.59    34.92

DEGREE DAYS
 HEATING
  YESTERDAY       47                        45      2       43
  MONTH TO DATE  831                       858    -27      954
  SINCE DEC 1    831                       858    -27      954
  SINCE JUL 1   2392                      2627   -235     2705

 COOLING
  YESTERDAY        0                         0      0        0
  MONTH TO DATE    0                         0      0        0
  SINCE DEC 1      0                         0      0        0
  SINCE JAN 1    336                       363    -27      418
..................................................................


WIND (MPH)
  HIGHEST WIND SPEED     9   HIGHEST WIND DIRECTION     E (70)
  HIGHEST GUST SPEED    12   HIGHEST GUST DIRECTION     E (80)
  AVERAGE WIND SPEED     5.5


SKY COVER
  AVERAGE SKY COVER 1.0


WEATHER CONDITIONS
 THE FOLLOWING WEATHER WAS RECORDED YESTERDAY.
  FOG
  HAZE


RELATIVE HUMIDITY (PERCENT)
 HIGHEST    96           200 AM
 LOWEST     77           200 PM
 AVERAGE    87

..........................................................


THE MASSENA NY CLIMATE NORMALS FOR TODAY
                         NORMAL    RECORD    YEAR
 MAXIMUM TEMPERATURE (F)   28        63      1949
 MINIMUM TEMPERATURE (F)   11       -33      1970


SUNRISE AND SUNSET
DECEMBER 22 2014......SUNRISE   735 AM EST   SUNSET   421 PM EST
DECEMBER 23 2014......SUNRISE   735 AM EST   SUNSET   422 PM EST


-  INDICATES NEGATIVE NUMBERS.
R  INDICATES RECORD WAS SET OR TIED.
MM INDICATES DATA IS MISSING.
T  INDICATES TRACE AMOUNT.




$$
