000
CDUS41 KBTV 310535
CLIMSS


CLIMATE REPORT
NATIONAL WEATHER SERVICE BURLINGTON VT
135 AM EDT TUE MAY 31 2016


...................................

...THE MASSENA NY CLIMATE SUMMARY FOR MAY 30 2016...

CLIMATE NORMAL PERIOD 1981 TO 2010
CLIMATE RECORD PERIOD 1948 TO 2016


WEATHER ITEM   OBSERVED TIME   RECORD YEAR NORMAL DEPARTURE LAST
                VALUE   (LST)  VALUE       VALUE  FROM      YEAR
                                                  NORMAL
..................................................................
TEMPERATURE (F)
 YESTERDAY
  MAXIMUM         84    311 PM  91    1987  71     13       86
  MINIMUM         64   1159 PM  32    1967  48     16       54
  AVERAGE         74                        60     14       70

PRECIPITATION (IN)
  YESTERDAY        T             0.49        0.11  -0.11     0.30
  MONTH TO DATE    0.79                      2.97  -2.18     1.26
  SINCE MAR 1      4.68                      7.88  -3.20     4.28
  SINCE JAN 1      9.34                     11.83  -2.49     5.70

DEGREE DAYS
 HEATING
  YESTERDAY        0                         6     -6        0
  MONTH TO DATE  286                       312    -26      166
  SINCE MAR 1   2052                      2107    -55     2101
  SINCE JUL 1   7098                      8094   -996     8267

 COOLING
  YESTERDAY        9                         1      8        5
  MONTH TO DATE   44                        11     33       45
  SINCE MAR 1     44                        12     32       45
  SINCE JAN 1     44                        12     32       45
..................................................................


WIND (MPH)
  HIGHEST WIND SPEED    24   HIGHEST WIND DIRECTION    SW (220)
  HIGHEST GUST SPEED    34   HIGHEST GUST DIRECTION    SW (210)
  AVERAGE WIND SPEED    12.2


SKY COVER
  AVERAGE SKY COVER 0.2


WEATHER CONDITIONS
 THE FOLLOWING WEATHER WAS RECORDED YESTERDAY.
  LIGHT RAIN


RELATIVE HUMIDITY (PERCENT)
 HIGHEST    78           600 AM
 LOWEST     43           300 PM
 AVERAGE    61

..........................................................


THE MASSENA NY CLIMATE NORMALS FOR TODAY
                         NORMAL    RECORD    YEAR
 MAXIMUM TEMPERATURE (F)   71        90      1999
 MINIMUM TEMPERATURE (F)   49        32      1961


SUNRISE AND SUNSET
MAY 31 2016...........SUNRISE   517 AM EDT   SUNSET   838 PM EDT
JUNE  1 2016..........SUNRISE   516 AM EDT   SUNSET   839 PM EDT


-  INDICATES NEGATIVE NUMBERS.
R  INDICATES RECORD WAS SET OR TIED.
MM INDICATES DATA IS MISSING.
T  INDICATES TRACE AMOUNT.




$$
