000
CDUS42 KKEY 300552
CLIMTH

CLIMATE REPORT
NATIONAL WEATHER SERVICE KEY WEST FL
1255 AM EST FRI JAN 30 2015

...................................

...THE MARATHON CLIMATE SUMMARY FOR JANUARY 29 2015...

CLIMATE NORMAL PERIOD 1981 TO 2010

WEATHER ITEM   OBSERVED TIME   NORMAL DEPARTURE LAST
                VALUE   (LST)  VALUE  FROM      YEAR
                                      NORMAL
......................................................
TEMPERATURE (F)
 YESTERDAY
  MAXIMUM         72    157 PM  76     -4       83
  MINIMUM         58    743 AM  65     -7       68
  AVERAGE         65            70     -5       76

PRECIPITATION (IN)
  YESTERDAY        0.00          0.06  -0.06     1.34
  MONTH TO DATE    0.20          1.48  -1.28     2.12
  SINCE DEC 1      1.74          3.50  -1.76     4.89
  SINCE JAN 1      0.20          1.48  -1.28     2.12

SNOWFALL (IN)
  YESTERDAY        0.0
  MONTH TO DATE    0.0
  SINCE DEC 1      0.0
  SINCE JUL 1      0.0
  SNOW DEPTH       0

DEGREE DAYS
 HEATING
  YESTERDAY        0             1     -1        0
  MONTH TO DATE    3            38    -35       33
  SINCE DEC 1     18            58    -40       33
  SINCE JUL 1     24            59    -35       34

 COOLING
  YESTERDAY        0             6     -6       11
  MONTH TO DATE  226           174     52      170
  SINCE DEC 1    465           402     63      530
  SINCE JAN 1    226           174     52      170
......................................................

WIND (MPH)
  HIGHEST WIND SPEED    18   HIGHEST WIND DIRECTION    NE (50)
  HIGHEST GUST SPEED    23   HIGHEST GUST DIRECTION    NE (60)
  AVERAGE WIND SPEED    11.9

SKY COVER
  POSSIBLE SUNSHINE  MM
  AVERAGE SKY COVER 0.3

WEATHER CONDITIONS
 THE FOLLOWING WEATHER WAS RECORDED YESTERDAY.
  NO SIGNIFICANT WEATHER WAS OBSERVED.

RELATIVE HUMIDITY (PERCENT)
 HIGHEST    87
 LOWEST     51
 AVERAGE    69
..........................................................

THE MARATHON CLIMATE NORMALS FOR TODAY
                         NORMAL
 MAXIMUM TEMPERATURE (F)   76
 MINIMUM TEMPERATURE (F)   65

SUNRISE AND SUNSET
JANUARY 30 2015.......SUNRISE   707 AM EST   SUNSET   608 PM EST
JANUARY 31 2015.......SUNRISE   707 AM EST   SUNSET   609 PM EST

-  INDICATES NEGATIVE NUMBERS.
R  INDICATES RECORD WAS SET OR TIED.
MM INDICATES DATA IS MISSING.
T  INDICATES TRACE AMOUNT.

$$
BS
