853
CDUS42 KKEY 192117
CLIMTH


CLIMATE REPORT
NATIONAL WEATHER SERVICE KEY WEST, FL
417 PM EST SUN FEB 19 2017


...................................

...THE MARATHON CLIMATE SUMMARY FOR FEBRUARY 19 2017...
VALID TODAY AS OF 0400 PM LOCAL TIME.

CLIMATE NORMAL PERIOD 1981 TO 2010


WEATHER ITEM   OBSERVED TIME   NORMAL DEPARTURE LAST
                VALUE   (LST)  VALUE  FROM      YEAR
                                      NORMAL
......................................................
TEMPERATURE (F)
 TODAY
  MAXIMUM         85   1015 AM  77      8       77
  MINIMUM         76    755 AM  67      9       67
  AVERAGE         81            72      9       72

PRECIPITATION (IN)
  TODAY            0.00          0.08  -0.08      T
  MONTH TO DATE    0.01          1.50  -1.49     2.64
  SINCE DEC 1      2.78          5.13  -2.35    15.81
  SINCE JAN 1      0.88          3.11  -2.23     7.87

SNOWFALL (IN)
  TODAY            0.0
  MONTH TO DATE    0.0
  SINCE DEC 1      0.0
  SINCE JUL 1      0.0
  SNOW DEPTH       0

DEGREE DAYS
 HEATING
  TODAY            0             1     -1        0
  MONTH TO DATE    0            15    -15       17
  SINCE DEC 1      3            73    -70       44
  SINCE JUL 1      3            74    -71       44

 COOLING
  TODAY           16             8      8        7
  MONTH TO DATE  216           129     87      100
  SINCE DEC 1    990           538    452      630
  SINCE JAN 1    532           310    222      234
......................................................


WIND (MPH)
  HIGHEST WIND SPEED    12   HIGHEST WIND DIRECTION    NW (300)
  HIGHEST GUST SPEED    15   HIGHEST GUST DIRECTION     W (280)
  AVERAGE WIND SPEED     5.0


SKY COVER
  POSSIBLE SUNSHINE  MM
  AVERAGE SKY COVER 0.1


WEATHER CONDITIONS
 THE FOLLOWING WEATHER WAS RECORDED TODAY.
  FOG


RELATIVE HUMIDITY (PERCENT)
 HIGHEST   100
 LOWEST     74
 AVERAGE    87

..........................................................


THE MARATHON CLIMATE NORMALS FOR TOMORROW
                         NORMAL
 MAXIMUM TEMPERATURE (F)   77
 MINIMUM TEMPERATURE (F)   67


SUNRISE AND SUNSET
FEBRUARY 19 2017......SUNRISE   655 AM EST   SUNSET   621 PM EST
FEBRUARY 20 2017......SUNRISE   654 AM EST   SUNSET   622 PM EST


-  INDICATES NEGATIVE NUMBERS.
R  INDICATES RECORD WAS SET OR TIED.
MM INDICATES DATA IS MISSING.
T  INDICATES TRACE AMOUNT.




$$
