000
CDUS42 KKEY 290538
CLIMTH

CLIMATE REPORT
NATIONAL WEATHER SERVICE KEY WEST, FL
129 AM EDT FRI AUG 29 2014


...................................

...THE MARATHON CLIMATE SUMMARY FOR AUGUST 28 2014...

CLIMATE NORMAL PERIOD 1981 TO 2010


WEATHER ITEM   OBSERVED TIME   NORMAL DEPARTURE LAST
               VALUE    (LST)  VALUE  FROM      YEAR
                                      NORMAL
......................................................
TEMPERATURE (F)
 YESTERDAY
  MAXIMUM         92   1250 PM  91      1       87
  MINIMUM         78    427 AM  79     -1       73
  AVERAGE         85            85      0       80

PRECIPITATION (IN)
  YESTERDAY        0.12          0.28  -0.16     0.46
  MONTH TO DATE    6.49          6.14   0.35     2.17
  SINCE JUN 1     12.93         16.03  -3.10    19.46
  SINCE JAN 1     19.51         27.97  -8.46    39.22

SNOWFALL (IN)
  YESTERDAY        0.0
  MONTH TO DATE    0.0
  SINCE JUN 1      0.0
  SINCE JUL 1      0.0
  SNOW DEPTH       0

DEGREE DAYS
 HEATING
  YESTERDAY        0             0      0        0
  MONTH TO DATE    0             0      0        0
  SINCE JUN 1      0             0      0        0
  SINCE JUL 1      0             0      0        0

 COOLING
  YESTERDAY       20            20      0       15
  MONTH TO DATE  603           572     31      595
  SINCE JUN 1   1837          1786     51     1835
  SINCE JAN 1   3622          3329    293     3665
......................................................


WIND (MPH)
  HIGHEST WIND SPEED    14   HIGHEST WIND DIRECTION     S (190)
  HIGHEST GUST SPEED    22   HIGHEST GUST DIRECTION     S (190)
  AVERAGE WIND SPEED     7.1


SKY COVER
  POSSIBLE SUNSHINE  MM
  AVERAGE SKY COVER 0.2


WEATHER CONDITIONS
 THE FOLLOWING WEATHER WAS RECORDED YESTERDAY.
  HEAVY RAIN
  LIGHT RAIN
  FOG


RELATIVE HUMIDITY (PERCENT)
 HIGHEST    88
 LOWEST     64
 AVERAGE    76

..........................................................


THE MARATHON CLIMATE NORMALS FOR TODAY
                         NORMAL
 MAXIMUM TEMPERATURE (F)   91
 MINIMUM TEMPERATURE (F)   79


SUNRISE AND SUNSET
AUGUST 29 2014........SUNRISE   704 AM EDT   SUNSET   746 PM EDT
AUGUST 30 2014........SUNRISE   705 AM EDT   SUNSET   745 PM EDT


-  INDICATES NEGATIVE NUMBERS.
R  INDICATES RECORD WAS SET OR TIED.
MM INDICATES DATA IS MISSING.
T  INDICATES TRACE AMOUNT.


$$
