000
CDUS42 KKEY 232032
CLIMTH

CLIMATE REPORT
NATIONAL WEATHER SERVICE KEY WEST, FL
428 PM EDT TUE AUG 23 2016

...................................

...THE MARATHON CLIMATE SUMMARY FOR AUGUST 23 2016...
VALID TODAY AS OF 0400 PM LOCAL TIME.

CLIMATE NORMAL PERIOD 1981 TO 2010

WEATHER ITEM   OBSERVED TIME   NORMAL DEPARTURE LAST
                VALUE   (LST)  VALUE  FROM      YEAR
                                      NORMAL
......................................................

TEMPERATURE (F)
 TODAY
  MAXIMUM         93    131 PM  91      2       93
  MINIMUM         83   1123 AM  79      4       79
  AVERAGE         88            85      3       86

PRECIPITATION (IN)
  TODAY            0.05          0.26  -0.21     0.02
  MONTH TO DATE    3.01          4.81  -1.80     1.17
  SINCE JUN 1     10.87         14.70  -3.83     4.95
  SINCE JAN 1     23.67         26.64  -2.97    11.91

SNOWFALL (IN)
  TODAY            0.0
  MONTH TO DATE    0.0
  SINCE JUN 1      0.0
  SINCE JUL 1      0.0
  SNOW DEPTH       0

DEGREE DAYS
 HEATING
  TODAY            0             0      0        0
  MONTH TO DATE    0             0      0        0
  SINCE JUN 1      0             0      0        0
  SINCE JUL 1      0             0      0        0

 COOLING
  TODAY           23            20      3       21
  MONTH TO DATE  473           472      1      522
  SINCE JUN 1   1717          1686     31     1799
  SINCE JAN 1   3332          3229    103     3655

......................................................

WIND (MPH)
  HIGHEST WIND SPEED    18   HIGHEST WIND DIRECTION     E (70)
  HIGHEST GUST SPEED    23   HIGHEST GUST DIRECTION     E (80)
  AVERAGE WIND SPEED     6.4

SKY COVER
  POSSIBLE SUNSHINE  MM
  AVERAGE SKY COVER 0.2

WEATHER CONDITIONS
 THE FOLLOWING WEATHER WAS RECORDED TODAY.
  THUNDERSTORM
  LIGHT RAIN

RELATIVE HUMIDITY (PERCENT)
 HIGHEST    75
 LOWEST     59
 AVERAGE    67

..........................................................

THE MARATHON CLIMATE NORMALS FOR TOMORROW
                         NORMAL
 MAXIMUM TEMPERATURE (F)   91
 MINIMUM TEMPERATURE (F)   79

SUNRISE AND SUNSET

AUGUST 23 2016........SUNRISE   702 AM EDT   SUNSET   751 PM EDT
AUGUST 24 2016........SUNRISE   703 AM EDT   SUNSET   750 PM EDT

-  INDICATES NEGATIVE NUMBERS.
R  INDICATES RECORD WAS SET OR TIED.
MM INDICATES DATA IS MISSING.
T  INDICATES TRACE AMOUNT.

$$
