000
CDUS42 KKEY 180532
CLIMTH

CLIMATE REPORT
NATIONAL WEATHER SERVICE KEY WEST, FL
128 AM EDT FRI APR 18 2014


...................................

...THE MARATHON CLIMATE SUMMARY FOR APRIL 17 2014...

CLIMATE NORMAL PERIOD 1981 TO 2010


WEATHER ITEM   OBSERVED TIME   NORMAL DEPARTURE LAST
                VALUE   (LST)  VALUE  FROM      YEAR
                                      NORMAL
......................................................
TEMPERATURE (F)
 YESTERDAY
  MAXIMUM         87    213 PM  83      4       90
  MINIMUM         75    612 AM  72      3       80
  AVERAGE         81            78      3       85

PRECIPITATION (IN)
  YESTERDAY        0.12          0.08   0.04      T
  MONTH TO DATE    0.25          1.22  -0.97     2.11
  SINCE MAR 1      1.82          3.61  -1.79     3.50
  SINCE JAN 1      5.51          7.43  -1.92     5.88

SNOWFALL (IN)
  YESTERDAY        0.0
  MONTH TO DATE    0.0
  SINCE MAR 1      0.0
  SINCE JUL 1      0.0
  SNOW DEPTH       0

DEGREE DAYS
 HEATING
  YESTERDAY        0             0      0        0
  MONTH TO DATE    0             0      0        0
  SINCE MAR 1      0             6     -6       23
  SINCE JUL 1     35            81    -46       36

 COOLING
  YESTERDAY       16            12      4       20
  MONTH TO DATE  239           198     41      283
  SINCE MAR 1    559           481     78      476
  SINCE JAN 1   1065           863    202     1071
......................................................


WIND (MPH)
  HIGHEST WIND SPEED    17   HIGHEST WIND DIRECTION     E (80)
  HIGHEST GUST SPEED    24   HIGHEST GUST DIRECTION     E (90)
  AVERAGE WIND SPEED     9.6


SKY COVER
  POSSIBLE SUNSHINE  MM
  AVERAGE SKY COVER 0.3


WEATHER CONDITIONS
 THE FOLLOWING WEATHER WAS RECORDED YESTERDAY.
  RAIN
  LIGHT RAIN


RELATIVE HUMIDITY (PERCENT)
 HIGHEST    94
 LOWEST     65
 AVERAGE    80

..........................................................


THE MARATHON CLIMATE NORMALS FOR TODAY
                         NORMAL
 MAXIMUM TEMPERATURE (F)   83
 MINIMUM TEMPERATURE (F)   72


SUNRISE AND SUNSET
APRIL 18 2014.........SUNRISE   700 AM EDT   SUNSET   748 PM EDT
APRIL 19 2014.........SUNRISE   659 AM EDT   SUNSET   748 PM EDT


-  INDICATES NEGATIVE NUMBERS.
R  INDICATES RECORD WAS SET OR TIED.
MM INDICATES DATA IS MISSING.
T  INDICATES TRACE AMOUNT.




$$
