903
CDUS42 KKEY 222129
CLIMTH

CLIMATE REPORT
NATIONAL WEATHER SERVICE KEY WEST, FL
526 PM EDT WED MAR 22 2017

...................................

...THE MARATHON CLIMATE SUMMARY FOR MARCH 22 2017...
VALID TODAY AS OF 0500 PM LOCAL TIME.

CLIMATE NORMAL PERIOD 1981 TO 2010

WEATHER ITEM   OBSERVED TIME   NORMAL DEPARTURE LAST
                VALUE   (LST)  VALUE  FROM      YEAR
                                      NORMAL
......................................................

TEMPERATURE (F)
 TODAY
  MAXIMUM         80    338 PM  80      0       76
  MINIMUM         64    255 AM  69     -5       60
  AVERAGE         72            75     -3       68

PRECIPITATION (IN)
  TODAY            0.00          0.07  -0.07     0.00
  MONTH TO DATE    0.17          1.66  -1.49     0.28
  SINCE MAR 1      0.17          1.66  -1.49     0.28
  SINCE JAN 1      1.69          5.48  -3.79     8.64

SNOWFALL (IN)
  TODAY            0.0
  MONTH TO DATE    0.0
  SINCE MAR 1      0.0
  SINCE JUL 1      0.0
  SNOW DEPTH       0

DEGREE DAYS
 HEATING
  TODAY            0             0      0        0
  MONTH TO DATE    0             0      0        0
  SINCE MAR 1      0             0      0        0
  SINCE JUL 1      3            75    -72       49

 COOLING
  TODAY            7            10     -3        3
  MONTH TO DATE  221           190     31      238
  SINCE MAR 1    221           190     31      238
  SINCE JAN 1    857           572    285      534

......................................................

WIND (MPH)
  HIGHEST WIND SPEED    13   HIGHEST WIND DIRECTION    NW (320)
  HIGHEST GUST SPEED    19   HIGHEST GUST DIRECTION    NE (40)
  AVERAGE WIND SPEED     7.0

SKY COVER
  POSSIBLE SUNSHINE  MM
  AVERAGE SKY COVER 0.0

WEATHER CONDITIONS
 THE FOLLOWING WEATHER WAS RECORDED TODAY.
  NO SIGNIFICANT WEATHER WAS OBSERVED.

RELATIVE HUMIDITY (PERCENT)
 HIGHEST    78
 LOWEST     48
 AVERAGE    63

..........................................................

THE MARATHON CLIMATE NORMALS FOR TOMORROW
                         NORMAL
 MAXIMUM TEMPERATURE (F)   80
 MINIMUM TEMPERATURE (F)   69

SUNRISE AND SUNSET

MARCH 22 2017.........SUNRISE   726 AM EDT   SUNSET   737 PM EDT
MARCH 23 2017.........SUNRISE   725 AM EDT   SUNSET   737 PM EDT

-  INDICATES NEGATIVE NUMBERS.
R  INDICATES RECORD WAS SET OR TIED.
MM INDICATES DATA IS MISSING.
T  INDICATES TRACE AMOUNT.

$$

SC
