000
CDUS45 KGJT 280736
CLIMTJ


CLIMATE REPORT
NATIONAL WEATHER SERVICE GRAND JUNCTION CO
133 AM MDT FRI AUG 28 2015


...................................

...THE MONTROSE CO CLIMATE SUMMARY FOR AUGUST 27 2015...

CLIMATE NORMAL PERIOD 1981 TO 2010
CLIMATE RECORD PERIOD 9999 TO 9999


WEATHER ITEM   OBSERVED TIME   RECORD YEAR NORMAL DEPARTURE LAST
                VALUE   (LST)  VALUE       VALUE  FROM      YEAR
                                                  NORMAL
..................................................................
TEMPERATURE (F)
 YESTERDAY
  MAXIMUM         80    516 PM  MM      MM  84     -4       73
  MINIMUM         60    632 AM  MM      MM  54      6       53
  AVERAGE         70                        68      2       63

PRECIPITATION (IN)
  YESTERDAY        0.14         MM      MM   0.05   0.09     0.04
  MONTH TO DATE    0.54                      1.08  -0.54     1.43
  SINCE JUN 1      2.12                      2.85  -0.73     2.26
  SINCE JAN 1      6.57                      7.15  -0.58     5.53

SNOWFALL (IN)
  YESTERDAY       MM            MM      MM  MM     MM       MM
  MONTH TO DATE   MM                        MM     MM       MM
  SINCE JUN 1     MM                        MM     MM       MM
  SINCE JUL 1     MM                        MM     MM       MM
  SNOW DEPTH      MM

DEGREE DAYS
 HEATING
  YESTERDAY        0                         0      0        2
  MONTH TO DATE    1                         0      1        6
  SINCE JUN 1     22                        39    -17       24
  SINCE JUL 1      1                         0      1        6

 COOLING
  YESTERDAY        5                         4      1        0
  MONTH TO DATE  198                       169     29      166
  SINCE JUN 1    637                       574     63      647
  SINCE JAN 1    641                       591     50      688
..................................................................


WIND (MPH)
  HIGHEST WIND SPEED    20   HIGHEST WIND DIRECTION    NE (60)
  HIGHEST GUST SPEED    27   HIGHEST GUST DIRECTION    NE (60)
  AVERAGE WIND SPEED     5.6


SKY COVER
  POSSIBLE SUNSHINE  MM
  AVERAGE SKY COVER 0.5


WEATHER CONDITIONS
 THE FOLLOWING WEATHER WAS RECORDED YESTERDAY.
  LIGHT RAIN
  FOG


RELATIVE HUMIDITY (PERCENT)
 HIGHEST    97           700 AM
 LOWEST     36           500 PM
 AVERAGE    67

..........................................................


THE MONTROSE CO CLIMATE NORMALS FOR TODAY
                         NORMAL    RECORD    YEAR
 MAXIMUM TEMPERATURE (F)   83        MM        MM
 MINIMUM TEMPERATURE (F)   53        MM        MM


SUNRISE AND SUNSET
AUGUST 28 2015........SUNRISE   637 AM MDT   SUNSET   748 PM MDT
AUGUST 29 2015........SUNRISE   638 AM MDT   SUNSET   746 PM MDT


-  INDICATES NEGATIVE NUMBERS.
R  INDICATES RECORD WAS SET OR TIED.
MM INDICATES DATA IS MISSING.
T  INDICATES TRACE AMOUNT.




$$
