000
CDUS45 KGJT 050735
CLIMTJ


CLIMATE REPORT
NATIONAL WEATHER SERVICE GRAND JUNCTION CO
128 AM MDT WED AUG 5 2015


...................................

...THE MONTROSE CO CLIMATE SUMMARY FOR AUGUST 4 2015...

CLIMATE NORMAL PERIOD 1981 TO 2010
CLIMATE RECORD PERIOD 9999 TO 9999


WEATHER ITEM   OBSERVED TIME   RECORD YEAR NORMAL DEPARTURE LAST
                VALUE   (LST)  VALUE       VALUE  FROM      YEAR
                                                  NORMAL
..................................................................
TEMPERATURE (F)
 YESTERDAY
  MAXIMUM         88    436 PM  MM      MM  88      0       84
  MINIMUM         56    604 AM  MM      MM  58     -2       63
  AVERAGE         72                        73     -1       74

PRECIPITATION (IN)
  YESTERDAY        T            MM      MM   0.04  -0.04     0.08
  MONTH TO DATE    0.15                      0.15   0.00     0.13
  SINCE JUN 1      1.73                      1.92  -0.19     0.96
  SINCE JAN 1      6.18                      6.22  -0.04     4.23

SNOWFALL (IN)
  YESTERDAY       MM            MM      MM  MM     MM       MM
  MONTH TO DATE   MM                        MM     MM       MM
  SINCE JUN 1     MM                        MM     MM       MM
  SINCE JUL 1     MM                        MM     MM       MM
  SNOW DEPTH      MM

DEGREE DAYS
 HEATING
  YESTERDAY        0                         0      0        0
  MONTH TO DATE    0                         0      0        0
  SINCE JUN 1     21                        39    -18       18
  SINCE JUL 1      0                         0      0        0

 COOLING
  YESTERDAY        7                         8     -1        9
  MONTH TO DATE   26                        32     -6       32
  SINCE JUN 1    465                       437     28      513
  SINCE JAN 1    469                       454     15      554
..................................................................


WIND (MPH)
  HIGHEST WIND SPEED    16   HIGHEST WIND DIRECTION    SE (120)
  HIGHEST GUST SPEED    19   HIGHEST GUST DIRECTION    SE (120)
  AVERAGE WIND SPEED     6.0


SKY COVER
  POSSIBLE SUNSHINE  MM
  AVERAGE SKY COVER 0.1


WEATHER CONDITIONS
 THE FOLLOWING WEATHER WAS RECORDED YESTERDAY.
  LIGHT RAIN


RELATIVE HUMIDITY (PERCENT)
 HIGHEST    80           500 AM
 LOWEST     21           400 PM
 AVERAGE    51

..........................................................


THE MONTROSE CO CLIMATE NORMALS FOR TODAY
                         NORMAL    RECORD    YEAR
 MAXIMUM TEMPERATURE (F)   88        MM        MM
 MINIMUM TEMPERATURE (F)   58        MM        MM


SUNRISE AND SUNSET
AUGUST  5 2015........SUNRISE   617 AM MDT   SUNSET   818 PM MDT
AUGUST  6 2015........SUNRISE   618 AM MDT   SUNSET   817 PM MDT


-  INDICATES NEGATIVE NUMBERS.
R  INDICATES RECORD WAS SET OR TIED.
MM INDICATES DATA IS MISSING.
T  INDICATES TRACE AMOUNT.




$$
