000
CDUS43 KILX 110626
CLIMTO


CLIMATE REPORT
NATIONAL WEATHER SERVICE LINCOLN IL
126 AM CDT FRI JUL 11 2014


...................................

...THE MATTOON IL AIRPORT CLIMATE SUMMARY FOR JULY 10 2014...

CLIMATE NORMAL PERIOD 1981 TO 2010
CLIMATE RECORD PERIOD 9999 TO 9999


WEATHER ITEM   OBSERVED TIME   RECORD YEAR NORMAL DEPARTURE LAST
                VALUE   (LST)  VALUE       VALUE  FROM      YEAR
                                                  NORMAL
..................................................................
TEMPERATURE (F)
 YESTERDAY
  MAXIMUM         81    250 PM  MM      MM  86     -5       85
  MINIMUM         56    513 AM  MM      MM  66    -10       69
  AVERAGE         69                        76     -7       77

PRECIPITATION (IN)
  YESTERDAY        0.00         MM      MM   0.14  -0.14     1.35
  MONTH TO DATE    0.53                      1.26  -0.73     2.18
  SINCE JUN 1      5.97                      5.50   0.47    10.55
  SINCE JAN 1     16.14                     19.85  -3.71    33.20

DEGREE DAYS
 HEATING
  YESTERDAY        0                         0      0        0
  MONTH TO DATE    0                         0      0        0
  SINCE JUN 1      3                        17    -14       11
  SINCE JUL 1      0                         0      0        0

 COOLING
  YESTERDAY        4                        11     -7       12
  MONTH TO DATE   65                       108    -43       78
  SINCE JUN 1    329                       331     -2      294
  SINCE JAN 1    459                       419     40      403
..................................................................


WIND (MPH)
  HIGHEST WIND SPEED    12   HIGHEST WIND DIRECTION    NE (30)
  HIGHEST GUST SPEED    15   HIGHEST GUST DIRECTION    NE (60)
  AVERAGE WIND SPEED     4.7


SKY COVER
  POSSIBLE SUNSHINE  MM
  AVERAGE SKY COVER 0.0


WEATHER CONDITIONS
 THE FOLLOWING WEATHER WAS RECORDED YESTERDAY.
  NO SIGNIFICANT WEATHER WAS OBSERVED.


RELATIVE HUMIDITY (PERCENT)
 HIGHEST    93           300 AM
 LOWEST     35           100 PM
 AVERAGE    64

..........................................................


THE MATTOON IL AIRPORT CLIMATE NORMALS FOR TODAY
                         NORMAL    RECORD    YEAR
 MAXIMUM TEMPERATURE (F)   86        MM        MM
 MINIMUM TEMPERATURE (F)   66        MM        MM


SUNRISE AND SUNSET
JULY 11 2014..........SUNRISE   536 AM CDT   SUNSET   821 PM CDT
JULY 12 2014..........SUNRISE   536 AM CDT   SUNSET   821 PM CDT


-  INDICATES NEGATIVE NUMBERS.
R  INDICATES RECORD WAS SET OR TIED.
MM INDICATES DATA IS MISSING.
T  INDICATES TRACE AMOUNT.




$$
