000
CDUS43 KILX 170657
CLIMTO


CLIMATE REPORT
NATIONAL WEATHER SERVICE LINCOLN IL
148 AM CDT THU AUG 17 2017


...................................

...THE MATTOON IL AIRPORT CLIMATE SUMMARY FOR AUGUST 16 2017...

CLIMATE NORMAL PERIOD 1981 TO 2010
CLIMATE RECORD PERIOD 9999 TO 9999


WEATHER ITEM   OBSERVED TIME   RECORD YEAR NORMAL DEPARTURE LAST
                VALUE   (LST)  VALUE       VALUE  FROM      YEAR
                                                  NORMAL
..................................................................
TEMPERATURE (F)
 YESTERDAY
  MAXIMUM         82   1111 AM  MM      MM  85     -3       81
  MINIMUM         66    217 AM  MM      MM  63      3       70
  AVERAGE         74                        74      0       76

PRECIPITATION (IN)
  YESTERDAY        0.22         MM      MM   0.10   0.12     0.54
  MONTH TO DATE    1.57                      1.53   0.04     3.61
  SINCE JUN 1      9.18                     10.02  -0.84    10.83
  SINCE JAN 1     25.56                     24.37   1.19    22.57

DEGREE DAYS
 HEATING
  YESTERDAY        0                         0      0        0
  MONTH TO DATE    1                         0      1        0
  SINCE JUN 1      2                        18    -16        5
  SINCE JUL 1      1                         1      0        5

 COOLING
  YESTERDAY        9                         9      0       11
  MONTH TO DATE   90                       156    -66      190
  SINCE JUN 1    724                       709     15      836
  SINCE JAN 1    830                       797     33      911
..................................................................


WIND (MPH)
  HIGHEST WIND SPEED    18   HIGHEST WIND DIRECTION    SW (210)
  HIGHEST GUST SPEED    28   HIGHEST GUST DIRECTION    SW (230)
  AVERAGE WIND SPEED     6.8


SKY COVER
  POSSIBLE SUNSHINE  MM
  AVERAGE SKY COVER 0.2


WEATHER CONDITIONS
 THE FOLLOWING WEATHER WAS RECORDED YESTERDAY.
  RAIN
  LIGHT RAIN
  FOG


RELATIVE HUMIDITY (PERCENT)
 HIGHEST   100           100 AM
 LOWEST     79          1100 AM
 AVERAGE    90

..........................................................


THE MATTOON IL AIRPORT CLIMATE NORMALS FOR TODAY
                         NORMAL    RECORD    YEAR
 MAXIMUM TEMPERATURE (F)   85        MM        MM
 MINIMUM TEMPERATURE (F)   63        MM        MM


SUNRISE AND SUNSET
AUGUST 17 2017........SUNRISE   608 AM CDT   SUNSET   746 PM CDT
AUGUST 18 2017........SUNRISE   609 AM CDT   SUNSET   744 PM CDT


-  INDICATES NEGATIVE NUMBERS.
R  INDICATES RECORD WAS SET OR TIED.
MM INDICATES DATA IS MISSING.
T  INDICATES TRACE AMOUNT.




$$
