000
CDUS43 KILX 280640
CLIMTO


CLIMATE REPORT
NATIONAL WEATHER SERVICE LINCOLN IL
140 AM CDT WED JUN 28 2017


...................................

...THE MATTOON IL AIRPORT CLIMATE SUMMARY FOR JUNE 27 2017...

CLIMATE NORMAL PERIOD 1981 TO 2010
CLIMATE RECORD PERIOD 9999 TO 9999


WEATHER ITEM   OBSERVED TIME   RECORD YEAR NORMAL DEPARTURE LAST
                VALUE   (LST)  VALUE       VALUE  FROM      YEAR
                                                  NORMAL
..................................................................
TEMPERATURE (F)
 YESTERDAY
  MAXIMUM         75    418 PM  MM      MM  85    -10       92
  MINIMUM         52    504 AM  MM      MM  65    -13       71
  AVERAGE         64                        75    -11       82

PRECIPITATION (IN)
  YESTERDAY        0.00         MM      MM   0.14  -0.14     0.00
  MONTH TO DATE    2.80                      3.84  -1.04     2.14
  SINCE JUN 1      2.80                      3.84  -1.04     2.14
  SINCE JAN 1     19.18                     18.19   0.99    13.88

DEGREE DAYS
 HEATING
  YESTERDAY        1                         0      1        0
  MONTH TO DATE    1                        14    -13        0
  SINCE JUN 1      1                        14    -13        0
  SINCE JUL 1   4406                      5404   -998     4534

 COOLING
  YESTERDAY        0                        10    -10       17
  MONTH TO DATE  228                       192     36      306
  SINCE JUN 1    228                       192     36      306
  SINCE JAN 1    334                       280     54      381
..................................................................


WIND (MPH)
  HIGHEST WIND SPEED     9   HIGHEST WIND DIRECTION    SW (220)
  HIGHEST GUST SPEED    12   HIGHEST GUST DIRECTION    NE (60)
  AVERAGE WIND SPEED     4.0


SKY COVER
  POSSIBLE SUNSHINE  MM
  AVERAGE SKY COVER 0.0


WEATHER CONDITIONS
 THE FOLLOWING WEATHER WAS RECORDED YESTERDAY.
  NO SIGNIFICANT WEATHER WAS OBSERVED.


RELATIVE HUMIDITY (PERCENT)
 HIGHEST   100           400 AM
 LOWEST     38           200 PM
 AVERAGE    69

..........................................................


THE MATTOON IL AIRPORT CLIMATE NORMALS FOR TODAY
                         NORMAL    RECORD    YEAR
 MAXIMUM TEMPERATURE (F)   85        MM        MM
 MINIMUM TEMPERATURE (F)   65        MM        MM


SUNRISE AND SUNSET
JUNE 28 2017..........SUNRISE   528 AM CDT   SUNSET   824 PM CDT
JUNE 29 2017..........SUNRISE   529 AM CDT   SUNSET   824 PM CDT


-  INDICATES NEGATIVE NUMBERS.
R  INDICATES RECORD WAS SET OR TIED.
MM INDICATES DATA IS MISSING.
T  INDICATES TRACE AMOUNT.




$$
