000
CDUS43 KILX 050647
CLIMTO


CLIMATE REPORT
NATIONAL WEATHER SERVICE LINCOLN IL
1246 AM CST MON DEC 5 2016


...................................

...THE MATTOON IL AIRPORT CLIMATE SUMMARY FOR DECEMBER 4 2016...

CLIMATE NORMAL PERIOD 1981 TO 2010
CLIMATE RECORD PERIOD 9999 TO 9999


WEATHER ITEM   OBSERVED TIME   RECORD YEAR NORMAL DEPARTURE LAST
                VALUE   (LST)  VALUE       VALUE  FROM      YEAR
                                                  NORMAL
..................................................................
TEMPERATURE (F)
 YESTERDAY
  MAXIMUM         37    422 PM  MM      MM  42     -5       36
  MINIMUM         34   1159 PM  MM      MM  28      6       28
  AVERAGE         36                        35      1       32

PRECIPITATION (IN)
  YESTERDAY        0.10         MM      MM   0.09   0.01     0.00
  MONTH TO DATE    0.10                      0.36  -0.26      T
  SINCE DEC 1      0.10                      0.36  -0.26      T
  SINCE JAN 1     31.11                     35.64  -4.53    33.45

DEGREE DAYS
 HEATING
  YESTERDAY       29                        30     -1       33
  MONTH TO DATE  114                       118     -4      122
  SINCE DEC 1    114                       118     -4      122
  SINCE JUL 1    825                      1177   -352      914

 COOLING
  YESTERDAY        0                         0      0        0
  MONTH TO DATE    0                         0      0        0
  SINCE DEC 1      0                         0      0        0
  SINCE JAN 1   1316                      1057    259     1103
..................................................................


WIND (MPH)
  HIGHEST WIND SPEED    16   HIGHEST WIND DIRECTION     W (270)
  HIGHEST GUST SPEED    20   HIGHEST GUST DIRECTION     W (280)
  AVERAGE WIND SPEED     7.4


SKY COVER
  POSSIBLE SUNSHINE  MM
  AVERAGE SKY COVER 1.0


WEATHER CONDITIONS
 THE FOLLOWING WEATHER WAS RECORDED YESTERDAY.
  RAIN
  LIGHT RAIN
  LIGHT SNOW
  FOG
  HAZE


RELATIVE HUMIDITY (PERCENT)
 HIGHEST    92          1200 PM
 LOWEST     75          1200 AM
 AVERAGE    84

..........................................................


THE MATTOON IL AIRPORT CLIMATE NORMALS FOR TODAY
                         NORMAL    RECORD    YEAR
 MAXIMUM TEMPERATURE (F)   42        MM        MM
 MINIMUM TEMPERATURE (F)   28        MM        MM


SUNRISE AND SUNSET
DECEMBER  5 2016......SUNRISE   659 AM CST   SUNSET   429 PM CST
DECEMBER  6 2016......SUNRISE   659 AM CST   SUNSET   429 PM CST


-  INDICATES NEGATIVE NUMBERS.
R  INDICATES RECORD WAS SET OR TIED.
MM INDICATES DATA IS MISSING.
T  INDICATES TRACE AMOUNT.




$$
