000
CDUS41 KBTV 300530
CLIMVL


CLIMATE REPORT
NATIONAL WEATHER SERVICE BURLINGTON VT
128 AM EDT FRI SEP 30 2016


...................................

...THE MORRISVILLE VT CLIMATE SUMMARY FOR SEPTEMBER 29 2016...

CLIMATE NORMAL PERIOD 1981 TO 2010
CLIMATE RECORD PERIOD 9999 TO 9999


WEATHER ITEM   OBSERVED TIME   NORMAL DEPARTURE LAST
                VALUE   (LST)  VALUE  FROM      YEAR
                                      NORMAL
......................................................
TEMPERATURE (F)
 YESTERDAY
  MAXIMUM         69    300 PM  64      5       74
  MINIMUM         39    610 AM  40     -1       60
  AVERAGE         54            52      2       67

PRECIPITATION (IN)
  YESTERDAY        0.00          0.11  -0.11     0.83
  MONTH TO DATE    0.89          3.26  -2.37     1.80
  SINCE SEP 1      0.89          3.26  -2.37     1.80
  SINCE JAN 1     16.53         27.02 -10.49    17.73

DEGREE DAYS
 HEATING
  YESTERDAY       11            13     -2        0
  MONTH TO DATE  161           225    -64       86
  SINCE SEP 1    161           225    -64       86
  SINCE JUL 1    220           320   -100      116

 COOLING
  YESTERDAY        0             0      0        2
  MONTH TO DATE   34            13     21       90
  SINCE SEP 1     34            13     21       90
  SINCE JAN 1    322           260     62      503
......................................................


WIND (MPH)
  HIGHEST WIND SPEED     9   HIGHEST WIND DIRECTION    NE (50)
  HIGHEST GUST SPEED    14   HIGHEST GUST DIRECTION    NE (30)
  AVERAGE WIND SPEED     2.3


SKY COVER
  AVERAGE SKY COVER 0.0


WEATHER CONDITIONS
 THE FOLLOWING WEATHER WAS RECORDED YESTERDAY.
  FOG


RELATIVE HUMIDITY (PERCENT)
 HIGHEST   100           200 AM
 LOWEST     42           200 PM
 AVERAGE    71

..........................................................


THE MORRISVILLE VT CLIMATE NORMALS FOR TODAY
                         NORMAL    RECORD    YEAR
 MAXIMUM TEMPERATURE (F)   64        78      1987
 MINIMUM TEMPERATURE (F)   40        27      1988


SUNRISE AND SUNSET
SEPTEMBER 30 2016.....SUNRISE   648 AM EDT   SUNSET   632 PM EDT
OCTOBER  1 2016.......SUNRISE   649 AM EDT   SUNSET   630 PM EDT


-  INDICATES NEGATIVE NUMBERS.
R  INDICATES RECORD WAS SET OR TIED.
MM INDICATES DATA IS MISSING.
T  INDICATES TRACE AMOUNT.




$$
