000
CDUS41 KBTV 230530
CLIMVL


CLIMATE REPORT
NATIONAL WEATHER SERVICE BURLINGTON VT
127 AM EDT THU MAR 23 2017


...................................

...THE MORRISVILLE VT CLIMATE SUMMARY FOR MARCH 22 2017...

CLIMATE NORMAL PERIOD 1981 TO 2010
CLIMATE RECORD PERIOD 9999 TO 9999


WEATHER ITEM   OBSERVED TIME   NORMAL DEPARTURE LAST
                VALUE   (LST)  VALUE  FROM      YEAR
                                      NORMAL
......................................................
TEMPERATURE (F)
 YESTERDAY
  MAXIMUM         30    154 AM  42    -12       43
  MINIMUM          1   1159 PM  20    -19       23
  AVERAGE         16            31    -15       33

PRECIPITATION (IN)
  YESTERDAY        T             0.06  -0.06      T
  MONTH TO DATE    0.55          1.09  -0.54     0.77
  SINCE MAR 1      0.55          1.09  -0.54     0.77
  SINCE JAN 1      3.62          5.37  -1.75     3.92

DEGREE DAYS
 HEATING
  YESTERDAY       49            34     15       32
  MONTH TO DATE  978           838    140      711
  SINCE MAR 1    978           838    140      711
  SINCE JUL 1   6201          6798   -597     5284

 COOLING
  YESTERDAY        0             0      0        0
  MONTH TO DATE    0             0      0        0
  SINCE MAR 1      0             0      0        0
  SINCE JAN 1      0             0      0        0
......................................................


WIND (MPH)
  HIGHEST WIND SPEED    26   HIGHEST WIND DIRECTION     N (340)
  HIGHEST GUST SPEED    36   HIGHEST GUST DIRECTION    NW (330)
  AVERAGE WIND SPEED    10.0


SKY COVER
  AVERAGE SKY COVER 0.6


WEATHER CONDITIONS
 THE FOLLOWING WEATHER WAS RECORDED YESTERDAY.
  SNOW
  LIGHT SNOW
  FOG
  BLOWING SNOW


RELATIVE HUMIDITY (PERCENT)
 HIGHEST   100           200 AM
 LOWEST     42           800 PM
 AVERAGE    71

..........................................................


THE MORRISVILLE VT CLIMATE NORMALS FOR TODAY
                         NORMAL    RECORD    YEAR
 MAXIMUM TEMPERATURE (F)   42        62      2012
 MINIMUM TEMPERATURE (F)   21        -5      2014


SUNRISE AND SUNSET
MARCH 23 2017.........SUNRISE   648 AM EDT   SUNSET   707 PM EDT
MARCH 24 2017.........SUNRISE   646 AM EDT   SUNSET   708 PM EDT


-  INDICATES NEGATIVE NUMBERS.
R  INDICATES RECORD WAS SET OR TIED.
MM INDICATES DATA IS MISSING.
T  INDICATES TRACE AMOUNT.




$$
