000
CDUS41 KBTV 280546
CLIMVL


CLIMATE REPORT
NATIONAL WEATHER SERVICE BURLINGTON VT
144 AM EDT MON JUL 28 2014


...................................

...THE MORRISVILLE VT CLIMATE SUMMARY FOR JULY 27 2014...

CLIMATE NORMAL PERIOD 1981 TO 2010
CLIMATE RECORD PERIOD 9999 TO 9999


WEATHER ITEM   OBSERVED TIME   NORMAL DEPARTURE LAST
                VALUE   (LST)  VALUE  FROM      YEAR
                                      NORMAL
......................................................
TEMPERATURE (F)
 YESTERDAY
  MAXIMUM         78    325 PM  80     -2       82
  MINIMUM         57    205 AM  56      1       53
  AVERAGE         68            68      0       68

PRECIPITATION (IN)
  YESTERDAY        0.57          0.12   0.45     0.00
  MONTH TO DATE    5.31          3.64   1.67     4.89
  SINCE JUN 1      9.20          7.62   1.58    13.51
  SINCE JAN 1     22.80         19.24   3.56    25.52

DEGREE DAYS
 HEATING
  YESTERDAY        0             1     -1        0
  MONTH TO DATE   16            28    -12       13
  SINCE JUN 1     88           151    -63      143
  SINCE JUL 1     16            28    -12       13

 COOLING
  YESTERDAY        3             4     -1        3
  MONTH TO DATE  109           101      8      174
  SINCE JUN 1    149           149      0      250
  SINCE JAN 1    154           157     -3      270
......................................................


WIND (MPH)
  HIGHEST WIND SPEED    10   HIGHEST WIND DIRECTION     S (200)
  HIGHEST GUST SPEED    14   HIGHEST GUST DIRECTION     S (200)
  AVERAGE WIND SPEED     2.9


SKY COVER
  AVERAGE SKY COVER 0.8


WEATHER CONDITIONS
 THE FOLLOWING WEATHER WAS RECORDED YESTERDAY.
  THUNDERSTORM
  HEAVY RAIN
  RAIN
  LIGHT RAIN
  FOG
  HAZE


RELATIVE HUMIDITY (PERCENT)
 HIGHEST    97           600 AM
 LOWEST     60           300 PM
 AVERAGE    79

..........................................................


THE MORRISVILLE VT CLIMATE NORMALS FOR TODAY
                         NORMAL    RECORD    YEAR
 MAXIMUM TEMPERATURE (F)   80        MM        MM
 MINIMUM TEMPERATURE (F)   56        MM        MM


SUNRISE AND SUNSET
JULY 28 2014..........SUNRISE   533 AM EDT   SUNSET   821 PM EDT
JULY 29 2014..........SUNRISE   534 AM EDT   SUNSET   819 PM EDT


-  INDICATES NEGATIVE NUMBERS.
R  INDICATES RECORD WAS SET OR TIED.
MM INDICATES DATA IS MISSING.
T  INDICATES TRACE AMOUNT.




$$
