000
CDUS41 KBTV 030602
CLIMVL


CLIMATE REPORT
NATIONAL WEATHER SERVICE BURLINGTON VT
200 AM EDT THU SEP 3 2015


...................................

...THE MORRISVILLE VT CLIMATE SUMMARY FOR SEPTEMBER 2 2015...

CLIMATE NORMAL PERIOD 1981 TO 2010
CLIMATE RECORD PERIOD 9999 TO 9999


WEATHER ITEM   OBSERVED TIME   NORMAL DEPARTURE LAST
                VALUE   (LST)  VALUE  FROM      YEAR
                                      NORMAL
......................................................
TEMPERATURE (F)
 YESTERDAY
  MAXIMUM         85    312 PM  75     10       87
  MINIMUM         56    538 AM  50      6       59
  AVERAGE         71            62      9       73

PRECIPITATION (IN)
  YESTERDAY        0.00          0.09  -0.09     1.38
  MONTH TO DATE    0.00          0.18  -0.18     1.38
  SINCE SEP 1      0.00          0.18  -0.18     1.38
  SINCE JAN 1     15.93         23.94  -8.01    27.79

DEGREE DAYS
 HEATING
  YESTERDAY        0             4     -4        0
  MONTH TO DATE    0             8     -8        0
  SINCE SEP 1      0             8     -8        0
  SINCE JUL 1     30           103    -73       71

 COOLING
  YESTERDAY        6             1      5        8
  MONTH TO DATE   11             2      9       16
  SINCE SEP 1     11             2      9       16
  SINCE JAN 1    424           249    175      230
......................................................


WIND (MPH)
  HIGHEST WIND SPEED    10   HIGHEST WIND DIRECTION     N (20)
  HIGHEST GUST SPEED    15   HIGHEST GUST DIRECTION    NE (30)
  AVERAGE WIND SPEED     1.5


SKY COVER
  AVERAGE SKY COVER 0.3


WEATHER CONDITIONS
 THE FOLLOWING WEATHER WAS RECORDED YESTERDAY.
  FOG
  FOG W/VISIBILITY <= 1/4 MILE
  HAZE


RELATIVE HUMIDITY (PERCENT)
 HIGHEST    93           100 AM
 LOWEST     48           200 PM
 AVERAGE    71

..........................................................


THE MORRISVILLE VT CLIMATE NORMALS FOR TODAY
                         NORMAL    RECORD    YEAR
 MAXIMUM TEMPERATURE (F)   74        91      2010
 MINIMUM TEMPERATURE (F)   50        42      2012


SUNRISE AND SUNSET
SEPTEMBER  3 2015.....SUNRISE   615 AM EDT   SUNSET   724 PM EDT
SEPTEMBER  4 2015.....SUNRISE   616 AM EDT   SUNSET   722 PM EDT


-  INDICATES NEGATIVE NUMBERS.
R  INDICATES RECORD WAS SET OR TIED.
MM INDICATES DATA IS MISSING.
T  INDICATES TRACE AMOUNT.




$$
