818
CDUS41 KBTV 300531
CLIMVL


CLIMATE REPORT
NATIONAL WEATHER SERVICE BURLINGTON VT
126 AM EDT SAT APR 30 2016


...................................

...THE MORRISVILLE VT CLIMATE SUMMARY FOR APRIL 29 2016...

CLIMATE NORMAL PERIOD 1981 TO 2010
CLIMATE RECORD PERIOD 9999 TO 9999


WEATHER ITEM   OBSERVED TIME   NORMAL DEPARTURE LAST
                VALUE   (LST)  VALUE  FROM      YEAR
                                      NORMAL
......................................................
TEMPERATURE (F)
 YESTERDAY
  MAXIMUM         58    410 PM  61     -3       58
  MINIMUM         20    523 AM  35    -15       31
  AVERAGE         39            48     -9       45

PRECIPITATION (IN)
  YESTERDAY        0.00          0.08  -0.08     0.00
  MONTH TO DATE    1.69          2.32  -0.63     1.15
  SINCE MAR 1      2.82          3.99  -1.17     1.50
  SINCE JAN 1      5.97          8.27  -2.30     2.62

DEGREE DAYS
 HEATING
  YESTERDAY       26            17      9       20
  MONTH TO DATE  799           676    123      702
  SINCE MAR 1   1755          1803    -48     1998
  SINCE JUL 1   6328          7763  -1435     7680

 COOLING
  YESTERDAY        0             0      0        0
  MONTH TO DATE    0             0      0        0
  SINCE MAR 1      0             0      0        0
  SINCE JAN 1      0             0      0        0
......................................................


WIND (MPH)
  HIGHEST WIND SPEED    13   HIGHEST WIND DIRECTION     N (20)
  HIGHEST GUST SPEED    15   HIGHEST GUST DIRECTION     S (200)
  AVERAGE WIND SPEED     2.7


SKY COVER
  AVERAGE SKY COVER 0.0


WEATHER CONDITIONS
 THE FOLLOWING WEATHER WAS RECORDED YESTERDAY.
  NO SIGNIFICANT WEATHER WAS OBSERVED.


RELATIVE HUMIDITY (PERCENT)
 HIGHEST    88           600 AM
 LOWEST     24           300 PM
 AVERAGE    56

..........................................................


THE MORRISVILLE VT CLIMATE NORMALS FOR TODAY
                         NORMAL    RECORD    YEAR
 MAXIMUM TEMPERATURE (F)   62        82      2004
 MINIMUM TEMPERATURE (F)   36        25      2012


SUNRISE AND SUNSET
APRIL 30 2016.........SUNRISE   542 AM EDT   SUNSET   754 PM EDT
MAY  1 2016...........SUNRISE   540 AM EDT   SUNSET   756 PM EDT


-  INDICATES NEGATIVE NUMBERS.
R  INDICATES RECORD WAS SET OR TIED.
MM INDICATES DATA IS MISSING.
T  INDICATES TRACE AMOUNT.




$$
