000
CDUS41 KBTV 160524
CLIMVL


CLIMATE REPORT
NATIONAL WEATHER SERVICE BURLINGTON VT
121 AM EDT WED AUG 16 2017


...................................

...THE MORRISVILLE VT CLIMATE SUMMARY FOR AUGUST 15 2017...

CLIMATE NORMAL PERIOD 1981 TO 2010
CLIMATE RECORD PERIOD 9999 TO 9999


WEATHER ITEM   OBSERVED TIME   NORMAL DEPARTURE LAST
                VALUE   (LST)  VALUE  FROM      YEAR
                                      NORMAL
......................................................
TEMPERATURE (F)
 YESTERDAY
  MAXIMUM         78    442 PM  78      0       79
  MINIMUM         50    539 AM  54     -4       57
  AVERAGE         64            66     -2       68

PRECIPITATION (IN)
  YESTERDAY        0.12          0.13  -0.01     0.00
  MONTH TO DATE    2.42          2.06   0.36     1.90
  SINCE JUN 1     13.31         10.17   3.14     7.48
  SINCE JAN 1     26.06         21.79   4.27    14.53

DEGREE DAYS
 HEATING
  YESTERDAY        1             2     -1        0
  MONTH TO DATE   16            25     -9        6
  SINCE JUN 1    221           178     43      170
  SINCE JUL 1     70            55     15       39

 COOLING
  YESTERDAY        0             3     -3        3
  MONTH TO DATE   23            45    -22       73
  SINCE JUN 1    122           205    -83      213
  SINCE JAN 1    131           213    -82      242
......................................................


WIND (MPH)
  HIGHEST WIND SPEED    14   HIGHEST WIND DIRECTION     N (360)
  HIGHEST GUST SPEED    18   HIGHEST GUST DIRECTION     N (10)
  AVERAGE WIND SPEED     2.1


SKY COVER
  AVERAGE SKY COVER 0.4


WEATHER CONDITIONS
 THE FOLLOWING WEATHER WAS RECORDED YESTERDAY.
  THUNDERSTORM
  LIGHT RAIN
  FOG
  FOG W/VISIBILITY <= 1/4 MILE


RELATIVE HUMIDITY (PERCENT)
 HIGHEST   100          1200 AM
 LOWEST     54           100 PM
 AVERAGE    77

..........................................................


THE MORRISVILLE VT CLIMATE NORMALS FOR TODAY
                         NORMAL    RECORD    YEAR
 MAXIMUM TEMPERATURE (F)   78        87      2009
 MINIMUM TEMPERATURE (F)   54        46      2001


SUNRISE AND SUNSET
AUGUST 16 2017........SUNRISE   555 AM EDT   SUNSET   754 PM EDT
AUGUST 17 2017........SUNRISE   556 AM EDT   SUNSET   752 PM EDT


-  INDICATES NEGATIVE NUMBERS.
R  INDICATES RECORD WAS SET OR TIED.
MM INDICATES DATA IS MISSING.
T  INDICATES TRACE AMOUNT.




$$
