000
CDUS41 KBTV 030524
CLIMVL


CLIMATE REPORT
NATIONAL WEATHER SERVICE BURLINGTON VT
123 AM EDT WED JUN 3 2015


...................................

...THE MORRISVILLE VT CLIMATE SUMMARY FOR JUNE 2 2015...

CLIMATE NORMAL PERIOD 1981 TO 2010
CLIMATE RECORD PERIOD 9999 TO 9999


WEATHER ITEM   OBSERVED TIME   NORMAL DEPARTURE LAST
                VALUE   (LST)  VALUE  FROM      YEAR
                                      NORMAL
......................................................
TEMPERATURE (F)
 YESTERDAY
  MAXIMUM         57    559 PM  71    -14       85
  MINIMUM         44   1159 PM  46     -2       46
  AVERAGE         51            59     -8       66

PRECIPITATION (IN)
  YESTERDAY        T             0.12  -0.12     0.00
  MONTH TO DATE    0.38          0.24   0.14     0.00
  SINCE JUN 1      0.38          0.24   0.14     0.00
  SINCE JAN 1      5.63         11.86  -6.23    13.60

DEGREE DAYS
 HEATING
  YESTERDAY       14             7      7        0
  MONTH TO DATE   28            14     14        7
  SINCE JUN 1     28            14     14        7
  SINCE JUL 1   7904          8145   -241     8513

 COOLING
  YESTERDAY        0             1     -1        1
  MONTH TO DATE    0             2     -2        1
  SINCE JUN 1      0             2     -2        1
  SINCE JAN 1     53            10     43        6
......................................................


WIND (MPH)
  HIGHEST WIND SPEED    13   HIGHEST WIND DIRECTION     N (350)
  HIGHEST GUST SPEED    18   HIGHEST GUST DIRECTION     N (350)
  AVERAGE WIND SPEED     2.4


SKY COVER
  AVERAGE SKY COVER 0.9


WEATHER CONDITIONS
 THE FOLLOWING WEATHER WAS RECORDED YESTERDAY.
  LIGHT RAIN
  FOG
  HAZE


RELATIVE HUMIDITY (PERCENT)
 HIGHEST    93           800 AM
 LOWEST     67           100 PM
 AVERAGE    80

..........................................................


THE MORRISVILLE VT CLIMATE NORMALS FOR TODAY
                         NORMAL    RECORD    YEAR
 MAXIMUM TEMPERATURE (F)   71        85      2014
 MINIMUM TEMPERATURE (F)   47        34      2003


SUNRISE AND SUNSET
JUNE  3 2015..........SUNRISE   508 AM EDT   SUNSET   830 PM EDT
JUNE  4 2015..........SUNRISE   507 AM EDT   SUNSET   830 PM EDT


-  INDICATES NEGATIVE NUMBERS.
R  INDICATES RECORD WAS SET OR TIED.
MM INDICATES DATA IS MISSING.
T  INDICATES TRACE AMOUNT.




$$
