000
CDUS46 KOTX 210829
CLIMWH


CLIMATE REPORT
NATIONAL WEATHER SERVICE SPOKANE, WA
1229 AM PST TUE FEB 21 2017


...................................

...THE MOSES LAKE WA AIRPORT CLIMATE SUMMARY FOR FEBRUARY 20 2017...

CLIMATE NORMAL PERIOD 1981 TO 2010
CLIMATE RECORD PERIOD 9999 TO 9999


WEATHER ITEM   OBSERVED TIME   RECORD YEAR NORMAL DEPARTURE LAST
                VALUE   (LST)  VALUE       VALUE  FROM      YEAR
                                                  NORMAL
..................................................................
TEMPERATURE (F)
 YESTERDAY
  MAXIMUM         39    342 PM  MM      MM  46     -7       52
  MINIMUM         28   1147 PM  MM      MM  27      1       32
  AVERAGE         34                        36     -2       42

PRECIPITATION (IN)
  YESTERDAY        0.14         MM      MM   0.03   0.11     0.00
  MONTH TO DATE    1.48                      0.60   0.88     0.39
  SINCE OCT 1      6.52                      5.03   1.49     5.32
  SINCE JAN 1      2.63                      1.74   0.89     2.06

SNOWFALL (IN)
  YESTERDAY       MM

DEGREE DAYS
 HEATING
  YESTERDAY       31                        28      3       23
  MONTH TO DATE  784                       614    170      491
  SINCE DEC 1   3457                      2827    630     2593
  SINCE JUL 1   4570                      4288    282     3833

 COOLING
  YESTERDAY        0                         0      0        0
  MONTH TO DATE    0                         0      0        0
  SINCE DEC 1      0                         0      0        0
  SINCE JAN 1      0                         0      0        0
..................................................................


WIND (MPH)
  HIGHEST WIND SPEED    12   HIGHEST WIND DIRECTION     N (340)
  HIGHEST GUST SPEED    15   HIGHEST GUST DIRECTION     N (340)
  AVERAGE WIND SPEED     6.4


SKY COVER
  POSSIBLE SUNSHINE  MM
  AVERAGE SKY COVER 0.6


WEATHER CONDITIONS
 THE FOLLOWING WEATHER WAS RECORDED YESTERDAY.
  LIGHT RAIN
  FOG


RELATIVE HUMIDITY (PERCENT)
 HIGHEST    96           700 AM
 LOWEST     82           600 PM
 AVERAGE    89

..........................................................


THE MOSES LAKE WA AIRPORT CLIMATE NORMALS FOR TODAY
                         NORMAL    RECORD    YEAR
 MAXIMUM TEMPERATURE (F)   46        MM        MM
 MINIMUM TEMPERATURE (F)   27        MM        MM


SUNRISE AND SUNSET
FEBRUARY 21 2017......SUNRISE   651 AM PST   SUNSET   531 PM PST
FEBRUARY 22 2017......SUNRISE   649 AM PST   SUNSET   533 PM PST


-  INDICATES NEGATIVE NUMBERS.
R  INDICATES RECORD WAS SET OR TIED.
MM INDICATES DATA IS MISSING.
T  INDICATES TRACE AMOUNT.




$$
