000
CDUS46 KOTX 290835
CLIMWH


CLIMATE REPORT
NATIONAL WEATHER SERVICE SPOKANE, WA
1235 AM PST SAT NOV 29 2014


...................................

...THE MOSES LAKE WA AIRPORT CLIMATE SUMMARY FOR NOVEMBER 28 2014...

CLIMATE NORMAL PERIOD 1981 TO 2010
CLIMATE RECORD PERIOD 9999 TO 9999


WEATHER ITEM   OBSERVED TIME   RECORD YEAR NORMAL DEPARTURE LAST
                VALUE   (LST)  VALUE       VALUE  FROM      YEAR
                                                  NORMAL
..................................................................
TEMPERATURE (F)
 YESTERDAY
  MAXIMUM         59    226 PM  MM      MM  39     20       35
  MINIMUM         40   1159 PM  MM      MM  26     14       17
  AVERAGE         50                        33     17       26

PRECIPITATION (IN)
  YESTERDAY        0.03         MM      MM   0.05  -0.02     0.00
  MONTH TO DATE    0.76                      1.11  -0.35     0.59
  SINCE OCT 1      1.82                      1.76   0.06     0.61
  SINCE JAN 1      6.00                      7.58  -1.58     5.85

SNOWFALL (IN)
  YESTERDAY       MM

DEGREE DAYS
 HEATING
  YESTERDAY       15                        32    -17       39
  MONTH TO DATE  769                       757     12      758
  SINCE SEP 1   1117                      1374   -257     1362
  SINCE JUL 1   1117                      1394   -277     1362

 COOLING
  YESTERDAY        0                         0      0        0
  MONTH TO DATE    0                         0      0        0
  SINCE SEP 1     74                        45     29      135
  SINCE JAN 1    952                       615    337      948
..................................................................


WIND (MPH)
  HIGHEST WIND SPEED    28   HIGHEST WIND DIRECTION     S (190)
  HIGHEST GUST SPEED    37   HIGHEST GUST DIRECTION     S (190)
  AVERAGE WIND SPEED    15.8


SKY COVER
  POSSIBLE SUNSHINE  MM
  AVERAGE SKY COVER 0.2


WEATHER CONDITIONS
 THE FOLLOWING WEATHER WAS RECORDED YESTERDAY.
  NO SIGNIFICANT WEATHER WAS OBSERVED.


RELATIVE HUMIDITY (PERCENT)
 HIGHEST    80           700 PM
 LOWEST     57           200 PM
 AVERAGE    69

..........................................................


THE MOSES LAKE WA AIRPORT CLIMATE NORMALS FOR TODAY
                         NORMAL    RECORD    YEAR
 MAXIMUM TEMPERATURE (F)   39        MM        MM
 MINIMUM TEMPERATURE (F)   26        MM        MM


SUNRISE AND SUNSET
NOVEMBER 29 2014......SUNRISE   721 AM PST   SUNSET   410 PM PST
NOVEMBER 30 2014......SUNRISE   722 AM PST   SUNSET   410 PM PST


-  INDICATES NEGATIVE NUMBERS.
R  INDICATES RECORD WAS SET OR TIED.
MM INDICATES DATA IS MISSING.
T  INDICATES TRACE AMOUNT.




$$
