268
CDUS45 KBOI 030931
CLIMYL


CLIMATE REPORT
NATIONAL WEATHER SERVICE BOISE ID
231 AM MST SAT DEC 3 2016


...................................

...THE MCCALL ID CLIMATE SUMMARY FOR DECEMBER 2 2016...

CLIMATE NORMAL PERIOD 1981 TO 2010
CLIMATE RECORD PERIOD 1930 TO 2016


WEATHER ITEM   OBSERVED TIME   RECORD YEAR NORMAL DEPARTURE LAST
                VALUE   (LST)  VALUE       VALUE  FROM      YEAR
                                                  NORMAL
..................................................................
TEMPERATURE (F)
 YESTERDAY
  MAXIMUM         24   1159 PM  49    1969  29     -5       28
  MINIMUM          6    907 AM  -1    1931  13     -7        3
  AVERAGE         15                        21     -6       16

PRECIPITATION (IN)
  YESTERDAY        0.00          1.35 1980   0.06  -0.06     0.07
  MONTH TO DATE    0.01                      0.12  -0.11     0.07
  SINCE OCT 1      4.74                      4.24   0.50     3.87
  SINCE JAN 1     20.45                     18.16   2.29    18.07

DEGREE DAYS
 HEATING
  YESTERDAY       50                        44      6       49
  MONTH TO DATE   92                        87      5      102
  SINCE DEC 1     92                        87      5      102
  SINCE JUL 1   2129                      2725   -596     2203

 COOLING
  YESTERDAY        0                         0      0        0
  MONTH TO DATE    0                         0      0        0
  SINCE DEC 1      0                         0      0        0
  SINCE JAN 1    108                        25     83      169
..................................................................


WIND (MPH)
  HIGHEST WIND SPEED     6   HIGHEST WIND DIRECTION     S (180)
  HIGHEST GUST SPEED     7   HIGHEST GUST DIRECTION     S (190)
  AVERAGE WIND SPEED     1.3


SKY COVER
  AVERAGE SKY COVER 0.6


WEATHER CONDITIONS
 THE FOLLOWING WEATHER WAS RECORDED YESTERDAY.
  FOG
  FOG W/VISIBILITY <= 1/4 MILE
  HAZE


RELATIVE HUMIDITY (PERCENT)
 HIGHEST    92          1000 AM
 LOWEST     71           300 PM
 AVERAGE    82

..........................................................


THE MCCALL ID CLIMATE NORMALS FOR TODAY
                         NORMAL    RECORD    YEAR
 MAXIMUM TEMPERATURE (F)   29        51      1941
 MINIMUM TEMPERATURE (F)   13        -5      2009


SUNRISE AND SUNSET
DECEMBER  3 2016......SUNRISE   805 AM MST   SUNSET   504 PM MST
DECEMBER  4 2016......SUNRISE   806 AM MST   SUNSET   504 PM MST


-  INDICATES NEGATIVE NUMBERS.
R  INDICATES RECORD WAS SET OR TIED.
MM INDICATES DATA IS MISSING.
T  INDICATES TRACE AMOUNT.




$$
