435
CDUS45 KBOI 270936
CLIMYL


CLIMATE REPORT
NATIONAL WEATHER SERVICE BOISE ID
334 AM MDT WED JUL 27 2016


...................................

...THE MCCALL ID CLIMATE SUMMARY FOR JULY 26 2016...

CLIMATE NORMAL PERIOD 1981 TO 2010
CLIMATE RECORD PERIOD 1930 TO 2016


WEATHER ITEM   OBSERVED TIME   RECORD YEAR NORMAL DEPARTURE LAST
                VALUE   (LST)  VALUE       VALUE  FROM      YEAR
                                                  NORMAL
..................................................................
TEMPERATURE (F)
 YESTERDAY
  MAXIMUM         88    507 PM  94    1933  80      8       71
  MINIMUM         54    652 AM  33    1966  44     10       49
  AVERAGE         71                        62      9       60

PRECIPITATION (IN)
  YESTERDAY        0.00          0.48 1937   0.02  -0.02     0.03
  MONTH TO DATE    1.40                      0.63   0.77     2.25
  SINCE OCT 1     25.23                     18.45   6.78    20.59
  SINCE JAN 1     14.66                     12.27   2.39    11.83

DEGREE DAYS
 HEATING
  YESTERDAY        0                         4     -4        5
  MONTH TO DATE  114                       135    -21       43
  SINCE JUN 1    340                       502   -162      152
  SINCE JUL 1    114                       135    -21       43

 COOLING
  YESTERDAY        6                         1      5        0
  MONTH TO DATE   16                        11      5       43
  SINCE JUN 1     51                        12     39      109
  SINCE JAN 1     51                        12     39      109
..................................................................


WIND (MPH)
  HIGHEST WIND SPEED    18   HIGHEST WIND DIRECTION     S (170)
  HIGHEST GUST SPEED    23   HIGHEST GUST DIRECTION     S (170)
  AVERAGE WIND SPEED     5.1


SKY COVER
  AVERAGE SKY COVER 0.0


WEATHER CONDITIONS
 THE FOLLOWING WEATHER WAS RECORDED YESTERDAY.
  NO SIGNIFICANT WEATHER WAS OBSERVED.


RELATIVE HUMIDITY (PERCENT)
 HIGHEST    72           500 AM
 LOWEST     18           300 PM
 AVERAGE    45

..........................................................


THE MCCALL ID CLIMATE NORMALS FOR TODAY
                         NORMAL    RECORD    YEAR
 MAXIMUM TEMPERATURE (F)   81        96      1934
 MINIMUM TEMPERATURE (F)   44        34      1986


SUNRISE AND SUNSET
JULY 27 2016..........SUNRISE   625 AM MDT   SUNSET   916 PM MDT
JULY 28 2016..........SUNRISE   626 AM MDT   SUNSET   915 PM MDT


-  INDICATES NEGATIVE NUMBERS.
R  INDICATES RECORD WAS SET OR TIED.
MM INDICATES DATA IS MISSING.
T  INDICATES TRACE AMOUNT.




$$
