596
CDUS45 KBOI 250931
CLIMYL


CLIMATE REPORT
NATIONAL WEATHER SERVICE BOISE ID
330 AM MDT SUN JUN 25 2017


...................................

...THE MCCALL ID CLIMATE SUMMARY FOR JUNE 24 2017...

CLIMATE NORMAL PERIOD 1981 TO 2010
CLIMATE RECORD PERIOD 1930 TO 2017


WEATHER ITEM   OBSERVED TIME   RECORD YEAR NORMAL DEPARTURE LAST
                VALUE   (LST)  VALUE       VALUE  FROM      YEAR
                                                  NORMAL
..................................................................
TEMPERATURE (F)
 YESTERDAY
  MAXIMUM         80    451 PM  91    1936  71      9       61
  MINIMUM         40    550 AM  28    1993  39      1       43
                                      1953
  AVERAGE         60                        55      5       52

PRECIPITATION (IN)
  YESTERDAY        0.00          0.92 1969   0.05  -0.05     0.00
  MONTH TO DATE    1.52                      1.63  -0.11     0.83
  SINCE OCT 1     29.73                     17.59  12.14    23.83
  SINCE JAN 1     21.24                     11.41   9.83    13.26

DEGREE DAYS
 HEATING
  YESTERDAY        5                        10     -5       13
  MONTH TO DATE  219                       313    -94      208
  SINCE JUN 1    219                       313    -94      208
  SINCE JUL 1   8685                      9542   -857     8155

 COOLING
  YESTERDAY        0                         0      0        0
  MONTH TO DATE    4                         0      4       14
  SINCE JUN 1      4                         0      4       14
  SINCE JAN 1      4                         0      4       14
..................................................................


WIND (MPH)
  HIGHEST WIND SPEED    13   HIGHEST WIND DIRECTION     W (270)
  HIGHEST GUST SPEED    18   HIGHEST GUST DIRECTION     W (280)
  AVERAGE WIND SPEED     5.6


SKY COVER
  AVERAGE SKY COVER 0.0


WEATHER CONDITIONS
 THE FOLLOWING WEATHER WAS RECORDED YESTERDAY.
  NO SIGNIFICANT WEATHER WAS OBSERVED.


RELATIVE HUMIDITY (PERCENT)
 HIGHEST    79           600 AM
 LOWEST     12           200 PM
 AVERAGE    46

..........................................................


THE MCCALL ID CLIMATE NORMALS FOR TODAY
                         NORMAL    RECORD    YEAR
 MAXIMUM TEMPERATURE (F)   71        92      1928
 MINIMUM TEMPERATURE (F)   40        28      1966


SUNRISE AND SUNSET
JUNE 25 2017..........SUNRISE   559 AM MDT   SUNSET   935 PM MDT
JUNE 26 2017..........SUNRISE   600 AM MDT   SUNSET   935 PM MDT


-  INDICATES NEGATIVE NUMBERS.
R  INDICATES RECORD WAS SET OR TIED.
MM INDICATES DATA IS MISSING.
T  INDICATES TRACE AMOUNT.




$$
