968
CDUS45 KBOI 290930
CLIMYL


CLIMATE REPORT
NATIONAL WEATHER SERVICE BOISE ID
330 AM MDT SAT APR 29 2017


...................................

...THE MCCALL ID CLIMATE SUMMARY FOR APRIL 28 2017...

CLIMATE NORMAL PERIOD 1981 TO 2010
CLIMATE RECORD PERIOD 1930 TO 2017


WEATHER ITEM   OBSERVED TIME   RECORD YEAR NORMAL DEPARTURE LAST
                VALUE   (LST)  VALUE       VALUE  FROM      YEAR
                                                  NORMAL
..................................................................
TEMPERATURE (F)
 YESTERDAY
  MAXIMUM         46    553 PM  84    1987  53     -7       51
  MINIMUM         26    433 AM  18    1958  28     -2       34
  AVERAGE         36                        41     -5       43

PRECIPITATION (IN)
  YESTERDAY        T             0.97 1930   0.07  -0.07     0.00
  MONTH TO DATE    3.58                      1.80   1.78     1.50
  SINCE OCT 1     26.25                     13.65  12.60    21.55
  SINCE JAN 1     17.76                      7.47  10.29    10.98

DEGREE DAYS
 HEATING
  YESTERDAY       29                        24      5       22
  MONTH TO DATE  765                       798    -33      557
  SINCE MAR 1   1721                      1912   -191     1550
  SINCE JUL 1   7924                      8587   -663     7419

 COOLING
  YESTERDAY        0                         0      0        0
  MONTH TO DATE    0                         0      0        0
  SINCE MAR 1      0                         0      0        0
  SINCE JAN 1      0                         0      0        0
..................................................................


WIND (MPH)
  HIGHEST WIND SPEED    20   HIGHEST WIND DIRECTION     N (350)
  HIGHEST GUST SPEED    25   HIGHEST GUST DIRECTION     N (10)
  AVERAGE WIND SPEED     9.2


SKY COVER
  AVERAGE SKY COVER 0.7


WEATHER CONDITIONS
 THE FOLLOWING WEATHER WAS RECORDED YESTERDAY.
  NO SIGNIFICANT WEATHER WAS OBSERVED.


RELATIVE HUMIDITY (PERCENT)
 HIGHEST    85           100 AM
 LOWEST     40           200 PM
 AVERAGE    63

..........................................................


THE MCCALL ID CLIMATE NORMALS FOR TODAY
                         NORMAL    RECORD    YEAR
 MAXIMUM TEMPERATURE (F)   54        79      1939
 MINIMUM TEMPERATURE (F)   28        16      2011


SUNRISE AND SUNSET
APRIL 29 2017.........SUNRISE   636 AM MDT   SUNSET   848 PM MDT
APRIL 30 2017.........SUNRISE   635 AM MDT   SUNSET   849 PM MDT


-  INDICATES NEGATIVE NUMBERS.
R  INDICATES RECORD WAS SET OR TIED.
MM INDICATES DATA IS MISSING.
T  INDICATES TRACE AMOUNT.




$$
