000
CDUS45 KBOI 300930
CLIMYL


CLIMATE REPORT
NATIONAL WEATHER SERVICE BOISE ID
230 AM MST FRI JAN 30 2015


...................................

...THE MCCALL ID CLIMATE SUMMARY FOR JANUARY 29 2015...

CLIMATE NORMAL PERIOD 1981 TO 2010
CLIMATE RECORD PERIOD 1930 TO 2015


WEATHER ITEM   OBSERVED TIME   RECORD YEAR NORMAL DEPARTURE LAST
                VALUE   (LST)  VALUE       VALUE  FROM      YEAR
                                                  NORMAL
..................................................................
TEMPERATURE (F)
 YESTERDAY
  MAXIMUM         37    441 PM  47    1976  30      7       33
  MINIMUM         13    813 AM -23    1951  11      2       24
  AVERAGE         25                        20      5       29

PRECIPITATION (IN)
  YESTERDAY        0.00          1.11 1965   0.05  -0.05     0.51
  MONTH TO DATE    1.78                      1.62   0.16     1.55
  SINCE OCT 1     10.54                      7.80   2.74     5.62
  SINCE JAN 1      1.78                      1.62   0.16     1.55

DEGREE DAYS
 HEATING
  YESTERDAY       40                        44     -4       36
  MONTH TO DATE 1167                      1313   -146     1252
  SINCE DEC 1   2335                      2749   -414     2708
  SINCE JUL 1   4399                      5387   -988     4798

 COOLING
  YESTERDAY        0                         0      0        0
  MONTH TO DATE    0                         0      0        0
  SINCE DEC 1      0                         0      0        0
  SINCE JAN 1      0                         0      0        0
..................................................................


WIND (MPH)
  HIGHEST WIND SPEED     9   HIGHEST WIND DIRECTION     W (260)
  HIGHEST GUST SPEED    12   HIGHEST GUST DIRECTION     W (270)
  AVERAGE WIND SPEED     1.5


SKY COVER
  AVERAGE SKY COVER 0.0


WEATHER CONDITIONS
 THE FOLLOWING WEATHER WAS RECORDED YESTERDAY.
  NO SIGNIFICANT WEATHER WAS OBSERVED.


RELATIVE HUMIDITY (PERCENT)
 HIGHEST   100          1000 AM
 LOWEST     75           200 PM
 AVERAGE    88

..........................................................


THE MCCALL ID CLIMATE NORMALS FOR TODAY
                         NORMAL    RECORD    YEAR
 MAXIMUM TEMPERATURE (F)   30        45      1935
 MINIMUM TEMPERATURE (F)   11       -20      1979


SUNRISE AND SUNSET
JANUARY 30 2015.......SUNRISE   806 AM MST   SUNSET   550 PM MST
JANUARY 31 2015.......SUNRISE   805 AM MST   SUNSET   551 PM MST


-  INDICATES NEGATIVE NUMBERS.
R  INDICATES RECORD WAS SET OR TIED.
MM INDICATES DATA IS MISSING.
T  INDICATES TRACE AMOUNT.




$$
