000
CDUS45 KBOI 160933
CLIMYL


CLIMATE REPORT
NATIONAL WEATHER SERVICE BOISE ID
232 AM MST SAT DEC 16 2017


...................................

...THE MCCALL ID CLIMATE SUMMARY FOR DECEMBER 15 2017...

CLIMATE NORMAL PERIOD 1981 TO 2010
CLIMATE RECORD PERIOD 1930 TO 2017


WEATHER ITEM   OBSERVED TIME   RECORD YEAR NORMAL DEPARTURE LAST
                VALUE   (LST)  VALUE       VALUE  FROM      YEAR
                                                  NORMAL
..................................................................
TEMPERATURE (F)
 YESTERDAY
  MAXIMUM         25    411 PM  46    2002  27     -2       34
  MINIMUM         10    525 AM -18    1919   9      1       23
  AVERAGE         18                        18      0       29

PRECIPITATION (IN)
  YESTERDAY        0.06          1.62 1977   0.06   0.00     0.54
  MONTH TO DATE    0.52                      0.86  -0.34     2.23
  SINCE OCT 1      5.82                      4.98   0.84     6.96
  SINCE JAN 1     28.61                     18.90   9.71    22.67

DEGREE DAYS
 HEATING
  YESTERDAY       47                        47      0       36
  MONTH TO DATE  677                       683     -6      701
  SINCE DEC 1    677                       683     -6      701
  SINCE JUL 1   2803                      3321   -518     2738

 COOLING
  YESTERDAY        0                         0      0        0
  MONTH TO DATE    0                         0      0        0
  SINCE DEC 1      0                         0      0        0
  SINCE JAN 1    229                        25    204      108
..................................................................


WIND (MPH)
  HIGHEST WIND SPEED     8   HIGHEST WIND DIRECTION     W (270)
  HIGHEST GUST SPEED    10   HIGHEST GUST DIRECTION     W (280)
  AVERAGE WIND SPEED     0.9


SKY COVER
  AVERAGE SKY COVER 0.8


WEATHER CONDITIONS
 THE FOLLOWING WEATHER WAS RECORDED YESTERDAY.
  LIGHT SNOW
  FOG
  FOG W/VISIBILITY <= 1/4 MILE
  HAZE


RELATIVE HUMIDITY (PERCENT)
 HIGHEST    96           300 PM
 LOWEST     80           400 AM
 AVERAGE    88

..........................................................


THE MCCALL ID CLIMATE NORMALS FOR TODAY
                         NORMAL    RECORD    YEAR
 MAXIMUM TEMPERATURE (F)   27        52      1929
 MINIMUM TEMPERATURE (F)    9       -16      1908


SUNRISE AND SUNSET
DECEMBER 16 2017......SUNRISE   816 AM MST   SUNSET   504 PM MST
DECEMBER 17 2017......SUNRISE   817 AM MST   SUNSET   504 PM MST


-  INDICATES NEGATIVE NUMBERS.
R  INDICATES RECORD WAS SET OR TIED.
MM INDICATES DATA IS MISSING.
T  INDICATES TRACE AMOUNT.




$$
