000
CDUS45 KBOI 250931
CLIMYL


CLIMATE REPORT
NATIONAL WEATHER SERVICE BOISE ID
331 AM MDT SAT MAR 25 2017


...................................

...THE MCCALL ID CLIMATE SUMMARY FOR MARCH 24 2017...

CLIMATE NORMAL PERIOD 1981 TO 2010
CLIMATE RECORD PERIOD 1930 TO 2017


WEATHER ITEM   OBSERVED TIME   RECORD YEAR NORMAL DEPARTURE LAST
                VALUE   (LST)  VALUE       VALUE  FROM      YEAR
                                                  NORMAL
..................................................................
TEMPERATURE (F)
 YESTERDAY
  MAXIMUM         39   1029 AM  59    1992  42     -3       39
  MINIMUM         24    437 AM  -2    1965  21      3       28
  AVERAGE         32                        31      1       34

PRECIPITATION (IN)
  YESTERDAY        0.30          0.65 1938   0.07   0.23     0.10
  MONTH TO DATE    4.44                      1.60   2.84     4.53
  SINCE OCT 1     21.55                     11.25  10.30    19.82
  SINCE JAN 1     13.06                      5.07   7.99     9.25

DEGREE DAYS
 HEATING
  YESTERDAY       33                        34     -1       31
  MONTH TO DATE  748                       884   -136      768
  SINCE MAR 1    748                       884   -136      768
  SINCE JUL 1   6951                      7559   -608     6637

 COOLING
  YESTERDAY        0                         0      0        0
  MONTH TO DATE    0                         0      0        0
  SINCE MAR 1      0                         0      0        0
  SINCE JAN 1      0                         0      0        0
..................................................................


WIND (MPH)
  HIGHEST WIND SPEED    23   HIGHEST WIND DIRECTION     S (160)
  HIGHEST GUST SPEED    29   HIGHEST GUST DIRECTION     S (160)
  AVERAGE WIND SPEED     6.7


SKY COVER
  AVERAGE SKY COVER 0.7


WEATHER CONDITIONS
 THE FOLLOWING WEATHER WAS RECORDED YESTERDAY.
  LIGHT RAIN
  LIGHT SNOW
  FOG


RELATIVE HUMIDITY (PERCENT)
 HIGHEST    96           800 PM
 LOWEST     54          1000 AM
 AVERAGE    75

..........................................................


THE MCCALL ID CLIMATE NORMALS FOR TODAY
                         NORMAL    RECORD    YEAR
 MAXIMUM TEMPERATURE (F)   42        60      1992
 MINIMUM TEMPERATURE (F)   21         3      1965


SUNRISE AND SUNSET
MARCH 25 2017.........SUNRISE   738 AM MDT   SUNSET   804 PM MDT
MARCH 26 2017.........SUNRISE   736 AM MDT   SUNSET   805 PM MDT


-  INDICATES NEGATIVE NUMBERS.
R  INDICATES RECORD WAS SET OR TIED.
MM INDICATES DATA IS MISSING.
T  INDICATES TRACE AMOUNT.




$$
