000
CDUS45 KBOI 020934
CLIMYL


CLIMATE REPORT
NATIONAL WEATHER SERVICE BOISE ID
333 AM MDT WED SEP 2 2015


...................................

...THE MCCALL ID CLIMATE SUMMARY FOR SEPTEMBER 1 2015...

CLIMATE NORMAL PERIOD 1981 TO 2010
CLIMATE RECORD PERIOD 1930 TO 2015


WEATHER ITEM   OBSERVED TIME   RECORD YEAR NORMAL DEPARTURE LAST
                VALUE   (LST)  VALUE       VALUE  FROM      YEAR
                                                  NORMAL
..................................................................
TEMPERATURE (F)
 YESTERDAY
  MAXIMUM         78    342 PM  90    1991  73      5       69
  MINIMUM         39    605 AM  27    1989  38      1       35
  AVERAGE         59                        56      3       52

PRECIPITATION (IN)
  YESTERDAY        0.00          0.57 1944   0.03  -0.03     0.00
  MONTH TO DATE    0.00                      0.03  -0.03     0.00
  SINCE OCT 1     20.90                     19.25   1.65    20.69
  SINCE JAN 1     12.14                     13.07  -0.93    16.62

DEGREE DAYS
 HEATING
  YESTERDAY        6                         9     -3       13
  MONTH TO DATE    6                         9     -3       13
  SINCE SEP 1      6                         9     -3       13
  SINCE JUL 1    156                       337   -181      129

 COOLING
  YESTERDAY        0                         0      0        0
  MONTH TO DATE    0                         0      0        0
  SINCE SEP 1      0                         0      0        0
  SINCE JAN 1    169                        25    144      185
..................................................................


WIND (MPH)
  HIGHEST WIND SPEED    21   HIGHEST WIND DIRECTION     S (200)
  HIGHEST GUST SPEED    27   HIGHEST GUST DIRECTION     S (200)
  AVERAGE WIND SPEED     5.6


SKY COVER
  AVERAGE SKY COVER 0.0


WEATHER CONDITIONS
 THE FOLLOWING WEATHER WAS RECORDED YESTERDAY.
  NO SIGNIFICANT WEATHER WAS OBSERVED.


RELATIVE HUMIDITY (PERCENT)
 HIGHEST    79           500 AM
 LOWEST     23           200 PM
 AVERAGE    51

..........................................................


THE MCCALL ID CLIMATE NORMALS FOR TODAY
                         NORMAL    RECORD    YEAR
 MAXIMUM TEMPERATURE (F)   73        91      1945
 MINIMUM TEMPERATURE (F)   38        23      1975


SUNRISE AND SUNSET
SEPTEMBER  2 2015.....SUNRISE   707 AM MDT   SUNSET   820 PM MDT
SEPTEMBER  3 2015.....SUNRISE   709 AM MDT   SUNSET   818 PM MDT


-  INDICATES NEGATIVE NUMBERS.
R  INDICATES RECORD WAS SET OR TIED.
MM INDICATES DATA IS MISSING.
T  INDICATES TRACE AMOUNT.




$$
