000
CDUS45 KBOI 010930
CLIMYL


CLIMATE REPORT
NATIONAL WEATHER SERVICE BOISE ID
330 AM MDT WED JUL 1 2015


...................................

...THE MCCALL ID CLIMATE SUMMARY FOR JUNE 30 2015...

CLIMATE NORMAL PERIOD 1981 TO 2010
CLIMATE RECORD PERIOD 1930 TO 2015


WEATHER ITEM   OBSERVED TIME   RECORD YEAR NORMAL DEPARTURE LAST
                VALUE   (LST)  VALUE       VALUE  FROM      YEAR
                                                  NORMAL
..................................................................
TEMPERATURE (F)
 YESTERDAY
  MAXIMUM         92R   403 PM  90    2013  73     19       75
  MINIMUM         70   1159 PM  23    1981  41     29       39
  AVERAGE         81                        57     24       57

PRECIPITATION (IN)
  YESTERDAY        0.00          0.42 1991   0.04  -0.04     0.00
  MONTH TO DATE    0.35                      1.86  -1.51     0.81
  SINCE OCT 1     18.34                     17.82   0.52    19.26
  SINCE JAN 1      9.58                     11.64  -2.06    15.19

DEGREE DAYS
 HEATING
  YESTERDAY        0                         8     -8        8
  MONTH TO DATE  109                       367   -258      314
  SINCE JUN 1    109                       367   -258      314
  SINCE JUL 1   7464                      9596  -2132     8588

 COOLING
  YESTERDAY       16                         0     16        0
  MONTH TO DATE   66                         1     65        0
  SINCE JUN 1     66                         1     65        0
  SINCE JAN 1     66                         1     65        0
..................................................................


WIND (MPH)
  HIGHEST WIND SPEED    18   HIGHEST WIND DIRECTION     W (260)
  HIGHEST GUST SPEED    23   HIGHEST GUST DIRECTION     W (250)
  AVERAGE WIND SPEED     6.3


SKY COVER
  AVERAGE SKY COVER 0.1


WEATHER CONDITIONS
 THE FOLLOWING WEATHER WAS RECORDED YESTERDAY.
  NO SIGNIFICANT WEATHER WAS OBSERVED.


RELATIVE HUMIDITY (PERCENT)
 HIGHEST    53           300 AM
 LOWEST     12           400 PM
 AVERAGE    33

..........................................................


THE MCCALL ID CLIMATE NORMALS FOR TODAY
                         NORMAL    RECORD    YEAR
 MAXIMUM TEMPERATURE (F)   74        95      2013
 MINIMUM TEMPERATURE (F)   41        28      1935


SUNRISE AND SUNSET
JULY  1 2015..........SUNRISE   602 AM MDT   SUNSET   934 PM MDT
JULY  2 2015..........SUNRISE   603 AM MDT   SUNSET   934 PM MDT


-  INDICATES NEGATIVE NUMBERS.
R  INDICATES RECORD WAS SET OR TIED.
MM INDICATES DATA IS MISSING.
T  INDICATES TRACE AMOUNT.




$$
