000
CDUS45 KBOI 300931
CLIMYL


CLIMATE REPORT
NATIONAL WEATHER SERVICE BOISE ID
331 AM MDT MON MAR 30 2015


...................................

...THE MCCALL ID CLIMATE SUMMARY FOR MARCH 29 2015...

CLIMATE NORMAL PERIOD 1981 TO 2010
CLIMATE RECORD PERIOD 1930 TO 2015


WEATHER ITEM   OBSERVED TIME   RECORD YEAR NORMAL DEPARTURE LAST
                VALUE   (LST)  VALUE       VALUE  FROM      YEAR
                                                  NORMAL
..................................................................
TEMPERATURE (F)
 YESTERDAY
  MAXIMUM         57    349 PM  64    1978  43     14       41
  MINIMUM         26    712 AM  -2    1950  22      4       32
  AVERAGE         42                        32     10       37

PRECIPITATION (IN)
  YESTERDAY        0.00          1.01 2010   0.09  -0.09     0.85
  MONTH TO DATE    1.78                      2.03  -0.25     5.77
  SINCE OCT 1     14.73                     11.68   3.05    14.65
  SINCE JAN 1      5.97                      5.50   0.47    10.58

DEGREE DAYS
 HEATING
  YESTERDAY       23                        33    -10       28
  MONTH TO DATE  777                      1050   -273      943
  SINCE MAR 1    777                      1050   -273      943
  SINCE JUL 1   6148                      7725  -1577     6937

 COOLING
  YESTERDAY        0                         0      0        0
  MONTH TO DATE    0                         0      0        0
  SINCE MAR 1      0                         0      0        0
  SINCE JAN 1      0                         0      0        0
..................................................................


WIND (MPH)
  HIGHEST WIND SPEED    13   HIGHEST WIND DIRECTION     W (280)
  HIGHEST GUST SPEED    18   HIGHEST GUST DIRECTION     W (280)
  AVERAGE WIND SPEED     2.9


SKY COVER
  AVERAGE SKY COVER 0.0


WEATHER CONDITIONS
 THE FOLLOWING WEATHER WAS RECORDED YESTERDAY.
  NO SIGNIFICANT WEATHER WAS OBSERVED.


RELATIVE HUMIDITY (PERCENT)
 HIGHEST    92           700 AM
 LOWEST     32           400 PM
 AVERAGE    62

..........................................................


THE MCCALL ID CLIMATE NORMALS FOR TODAY
                         NORMAL    RECORD    YEAR
 MAXIMUM TEMPERATURE (F)   43        65      1994
 MINIMUM TEMPERATURE (F)   22       -15      1936


SUNRISE AND SUNSET
MARCH 30 2015.........SUNRISE   729 AM MDT   SUNSET   809 PM MDT
MARCH 31 2015.........SUNRISE   727 AM MDT   SUNSET   811 PM MDT


-  INDICATES NEGATIVE NUMBERS.
R  INDICATES RECORD WAS SET OR TIED.
MM INDICATES DATA IS MISSING.
T  INDICATES TRACE AMOUNT.




$$
