000
CDUS45 KBOI 290933
CLIMYL


CLIMATE REPORT
NATIONAL WEATHER SERVICE BOISE ID
332 AM MDT TUE JUL 29 2014


...................................

...THE MCCALL ID CLIMATE SUMMARY FOR JULY 28 2014...

CLIMATE NORMAL PERIOD 1981 TO 2010
CLIMATE RECORD PERIOD 1930 TO 2014


WEATHER ITEM   OBSERVED TIME   RECORD YEAR NORMAL DEPARTURE LAST
                VALUE   (LST)  VALUE       VALUE  FROM      YEAR
                                                  NORMAL
..................................................................
TEMPERATURE (F)
 YESTERDAY
  MAXIMUM         88    458 PM  97    1934  81      7       81
  MINIMUM         54    459 AM  32    1986  44     10       45
  AVERAGE         71                        62      9       63

PRECIPITATION (IN)
  YESTERDAY        0.00          2.00 1984   0.02  -0.02     0.00
  MONTH TO DATE    0.12                      0.67  -0.55      T
  SINCE OCT 1     19.38                     18.49   0.89    24.74
  SINCE JAN 1     15.31                     12.31   3.00    11.25

DEGREE DAYS
 HEATING
  YESTERDAY        0                         3     -3        2
  MONTH TO DATE   18                       141   -123       13
  SINCE JUN 1    332                       508   -176      276
  SINCE JUL 1     18                       141   -123       13

 COOLING
  YESTERDAY        6                         1      5        0
  MONTH TO DATE  113                        13    100       97
  SINCE JUN 1    113                        14     99      119
  SINCE JAN 1    113                        14     99      119
..................................................................


WIND (MPH)
  HIGHEST WIND SPEED    16   HIGHEST WIND DIRECTION    NE (40)
  HIGHEST GUST SPEED    21   HIGHEST GUST DIRECTION    NE (30)
  AVERAGE WIND SPEED     3.8


SKY COVER
  AVERAGE SKY COVER 0.1


WEATHER CONDITIONS
 THE FOLLOWING WEATHER WAS RECORDED YESTERDAY.
  NO SIGNIFICANT WEATHER WAS OBSERVED.


RELATIVE HUMIDITY (PERCENT)
 HIGHEST    51           500 AM
 LOWEST     17           500 PM
 AVERAGE    34

..........................................................


THE MCCALL ID CLIMATE NORMALS FOR TODAY
                         NORMAL    RECORD    YEAR
 MAXIMUM TEMPERATURE (F)   81        95      1994
 MINIMUM TEMPERATURE (F)   44        35      1966


SUNRISE AND SUNSET
JULY 29 2014..........SUNRISE   627 AM MDT   SUNSET   914 PM MDT
JULY 30 2014..........SUNRISE   628 AM MDT   SUNSET   913 PM MDT


-  INDICATES NEGATIVE NUMBERS.
R  INDICATES RECORD WAS SET OR TIED.
MM INDICATES DATA IS MISSING.
T  INDICATES TRACE AMOUNT.




$$
