000
CDUS45 KBOI 240933
CLIMYL


CLIMATE REPORT
NATIONAL WEATHER SERVICE BOISE ID
332 AM MDT THU JUL 24 2014


...................................

...THE MCCALL ID CLIMATE SUMMARY FOR JULY 23 2014...

CLIMATE NORMAL PERIOD 1981 TO 2010
CLIMATE RECORD PERIOD 1930 TO 2014


WEATHER ITEM   OBSERVED TIME   RECORD YEAR NORMAL DEPARTURE LAST
                VALUE   (LST)  VALUE       VALUE  FROM      YEAR
                                                  NORMAL
..................................................................
TEMPERATURE (F)
 YESTERDAY
  MAXIMUM         84    325 PM  98    2006  80      4       90
  MINIMUM         53    550 AM  34    1987  44      9       45
  AVERAGE         69                        62      7       68

PRECIPITATION (IN)
  YESTERDAY        0.11          0.42 1993   0.01   0.10     0.00
  MONTH TO DATE    0.12                      0.57  -0.45      T
  SINCE OCT 1     19.38                     18.39   0.99    24.74
  SINCE JAN 1     15.31                     12.21   3.10    11.25

DEGREE DAYS
 HEATING
  YESTERDAY        0                         4     -4        0
  MONTH TO DATE    2                       123   -121       11
  SINCE JUN 1    316                       490   -174      274
  SINCE JUL 1      2                       123   -121       11

 COOLING
  YESTERDAY        4                         1      3        3
  MONTH TO DATE  103                         8     95       77
  SINCE JUN 1    103                         9     94       99
  SINCE JAN 1    103                         9     94       99
..................................................................


WIND (MPH)
  HIGHEST WIND SPEED    32   HIGHEST WIND DIRECTION     S (180)
  HIGHEST GUST SPEED    49   HIGHEST GUST DIRECTION     S (170)
  AVERAGE WIND SPEED     7.8


SKY COVER
  AVERAGE SKY COVER 0.4


WEATHER CONDITIONS
 THE FOLLOWING WEATHER WAS RECORDED YESTERDAY.
  THUNDERSTORM
  LIGHT RAIN


RELATIVE HUMIDITY (PERCENT)
 HIGHEST    93           600 AM
 LOWEST     22           400 PM
 AVERAGE    58

..........................................................


THE MCCALL ID CLIMATE NORMALS FOR TODAY
                         NORMAL    RECORD    YEAR
 MAXIMUM TEMPERATURE (F)   80        97      2006
 MINIMUM TEMPERATURE (F)   44        34      1944


SUNRISE AND SUNSET
JULY 24 2014..........SUNRISE   621 AM MDT   SUNSET   920 PM MDT
JULY 25 2014..........SUNRISE   622 AM MDT   SUNSET   919 PM MDT


-  INDICATES NEGATIVE NUMBERS.
R  INDICATES RECORD WAS SET OR TIED.
MM INDICATES DATA IS MISSING.
T  INDICATES TRACE AMOUNT.




$$
