000
CDUS44 KLIX 260708
CLINEW


CLIMATE REPORT
NATIONAL WEATHER SERVICE NEW ORLEANS
206 AM CDT TUE SEP 26 2017


...................................

...THE NEW ORLEANS CLIMATE SUMMARY FOR SEPTEMBER 25 2017...

CLIMATE NORMAL PERIOD 1981 TO 2010
CLIMATE RECORD PERIOD 1946 TO 2017


WEATHER ITEM   OBSERVED TIME   RECORD YEAR NORMAL DEPARTURE LAST
                VALUE   (LST)  VALUE       VALUE  FROM      YEAR
                                                  NORMAL
..................................................................
TEMPERATURE (F)
 YESTERDAY
  MAXIMUM         87    223 PM  94    2016  86      1       94
  MINIMUM         72    128 AM  56    1990  70      2       76
                                      1967
  AVERAGE         80                        78      2       85

PRECIPITATION (IN)
  YESTERDAY        0.00          7.52 2002   0.15  -0.15     0.00
  MONTH TO DATE    0.42                      4.33  -3.91     4.63
  SINCE SEP 1      0.42                      4.33  -3.91     4.63
  SINCE JAN 1     64.07                     48.54  15.53    60.06

SNOWFALL (IN)
  YESTERDAY        0.0
  MONTH TO DATE    0.0
  SINCE SEP 1      0.0
  SINCE JUL 1      0.0
  SNOW DEPTH       0

DEGREE DAYS
 HEATING
  YESTERDAY        0                         0      0        0
  MONTH TO DATE    0                         0      0        0
  SINCE SEP 1      0                         0      0        0
  SINCE JUL 1      0                         0      0        0

 COOLING
  YESTERDAY       15                        13      2       20
  MONTH TO DATE  372                       384    -12      524
  SINCE SEP 1    372                       384    -12      524
  SINCE JAN 1   2725                      2630     95     3226
..................................................................


WIND (MPH)
  HIGHEST WIND SPEED    15   HIGHEST WIND DIRECTION     E (70)
  HIGHEST GUST SPEED    19   HIGHEST GUST DIRECTION    NE (50)
  AVERAGE WIND SPEED     6.8


SKY COVER
  POSSIBLE SUNSHINE  MM
  AVERAGE SKY COVER 0.5


WEATHER CONDITIONS
 THE FOLLOWING WEATHER WAS RECORDED YESTERDAY.
  NO SIGNIFICANT WEATHER WAS OBSERVED.


RELATIVE HUMIDITY (PERCENT)
 HIGHEST    94           400 AM
 LOWEST     61           200 PM
 AVERAGE    78

..........................................................


THE NEW ORLEANS CLIMATE NORMALS FOR TODAY
                         NORMAL    RECORD    YEAR
 MAXIMUM TEMPERATURE (F)   85        95      2016
 MINIMUM TEMPERATURE (F)   69        50      1975


SUNRISE AND SUNSET
SEPTEMBER 26 2017.....SUNRISE   652 AM CDT   SUNSET   652 PM CDT
SEPTEMBER 27 2017.....SUNRISE   652 AM CDT   SUNSET   651 PM CDT


-  INDICATES NEGATIVE NUMBERS.
R  INDICATES RECORD WAS SET OR TIED.
MM INDICATES DATA IS MISSING.
T  INDICATES TRACE AMOUNT.




$$
