000
CDUS44 KLIX 290702
CLINEW


CLIMATE REPORT
NATIONAL WEATHER SERVICE NEW ORLEANS
202 AM CDT FRI JUL 29 2016


...................................

...THE NEW ORLEANS CLIMATE SUMMARY FOR JULY 28 2016...

CLIMATE NORMAL PERIOD 1981 TO 2010
CLIMATE RECORD PERIOD 1946 TO 2016


WEATHER ITEM   OBSERVED TIME   RECORD YEAR NORMAL DEPARTURE LAST
                VALUE   (LST)  VALUE       VALUE  FROM      YEAR
                                                  NORMAL
..................................................................
TEMPERATURE (F)
 YESTERDAY
  MAXIMUM         95    327 PM  98    1993  92      3       96
  MINIMUM         78    307 AM  68    1994  75      3       78
  AVERAGE         87                        83      4       87

PRECIPITATION (IN)
  YESTERDAY        0.00          3.52 2011   0.18  -0.18     0.00
  MONTH TO DATE    4.43                      5.38  -0.95     3.82
  SINCE JUN 1     14.21                     13.44   0.77     7.57
  SINCE JAN 1     43.54                     37.68   5.86    42.74

SNOWFALL (IN)
  YESTERDAY        0.0
  MONTH TO DATE    0.0
  SINCE JUN 1      0.0
  SINCE JUL 1      0.0
  SNOW DEPTH       0

DEGREE DAYS
 HEATING
  YESTERDAY        0                         0      0        0
  MONTH TO DATE    0                         0      0        0
  SINCE JUN 1      0                         0      0        0
  SINCE JUL 1      0                         0      0        0

 COOLING
  YESTERDAY       22                        18      4       22
  MONTH TO DATE  613                       504    109      578
  SINCE JUN 1   1197                       999    198     1108
  SINCE JAN 1   1977                      1618    359     1937
..................................................................


WIND (MPH)
  HIGHEST WIND SPEED    17   HIGHEST WIND DIRECTION     N (340)
  HIGHEST GUST SPEED    26   HIGHEST GUST DIRECTION    NW (320)
  AVERAGE WIND SPEED     5.4


SKY COVER
  POSSIBLE SUNSHINE  MM
  AVERAGE SKY COVER 0.5


WEATHER CONDITIONS
 THE FOLLOWING WEATHER WAS RECORDED YESTERDAY.
  HAZE


RELATIVE HUMIDITY (PERCENT)
 HIGHEST    91           200 AM
 LOWEST     52           400 PM
 AVERAGE    72

..........................................................


THE NEW ORLEANS CLIMATE NORMALS FOR TODAY
                         NORMAL    RECORD    YEAR
 MAXIMUM TEMPERATURE (F)   92        99      2015
 MINIMUM TEMPERATURE (F)   75        67      1994


SUNRISE AND SUNSET
JULY 29 2016..........SUNRISE   619 AM CDT   SUNSET   756 PM CDT
JULY 30 2016..........SUNRISE   619 AM CDT   SUNSET   755 PM CDT


-  INDICATES NEGATIVE NUMBERS.
R  INDICATES RECORD WAS SET OR TIED.
MM INDICATES DATA IS MISSING.
T  INDICATES TRACE AMOUNT.




$$
