000
CDUS44 KLIX 242131
CLINEW


CLIMATE REPORT
NATIONAL WEATHER SERVICE NEW ORLEANS
431 PM CDT MON JUL 24 2017


...................................

...THE NEW ORLEANS CLIMATE SUMMARY FOR JULY 24 2017...
VALID TODAY AS OF 0400 PM LOCAL TIME.

CLIMATE NORMAL PERIOD 1981 TO 2010
CLIMATE RECORD PERIOD 1946 TO 2017


WEATHER ITEM   OBSERVED TIME   RECORD YEAR NORMAL DEPARTURE LAST
                VALUE   (LST)  VALUE       VALUE  FROM      YEAR
                                                  NORMAL
..................................................................
TEMPERATURE (F)
 TODAY
  MAXIMUM         91   1216 PM  98    1981  91      0       93
  MINIMUM         71    121 PM  67    1947  75     -4       81
  AVERAGE         81                        83     -2       87

PRECIPITATION (IN)
  TODAY            1.03          2.14 1992   0.17   0.86     0.10
  MONTH TO DATE    6.50                      4.68   1.82     3.62
  SINCE JUN 1     21.98                     12.74   9.24    13.40
  SINCE JAN 1     47.88                     36.98  10.90    42.73

SNOWFALL (IN)
  TODAY            0.0
  MONTH TO DATE    0.0
  SINCE JUN 1      0.0
  SINCE JUL 1      0.0
  SNOW DEPTH       0

DEGREE DAYS
 HEATING
  TODAY            0                         0      0        0
  MONTH TO DATE    0                         0      0        0
  SINCE JUN 1      0                         0      0        0
  SINCE JUL 1      0                         0      0        0

 COOLING
  TODAY           16                        18     -2       22
  MONTH TO DATE  438                       432      6      534
  SINCE JUN 1    899                       927    -28     1118
  SINCE JAN 1   1654                      1546    108     1898
..................................................................


WIND (MPH)
  HIGHEST WIND SPEED    32   HIGHEST WIND DIRECTION     W (280)
  HIGHEST GUST SPEED    40   HIGHEST GUST DIRECTION     W (280)
  AVERAGE WIND SPEED     8.9


SKY COVER
  POSSIBLE SUNSHINE  MM
  AVERAGE SKY COVER 0.7


WEATHER CONDITIONS
 THE FOLLOWING WEATHER WAS RECORDED TODAY.
  THUNDERSTORM
  HEAVY RAIN
  RAIN
  LIGHT RAIN
  FOG


RELATIVE HUMIDITY (PERCENT)
 HIGHEST    91           300 AM
 LOWEST     59          1200 PM
 AVERAGE    75

..........................................................


THE NEW ORLEANS CLIMATE NORMALS FOR TOMORROW
                         NORMAL    RECORD    YEAR
 MAXIMUM TEMPERATURE (F)   92        98      2005
 MINIMUM TEMPERATURE (F)   75        70      1984
                                             1974
                                             1966


SUNRISE AND SUNSET
JULY 24 2017..........SUNRISE   615 AM CDT   SUNSET   759 PM CDT
JULY 25 2017..........SUNRISE   616 AM CDT   SUNSET   759 PM CDT


-  INDICATES NEGATIVE NUMBERS.
R  INDICATES RECORD WAS SET OR TIED.
MM INDICATES DATA IS MISSING.
T  INDICATES TRACE AMOUNT.




$$
