776
CDUS44 KLIX 140801
CLINEW


CLIMATE REPORT
NATIONAL WEATHER SERVICE NEW ORLEANS
200 AM CST SUN FEB 14 2016


...................................

...THE NEW ORLEANS CLIMATE SUMMARY FOR FEBRUARY 13 2016...

CLIMATE NORMAL PERIOD 1981 TO 2010
CLIMATE RECORD PERIOD 1946 TO 2016


WEATHER ITEM   OBSERVED TIME   RECORD YEAR NORMAL DEPARTURE LAST
                VALUE   (LST)  VALUE       VALUE  FROM      YEAR
                                                  NORMAL
..................................................................
TEMPERATURE (F)
 YESTERDAY
  MAXIMUM         62    440 PM  81    1959  65     -3       54
  MINIMUM         48   1159 PM  25    1958  48      0       37
  AVERAGE         55                        56     -1       46

PRECIPITATION (IN)
  YESTERDAY        0.00          2.80 1950   0.20  -0.20     0.00
  MONTH TO DATE    1.05                      2.57  -1.52     1.11
  SINCE DEC 1     11.92                     12.96  -1.04    10.74
  SINCE JAN 1      5.46                      7.72  -2.26     6.78

SNOWFALL (IN)
  YESTERDAY        0.0
  MONTH TO DATE    0.0
  SINCE DEC 1      0.0
  SINCE JUL 1      0.0
  SNOW DEPTH       0

DEGREE DAYS
 HEATING
  YESTERDAY       10                         9      1       19
  MONTH TO DATE  123                       135    -12      144
  SINCE DEC 1    579                       827   -248      760
  SINCE JUL 1    637                       991   -354      990

 COOLING
  YESTERDAY        0                         1     -1        0
  MONTH TO DATE   18                        13      5        3
  SINCE DEC 1    133                        56     77       42
  SINCE JAN 1     22                        29     -7       11
..................................................................


WIND (MPH)
  HIGHEST WIND SPEED    18   HIGHEST WIND DIRECTION    NE (50)
  HIGHEST GUST SPEED    23   HIGHEST GUST DIRECTION    NE (40)
  AVERAGE WIND SPEED     8.1


SKY COVER
  POSSIBLE SUNSHINE  MM
  AVERAGE SKY COVER 0.1


WEATHER CONDITIONS
 THE FOLLOWING WEATHER WAS RECORDED YESTERDAY.
  NO SIGNIFICANT WEATHER WAS OBSERVED.


RELATIVE HUMIDITY (PERCENT)
 HIGHEST    66          1100 PM
 LOWEST     30           400 PM
 AVERAGE    48

..........................................................


THE NEW ORLEANS CLIMATE NORMALS FOR TODAY
                         NORMAL    RECORD    YEAR
 MAXIMUM TEMPERATURE (F)   65        82      1989
 MINIMUM TEMPERATURE (F)   48        23      1960


SUNRISE AND SUNSET
FEBRUARY 14 2016......SUNRISE   642 AM CST   SUNSET   549 PM CST
FEBRUARY 15 2016......SUNRISE   641 AM CST   SUNSET   549 PM CST


-  INDICATES NEGATIVE NUMBERS.
R  INDICATES RECORD WAS SET OR TIED.
MM INDICATES DATA IS MISSING.
T  INDICATES TRACE AMOUNT.




$$
