000
CDUS44 KLIX 310953
CLINEW


CLIMATE REPORT
NATIONAL WEATHER SERVICE NEW ORLEANS
453 AM CDT FRI JUL 31 2015


...................................

...THE NEW ORLEANS CLIMATE SUMMARY FOR JULY 30 2015...

CLIMATE NORMAL PERIOD 1981 TO 2010
CLIMATE RECORD PERIOD 1946 TO 2015


WEATHER ITEM   OBSERVED TIME   RECORD YEAR NORMAL DEPARTURE LAST
                VALUE   (LST)  VALUE       VALUE  FROM      YEAR
                                                  NORMAL
..................................................................
TEMPERATURE (F)
 YESTERDAY
  MAXIMUM         97    212 PM 100    1986  92      5       87
  MINIMUM         76    400 PM  64    1972  75      1       74
  AVERAGE         87                        83      4       81

PRECIPITATION (IN)
  YESTERDAY        0.06          1.98 1953   0.18  -0.12     0.00
  MONTH TO DATE    4.17                      5.75  -1.58     4.49
  SINCE JUN 1      7.92                     13.81  -5.89    12.52
  SINCE JAN 1     43.09                     38.05   5.04    37.46

SNOWFALL (IN)
  YESTERDAY        0.0
  MONTH TO DATE    0.0
  SINCE JUN 1      0.0
  SINCE JUL 1      0.0
  SNOW DEPTH       0

DEGREE DAYS
 HEATING
  YESTERDAY        0                         0      0        0
  MONTH TO DATE    0                         0      0        0
  SINCE JUN 1      0                         0      0        0
  SINCE JUL 1      0                         0      0        0

 COOLING
  YESTERDAY       22                        18      4       16
  MONTH TO DATE  623                       540     83      534
  SINCE JUN 1   1153                      1035    118     1038
  SINCE JAN 1   1982                      1654    328     1561
..................................................................


WIND (MPH)
  HIGHEST WIND SPEED    41   HIGHEST WIND DIRECTION     N (20)
  HIGHEST GUST SPEED    50   HIGHEST GUST DIRECTION     N (20)
  AVERAGE WIND SPEED     7.3


SKY COVER
  POSSIBLE SUNSHINE  MM
  AVERAGE SKY COVER 0.7


WEATHER CONDITIONS
 THE FOLLOWING WEATHER WAS RECORDED YESTERDAY.
  THUNDERSTORM
  RAIN
  LIGHT RAIN
  FOG


RELATIVE HUMIDITY (PERCENT)
 HIGHEST    91          1200 AM
 LOWEST     45           200 PM
 AVERAGE    68

..........................................................


THE NEW ORLEANS CLIMATE NORMALS FOR TODAY
                         NORMAL    RECORD    YEAR
 MAXIMUM TEMPERATURE (F)   92        98      1993
 MINIMUM TEMPERATURE (F)   75        63      1972


SUNRISE AND SUNSET
JULY 31 2015..........SUNRISE   619 AM CDT   SUNSET   755 PM CDT
AUGUST  1 2015........SUNRISE   620 AM CDT   SUNSET   754 PM CDT


-  INDICATES NEGATIVE NUMBERS.
R  INDICATES RECORD WAS SET OR TIED.
MM INDICATES DATA IS MISSING.
T  INDICATES TRACE AMOUNT.




$$
