000
CDUS44 KLIX 290720
CLINEW


CLIMATE REPORT
NATIONAL WEATHER SERVICE NEW ORLEANS
220 AM CDT FRI MAY 29 2015


...................................

...THE NEW ORLEANS CLIMATE SUMMARY FOR MAY 28 2015...

CLIMATE NORMAL PERIOD 1981 TO 2010
CLIMATE RECORD PERIOD 1946 TO 2015


WEATHER ITEM   OBSERVED TIME   RECORD YEAR NORMAL DEPARTURE LAST
                VALUE   (LST)  VALUE       VALUE  FROM      YEAR
                                                  NORMAL
..................................................................
TEMPERATURE (F)
 YESTERDAY
  MAXIMUM         89    400 PM  96    1953  88      1       80
  MINIMUM         69    509 AM  54    1961  71     -2       71
  AVERAGE         79                        79      0       76

PRECIPITATION (IN)
  YESTERDAY        T             1.52 2014   0.19  -0.19     1.52
  MONTH TO DATE    8.76                      4.07   4.69     5.54
  SINCE MAR 1     27.09                     13.23  13.86    13.10
  SINCE JAN 1     34.79                     23.68  11.11    22.13

SNOWFALL (IN)
  YESTERDAY        0.0
  MONTH TO DATE    0.0
  SINCE MAR 1      0.0
  SINCE JUL 1      0.0
  SNOW DEPTH       0

DEGREE DAYS
 HEATING
  YESTERDAY        0                         0      0        0
  MONTH TO DATE    0                         0      0        0
  SINCE MAR 1     70                       170   -100      228
  SINCE JUL 1   1274                      1279     -5     1581

 COOLING
  YESTERDAY       14                        14      0       11
  MONTH TO DATE  373                       317     56      284
  SINCE MAR 1    765                       537    228      463
  SINCE JAN 1    783                       574    209      487
..................................................................


WIND (MPH)
  HIGHEST WIND SPEED    12   HIGHEST WIND DIRECTION    SE (140)
  HIGHEST GUST SPEED    16   HIGHEST GUST DIRECTION    SE (130)
  AVERAGE WIND SPEED     4.1


SKY COVER
  POSSIBLE SUNSHINE  MM
  AVERAGE SKY COVER 0.5


WEATHER CONDITIONS
 THE FOLLOWING WEATHER WAS RECORDED YESTERDAY.
  NO SIGNIFICANT WEATHER WAS OBSERVED.


RELATIVE HUMIDITY (PERCENT)
 HIGHEST    93           600 AM
 LOWEST     50           500 PM
 AVERAGE    72

..........................................................


THE NEW ORLEANS CLIMATE NORMALS FOR TODAY
                         NORMAL    RECORD    YEAR
 MAXIMUM TEMPERATURE (F)   88        94      2000
                                             1953
 MINIMUM TEMPERATURE (F)   71        55      1961


SUNRISE AND SUNSET
MAY 29 2015...........SUNRISE   601 AM CDT   SUNSET   756 PM CDT
MAY 30 2015...........SUNRISE   601 AM CDT   SUNSET   756 PM CDT


-  INDICATES NEGATIVE NUMBERS.
R  INDICATES RECORD WAS SET OR TIED.
MM INDICATES DATA IS MISSING.
T  INDICATES TRACE AMOUNT.




$$
