000
CDUS44 KLIX 270701
CLINEW


CLIMATE REPORT
NATIONAL WEATHER SERVICE NEW ORLEANS
201 AM CDT WED AUG 27 2014


...................................

...THE NEW ORLEANS CLIMATE SUMMARY FOR AUGUST 26 2014...

CLIMATE NORMAL PERIOD 1981 TO 2010
CLIMATE RECORD PERIOD 1946 TO 2014


WEATHER ITEM   OBSERVED TIME   RECORD YEAR NORMAL DEPARTURE LAST
                VALUE   (LST)  VALUE       VALUE  FROM      YEAR
                                                  NORMAL
..................................................................
TEMPERATURE (F)
 YESTERDAY
  MAXIMUM         89    215 PM  99    1990  91     -2       86
  MINIMUM         76    102 AM  62    1966  75      1       74
  AVERAGE         83                        83      0       80

PRECIPITATION (IN)
  YESTERDAY        0.03          4.18 1992   0.18  -0.15     0.23
  MONTH TO DATE    3.94                      5.02  -1.08     7.22
  SINCE JUN 1     16.46                     19.01  -2.55    15.58
  SINCE JAN 1     41.40                     43.25  -1.85    50.31

SNOWFALL (IN)
  YESTERDAY        0.0
  MONTH TO DATE    0.0
  SINCE JUN 1      0.0
  SINCE JUL 1      0.0
  SNOW DEPTH       0

DEGREE DAYS
 HEATING
  YESTERDAY        0                         0      0        0
  MONTH TO DATE    0                         0      0        0
  SINCE JUN 1      0                         0      0        0
  SINCE JUL 1      0                         0      0        0

 COOLING
  YESTERDAY       18                        18      0       15
  MONTH TO DATE  514                       468     46      477
  SINCE JUN 1   1568                      1529     39     1564
  SINCE JAN 1   2091                      2148    -57     2057
..................................................................


WIND (MPH)
  HIGHEST WIND SPEED    20   HIGHEST WIND DIRECTION    NE (40)
  HIGHEST GUST SPEED    24   HIGHEST GUST DIRECTION    NE (40)
  AVERAGE WIND SPEED     8.2


SKY COVER
  POSSIBLE SUNSHINE  MM
  AVERAGE SKY COVER 0.6


WEATHER CONDITIONS
 THE FOLLOWING WEATHER WAS RECORDED YESTERDAY.
  THUNDERSTORM
  LIGHT RAIN
  FOG


RELATIVE HUMIDITY (PERCENT)
 HIGHEST    85           300 AM
 LOWEST     52           200 PM
 AVERAGE    69

..........................................................


THE NEW ORLEANS CLIMATE NORMALS FOR TODAY
                         NORMAL    RECORD    YEAR
 MAXIMUM TEMPERATURE (F)   91        99      1989
 MINIMUM TEMPERATURE (F)   75        63      1966


SUNRISE AND SUNSET
AUGUST 27 2014........SUNRISE   635 AM CDT   SUNSET   729 PM CDT
AUGUST 28 2014........SUNRISE   636 AM CDT   SUNSET   728 PM CDT


-  INDICATES NEGATIVE NUMBERS.
R  INDICATES RECORD WAS SET OR TIED.
MM INDICATES DATA IS MISSING.
T  INDICATES TRACE AMOUNT.




$$
